Test-UniqueTestNames v0.04.1 Perl 5 v5.28.2 x86_64-haiku
- Status
- Fail
- From
- Serguei Trouchelle (STRO)
- Dist
-
Test-UniqueTestNames v0.04.1
- Platform
- Perl 5 v5.28.2 x86_64-haiku
- Date
- 2019-07-15 18:03:14
- ID
- d09b3bb4-a72a-11e9-83f3-547e0a6af1e7
This distribution has been tested as part of the CPAN Testers
project, supporting the Perl programming language. See
http://wiki.cpantesters.org/ for more information or email
questions to cpan-testers-discuss@perl.org
--
Dear Josh Heumann,
This is a computer-generated report for Test-UniqueTestNames-0.04.1
on perl 5.28.2, created by CPAN-Reporter-1.2018.
Thank you for uploading your work to CPAN. However, there was a problem
testing your distribution.
If you think this report is invalid, please consult the CPAN Testers Wiki
for suggestions on how to avoid getting FAIL reports for missing library
or binary dependencies, unsupported operating systems, and so on:
http://wiki.cpantesters.org/wiki/CPANAuthorNotes
Sections of this report:
* Tester comments
* Program output
* Prerequisites
* Environment and other context
------------------------------
TESTER COMMENTS
------------------------------
Additional comments from tester:
this report is from an automated smoke testing program
and was not reviewed by a human for accuracy
------------------------------
PROGRAM OUTPUT
------------------------------
Output from '/bin/make test':
"/packages/perl-5.28.2-1/.self/bin/perl" "-MExtUtils::Command::MM" "-MTest::Harness" "-e" "undef *Test::Harness::Switches; test_harness(0, 'blib/lib', 'blib/arch')" t/*.t
# Failed test 'fails when there are multiple tests with the same name in a loop'
# at /boot/home/perl5/lib/perl5/Test/Builder/Tester.pm line 354.
# STDERR is:
# # Failed test 'all test names unique'
# # at lib/Test/UniqueTestNames.pm line 156.
# # The following 1 test name(s) were not unique:
# # Test Name Occurrences Line(s)
# # ----------------------------------------------------------------
# > # foo 3 323 (3 times)
# not:
# # Failed test 'all test names unique'
# # at lib/Test/UniqueTestNames.pm line 156.
# # The following 1 test name(s) were not unique:
# # Test Name Occurrences Line(s)
# # ----------------------------------------------------------------
# > # foo 3 31 (3 times)
# as expected
t/loop.t .......................
Failed 1/3 subtests
# Failed test 'fails when there are multiple tests with the same name'
# at /boot/home/perl5/lib/perl5/Test/Builder/Tester.pm line 354.
# STDERR is:
# # Failed test 'all test names unique'
# # at lib/Test/UniqueTestNames.pm line 156.
# # The following 2 test name(s) were not unique:
# # Test Name Occurrences Line(s)
# # ----------------------------------------------------------------
# > # foo 2 323 (2 times)
# > # bar 2 323 (2 times)
# not:
# # Failed test 'all test names unique'
# # at lib/Test/UniqueTestNames.pm line 156.
# # The following 2 test name(s) were not unique:
# # Test Name Occurrences Line(s)
# # ----------------------------------------------------------------
# > # foo 2 29, 31
# > # bar 2 30, 32
# as expected
t/many_duplicates.t ............
Failed 1/3 subtests
# Failed test 'fails when there are multiple tests with the same names'
# at /boot/home/perl5/lib/perl5/Test/Builder/Tester.pm line 354.
# STDERR is:
# # Failed test 'all test names unique'
# # at lib/Test/UniqueTestNames.pm line 156.
# # The following 5 test name(s) were not unique:
# # Test Name Occurrences Line(s)
# # ----------------------------------------------------------------
# > # flip circus 3 323 (3 times)
# > # baz 2 323 (2 times)
# > # foo 5 323 (5 times)
# > # this is a really long test name with no ... 2 323 (2 times)
# > # shazam 2 323 (2 times)
# not:
# # Failed test 'all test names unique'
# # at lib/Test/UniqueTestNames.pm line 156.
# # The following 5 test name(s) were not unique:
# # Test Name Occurrences Line(s)
# # ----------------------------------------------------------------
# > # foo 5 43, 45, 53 (3 times)
# > # baz 2 46, 47
# > # shazam 2 48, 49
# > # flip circus 3 50, 51, 52
# > # this is a really long test name with no ... 2 54 (2 times)
# as expected
t/many_many_duplicates.t .......
Failed 1/3 subtests
# Failed test 'passes when there are multiple isa_oks, since isa_ok creates its own test name'
# at /boot/home/perl5/lib/perl5/Test/Builder/Tester.pm line 354.
# STDOUT is:
# > ok 1 - An object of class 'Foo' isa 'Foo'
# > ok 2 - An object of class 'Foo' isa 'Foo'
# > ok 3 - An object of class 'Foo' isa 'Foo'
# > not ok 4 - all test names unique
# not:
# > ok 1 - The object isa Foo
# > ok 2 - The object isa Foo
# > ok 3 - The object isa Foo
# > ok 4 - all test names unique
# as expected
# STDERR is:
# > # Failed test 'all test names unique'
# > # at lib/Test/UniqueTestNames.pm line 156.
# > # The following 1 test name(s) were not unique:
# > # Test Name Occurrences Line(s)
# > # ----------------------------------------------------------------
# > # An object of class 'Foo' isa 'Foo' 3 679 (3 times)
# not:
# >
# >
# >
# >
# >
# >
# as expected
t/multiple_isa_oks.t ...........
Failed 1/3 subtests
# Failed test 'all tests have unique names, fails by default when a test is unnamed'
# at /boot/home/perl5/lib/perl5/Test/Builder/Tester.pm line 354.
# STDERR is:
# # Failed test 'all test names unique'
# # at lib/Test/UniqueTestNames.pm line 156.
# # The following 1 test name(s) were not unique:
# # Test Name Occurrences Line(s)
# # ----------------------------------------------------------------
# > # <no test name> 2 323 (2 times)
# not:
# # Failed test 'all test names unique'
# # at lib/Test/UniqueTestNames.pm line 156.
# # The following 1 test name(s) were not unique:
# # Test Name Occurrences Line(s)
# # ----------------------------------------------------------------
# > # <no test name> 2 28, 29
# as expected
t/multiple_nameless.t ..........
Failed 1/3 subtests
# Failed test 'all tests have unique names, fails by default when a test is unnamed'
# at /boot/home/perl5/lib/perl5/Test/Builder/Tester.pm line 354.
# STDERR is:
# # Failed test 'all test names unique'
# # at lib/Test/UniqueTestNames.pm line 156.
# # The following 1 test name(s) were not unique:
# # Test Name Occurrences Line(s)
# # ----------------------------------------------------------------
# > # <no test name> 1 323
# not:
# # Failed test 'all test names unique'
# # at lib/Test/UniqueTestNames.pm line 156.
# # The following 1 test name(s) were not unique:
# # Test Name Occurrences Line(s)
# # ----------------------------------------------------------------
# > # <no test name> 1 28
# as expected
t/nameless.t ...................
Failed 1/3 subtests
t/no_duplicates.t .............. ok
t/no_tests.t ................... ok
t/no_warnings.t ................ ok
# Failed test 'fails when there are two tests with the same name'
# at /boot/home/perl5/lib/perl5/Test/Builder/Tester.pm line 354.
# STDERR is:
# # Failed test 'all test names unique'
# # at lib/Test/UniqueTestNames.pm line 156.
# # The following 1 test name(s) were not unique:
# # Test Name Occurrences Line(s)
# # ----------------------------------------------------------------
# > # foo 2 323 (2 times)
# not:
# # Failed test 'all test names unique'
# # at lib/Test/UniqueTestNames.pm line 156.
# # The following 1 test name(s) were not unique:
# # Test Name Occurrences Line(s)
# # ----------------------------------------------------------------
# > # foo 2 28, 30
# as expected
t/one_duplicate.t ..............
Failed 1/3 subtests
# Failed test 'fails when there are two tests with the same name'
# at /boot/home/perl5/lib/perl5/Test/Builder/Tester.pm line 354.
# STDERR is:
# # Failed test 'all test names unique'
# # at lib/Test/UniqueTestNames.pm line 156.
# # The following 1 test name(s) were not unique:
# # Test Name Occurrences Line(s)
# # ----------------------------------------------------------------
# > # foo 3 323 (3 times)
# not:
# # Failed test 'all test names unique'
# # at lib/Test/UniqueTestNames.pm line 156.
# # The following 1 test name(s) were not unique:
# # Test Name Occurrences Line(s)
# # ----------------------------------------------------------------
# > # foo 3 29, 31, 32
# as expected
t/one_duplicate_three_times.t ..
Failed 1/3 subtests
# Creating a new isa_ok test with multiple lines
# Creating a new test with no name
t/test_object.t ................ ok
# Adding another failing test with a lower line number
# Adding a test with no name
t/tracker.t .................... ok
t/unnamed_ok.t ................. ok
Test Summary Report
-------------------
t/loop.t (Wstat: 0 Tests: 3 Failed: 1)
Failed test: 2
t/many_duplicates.t (Wstat: 0 Tests: 3 Failed: 1)
Failed test: 2
t/many_many_duplicates.t (Wstat: 0 Tests: 3 Failed: 1)
Failed test: 2
t/multiple_isa_oks.t (Wstat: 0 Tests: 3 Failed: 1)
Failed test: 2
t/multiple_nameless.t (Wstat: 0 Tests: 3 Failed: 1)
Failed test: 2
t/nameless.t (Wstat: 0 Tests: 3 Failed: 1)
Failed test: 2
t/no_warnings.t (Wstat: 0 Tests: 1 Failed: 0)
TODO passed: 1
t/one_duplicate.t (Wstat: 0 Tests: 3 Failed: 1)
Failed test: 2
t/one_duplicate_three_times.t (Wstat: 0 Tests: 3 Failed: 1)
Failed test: 2
Files=14, Tests=91, 2 wallclock secs ( 0.05 usr 0.02 sys + 1.87 cusr 0.30 csys = 2.24 CPU)
Result: FAIL
Failed 8/14 test programs. 8/91 subtests failed.
Makefile:848: recipe for target 'test_dynamic' failed
make: *** [test_dynamic] Error 255
------------------------------
PREREQUISITES
------------------------------
Prerequisite modules loaded:
requires:
Module Need Have
------------------- ---- --------
Hook::LexWrap 0 0.26
Test::Builder 0 1.302164
Test::Exception 0 0.43
Test::More 0 1.302164
Test::NoWarnings 0 1.04
build_requires:
Module Need Have
------------------- ---- --------
ExtUtils::MakeMaker 0 7.34
------------------------------
ENVIRONMENT AND OTHER CONTEXT
------------------------------
Environment variables:
AUTOMATED_TESTING = 1
LC_COLLATE = en.UTF-8
LC_CTYPE = en.UTF-8
LC_MESSAGES = en.UTF-8
LC_MONETARY = en.UTF-8
LC_NUMERIC = en.UTF-8
LC_TIME = en.UTF-8
LC_TYPE = en_US.UTF-8
PATH = /boot/home/perl5/bin:.:/boot/home/config/non-packaged/bin:/boot/home/config/bin:/boot/system/non-packaged/bin:/bin:/boot/system/apps:/boot/system/preferences
PERL5LIB = /boot/home/perl5/lib/perl5
PERL5OPT =
PERL5_CPANPLUS_IS_RUNNING = 369096
PERL5_CPAN_IS_RUNNING = 369096
PERL5_CPAN_IS_RUNNING_IN_RECURSION = 419,369096
PERL_CR_SMOKER_CURRENT = Test-UniqueTestNames-0.04.1
PERL_EXTUTILS_AUTOINSTALL = --defaultdeps
PERL_LOCAL_LIB_ROOT = /boot/home/perl5
PERL_MB_OPT = --install_base "/boot/home/perl5"
PERL_MM_OPT = INSTALL_BASE=/boot/home/perl5
PERL_MM_USE_DEFAULT = 1
PERL_USE_UNSAFE_INC = 1
TERM = xterm
Perl special variables (and OS-specific diagnostics, for MSWin32):
$^X = /packages/perl-5.28.2-1/.self/bin/perl
$UID/$EUID = 0 / 0
$GID = 0 101 0
$EGID = 0 101 0
Perl module toolchain versions installed:
Module Have
------------------- --------
CPAN 2.20
CPAN::Meta 2.150010
Cwd 3.74
ExtUtils::CBuilder 0.280230
ExtUtils::Command 7.34
ExtUtils::Install 2.14
ExtUtils::MakeMaker 7.34
ExtUtils::Manifest 1.70
ExtUtils::ParseXS 3.39
File::Spec 3.74
JSON 4.02
JSON::PP 4.03
Module::Build 0.4229
Module::Signature n/a
Parse::CPAN::Meta 2.150010
Test::Harness 3.42
Test::More 1.302164
YAML 1.29
YAML::Syck 1.31
version 0.9923
--
Summary of my perl5 (revision 5 version 28 subversion 2) configuration:
Derived from:
Platform:
osname=haiku
osvers=1
archname=x86_64-haiku
uname='haiku shredder 1 hrev52295+129 nov 14 2018 21:53 x86_64 x86_64 haiku '
config_args='-Dprefix=/packages/perl-5.28.2-1/.self -Dprivlib=/packages/perl-5.28.2-1/.self/lib/perl5/5.28.2 -Dsiteprefix=/packages/perl-5.28.2-1/.self/non-packaged -Dsitelib=/packages/perl-5.28.2-1/.self/non-packaged/lib/perl5/site_perl/5.28 -Dvendorprefix=/packages/perl-5.28.2-1/.self -Dvendorlib=/packages/perl-5.28.2-1/.self/lib/perl5/vendor_perl/5.28 -Dcf_email=zooey@hirschkaefer.de -Uusenm -Duseshrplib -Uusemymalloc -Dlibpth=/boot/home/config/develop/lib /boot/system/develop/lib -Dusrinc=/boot/system/develop/headers/posix -Dlocinc=/boot/home/config/develop/headers /boot/system/develop/headers -Dlibc='/boot/system/lib/libroot.so' -Dlibs=-lnetwork -Dcc=gcc -Dld=gcc -Ud_link -Ddont_use_nlink -Ud_syserrlst -Dldlibpthname=LIBRARY_PATH -Dstartperl=#! perl -Dccdlflags=-Wl,-fno-stack-protector,-rpath=/packages/perl-5.28.2-1/.self/lib/perl5/5.28.2/x86_64-haiku/CORE -Dusesitecustomize -de'
hint=recommended
useposix=true
d_sigaction=define
useithreads=undef
usemultiplicity=undef
use64bitint=define
use64bitall=define
uselongdouble=undef
usemymalloc=n
default_inc_excludes_dot=define
bincompat5005=undef
Compiler:
cc='gcc'
ccflags ='-fwrapv -fno-strict-aliasing -pipe -D_FORTIFY_SOURCE=2'
optimize='-O'
cppflags='-fwrapv -fno-strict-aliasing -pipe'
ccversion=''
gccversion='7.3.0'
gccosandvers=''
intsize=4
longsize=8
ptrsize=8
doublesize=8
byteorder=12345678
doublekind=3
d_longlong=define
longlongsize=8
d_longdbl=define
longdblsize=16
longdblkind=3
ivtype='long'
ivsize=8
nvtype='double'
nvsize=8
Off_t='off_t'
lseeksize=8
alignbytes=8
prototype=define
Linker and Libraries:
ld='gcc'
ldflags =''
libpth=/boot/home/config/develop/lib /boot/system/develop/lib /boot/system/develop/tools/bin/../lib/gcc/x86_64-unknown-haiku/7.3.0/include-fixed
libs=-lnetwork
perllibs=-lnetwork
libc=/boot/system/lib/libroot.so
so=so
useshrplib=true
libperl=libperl.so
gnulibc_version=''
Dynamic Linking:
dlsrc=dl_dlopen.xs
dlext=so
d_dlsymun=undef
ccdlflags='-Wl,-fno-stack-protector,-rpath=/packages/perl-5.28.2-1/.self/lib/perl5/5.28.2/x86_64-haiku/CORE -Wl,-rpath,/packages/perl-5.28.2-1/.self/lib/perl5/5.28.2/x86_64-haiku/CORE'
cccdlflags='-fpic'
lddlflags='-shared'
Characteristics of this binary (from libperl):
Compile-time options:
HAS_TIMES
PERLIO_LAYERS
PERL_COPY_ON_WRITE
PERL_DONT_CREATE_GVSV
PERL_OP_PARENT
PERL_PRESERVE_IVUV
USE_64_BIT_ALL
USE_64_BIT_INT
USE_LARGE_FILES
USE_LOCALE
USE_LOCALE_COLLATE
USE_LOCALE_CTYPE
USE_LOCALE_NUMERIC
USE_LOCALE_TIME
USE_PERLIO
USE_PERL_ATOF
USE_SITECUSTOMIZE
Locally applied patches:
uncommitted-changes
Built under haiku
Compiled at May 5 2019 19:09:54
%ENV:
PERL5LIB="/boot/home/perl5/lib/perl5"
PERL5OPT=""
PERL5_CPANPLUS_IS_RUNNING="369096"
PERL5_CPAN_IS_RUNNING="369096"
PERL5_CPAN_IS_RUNNING_IN_RECURSION="419,369096"
PERL_CR_SMOKER_CURRENT="Test-UniqueTestNames-0.04.1"
PERL_EXTUTILS_AUTOINSTALL="--defaultdeps"
PERL_LOCAL_LIB_ROOT="/boot/home/perl5"
PERL_MB_OPT="--install_base "/boot/home/perl5""
PERL_MM_OPT="INSTALL_BASE=/boot/home/perl5"
PERL_MM_USE_DEFAULT="1"
PERL_USE_UNSAFE_INC="1"
@INC:
/boot/home/perl5/lib/perl5/x86_64-haiku
/boot/home/perl5/lib/perl5
/boot/home/config/lib/perl5/5.28.2/x86_64-haiku
/boot/home/config/lib/perl5/5.28.2
/boot/home/config/non-packaged/lib/perl5/site_perl/5.28/x86_64-haiku
/boot/home/config/non-packaged/lib/perl5/site_perl/5.28
/boot/home/config/lib/perl5/vendor_perl/5.28/x86_64-haiku
/boot/home/config/lib/perl5/vendor_perl/5.28
/boot/home/config/lib/perl5/vendor_perl
/boot/system/lib/perl5/5.28.2/x86_64-haiku
/boot/system/lib/perl5/5.28.2
/boot/system/non-packaged/lib/perl5/site_perl/5.28/x86_64-haiku
/boot/system/non-packaged/lib/perl5/site_perl/5.28
/boot/system/lib/perl5/vendor_perl/5.28/x86_64-haiku
/boot/system/lib/perl5/vendor_perl/5.28
/boot/system/lib/perl5/vendor_perl
.