Report for Apache-Status-DBI-1.012

Back
From: metabase:user:30977d10-2aae-11df-837a-5e0a49663a4f
Subject: FAIL Apache-Status-DBI-1.012 v5.14.1 GNU/Linux
Date: 2011-07-04T12:54:55Z

This distribution has been tested as part of the CPAN Testers
project, supporting the Perl programming language.  See
http://wiki.cpantesters.org/ for more information or email
questions to cpan-testers-discuss@perl.org


--
Dear Tim Bunce,

This is a computer-generated report for Apache-Status-DBI-1.012
on perl 5.14.1, created by CPAN-Reporter-1.1902.

Thank you for uploading your work to CPAN.  However, there was a problem
testing your distribution.

If you think this report is invalid, please consult the CPAN Testers Wiki
for suggestions on how to avoid getting FAIL reports for missing library
or binary dependencies, unsupported operating systems, and so on:

http://wiki.cpantesters.org/wiki/CPANAuthorNotes

Sections of this report:

    * Tester comments
    * Program output
    * Prerequisites
    * Environment and other context

------------------------------
TESTER COMMENTS
------------------------------

Additional comments from tester:

this report is from an automated smoke testing program
and was not reviewed by a human for accuracy

------------------------------
PROGRAM OUTPUT
------------------------------

Output from '/usr/bin/make test':

PERL_DL_NONLAZY=1 /home/trushel/perl/perl5141/bin/perl "-MExtUtils::Command::MM" "-e" "test_harness(0, 'blib/lib', 'blib/arch')" t/*.t

#   Failed test 'use Apache::Status::DBI;'
#   at t/00.load.t line 4.
#     Tried to use 'Apache::Status::DBI'.
#     Error:  Can't locate Apache.pm in @INC (@INC contains: /home/trushel/cpan/build/5.14.1/Apache-Status-DBI-1.012-qM1MAZ/blib/lib /home/trushel/cpan/build/5.14.1/Apache-Status-DBI-1.012-qM1MAZ/blib/arch /home/trushel/perl/perl5141/lib/site_perl/5.14.1/x86_64-linux /home/trushel/perl/perl5141/lib/site_perl/5.14.1 /home/trushel/perl/perl5141/lib/5.14.1/x86_64-linux /home/trushel/perl/perl5141/lib/5.14.1 .) at /home/trushel/cpan/build/5.14.1/Apache-Status-DBI-1.012-qM1MAZ/blib/lib/Apache/Status/DBI.pm line 30.
# BEGIN failed--compilation aborted at /home/trushel/cpan/build/5.14.1/Apache-Status-DBI-1.012-qM1MAZ/blib/lib/Apache/Status/DBI.pm line 34.
# Compilation failed in require at (eval 4) line 2.
# BEGIN failed--compilation aborted at (eval 4) line 2.
Use of uninitialized value $Apache::Status::DBI::VERSION in concatenation (.) or string at t/00.load.t line 7.
# Testing Apache::Status::DBI 
# Looks like you failed 1 test of 1.
t/00.load.t ....... 
Dubious, test returned 1 (wstat 256, 0x100)
Failed 1/1 subtests 
t/perlcritic.t .... ok
t/pod-coverage.t .. ok
t/pod.t ........... ok

Test Summary Report
-------------------
t/00.load.t     (Wstat: 256 Tests: 1 Failed: 1)
  Failed test:  1
  Non-zero exit status: 1
Files=4, Tests=4,  1 wallclock secs ( 0.03 usr  0.01 sys +  1.04 cusr  0.04 csys =  1.12 CPU)
Result: FAIL
Failed 1/4 test programs. 1/4 subtests failed.
make: *** [test_dynamic] Error 255

------------------------------
PREREQUISITES
------------------------------

Prerequisite modules loaded:

requires:

    Module              Need Have   
    ------------------- ---- -------
    DBI                 1.49 1.616  
    Test::More          0    0.98   

build_requires:

    Module              Need Have   
    ------------------- ---- -------
    ExtUtils::MakeMaker 0    6.57_11


------------------------------
ENVIRONMENT AND OTHER CONTEXT
------------------------------

Environment variables:

    AUTOMATED_TESTING = 1
    LANG = en_US.UTF-8
    LANGUAGE = en
    LC_COLLATE = C
    LC_MONETARY = C
    LC_NUMERIC = C
    LC_TIME = C
    PATH = /usr/local/sbin:/usr/local/bin:/usr/sbin:/usr/bin:/sbin:/bin
    PERL5LIB = 
    PERL5OPT = 
    PERL5_CPANPLUS_IS_RUNNING = 10583
    PERL5_CPAN_IS_RUNNING = 10583
    PERL5_CPAN_IS_RUNNING_IN_RECURSION = 2421,10583
    PERL_CR_SMOKER_CURRENT = Apache-Status-DBI-1.012
    PERL_EXTUTILS_AUTOINSTALL = --defaultdeps
    PERL_MM_USE_DEFAULT = 1
    SHELL = /bin/bash
    TERM = xterm

Perl special variables (and OS-specific diagnostics, for MSWin32):

    $^X = /home/trushel/perl/perl5141/bin/perl
    $UID/$EUID = 138375 / 138375
    $GID = 5762 4 20 21 24 25 26 30 44 46 104 105 119 122 431 5762
    $EGID = 5762 4 20 21 24 25 26 30 44 46 104 105 119 122 431 5762

Perl module toolchain versions installed:

    Module              Have    
    ------------------- --------
    CPAN                1.9600  
    Cwd                 3.36    
    ExtUtils::CBuilder  0.280203
    ExtUtils::Command   1.17    
    ExtUtils::Install   1.56    
    ExtUtils::MakeMaker 6.57_11 
    ExtUtils::Manifest  1.58    
    ExtUtils::ParseXS   2.2210  
    File::Spec          3.33    
    Module::Build       0.3800  
    Module::Signature   0.68    
    Test::Harness       3.23    
    Test::More          0.98    
    YAML                0.73    
    YAML::Syck          1.17    
    version             0.91    


--

Summary of my perl5 (revision 5 version 14 subversion 1) configuration:
   
  Platform:
    osname=linux, osvers=2.6.32-32-generic, archname=x86_64-linux
    uname='linux trushel-glaptop 2.6.32-32-generic #62-ubuntu smp wed apr 20 21:52:38 utc 2011 x86_64 gnulinux '
    config_args=''
    hint=recommended, useposix=true, d_sigaction=define
    useithreads=undef, usemultiplicity=undef
    useperlio=define, d_sfio=undef, uselargefiles=define, usesocks=undef
    use64bitint=define, use64bitall=define, uselongdouble=undef
    usemymalloc=n, bincompat5005=undef
  Compiler:
    cc='cc', ccflags ='-fno-strict-aliasing -pipe -fstack-protector -I/usr/local/include -D_LARGEFILE_SOURCE -D_FILE_OFFSET_BITS=64',
    optimize='-O2',
    cppflags='-fno-strict-aliasing -pipe -fstack-protector -I/usr/local/include'
    ccversion='', gccversion='4.4.3', gccosandvers=''
    intsize=4, longsize=8, ptrsize=8, doublesize=8, byteorder=12345678
    d_longlong=define, longlongsize=8, d_longdbl=define, longdblsize=16
    ivtype='long', ivsize=8, nvtype='double', nvsize=8, Off_t='off_t', lseeksize=8
    alignbytes=8, prototype=define
  Linker and Libraries:
    ld='cc', ldflags =' -fstack-protector -L/usr/local/lib'
    libpth=/usr/local/lib /lib/../lib /usr/lib/../lib /lib /usr/lib /usr/lib/x86_64-linux-gnu /lib64 /usr/lib64
    libs=-lnsl -ldl -lm -lcrypt -lutil -lc
    perllibs=-lnsl -ldl -lm -lcrypt -lutil -lc
    libc=/lib/libc-2.11.1.so, so=so, useshrplib=false, libperl=libperl.a
    gnulibc_version='2.11.1'
  Dynamic Linking:
    dlsrc=dl_dlopen.xs, dlext=so, d_dlsymun=undef, ccdlflags='-Wl,-E'
    cccdlflags='-fPIC', lddlflags='-shared -O2 -L/usr/local/lib -fstack-protector'


Characteristics of this binary (from libperl): 
  Compile-time options: PERL_DONT_CREATE_GVSV PERL_MALLOC_WRAP
                        PERL_PRESERVE_IVUV USE_64_BIT_ALL USE_64_BIT_INT
                        USE_LARGE_FILES USE_PERLIO USE_PERL_ATOF
  Built under linux
  Compiled at Jun 22 2011 19:03:32
  %ENV:
    PERL5LIB=""
    PERL5OPT=""
    PERL5_CPANPLUS_IS_RUNNING="10583"
    PERL5_CPAN_IS_RUNNING="10583"
    PERL5_CPAN_IS_RUNNING_IN_RECURSION="2421,10583"
    PERL_CR_SMOKER_CURRENT="Apache-Status-DBI-1.012"
    PERL_EXTUTILS_AUTOINSTALL="--defaultdeps"
    PERL_MM_USE_DEFAULT="1"
  @INC:
    /home/trushel/perl/perl5141/lib/site_perl/5.14.1/x86_64-linux
    /home/trushel/perl/perl5141/lib/site_perl/5.14.1
    /home/trushel/perl/perl5141/lib/5.14.1/x86_64-linux
    /home/trushel/perl/perl5141/lib/5.14.1
    .