Mojo-AsyncAwait v0.03 Perl 5 v5.36.0 x86_64-linux-ld
- Status
- Fail
- From
- Andreas J. König (ANDK)
- Dist
-
Mojo-AsyncAwait v0.03
- Platform
- Perl 5 v5.36.0 x86_64-linux-ld
- Date
- 2022-06-11 04:27:34
- ID
- d0cb0eda-e93e-11ec-a58c-96c20952c3a3
This distribution has been tested as part of the CPAN Testers
project, supporting the Perl programming language. See
http://wiki.cpantesters.org/ for more information or email
questions to cpan-testers-discuss@perl.org
--
Dear Joel Berger,
This is a computer-generated report for Mojo-AsyncAwait-0.03
on perl 5.36.0, created by CPAN-Reporter-1.2018.
Thank you for uploading your work to CPAN. However, there was a problem
testing your distribution.
If you think this report is invalid, please consult the CPAN Testers Wiki
for suggestions on how to avoid getting FAIL reports for missing library
or binary dependencies, unsupported operating systems, and so on:
http://wiki.cpantesters.org/wiki/CPANAuthorNotes
Sections of this report:
* Tester comments
* Program output
* Prerequisites
* Environment and other context
------------------------------
TESTER COMMENTS
------------------------------
Additional comments from tester:
this report is from an automated smoke testing program
and was not reviewed by a human for accuracy
------------------------------
PROGRAM OUTPUT
------------------------------
Output from './Build test':
# Premature connection close
# Failed test 'GET /'
# at t/app.t line 45.
# Failed test '200 OK'
# at t/app.t line 45.
# got: undef
# expected: '200'
# Failed test 'exact match for content'
# at t/app.t line 45.
# got: ''
# expected: 'hello world'
# Failed test at t/app.t line 52.
# got: undef
# expected: 'action done'
# Looks like you failed 4 tests of 8.
t/app.t ..............
Dubious, test returned 4 (wstat 1024, 0x400)
Failed 4/8 subtests
# Premature connection close
# Failed test 'GET /'
# at t/app_all.t line 33.
# Failed test '200 OK'
# at t/app_all.t line 33.
# got: undef
# expected: '200'
# Failed test 'exact match for JSON Pointer ""'
# at t/app_all.t line 33.
# Structures begin differing at:
# $got = undef
# $expected = HASH(0x563ea46329c8)
# Looks like you failed 3 tests of 3.
t/app_all.t ..........
Dubious, test returned 3 (wstat 768, 0x300)
Failed 3/3 subtests
Expected a keyword to introduce a sub or sub-like construction, found "quad" at t/await_async.t line 18.
t/await_async.t ......
Dubious, test returned 255 (wstat 65280, 0xff00)
No subtests run
Expected a keyword to introduce a sub or sub-like construction at t/basic.t line 21.
t/basic.t ............
Dubious, test returned 255 (wstat 65280, 0xff00)
No subtests run
Expected a keyword to introduce a sub or sub-like construction at t/exceptions.t line 20.
t/exceptions.t .......
Dubious, test returned 255 (wstat 65280, 0xff00)
No subtests run
Expected a keyword to introduce a sub or sub-like construction, found "doit" at t/installed.t line 22.
t/installed.t ........
Dubious, test returned 255 (wstat 65280, 0xff00)
No subtests run
Expected a keyword to introduce a sub or sub-like construction at t/named.t line 22.
t/named.t ............
Dubious, test returned 255 (wstat 65280, 0xff00)
No subtests run
t/promise_actions.t .. skipped: Mojolicious 8.28+ handles PromiseActions in core
Expected a keyword to introduce a sub or sub-like construction at t/scalar.t line 19.
t/scalar.t ...........
Dubious, test returned 255 (wstat 65280, 0xff00)
No subtests run
Test Summary Report
-------------------
t/app.t (Wstat: 1024 (exited 4) Tests: 8 Failed: 4)
Failed tests: 1-3, 8
Non-zero exit status: 4
t/app_all.t (Wstat: 768 (exited 3) Tests: 3 Failed: 3)
Failed tests: 1-3
Non-zero exit status: 3
t/await_async.t (Wstat: 65280 (exited 255) Tests: 0 Failed: 0)
Non-zero exit status: 255
Parse errors: No plan found in TAP output
t/basic.t (Wstat: 65280 (exited 255) Tests: 0 Failed: 0)
Non-zero exit status: 255
Parse errors: No plan found in TAP output
t/exceptions.t (Wstat: 65280 (exited 255) Tests: 0 Failed: 0)
Non-zero exit status: 255
Parse errors: No plan found in TAP output
t/installed.t (Wstat: 65280 (exited 255) Tests: 0 Failed: 0)
Non-zero exit status: 255
Parse errors: No plan found in TAP output
t/named.t (Wstat: 65280 (exited 255) Tests: 0 Failed: 0)
Non-zero exit status: 255
Parse errors: No plan found in TAP output
t/scalar.t (Wstat: 65280 (exited 255) Tests: 0 Failed: 0)
Non-zero exit status: 255
Parse errors: No plan found in TAP output
Files=9, Tests=11, 63 wallclock secs ( 0.05 usr 0.00 sys + 2.75 cusr 0.30 csys = 3.10 CPU)
Result: FAIL
------------------------------
PREREQUISITES
------------------------------
Prerequisite modules loaded:
requires:
Module Need Have
------------------- ----- --------
Coro 0 6.57
Import::Into 0 1.002005
Mojolicious 7.66 9.26
Sub::Util 1.41 1.62
build_requires:
Module Need Have
------------------- ----- --------
Test::Lib 0 0.003
configure_requires:
Module Need Have
------------------- ----- --------
Module::Build::Tiny 0.034 0.039
------------------------------
ENVIRONMENT AND OTHER CONTEXT
------------------------------
Environment variables:
AUTOMATED_TESTING = 1
LANG = en_US.UTF-8
PATH = /home/sand/bin:/usr/local/bin:/usr/local/sbin:/usr/sbin:/usr/bin:/sbin:/bin:/usr/games:/usr/local/games:/snap/bin:/usr/local/perl/bin:/usr/X11/bin
PERL5LIB = /tmp/loop_over_bdir-3467-cdeBuD/makepp-1.19-0/blib/arch:/tmp/loop_over_bdir-3467-cdeBuD/makepp-1.19-0/blib/lib:/tmp/loop_over_bdir-3467-cdeBuD/triceps-2.1.0-0/blib/arch:/tmp/loop_over_bdir-3467-cdeBuD/triceps-2.1.0-0/blib/lib:/tmp/loop_over_bdir-3467-cdeBuD/Lingua-YaTeA-0.626-0/blib/arch:/tmp/loop_over_bdir-3467-cdeBuD/Lingua-YaTeA-0.626-0/blib/lib
PERL5OPT =
PERL5_CPANPLUS_IS_RUNNING = 3475
PERL5_CPAN_IS_RUNNING = 3475
PERL_CANARY_STABILITY_NOPROMPT = 1
PERL_MM_USE_DEFAULT = 1
PERL_USE_UNSAFE_INC = 1
SHELL = /usr/bin/zsh
TERM = screen
Perl special variables (and OS-specific diagnostics, for MSWin32):
$^X = /tmp/basesmoker-reloperl-Pc5o/bin/perl
$UID/$EUID = 1005 / 1005
$GID = 1005 1005
$EGID = 1005 1005
Perl module toolchain versions installed:
Module Have
------------------- --------
CPAN 2.34
CPAN::Meta 2.150010
Cwd 3.84
ExtUtils::CBuilder 0.280236
ExtUtils::Command 7.64
ExtUtils::Install 2.20
ExtUtils::MakeMaker 7.64
ExtUtils::Manifest 1.73
ExtUtils::ParseXS 3.45
File::Spec 3.84
JSON 4.06
JSON::PP 4.09
Module::Build 0.4231
Module::Signature 0.88
Parse::CPAN::Meta 2.150010
Test::Harness 3.44
Test::More 1.302190
YAML 1.30
YAML::Syck 1.34
version 0.9929
--
Summary of my perl5 (revision 5 version 36 subversion 0) configuration:
Commit id: b3c502b607191da0e743a4fa34501a05442305b3
Platform:
osname=linux
osvers=5.4.0-113-generic
archname=x86_64-linux-ld
uname='linux k93focal 5.4.0-113-generic #127-ubuntu smp wed may 18 14:30:56 utc 2022 x86_64 x86_64 x86_64 gnulinux '
config_args='-Dprefix=/home/sand/src/perl/repoperls/installed-perls/host/k93focal/v5.36.0/d3e4 -Dmyhostname=k93focal -Dinstallusrbinperl=n -Uversiononly -Dusedevel -des -Ui_db -Dlibswanted=cl pthread socket inet nsl gdbm dbm malloc dl ld sun m crypt sec util c cposix posix ucb BSD gdbm_compat -Uuseithreads -Duselongdouble -DEBUGGING=both'
hint=recommended
useposix=true
d_sigaction=define
useithreads=undef
usemultiplicity=undef
use64bitint=define
use64bitall=define
uselongdouble=define
usemymalloc=n
default_inc_excludes_dot=define
Compiler:
cc='cc'
ccflags ='-fwrapv -DDEBUGGING -fno-strict-aliasing -pipe -fstack-protector-strong -I/usr/local/include -D_LARGEFILE_SOURCE -D_FILE_OFFSET_BITS=64'
optimize='-O2 -g'
cppflags='-fwrapv -DDEBUGGING -fno-strict-aliasing -pipe -fstack-protector-strong -I/usr/local/include'
ccversion=''
gccversion='9.4.0'
gccosandvers=''
intsize=4
longsize=8
ptrsize=8
doublesize=8
byteorder=12345678
doublekind=3
d_longlong=define
longlongsize=8
d_longdbl=define
longdblsize=16
longdblkind=3
ivtype='long'
ivsize=8
nvtype='long double'
nvsize=16
Off_t='off_t'
lseeksize=8
alignbytes=16
prototype=define
Linker and Libraries:
ld='cc'
ldflags =' -fstack-protector-strong -L/usr/local/lib'
libpth=/usr/local/lib /usr/lib/x86_64-linux-gnu /usr/lib /usr/lib64
libs=-lpthread -lnsl -ldl -lm -lcrypt -lutil -lc
perllibs=-lpthread -lnsl -ldl -lm -lcrypt -lutil -lc
libc=libc-2.31.so
so=so
useshrplib=false
libperl=libperl.a
gnulibc_version='2.31'
Dynamic Linking:
dlsrc=dl_dlopen.xs
dlext=so
d_dlsymun=undef
ccdlflags='-Wl,-E'
cccdlflags='-fPIC'
lddlflags='-shared -O2 -g -L/usr/local/lib -fstack-protector-strong'
Characteristics of this binary (from libperl):
Compile-time options:
DEBUGGING
HAS_TIMES
PERLIO_LAYERS
PERL_COPY_ON_WRITE
PERL_DONT_CREATE_GVSV
PERL_MALLOC_WRAP
PERL_OP_PARENT
PERL_PRESERVE_IVUV
PERL_USE_DEVEL
USE_64_BIT_ALL
USE_64_BIT_INT
USE_LARGE_FILES
USE_LOCALE
USE_LOCALE_COLLATE
USE_LOCALE_CTYPE
USE_LOCALE_NUMERIC
USE_LOCALE_TIME
USE_LONG_DOUBLE
USE_PERLIO
USE_PERL_ATOF
Built under linux
Compiled at Jun 6 2022 18:25:55
%ENV:
PERL5LIB="/tmp/loop_over_bdir-3467-cdeBuD/makepp-1.19-0/blib/arch:/tmp/loop_over_bdir-3467-cdeBuD/makepp-1.19-0/blib/lib:/tmp/loop_over_bdir-3467-cdeBuD/triceps-2.1.0-0/blib/arch:/tmp/loop_over_bdir-3467-cdeBuD/triceps-2.1.0-0/blib/lib:/tmp/loop_over_bdir-3467-cdeBuD/Lingua-YaTeA-0.626-0/blib/arch:/tmp/loop_over_bdir-3467-cdeBuD/Lingua-YaTeA-0.626-0/blib/lib"
PERL5OPT=""
PERL5_CPANPLUS_IS_RUNNING="3475"
PERL5_CPAN_IS_RUNNING="3475"
PERL_CANARY_STABILITY_NOPROMPT="1"
PERL_MM_USE_DEFAULT="1"
PERL_USE_UNSAFE_INC="1"
@INC:
/tmp/loop_over_bdir-3467-cdeBuD/makepp-1.19-0/blib/arch
/tmp/loop_over_bdir-3467-cdeBuD/makepp-1.19-0/blib/lib
/tmp/loop_over_bdir-3467-cdeBuD/triceps-2.1.0-0/blib/arch
/tmp/loop_over_bdir-3467-cdeBuD/triceps-2.1.0-0/blib/lib
/tmp/loop_over_bdir-3467-cdeBuD/Lingua-YaTeA-0.626-0/blib/arch
/tmp/loop_over_bdir-3467-cdeBuD/Lingua-YaTeA-0.626-0/blib/lib
/home/sand/src/perl/repoperls/installed-perls/host/k93focal/v5.36.0/d3e4/lib/site_perl/5.36.0/x86_64-linux-ld
/home/sand/src/perl/repoperls/installed-perls/host/k93focal/v5.36.0/d3e4/lib/site_perl/5.36.0
/home/sand/src/perl/repoperls/installed-perls/host/k93focal/v5.36.0/d3e4/lib/5.36.0/x86_64-linux-ld
/home/sand/src/perl/repoperls/installed-perls/host/k93focal/v5.36.0/d3e4/lib/5.36.0
.