CGI-Application-Plugin-ViewCode v1.02 Perl 5 v5.22.3 x86_64-linux-thread-multi
- Status
- Fail
- From
- Andreas J. König (ANDK)
- Dist
-
CGI-Application-Plugin-ViewCode v1.02
- Platform
- Perl 5 v5.22.3 x86_64-linux-thread-multi
- Date
- 2017-12-08 08:43:08
- ID
- d10d3920-dbf3-11e7-98f7-77c4ad0c1d39
This distribution has been tested as part of the CPAN Testers
project, supporting the Perl programming language. See
http://wiki.cpantesters.org/ for more information or email
questions to cpan-testers-discuss@perl.org
--
Dear Michael Peters,
This is a computer-generated report for CGI-Application-Plugin-ViewCode-1.02
on perl 5.22.3, created by CPAN-Reporter-1.2018.
Thank you for uploading your work to CPAN. However, there was a problem
testing your distribution.
If you think this report is invalid, please consult the CPAN Testers Wiki
for suggestions on how to avoid getting FAIL reports for missing library
or binary dependencies, unsupported operating systems, and so on:
http://wiki.cpantesters.org/wiki/CPANAuthorNotes
Sections of this report:
* Tester comments
* Program output
* Prerequisites
* Environment and other context
------------------------------
TESTER COMMENTS
------------------------------
Additional comments from tester:
this report is from an automated smoke testing program
and was not reviewed by a human for accuracy
------------------------------
PROGRAM OUTPUT
------------------------------
Output from './Build test':
t/00-pod.t ........... ok
# Failed test 'Pod coverage on CGI::Application::Plugin::ViewCode'
# at /home/sand/src/perl/repoperls/installed-perls/host/k93msid/v5.22.3/276a/lib/site_perl/5.22.3/Test/Pod/Coverage.pm line 133.
# CGI::Application::Plugin::ViewCode: requiring 'CGI::Application::Plugin::ViewCode' failed
# Looks like you failed 1 test of 1.
t/01-pod-coverage.t ..
Dubious, test returned 1 (wstat 256, 0x100)
Failed 1/1 subtests
syntax error at /tmp/loop_over_bdir-28548-FOpxjB/CGI-Application-Plugin-ViewCode-1.02-0/blib/lib/CGI/Application/Plugin/ViewCode.pm line 179, near "$opt qw(highlight line_no pod)"
Global symbol "$opt" requires explicit package name (did you forget to declare "my $opt"?) at /tmp/loop_over_bdir-28548-FOpxjB/CGI-Application-Plugin-ViewCode-1.02-0/blib/lib/CGI/Application/Plugin/ViewCode.pm line 180.
Global symbol "$opt" requires explicit package name (did you forget to declare "my $opt"?) at /tmp/loop_over_bdir-28548-FOpxjB/CGI-Application-Plugin-ViewCode-1.02-0/blib/lib/CGI/Application/Plugin/ViewCode.pm line 181.
Global symbol "$query" requires explicit package name (did you forget to declare "my $query"?) at /tmp/loop_over_bdir-28548-FOpxjB/CGI-Application-Plugin-ViewCode-1.02-0/blib/lib/CGI/Application/Plugin/ViewCode.pm line 181.
Global symbol "$opt" requires explicit package name (did you forget to declare "my $opt"?) at /tmp/loop_over_bdir-28548-FOpxjB/CGI-Application-Plugin-ViewCode-1.02-0/blib/lib/CGI/Application/Plugin/ViewCode.pm line 181.
Global symbol "%options" requires explicit package name (did you forget to declare "my %options"?) at /tmp/loop_over_bdir-28548-FOpxjB/CGI-Application-Plugin-ViewCode-1.02-0/blib/lib/CGI/Application/Plugin/ViewCode.pm line 183.
Global symbol "$opt" requires explicit package name (did you forget to declare "my $opt"?) at /tmp/loop_over_bdir-28548-FOpxjB/CGI-Application-Plugin-ViewCode-1.02-0/blib/lib/CGI/Application/Plugin/ViewCode.pm line 183.
Global symbol "$module" requires explicit package name (did you forget to declare "my $module"?) at /tmp/loop_over_bdir-28548-FOpxjB/CGI-Application-Plugin-ViewCode-1.02-0/blib/lib/CGI/Application/Plugin/ViewCode.pm line 190.
Global symbol "%options" requires explicit package name (did you forget to declare "my %options"?) at /tmp/loop_over_bdir-28548-FOpxjB/CGI-Application-Plugin-ViewCode-1.02-0/blib/lib/CGI/Application/Plugin/ViewCode.pm line 205.
Global symbol "%options" requires explicit package name (did you forget to declare "my %options"?) at /tmp/loop_over_bdir-28548-FOpxjB/CGI-Application-Plugin-ViewCode-1.02-0/blib/lib/CGI/Application/Plugin/ViewCode.pm line 219.
Global symbol "%options" requires explicit package name (did you forget to declare "my %options"?) at /tmp/loop_over_bdir-28548-FOpxjB/CGI-Application-Plugin-ViewCode-1.02-0/blib/lib/CGI/Application/Plugin/ViewCode.pm line 227.
Global symbol "%options" requires explicit package name (did you forget to declare "my %options"?) at /tmp/loop_over_bdir-28548-FOpxjB/CGI-Application-Plugin-ViewCode-1.02-0/blib/lib/CGI/Application/Plugin/ViewCode.pm line 227.
Global symbol "%options" requires explicit package name (did you forget to declare "my %options"?) at /tmp/loop_over_bdir-28548-FOpxjB/CGI-Application-Plugin-ViewCode-1.02-0/blib/lib/CGI/Application/Plugin/ViewCode.pm line 230.
Global symbol "%options" requires explicit package name (did you forget to declare "my %options"?) at /tmp/loop_over_bdir-28548-FOpxjB/CGI-Application-Plugin-ViewCode-1.02-0/blib/lib/CGI/Application/Plugin/ViewCode.pm line 238.
syntax error at /tmp/loop_over_bdir-28548-FOpxjB/CGI-Application-Plugin-ViewCode-1.02-0/blib/lib/CGI/Application/Plugin/ViewCode.pm line 276, near "}"
/tmp/loop_over_bdir-28548-FOpxjB/CGI-Application-Plugin-ViewCode-1.02-0/blib/lib/CGI/Application/Plugin/ViewCode.pm has too many errors.
Compilation failed in require at t/lib/MyBase/MyApp.pm line 4.
BEGIN failed--compilation aborted at t/lib/MyBase/MyApp.pm line 4.
Compilation failed in require at t/02-view_code.t line 4.
BEGIN failed--compilation aborted at t/02-view_code.t line 4.
t/02-view_code.t .....
Dubious, test returned 255 (wstat 65280, 0xff00)
No subtests run
syntax error at /tmp/loop_over_bdir-28548-FOpxjB/CGI-Application-Plugin-ViewCode-1.02-0/blib/lib/CGI/Application/Plugin/ViewCode.pm line 179, near "$opt qw(highlight line_no pod)"
Global symbol "$opt" requires explicit package name (did you forget to declare "my $opt"?) at /tmp/loop_over_bdir-28548-FOpxjB/CGI-Application-Plugin-ViewCode-1.02-0/blib/lib/CGI/Application/Plugin/ViewCode.pm line 180.
Global symbol "$opt" requires explicit package name (did you forget to declare "my $opt"?) at /tmp/loop_over_bdir-28548-FOpxjB/CGI-Application-Plugin-ViewCode-1.02-0/blib/lib/CGI/Application/Plugin/ViewCode.pm line 181.
Global symbol "$query" requires explicit package name (did you forget to declare "my $query"?) at /tmp/loop_over_bdir-28548-FOpxjB/CGI-Application-Plugin-ViewCode-1.02-0/blib/lib/CGI/Application/Plugin/ViewCode.pm line 181.
Global symbol "$opt" requires explicit package name (did you forget to declare "my $opt"?) at /tmp/loop_over_bdir-28548-FOpxjB/CGI-Application-Plugin-ViewCode-1.02-0/blib/lib/CGI/Application/Plugin/ViewCode.pm line 181.
Global symbol "%options" requires explicit package name (did you forget to declare "my %options"?) at /tmp/loop_over_bdir-28548-FOpxjB/CGI-Application-Plugin-ViewCode-1.02-0/blib/lib/CGI/Application/Plugin/ViewCode.pm line 183.
Global symbol "$opt" requires explicit package name (did you forget to declare "my $opt"?) at /tmp/loop_over_bdir-28548-FOpxjB/CGI-Application-Plugin-ViewCode-1.02-0/blib/lib/CGI/Application/Plugin/ViewCode.pm line 183.
Global symbol "$module" requires explicit package name (did you forget to declare "my $module"?) at /tmp/loop_over_bdir-28548-FOpxjB/CGI-Application-Plugin-ViewCode-1.02-0/blib/lib/CGI/Application/Plugin/ViewCode.pm line 190.
Global symbol "%options" requires explicit package name (did you forget to declare "my %options"?) at /tmp/loop_over_bdir-28548-FOpxjB/CGI-Application-Plugin-ViewCode-1.02-0/blib/lib/CGI/Application/Plugin/ViewCode.pm line 205.
Global symbol "%options" requires explicit package name (did you forget to declare "my %options"?) at /tmp/loop_over_bdir-28548-FOpxjB/CGI-Application-Plugin-ViewCode-1.02-0/blib/lib/CGI/Application/Plugin/ViewCode.pm line 219.
Global symbol "%options" requires explicit package name (did you forget to declare "my %options"?) at /tmp/loop_over_bdir-28548-FOpxjB/CGI-Application-Plugin-ViewCode-1.02-0/blib/lib/CGI/Application/Plugin/ViewCode.pm line 227.
Global symbol "%options" requires explicit package name (did you forget to declare "my %options"?) at /tmp/loop_over_bdir-28548-FOpxjB/CGI-Application-Plugin-ViewCode-1.02-0/blib/lib/CGI/Application/Plugin/ViewCode.pm line 227.
Global symbol "%options" requires explicit package name (did you forget to declare "my %options"?) at /tmp/loop_over_bdir-28548-FOpxjB/CGI-Application-Plugin-ViewCode-1.02-0/blib/lib/CGI/Application/Plugin/ViewCode.pm line 230.
Global symbol "%options" requires explicit package name (did you forget to declare "my %options"?) at /tmp/loop_over_bdir-28548-FOpxjB/CGI-Application-Plugin-ViewCode-1.02-0/blib/lib/CGI/Application/Plugin/ViewCode.pm line 238.
syntax error at /tmp/loop_over_bdir-28548-FOpxjB/CGI-Application-Plugin-ViewCode-1.02-0/blib/lib/CGI/Application/Plugin/ViewCode.pm line 276, near "}"
/tmp/loop_over_bdir-28548-FOpxjB/CGI-Application-Plugin-ViewCode-1.02-0/blib/lib/CGI/Application/Plugin/ViewCode.pm has too many errors.
Compilation failed in require at t/lib/MyBase/MyApp.pm line 4.
BEGIN failed--compilation aborted at t/lib/MyBase/MyApp.pm line 4.
Compilation failed in require at t/03-view_pod.t line 5.
BEGIN failed--compilation aborted at t/03-view_pod.t line 5.
t/03-view_pod.t ......
Dubious, test returned 255 (wstat 65280, 0xff00)
No subtests run
syntax error at /tmp/loop_over_bdir-28548-FOpxjB/CGI-Application-Plugin-ViewCode-1.02-0/blib/lib/CGI/Application/Plugin/ViewCode.pm line 179, near "$opt qw(highlight line_no pod)"
Global symbol "$opt" requires explicit package name (did you forget to declare "my $opt"?) at /tmp/loop_over_bdir-28548-FOpxjB/CGI-Application-Plugin-ViewCode-1.02-0/blib/lib/CGI/Application/Plugin/ViewCode.pm line 180.
Global symbol "$opt" requires explicit package name (did you forget to declare "my $opt"?) at /tmp/loop_over_bdir-28548-FOpxjB/CGI-Application-Plugin-ViewCode-1.02-0/blib/lib/CGI/Application/Plugin/ViewCode.pm line 181.
Global symbol "$query" requires explicit package name (did you forget to declare "my $query"?) at /tmp/loop_over_bdir-28548-FOpxjB/CGI-Application-Plugin-ViewCode-1.02-0/blib/lib/CGI/Application/Plugin/ViewCode.pm line 181.
Global symbol "$opt" requires explicit package name (did you forget to declare "my $opt"?) at /tmp/loop_over_bdir-28548-FOpxjB/CGI-Application-Plugin-ViewCode-1.02-0/blib/lib/CGI/Application/Plugin/ViewCode.pm line 181.
Global symbol "%options" requires explicit package name (did you forget to declare "my %options"?) at /tmp/loop_over_bdir-28548-FOpxjB/CGI-Application-Plugin-ViewCode-1.02-0/blib/lib/CGI/Application/Plugin/ViewCode.pm line 183.
Global symbol "$opt" requires explicit package name (did you forget to declare "my $opt"?) at /tmp/loop_over_bdir-28548-FOpxjB/CGI-Application-Plugin-ViewCode-1.02-0/blib/lib/CGI/Application/Plugin/ViewCode.pm line 183.
Global symbol "$module" requires explicit package name (did you forget to declare "my $module"?) at /tmp/loop_over_bdir-28548-FOpxjB/CGI-Application-Plugin-ViewCode-1.02-0/blib/lib/CGI/Application/Plugin/ViewCode.pm line 190.
Global symbol "%options" requires explicit package name (did you forget to declare "my %options"?) at /tmp/loop_over_bdir-28548-FOpxjB/CGI-Application-Plugin-ViewCode-1.02-0/blib/lib/CGI/Application/Plugin/ViewCode.pm line 205.
Global symbol "%options" requires explicit package name (did you forget to declare "my %options"?) at /tmp/loop_over_bdir-28548-FOpxjB/CGI-Application-Plugin-ViewCode-1.02-0/blib/lib/CGI/Application/Plugin/ViewCode.pm line 219.
Global symbol "%options" requires explicit package name (did you forget to declare "my %options"?) at /tmp/loop_over_bdir-28548-FOpxjB/CGI-Application-Plugin-ViewCode-1.02-0/blib/lib/CGI/Application/Plugin/ViewCode.pm line 227.
Global symbol "%options" requires explicit package name (did you forget to declare "my %options"?) at /tmp/loop_over_bdir-28548-FOpxjB/CGI-Application-Plugin-ViewCode-1.02-0/blib/lib/CGI/Application/Plugin/ViewCode.pm line 227.
Global symbol "%options" requires explicit package name (did you forget to declare "my %options"?) at /tmp/loop_over_bdir-28548-FOpxjB/CGI-Application-Plugin-ViewCode-1.02-0/blib/lib/CGI/Application/Plugin/ViewCode.pm line 230.
Global symbol "%options" requires explicit package name (did you forget to declare "my %options"?) at /tmp/loop_over_bdir-28548-FOpxjB/CGI-Application-Plugin-ViewCode-1.02-0/blib/lib/CGI/Application/Plugin/ViewCode.pm line 238.
syntax error at /tmp/loop_over_bdir-28548-FOpxjB/CGI-Application-Plugin-ViewCode-1.02-0/blib/lib/CGI/Application/Plugin/ViewCode.pm line 276, near "}"
/tmp/loop_over_bdir-28548-FOpxjB/CGI-Application-Plugin-ViewCode-1.02-0/blib/lib/CGI/Application/Plugin/ViewCode.pm has too many errors.
Compilation failed in require at t/lib/MyBase/MyApp.pm line 4.
BEGIN failed--compilation aborted at t/lib/MyBase/MyApp.pm line 4.
Compilation failed in require at t/04-errors.t line 4.
BEGIN failed--compilation aborted at t/04-errors.t line 4.
t/04-errors.t ........
Dubious, test returned 255 (wstat 65280, 0xff00)
No subtests run
Test Summary Report
-------------------
t/01-pod-coverage.t (Wstat: 256 Tests: 1 Failed: 1)
Failed test: 1
Non-zero exit status: 1
t/02-view_code.t (Wstat: 65280 Tests: 0 Failed: 0)
Non-zero exit status: 255
Parse errors: No plan found in TAP output
t/03-view_pod.t (Wstat: 65280 Tests: 0 Failed: 0)
Non-zero exit status: 255
Parse errors: No plan found in TAP output
t/04-errors.t (Wstat: 65280 Tests: 0 Failed: 0)
Non-zero exit status: 255
Parse errors: No plan found in TAP output
Files=5, Tests=2, 2 wallclock secs ( 0.02 usr 0.05 sys + 0.51 cusr 0.13 csys = 0.71 CPU)
Result: FAIL
Failed 4/5 test programs. 1/2 subtests failed.
------------------------------
PREREQUISITES
------------------------------
Prerequisite modules loaded:
requires:
Module Need Have
--------------------------------- ---- --------
CGI::Application 4 4.50
Pod::Xhtml 1 1.61
Syntax::Highlight::Perl::Improved 1 1.01
Test::LongString 0 0.17
Test::More 0 1.302120
------------------------------
ENVIRONMENT AND OTHER CONTEXT
------------------------------
Environment variables:
AUTOMATED_TESTING = 1
LANG = en_US.UTF-8
PATH = /home/sand/bin:/usr/local/bin:/usr/bin:/bin:/usr/games:/usr/local/perl/bin:/usr/X11/bin:/sbin:/usr/sbin
PERL5LIB = /tmp/loop_over_bdir-28548-FOpxjB/Syntax-Highlight-Perl-Improved-1.01-0/blib/arch:/tmp/loop_over_bdir-28548-FOpxjB/Syntax-Highlight-Perl-Improved-1.01-0/blib/lib:/tmp/loop_over_bdir-28548-FOpxjB/Pod-Xhtml-1.61-0/blib/arch:/tmp/loop_over_bdir-28548-FOpxjB/Pod-Xhtml-1.61-0/blib/lib:/tmp/loop_over_bdir-28548-FOpxjB/CGI-Application-Plugin-DBIC-Schema-0.3-0/blib/arch:/tmp/loop_over_bdir-28548-FOpxjB/CGI-Application-Plugin-DBIC-Schema-0.3-0/blib/lib:/tmp/loop_over_bdir-28548-FOpxjB/CGI-Application-Plugin-DBH-4.04-0/blib/arch:/tmp/loop_over_bdir-28548-FOpxjB/CGI-Application-Plugin-DBH-4.04-0/blib/lib:/tmp/loop_over_bdir-28548-FOpxjB/CGI-Application-Plugin-ConfigAuto-1.33-0/blib/arch:/tmp/loop_over_bdir-28548-FOpxjB/CGI-Application-Plugin-ConfigAuto-1.33-0/blib/lib:/tmp/loop_over_bdir-28548-FOpxjB/Config-Auto-0.44-0/blib/arch:/tmp/loop_over_bdir-28548-FOpxjB/Config-Auto-0.44-0/blib/lib:/tmp/loop_over_bdir-28548-FOpxjB/CGI-Application-Plugin-AutoRunmode-0.18-0/blib/arch:/tmp/loop_over_bdir-28548-FOpxjB/CGI-Application-Plugin-AutoRunmode-0.18-0/blib/lib:/tmp/loop_over_bdir-28548-FOpxjB/CGI-Application-4.50-0/blib/arch:/tmp/loop_over_bdir-28548-FOpxjB/CGI-Application-4.50-0/blib/lib
PERL5OPT =
PERL5_CPANPLUS_IS_RUNNING = 28550
PERL5_CPAN_IS_RUNNING = 28550
PERL5_CPAN_IS_RUNNING_IN_RECURSION = 1718,28550
PERL_CANARY_STABILITY_NOPROMPT = 1
PERL_MM_USE_DEFAULT = 1
PERL_USE_UNSAFE_INC = 1
SHELL = /usr/bin/zsh
TERM = screen
Perl special variables (and OS-specific diagnostics, for MSWin32):
$^X = /home/sand/src/perl/repoperls/installed-perls/host/k93msid/v5.22.3/276a/bin/perl
$UID/$EUID = 1005 / 1005
$GID = 1005 1005
$EGID = 1005 1005
Perl module toolchain versions installed:
Module Have
------------------- --------
CPAN 2.20
CPAN::Meta 2.150010
Cwd 3.62
ExtUtils::CBuilder 0.280229
ExtUtils::Command 7.30
ExtUtils::Install 2.06
ExtUtils::MakeMaker 7.30
ExtUtils::Manifest 1.70
ExtUtils::ParseXS 3.35
File::Spec 3.62
JSON 2.94
JSON::PP 2.94
Module::Build 0.4224
Module::Signature 0.81
Parse::CPAN::Meta 2.150010
Test::Harness 3.39
Test::More 1.302120
YAML 1.23
YAML::Syck 1.30
version 0.9918
--
Summary of my perl5 (revision 5 version 22 subversion 3) configuration:
Derived from: 16b638b0a20de774856b3a21a75a5e373af5262c
Platform:
osname=linux, osvers=4.12.0-2-amd64, archname=x86_64-linux-thread-multi
uname='linux k93msid 4.12.0-2-amd64 #1 smp debian 4.12.13-1 (2017-09-19) x86_64 gnulinux '
config_args='-Dprefix=/home/sand/src/perl/repoperls/installed-perls/host/k93msid/v5.22.3/276a -Dmyhostname=k93msid -Dinstallusrbinperl=n -Uversiononly -Dusedevel -des -Ui_db -Dlibswanted=cl pthread socket inet nsl gdbm dbm malloc dl ld sun m crypt sec util c cposix posix ucb BSD gdbm_compat -Duseithreads -Uuselongdouble -DDEBUGGING=both'
hint=recommended, useposix=true, d_sigaction=define
useithreads=define, usemultiplicity=define
use64bitint=define, use64bitall=define, uselongdouble=undef
usemymalloc=n, bincompat5005=undef
Compiler:
cc='cc', ccflags ='-D_REENTRANT -D_GNU_SOURCE -fwrapv -DDEBUGGING -fno-strict-aliasing -pipe -fstack-protector-strong -I/usr/local/include -D_LARGEFILE_SOURCE -D_FILE_OFFSET_BITS=64',
optimize='-O2 -g',
cppflags='-D_REENTRANT -D_GNU_SOURCE -fwrapv -DDEBUGGING -fno-strict-aliasing -pipe -fstack-protector-strong -I/usr/local/include'
ccversion='', gccversion='7.2.0', gccosandvers=''
intsize=4, longsize=8, ptrsize=8, doublesize=8, byteorder=12345678, doublekind=3
d_longlong=define, longlongsize=8, d_longdbl=define, longdblsize=16, longdblkind=3
ivtype='long', ivsize=8, nvtype='double', nvsize=8, Off_t='off_t', lseeksize=8
alignbytes=8, prototype=define
Linker and Libraries:
ld='cc', ldflags =' -fstack-protector-strong -L/usr/local/lib'
libpth=/usr/local/lib /usr/lib/gcc/x86_64-linux-gnu/7/include-fixed /usr/include/x86_64-linux-gnu /usr/lib /lib/x86_64-linux-gnu /lib/../lib /usr/lib/x86_64-linux-gnu /usr/lib/../lib /lib
libs=-lpthread -lnsl -ldl -lm -lcrypt -lutil -lc
perllibs=-lpthread -lnsl -ldl -lm -lcrypt -lutil -lc
libc=libc-2.24.so, so=so, useshrplib=false, libperl=libperl.a
gnulibc_version='2.24'
Dynamic Linking:
dlsrc=dl_dlopen.xs, dlext=so, d_dlsymun=undef, ccdlflags='-Wl,-E'
cccdlflags='-fPIC', lddlflags='-shared -O2 -g -L/usr/local/lib -fstack-protector-strong'
Characteristics of this binary (from libperl):
Compile-time options: DEBUGGING HAS_TIMES MULTIPLICITY PERLIO_LAYERS
PERL_DONT_CREATE_GVSV
PERL_HASH_FUNC_ONE_AT_A_TIME_HARD
PERL_IMPLICIT_CONTEXT PERL_MALLOC_WRAP
PERL_NEW_COPY_ON_WRITE PERL_PRESERVE_IVUV
PERL_TRACK_MEMPOOL PERL_USE_DEVEL USE_64_BIT_ALL
USE_64_BIT_INT USE_ITHREADS USE_LARGE_FILES
USE_LOCALE USE_LOCALE_COLLATE USE_LOCALE_CTYPE
USE_LOCALE_NUMERIC USE_LOCALE_TIME USE_PERLIO
USE_PERL_ATOF USE_REENTRANT_API
Locally applied patches:
uncommitted-changes
Built under linux
Compiled at Oct 3 2017 17:18:52
%ENV:
PERL5LIB="/tmp/loop_over_bdir-28548-FOpxjB/Syntax-Highlight-Perl-Improved-1.01-0/blib/arch:/tmp/loop_over_bdir-28548-FOpxjB/Syntax-Highlight-Perl-Improved-1.01-0/blib/lib:/tmp/loop_over_bdir-28548-FOpxjB/Pod-Xhtml-1.61-0/blib/arch:/tmp/loop_over_bdir-28548-FOpxjB/Pod-Xhtml-1.61-0/blib/lib:/tmp/loop_over_bdir-28548-FOpxjB/CGI-Application-Plugin-DBIC-Schema-0.3-0/blib/arch:/tmp/loop_over_bdir-28548-FOpxjB/CGI-Application-Plugin-DBIC-Schema-0.3-0/blib/lib:/tmp/loop_over_bdir-28548-FOpxjB/CGI-Application-Plugin-DBH-4.04-0/blib/arch:/tmp/loop_over_bdir-28548-FOpxjB/CGI-Application-Plugin-DBH-4.04-0/blib/lib:/tmp/loop_over_bdir-28548-FOpxjB/CGI-Application-Plugin-ConfigAuto-1.33-0/blib/arch:/tmp/loop_over_bdir-28548-FOpxjB/CGI-Application-Plugin-ConfigAuto-1.33-0/blib/lib:/tmp/loop_over_bdir-28548-FOpxjB/Config-Auto-0.44-0/blib/arch:/tmp/loop_over_bdir-28548-FOpxjB/Config-Auto-0.44-0/blib/lib:/tmp/loop_over_bdir-28548-FOpxjB/CGI-Application-Plugin-AutoRunmode-0.18-0/blib/arch:/tmp/loop_over_bdir-28548-FOpxjB/CGI-Application-Plugin-AutoRunmode-0.18-0/blib/lib:/tmp/loop_over_bdir-28548-FOpxjB/CGI-Application-4.50-0/blib/arch:/tmp/loop_over_bdir-28548-FOpxjB/CGI-Application-4.50-0/blib/lib"
PERL5OPT=""
PERL5_CPANPLUS_IS_RUNNING="28550"
PERL5_CPAN_IS_RUNNING="28550"
PERL5_CPAN_IS_RUNNING_IN_RECURSION="1718,28550"
PERL_CANARY_STABILITY_NOPROMPT="1"
PERL_MM_USE_DEFAULT="1"
PERL_USE_UNSAFE_INC="1"
@INC:
/tmp/loop_over_bdir-28548-FOpxjB/Syntax-Highlight-Perl-Improved-1.01-0/blib/arch
/tmp/loop_over_bdir-28548-FOpxjB/Syntax-Highlight-Perl-Improved-1.01-0/blib/lib
/tmp/loop_over_bdir-28548-FOpxjB/Pod-Xhtml-1.61-0/blib/arch
/tmp/loop_over_bdir-28548-FOpxjB/Pod-Xhtml-1.61-0/blib/lib
/tmp/loop_over_bdir-28548-FOpxjB/CGI-Application-Plugin-DBIC-Schema-0.3-0/blib/arch
/tmp/loop_over_bdir-28548-FOpxjB/CGI-Application-Plugin-DBIC-Schema-0.3-0/blib/lib
/tmp/loop_over_bdir-28548-FOpxjB/CGI-Application-Plugin-DBH-4.04-0/blib/arch
/tmp/loop_over_bdir-28548-FOpxjB/CGI-Application-Plugin-DBH-4.04-0/blib/lib
/tmp/loop_over_bdir-28548-FOpxjB/CGI-Application-Plugin-ConfigAuto-1.33-0/blib/arch
/tmp/loop_over_bdir-28548-FOpxjB/CGI-Application-Plugin-ConfigAuto-1.33-0/blib/lib
/tmp/loop_over_bdir-28548-FOpxjB/Config-Auto-0.44-0/blib/arch
/tmp/loop_over_bdir-28548-FOpxjB/Config-Auto-0.44-0/blib/lib
/tmp/loop_over_bdir-28548-FOpxjB/CGI-Application-Plugin-AutoRunmode-0.18-0/blib/arch
/tmp/loop_over_bdir-28548-FOpxjB/CGI-Application-Plugin-AutoRunmode-0.18-0/blib/lib
/tmp/loop_over_bdir-28548-FOpxjB/CGI-Application-4.50-0/blib/arch
/tmp/loop_over_bdir-28548-FOpxjB/CGI-Application-4.50-0/blib/lib
/home/sand/src/perl/repoperls/installed-perls/host/k93msid/v5.22.3/276a/lib/site_perl/5.22.3/x86_64-linux-thread-multi
/home/sand/src/perl/repoperls/installed-perls/host/k93msid/v5.22.3/276a/lib/site_perl/5.22.3
/home/sand/src/perl/repoperls/installed-perls/host/k93msid/v5.22.3/276a/lib/5.22.3/x86_64-linux-thread-multi
/home/sand/src/perl/repoperls/installed-perls/host/k93msid/v5.22.3/276a/lib/5.22.3
.