Qiime2-Reader v0.10.1 Perl 5 v5.22.2 amd64-freebsd-thread-multi

Status
Fail
From
Slaven Rezić (SREZIC)
Dist
Qiime2-Reader v0.10.1
Platform
Perl 5 v5.22.2 amd64-freebsd-thread-multi
Date
2020-01-23T17:50:18
ID
d159bd26-3e08-11ea-aa5d-4a581f24ea8f
This distribution has been tested as part of the CPAN Testers
project, supporting the Perl programming language.  See
http://wiki.cpantesters.org/ for more information or email
questions to cpan-testers-discuss@perl.org


--
Dear Andrea Telatin,

This is a computer-generated report for Qiime2-Reader-0.10.1
on perl 5.22.2, created by CPAN-Reporter-1.2017.

Thank you for uploading your work to CPAN.  However, there was a problem
testing your distribution.

If you think this report is invalid, please consult the CPAN Testers Wiki
for suggestions on how to avoid getting FAIL reports for missing library
or binary dependencies, unsupported operating systems, and so on:

http://wiki.cpantesters.org/wiki/CPANAuthorNotes

Sections of this report:

    * Tester comments
    * Program output
    * Prerequisites
    * Environment and other context

------------------------------
TESTER COMMENTS
------------------------------

Additional comments from tester:

none provided

------------------------------
PROGRAM OUTPUT
------------------------------

Output from '/usr/bin/make test':

PERL_DL_NONLAZY=1 "/usr/perl5.22.2t/bin/perl" "-MExtUtils::Command::MM" "-MTest::Harness" "-e" "undef *Test::Harness::Switches; test_harness(0, 'blib/lib', 'blib/arch')" t/*.t
t/10_basic_test.t ................. ok
 [Qiime2::Reader ERROR]
 UnZip not found as <unzip>.
 ------------------------------------------------------------
 at /home/cpansand/.cpan/build/2020012316/Qiime2-Reader-0.10.1-zg5xtb/blib/lib/Qiime2/Artifact.pm line 257.
	Qiime2::Artifact::crash("UnZip not found as <unzip>.") called at /home/cpansand/.cpan/build/2020012316/Qiime2-Reader-0.10.1-zg5xtb/blib/lib/Qiime2/Artifact.pm line 29
	Qiime2::Artifact::new("Qiime2::Artifact", HASH(0x41cc6780)) called at t/11_load.t line 15
t/11_load.t ....................... 
Dubious, test returned 1 (wstat 256, 0x100)
No subtests run 
Not a valid artifact /home/cpansand/.cpan/build/2020012316/Qiime2-Reader-0.10.1-zg5xtb/t/../data/bad_artifact.zip:
 [Qiime2::Reader ERROR]
 UnZip not found as <unzip>.
 ------------------------------------------------------------
t/11_not_a_valid_artifact.t ....... ok
Raise exception:
 [Qiime2::Reader ERROR]
 UnZip not found as <unzip>.
 ------------------------------------------------------------
t/11_not_a_zip.t .................. ok
Not a valid artifact /home/cpansand/.cpan/build/2020012316/Qiime2-Reader-0.10.1-zg5xtb/t/../data/non_artifact.zip:
 [Qiime2::Reader ERROR]
 UnZip not found as <unzip>.
 ------------------------------------------------------------
t/11_not_an_artifact.t ............ ok
t/release-00-pod.t ................ skipped: these tests are for release candidate testing
t/release-03-minimum-standards.t .. skipped: these tests are for release candidate testing
t/release-05-changes.t ............ skipped: these tests are for release candidate testing

Test Summary Report
-------------------
t/11_load.t                     (Wstat: 256 Tests: 0 Failed: 0)
  Non-zero exit status: 1
  Parse errors: No plan found in TAP output
Files=8, Tests=4,  0 wallclock secs ( 0.01 usr  0.04 sys +  0.11 cusr  0.43 csys =  0.59 CPU)
Result: FAIL
Failed 1/8 test programs. 0/4 subtests failed.
*** Error code 255

Stop.
make: stopped in /home/cpansand/.cpan/build/2020012316/Qiime2-Reader-0.10.1-zg5xtb

------------------------------
PREREQUISITES
------------------------------

Prerequisite modules loaded:

requires:

    Module              Need  Have    
    ------------------- ----- --------
    Capture::Tiny       0.48  0.48    
    Carp                1.2   1.36    
    Data::Dumper        2.1   2.158   
    FindBin             1.3   1.51    
    perl                5.018 5.022002
    YAML::PP            0.018 0.018   

build_requires:

    Module              Need  Have    
    ------------------- ----- --------
    ExtUtils::MakeMaker 0     7.24    

configure_requires:

    Module              Need  Have    
    ------------------- ----- --------
    Devel::CheckBin     0     0.04    
    ExtUtils::MakeMaker 0     7.24    


------------------------------
ENVIRONMENT AND OTHER CONTEXT
------------------------------

Environment variables:

    LC_ALL = de_DE.ISO8859-1
    PATH = /usr/local/bin:/usr/bin:/bin:/usr/local/sbin:/usr/sbin:/sbin:/home/cpansand/bin/freebsd10.3:/home/cpansand/bin/sh:/home/cpansand/bin:/usr/games:/home/cpansand/devel:/home/eserte/src/srezic-misc/scripts
    PERL5LIB = /home/cpansand/.cpan/build/2020012316/YAML-PP-0.018-pfYC7V/blib/arch:/home/cpansand/.cpan/build/2020012316/YAML-PP-0.018-pfYC7V/blib/lib:/home/cpansand/.cpan/build/2020012316/Capture-Tiny-0.48-TwlUuv/blib/arch:/home/cpansand/.cpan/build/2020012316/Capture-Tiny-0.48-TwlUuv/blib/lib
    PERL5OPT = 
    PERL5_CPANPLUS_IS_RUNNING = 78367
    PERL5_CPAN_IS_RUNNING = 78367
    PERL5_CPAN_IS_RUNNING_IN_RECURSION = 78267,78367
    PERLDOC = -MPod::Perldoc::ToTextOverstrike
    PERL_BATCH = yes
    PERL_CANARY_STABILITY_NOPROMPT = 1
    PERL_CPAN_REPORTER_CONFIG = /var/tmp/cpansmoker-1023/2020012316/cpanreporter_000_config.ini
    PERL_EXTUTILS_AUTOINSTALL = --defaultdeps
    SHELL = /usr/local/bin/zsh
    TERM = screen
    TMPDIR = /var/tmp/cpansmoker-1023/2020012316

Perl special variables (and OS-specific diagnostics, for MSWin32):

    $^X = /usr/perl5.22.2t/bin/perl
    $UID/$EUID = 1023 / 1023
    $GID = 1023 1023
    $EGID = 1023 1023

Perl module toolchain versions installed:

    Module              Have    
    ------------------- --------
    CPAN                2.11    
    CPAN::Meta          2.150001
    Cwd                 3.62    
    ExtUtils::CBuilder  0.280221
    ExtUtils::Command   7.24    
    ExtUtils::Install   2.04    
    ExtUtils::MakeMaker 7.24    
    ExtUtils::Manifest  1.70    
    ExtUtils::ParseXS   3.28    
    File::Spec          3.62    
    JSON                2.90    
    JSON::PP            2.27300 
    Module::Build       0.4218  
    Module::Signature   0.80    
    Parse::CPAN::Meta   1.4422  
    Test::Harness       3.35    
    Test::More          1.302075
    YAML                1.15    
    YAML::Syck          1.29    
    version             0.9917  


--

Summary of my perl5 (revision 5 version 22 subversion 2) configuration:
   
  Platform:
    osname=freebsd, osvers=10.1-release, archname=amd64-freebsd-thread-multi
    uname='freebsd cvrsnica-freebsd-101.herceg.de 10.1-release freebsd 10.1-release #0 r274401: tue nov 11 21:02:49 utc 2014 root@releng1.nyi.freebsd.org:usrobjusrsrcsysgeneric amd64 '
    config_args='-ds -e -Dprefix=/usr/perl5.22.2t -Dusethreads -Dcf_email=srezic@cpan.org -Doptimize=-O2 -pipe'
    hint=recommended, useposix=true, d_sigaction=define
    useithreads=define, usemultiplicity=define
    use64bitint=define, use64bitall=define, uselongdouble=undef
    usemymalloc=n, bincompat5005=undef
  Compiler:
    cc='cc', ccflags ='-DHAS_FPSETMASK -DHAS_FLOATINGPOINT_H -fno-strict-aliasing -pipe -fstack-protector -I/usr/local/include -D_FORTIFY_SOURCE=2',
    optimize='-O2 -pipe',
    cppflags='-DHAS_FPSETMASK -DHAS_FLOATINGPOINT_H -fno-strict-aliasing -pipe -fstack-protector -I/usr/local/include'
    ccversion='', gccversion='4.2.1 Compatible FreeBSD Clang 3.4.1 (tags/RELEASE_34/dot1-final 208032)', gccosandvers=''
    intsize=4, longsize=8, ptrsize=8, doublesize=8, byteorder=12345678, doublekind=3
    d_longlong=define, longlongsize=8, d_longdbl=define, longdblsize=16, longdblkind=3
    ivtype='long', ivsize=8, nvtype='double', nvsize=8, Off_t='off_t', lseeksize=8
    alignbytes=8, prototype=define
  Linker and Libraries:
    ld='cc', ldflags ='-pthread -Wl,-E  -fstack-protector -L/usr/local/lib'
    libpth=/usr/lib /usr/local/lib /usr/include/clang/3.4.1 /usr/lib
    libs=-lpthread -lgdbm -lm -lcrypt -lutil
    perllibs=-lpthread -lm -lcrypt -lutil
    libc=, so=so, useshrplib=false, libperl=libperl.a
    gnulibc_version=''
  Dynamic Linking:
    dlsrc=dl_dlopen.xs, dlext=so, d_dlsymun=undef, ccdlflags=' '
    cccdlflags='-DPIC -fPIC', lddlflags='-shared  -L/usr/local/lib -fstack-protector'


Characteristics of this binary (from libperl): 
  Compile-time options: HAS_TIMES MULTIPLICITY PERLIO_LAYERS
                        PERL_DONT_CREATE_GVSV
                        PERL_HASH_FUNC_ONE_AT_A_TIME_HARD
                        PERL_IMPLICIT_CONTEXT PERL_MALLOC_WRAP
                        PERL_NEW_COPY_ON_WRITE PERL_PRESERVE_IVUV
                        USE_64_BIT_ALL USE_64_BIT_INT USE_ITHREADS
                        USE_LARGE_FILES USE_LOCALE USE_LOCALE_COLLATE
                        USE_LOCALE_CTYPE USE_LOCALE_NUMERIC USE_LOCALE_TIME
                        USE_PERLIO USE_PERL_ATOF USE_REENTRANT_API
  Built under freebsd
  Compiled at Jun 18 2016 12:32:50
  %ENV:
    PERL5LIB="/home/cpansand/.cpan/build/2020012316/YAML-PP-0.018-pfYC7V/blib/arch:/home/cpansand/.cpan/build/2020012316/YAML-PP-0.018-pfYC7V/blib/lib:/home/cpansand/.cpan/build/2020012316/Capture-Tiny-0.48-TwlUuv/blib/arch:/home/cpansand/.cpan/build/2020012316/Capture-Tiny-0.48-TwlUuv/blib/lib"
    PERL5OPT=""
    PERL5_CPANPLUS_IS_RUNNING="78367"
    PERL5_CPAN_IS_RUNNING="78367"
    PERL5_CPAN_IS_RUNNING_IN_RECURSION="78267,78367"
    PERLDOC="-MPod::Perldoc::ToTextOverstrike"
    PERL_BATCH="yes"
    PERL_CANARY_STABILITY_NOPROMPT="1"
    PERL_CPAN_REPORTER_CONFIG="/var/tmp/cpansmoker-1023/2020012316/cpanreporter_000_config.ini"
    PERL_EXTUTILS_AUTOINSTALL="--defaultdeps"
  @INC:
    /home/cpansand/.cpan/build/2020012316/YAML-PP-0.018-pfYC7V/blib/arch
    /home/cpansand/.cpan/build/2020012316/YAML-PP-0.018-pfYC7V/blib/lib
    /home/cpansand/.cpan/build/2020012316/Capture-Tiny-0.48-TwlUuv/blib/arch
    /home/cpansand/.cpan/build/2020012316/Capture-Tiny-0.48-TwlUuv/blib/lib
    /usr/perl5.22.2t/lib/site_perl/5.22.2/amd64-freebsd-thread-multi
    /usr/perl5.22.2t/lib/site_perl/5.22.2
    /usr/perl5.22.2t/lib/5.22.2/amd64-freebsd-thread-multi
    /usr/perl5.22.2t/lib/5.22.2
    .