Report for Test-Run-CmdLine-0.0128

Back
From: metabase:user:30ae4450-2aae-11df-837a-5e0a49663a4f
Subject: FAIL Test-Run-CmdLine-0.0128 v5.18.2 
Date: 2015-06-05T10:27:20Z

This distribution has been tested as part of the CPAN Testers
project, supporting the Perl programming language.  See
http://wiki.cpantesters.org/ for more information or email
questions to cpan-testers-discuss@perl.org


--
Dear Shlomi Fish,

This is a computer-generated report for Test-Run-CmdLine-0.0128
on perl 5.18.2, created by CPAN-Reporter-1.2011.

Thank you for uploading your work to CPAN.  However, there was a problem
testing your distribution.

If you think this report is invalid, please consult the CPAN Testers Wiki
for suggestions on how to avoid getting FAIL reports for missing library
or binary dependencies, unsupported operating systems, and so on:

http://wiki.cpantesters.org/wiki/CPANAuthorNotes

Sections of this report:

    * Tester comments
    * Program output
    * Prerequisites
    * Environment and other context

------------------------------
TESTER COMMENTS
------------------------------

Additional comments from tester:

this report is from an automated smoke testing program
and was not reviewed by a human for accuracy

------------------------------
PROGRAM OUTPUT
------------------------------

Output from 'C:\strawberry182\perl\bin\perl.exe ./Build test':

# Testing Test::Run::CmdLine 0.0128, Perl 5.018002, C:\strawberry182\perl\bin\perl.exe
t\00-load.t ............... ok
t\01-class-name.t ......... ok
t\02-run.t ................ ok

#   Failed test 'Testing that simple fail is formatted for 80 columns'
#   at t\03-prove.t line 190.
#                   't\sample-tests\simple_fail .. FAILED tests 2, 5
# 	Failed 2/5 tests, 60.00% okay
# Failed Test                  Stat Wstat Total Fail  Failed  List of Failed
# -------------------------------------------------------------------------------
# t\sample-tests\simple_fail.t                5    2  40.00%  2 5
# '
#     doesn't match '(?^m:^\-{79}(?^:(?:(?^:\r?\n))?)$)'
# die ===
# {{{{{{
# 
# }}}}}}
# 
# exit ===
# {{{{{{
# 
# }}}}}}
# 
# leaveby ===
# {{{{{{
# return
# }}}}}}
# 
# return ===
# {{{{{{
# $VAR1 = [];
# 
# }}}}}}
# 
# stderr ===
# {{{{{{
# Failed 1/1 test scripts, 0.00% okay. 2/5 subtests failed, 60.00% okay.
# 
# }}}}}}
# 
# stdout ===
# {{{{{{
# t\sample-tests\simple_fail .. FAILED tests 2, 5
# 	Failed 2/5 tests, 60.00% okay
# Failed Test                  Stat Wstat Total Fail  Failed  List of Failed
# -------------------------------------------------------------------------------
# t\sample-tests\simple_fail.t                5    2  40.00%  2 5
# 
# }}}}}}
# 
# wantarray ===
# {{{{{{
# 
# }}}}}}
# 
# warn ===
# {{{{{{
# $VAR1 = [];
# 
# }}}}}}
# 
# run_func ===
# {{{{{{
# 
# }}}}}}
# 

#   Failed test 'Testing that simple fail is formatted for 100 columns'
#   at t\03-prove.t line 203.
#                   't\sample-tests\simple_fail .. FAILED tests 2, 5
# 	Failed 2/5 tests, 60.00% okay
# Failed Test                  Stat Wstat Total Fail  Failed  List of Failed
# ---------------------------------------------------------------------------------------------------
# t\sample-tests\simple_fail.t                5    2  40.00%  2 5
# '
#     doesn't match '(?^m:^\-{99}(?^:(?:(?^:\r?\n))?)$)'
# die ===
# {{{{{{
# 
# }}}}}}
# 
# exit ===
# {{{{{{
# 
# }}}}}}
# 
# leaveby ===
# {{{{{{
# return
# }}}}}}
# 
# return ===
# {{{{{{
# $VAR1 = [];
# 
# }}}}}}
# 
# stderr ===
# {{{{{{
# Failed 1/1 test scripts, 0.00% okay. 2/5 subtests failed, 60.00% okay.
# 
# }}}}}}
# 
# stdout ===
# {{{{{{
# t\sample-tests\simple_fail .. FAILED tests 2, 5
# 	Failed 2/5 tests, 60.00% okay
# Failed Test                  Stat Wstat Total Fail  Failed  List of Failed
# ---------------------------------------------------------------------------------------------------
# t\sample-tests\simple_fail.t                5    2  40.00%  2 5
# 
# }}}}}}
# 
# wantarray ===
# {{{{{{
# 
# }}}}}}
# 
# warn ===
# {{{{{{
# $VAR1 = [];
# 
# }}}}}}
# 
# run_func ===
# {{{{{{
# 
# }}}}}}
# 

#   Failed test 'Testing that simple fail is formatted for 100 columns'
#   at t\03-prove.t line 216.
#                   't\sample-tests\simple_fail .. FAILED tests 2, 5
# 	Failed 2/5 tests, 60.00% okay
# Failed Test                  Stat Wstat Total Fail  Failed  List of Failed
# ---------------------------------------------------------------------------------------------------
# t\sample-tests\simple_fail.t                5    2  40.00%  2 5
# '
#     doesn't match '(?^m:^\-{99}(?^:(?:(?^:\r?\n))?)$)'
# die ===
# {{{{{{
# 
# }}}}}}
# 
# exit ===
# {{{{{{
# 
# }}}}}}
# 
# leaveby ===
# {{{{{{
# return
# }}}}}}
# 
# return ===
# {{{{{{
# $VAR1 = [];
# 
# }}}}}}
# 
# stderr ===
# {{{{{{
# Failed 1/1 test scripts, 0.00% okay. 2/5 subtests failed, 60.00% okay.
# 
# }}}}}}
# 
# stdout ===
# {{{{{{
# t\sample-tests\simple_fail .. FAILED tests 2, 5
# 	Failed 2/5 tests, 60.00% okay
# Failed Test                  Stat Wstat Total Fail  Failed  List of Failed
# ---------------------------------------------------------------------------------------------------
# t\sample-tests\simple_fail.t                5    2  40.00%  2 5
# 
# }}}}}}
# 
# wantarray ===
# {{{{{{
# 
# }}}}}}
# 
# warn ===
# {{{{{{
# $VAR1 = [];
# 
# }}}}}}
# 
# run_func ===
# {{{{{{
# 
# }}}}}}
# 

#   Failed test 'Testing that Columns defaults to 80'
#   at t\03-prove.t line 230.
#                   't\sample-tests\simple_fail .. FAILED tests 2, 5
# 	Failed 2/5 tests, 60.00% okay
# Failed Test                  Stat Wstat Total Fail  Failed  List of Failed
# -------------------------------------------------------------------------------
# t\sample-tests\simple_fail.t                5    2  40.00%  2 5
# '
#     doesn't match '(?^m:^\-{79}(?^:(?:(?^:\r?\n))?)$)'
# die ===
# {{{{{{
# 
# }}}}}}
# 
# exit ===
# {{{{{{
# 
# }}}}}}
# 
# leaveby ===
# {{{{{{
# return
# }}}}}}
# 
# return ===
# {{{{{{
# $VAR1 = [];
# 
# }}}}}}
# 
# stderr ===
# {{{{{{
# Failed 1/1 test scripts, 0.00% okay. 2/5 subtests failed, 60.00% okay.
# 
# }}}}}}
# 
# stdout ===
# {{{{{{
# t\sample-tests\simple_fail .. FAILED tests 2, 5
# 	Failed 2/5 tests, 60.00% okay
# Failed Test                  Stat Wstat Total Fail  Failed  List of Failed
# -------------------------------------------------------------------------------
# t\sample-tests\simple_fail.t                5    2  40.00%  2 5
# 
# }}}}}}
# 
# wantarray ===
# {{{{{{
# 
# }}}}}}
# 
# warn ===
# {{{{{{
# $VAR1 = [];
# 
# }}}}}}
# 
# run_func ===
# {{{{{{
# 
# }}}}}}
# 

#   Failed test 'Displays the time if HARNESS_TIMER is 1.'
#   at t\03-prove.t line 243.
#                   't\sample-tests\one-ok ....... ok    0.168s
# t\sample-tests\several-oks .. ok    0.112s
# All tests successful.
# Files=2, Tests=4,  0 wallclock secs ( 0.00 cusr +  0.00 csys =  0.00 CPU)
# '
#     doesn't match '(?^m:ok\s+\d+(?:\.\d+)?s(?^:(?:(?^:\r?\n))?)$)'
# die ===
# {{{{{{
# 
# }}}}}}
# 
# exit ===
# {{{{{{
# 
# }}}}}}
# 
# leaveby ===
# {{{{{{
# return
# }}}}}}
# 
# return ===
# {{{{{{
# $VAR1 = [];
# 
# }}}}}}
# 
# stderr ===
# {{{{{{
# 
# }}}}}}
# 
# stdout ===
# {{{{{{
# t\sample-tests\one-ok ....... ok    0.168s
# t\sample-tests\several-oks .. ok    0.112s
# All tests successful.
# Files=2, Tests=4,  0 wallclock secs ( 0.00 cusr +  0.00 csys =  0.00 CPU)
# 
# }}}}}}
# 
# wantarray ===
# {{{{{{
# 
# }}}}}}
# 
# warn ===
# {{{{{{
# $VAR1 = [];
# 
# }}}}}}
# 
# run_func ===
# {{{{{{
# 
# }}}}}}
# 

#   Failed test 'Displays the time if --timer was set.'
#   at t\03-prove.t line 255.
#                   't\sample-tests\one-ok ....... ok    0.160s
# t\sample-tests\several-oks .. ok    0.103s
# All tests successful.
# Files=2, Tests=4,  0 wallclock secs ( 0.00 cusr +  0.00 csys =  0.00 CPU)
# '
#     doesn't match '(?^m:ok\s+\d+(?:\.\d+)?s(?^:(?:(?^:\r?\n))?)$)'
# die ===
# {{{{{{
# 
# }}}}}}
# 
# exit ===
# {{{{{{
# 
# }}}}}}
# 
# leaveby ===
# {{{{{{
# return
# }}}}}}
# 
# return ===
# {{{{{{
# $VAR1 = [];
# 
# }}}}}}
# 
# stderr ===
# {{{{{{
# 
# }}}}}}
# 
# stdout ===
# {{{{{{
# t\sample-tests\one-ok ....... ok    0.160s
# t\sample-tests\several-oks .. ok    0.103s
# All tests successful.
# Files=2, Tests=4,  0 wallclock secs ( 0.00 cusr +  0.00 csys =  0.00 CPU)
# 
# }}}}}}
# 
# wantarray ===
# {{{{{{
# 
# }}}}}}
# 
# warn ===
# {{{{{{
# $VAR1 = [];
# 
# }}}}}}
# 
# run_func ===
# {{{{{{
# 
# }}}}}}
# 

#   Failed test 'Timer control experiment'
#   at t\03-prove.t line 267.
#                   't\sample-tests\one-ok ....... ok
# t\sample-tests\several-oks .. ok
# All tests successful.
# Files=2, Tests=4,  1 wallclock secs ( 0.00 cusr +  0.00 csys =  0.00 CPU)
# '
#     doesn't match '(?^m:ok(?^:(?:(?^:\r?\n))?)$)'
# die ===
# {{{{{{
# 
# }}}}}}
# 
# exit ===
# {{{{{{
# 
# }}}}}}
# 
# leaveby ===
# {{{{{{
# return
# }}}}}}
# 
# return ===
# {{{{{{
# $VAR1 = [];
# 
# }}}}}}
# 
# stderr ===
# {{{{{{
# 
# }}}}}}
# 
# stdout ===
# {{{{{{
# t\sample-tests\one-ok ....... ok
# t\sample-tests\several-oks .. ok
# All tests successful.
# Files=2, Tests=4,  1 wallclock secs ( 0.00 cusr +  0.00 csys =  0.00 CPU)
# 
# }}}}}}
# 
# wantarray ===
# {{{{{{
# 
# }}}}}}
# 
# warn ===
# {{{{{{
# $VAR1 = [];
# 
# }}}}}}
# 
# run_func ===
# {{{{{{
# 
# }}}}}}
# 
# Looks like you failed 7 tests of 39.
t\03-prove.t .............. 
Dubious, test returned 7 (wstat 1792, 0x700)
Failed 7/39 subtests 
t\04-t-r-cl-iface.t ....... ok
t\05-prove-cl-process.t ... ok
t\07-trap-prove-app.t ..... ok
t\08-collect-plugins.t .... ok
t\09-yaml-args.t .......... ok
t\cpan-changes.t .......... ok
t\pod-coverage.t .......... ok
t\pod.t ................... ok
t\style-trailing-space.t .. ok

Test Summary Report
-------------------
t\03-prove.t            (Wstat: 1792 Tests: 39 Failed: 7)
  Failed tests:  11-17
  Non-zero exit status: 7
Files=13, Tests=89, 73 wallclock secs ( 0.04 usr +  0.20 sys =  0.24 CPU)
Result: FAIL
Failed 1/13 test programs. 7/89 subtests failed.

------------------------------
PREREQUISITES
------------------------------

Prerequisite modules loaded:

requires:

    Module                Need   Have    
    --------------------- ------ --------
    Moose                 0      2.1204  
    MooseX::Getopt        0.26   0.62    
    MooseX::Getopt::Basic 0      0.62    
    parent                0      0.228   
    perl                  5.008  5.018002
    Test::Run::Core       0.0126 0.0303  
    UNIVERSAL::require    0      0.16    
    YAML::XS              0      0.41    

build_requires:

    Module                Need   Have    
    --------------------- ------ --------
    Test::More            0      1.001002
    Test::Trap            0      0.2.3   

configure_requires:

    Module                Need   Have    
    --------------------- ------ --------
    Module::Build         0.36   0.4203  


------------------------------
ENVIRONMENT AND OTHER CONTEXT
------------------------------

Environment variables:

    AUTOMATED_TESTING = 1
    COMSPEC = C:\WINDOWS\system32\cmd.exe
    NUMBER_OF_PROCESSORS = 1
    PATH = C:\WINDOWS\system32;C:\WINDOWS;C:\WINDOWS\System32\Wbem;C:\strawberry182\c\bin;C:\strawberry182\perl\site\bin;C:\strawberry182\perl\bin
    PERL5LIB = C:\strawberry182\cpan\build\Test-Run-0.0303-QRkckI/blib/arch;C:\strawberry182\cpan\build\Test-Run-0.0303-QRkckI/blib/lib
    PERL5OPT = 
    PERL5_CPANPLUS_IS_RUNNING = 1092
    PERL5_CPAN_IS_RUNNING = 1092
    PERL5_CPAN_IS_RUNNING_IN_RECURSION = 1596,1092
    PERL_CR_SMOKER_CURRENT = Test-Run-CmdLine-0.0128
    PERL_CR_SMOKER_RUNONCE = 1
    PERL_EXTUTILS_AUTOINSTALL = --defaultdeps
    PERL_HASH_SEED = 0x11111111
    PERL_MM_USE_DEFAULT = 1
    PROCESSOR_IDENTIFIER = x86 Family 16 Model 5 Stepping 3, AuthenticAMD
    TEMP = C:\DOCUME~1\c\LOCALS~1\Temp
    TERM = dumb

Perl special variables (and OS-specific diagnostics, for MSWin32):

    $^X = C:\strawberry182\perl\bin\perl.exe
    $UID/$EUID = 0 / 0
    $GID = 0
    $EGID = 0
    Win32::GetOSName = WinXP/.Net
    Win32::GetOSVersion = Service Pack 3, 5, 1, 2600, 2, 3, 0, 256, 1
    Win32::FsType = NTFS
    Win32::IsAdminUser = 1

Perl module toolchain versions installed:

    Module              Have    
    ------------------- --------
    CPAN                2.00    
    CPAN::Meta          2.133380
    Cwd                 3.40    
    ExtUtils::CBuilder  0.280212
    ExtUtils::Command   1.18    
    ExtUtils::Install   1.59    
    ExtUtils::MakeMaker 6.84    
    ExtUtils::Manifest  1.63    
    ExtUtils::ParseXS   3.22    
    File::Spec          3.40    
    JSON                2.90    
    JSON::PP            2.27203 
    Module::Build       0.4203  
    Module::Signature   n/a     
    Parse::CPAN::Meta   1.4414  
    Test::Harness       3.30    
    Test::More          1.001002
    YAML                0.90    
    YAML::Syck          1.27    
    version             0.9904  


--

Summary of my perl5 (revision 5 version 18 subversion 2) configuration:
   
  Platform:
    osname=MSWin32, osvers=6.2, archname=MSWin32-x86-multi-thread
    uname='Win32 strawberry-perl-no64 5.18.2.1 #1 Tue Jan  7 19:43:33 2014 i386'
    config_args='undef'
    hint=recommended, useposix=true, d_sigaction=undef
    useithreads=define, usemultiplicity=define
    useperlio=define, d_sfio=undef, uselargefiles=define, usesocks=undef
    use64bitint=undef, use64bitall=undef, uselongdouble=undef
    usemymalloc=n, bincompat5005=undef
  Compiler:
    cc='gcc', ccflags =' -s -O2 -DWIN32  -DPERL_TEXTMODE_SCRIPTS -DPERL_IMPLICIT_CONTEXT -DPERL_IMPLICIT_SYS -DUSE_PERLIO -fno-strict-aliasing -mms-bitfields',
    optimize='-s -O2',
    cppflags='-DWIN32'
    ccversion='', gccversion='4.7.3', gccosandvers=''
    intsize=4, longsize=4, ptrsize=4, doublesize=8, byteorder=1234
    d_longlong=define, longlongsize=8, d_longdbl=define, longdblsize=12
    ivtype='long', ivsize=4, nvtype='double', nvsize=8, Off_t='long long', lseeksize=8
    alignbytes=8, prototype=define
  Linker and Libraries:
    ld='g++', ldflags ='-s -L"C:\strawberry182\perl\lib\CORE" -L"C:\strawberry182\c\lib"'
    libpth=C:\strawberry182\c\lib C:\strawberry182\c\i686-w64-mingw32\lib C:\strawberry182\c\lib\gcc\i686-w64-mingw32\4.7.3
    libs=-lmoldname -lkernel32 -luser32 -lgdi32 -lwinspool -lcomdlg32 -ladvapi32 -lshell32 -lole32 -loleaut32 -lnetapi32 -luuid -lws2_32 -lmpr -lwinmm -lversion -lodbc32 -lodbccp32 -lcomctl32
    perllibs=-lmoldname -lkernel32 -luser32 -lgdi32 -lwinspool -lcomdlg32 -ladvapi32 -lshell32 -lole32 -loleaut32 -lnetapi32 -luuid -lws2_32 -lmpr -lwinmm -lversion -lodbc32 -lodbccp32 -lcomctl32
    libc=, so=dll, useshrplib=true, libperl=libperl518.a
    gnulibc_version=''
  Dynamic Linking:
    dlsrc=dl_win32.xs, dlext=dll, d_dlsymun=undef, ccdlflags=' '
    cccdlflags=' ', lddlflags='-mdll -s -L"C:\strawberry182\perl\lib\CORE" -L"C:\strawberry182\c\lib"'


Characteristics of this binary (from libperl): 
  Compile-time options: HAS_TIMES HAVE_INTERP_INTERN MULTIPLICITY
                        PERLIO_LAYERS PERL_DONT_CREATE_GVSV
                        PERL_HASH_FUNC_ONE_AT_A_TIME_HARD
                        PERL_IMPLICIT_CONTEXT PERL_IMPLICIT_SYS
                        PERL_MALLOC_WRAP PERL_PRESERVE_IVUV PERL_SAWAMPERSAND
                        USE_ITHREADS USE_LARGE_FILES USE_LOCALE
                        USE_LOCALE_COLLATE USE_LOCALE_CTYPE
                        USE_LOCALE_NUMERIC USE_PERLIO USE_PERL_ATOF
  Built under MSWin32
  Compiled at Jan  7 2014 19:51:54
  %ENV:
    PERL5LIB="C:\strawberry182\cpan\build\Test-Run-0.0303-QRkckI/blib/arch;C:\strawberry182\cpan\build\Test-Run-0.0303-QRkckI/blib/lib"
    PERL5_CPANPLUS_IS_RUNNING="1092"
    PERL5_CPAN_IS_RUNNING="1092"
    PERL5_CPAN_IS_RUNNING_IN_RECURSION="1596,1092"
    PERL_CR_SMOKER_CURRENT="Test-Run-CmdLine-0.0128"
    PERL_CR_SMOKER_RUNONCE="1"
    PERL_EXTUTILS_AUTOINSTALL="--defaultdeps"
    PERL_HASH_SEED="0x11111111"
    PERL_MM_USE_DEFAULT="1"
  @INC:
    C:\strawberry182\cpan\build\Test-Run-0.0303-QRkckI/blib/arch
    C:\strawberry182\cpan\build\Test-Run-0.0303-QRkckI/blib/lib
    C:/strawberry182/perl/site/lib
    C:/strawberry182/perl/vendor/lib
    C:/strawberry182/perl/lib
    .