Syntax-Highlight-WithEmacs v0.3_01 Perl 5 v5.20.0 x86_64-linux

Status
Fail
From
Slaven Rezić (SREZIC)
Dist
Syntax-Highlight-WithEmacs v0.3_01
Platform
Perl 5 v5.20.0 x86_64-linux
Date
2019-02-27 23:45:52
ID
d15baf64-3ae9-11e9-8c95-a4c29d9de35d
This distribution has been tested as part of the CPAN Testers
project, supporting the Perl programming language.  See
http://wiki.cpantesters.org/ for more information or email
questions to cpan-testers-discuss@perl.org


--
Dear Ailin Nemui,

This is a computer-generated report for Syntax-Highlight-WithEmacs-0.3_01
on perl 5.20.0, created by CPAN-Reporter-1.2018.

Thank you for uploading your work to CPAN.  However, there was a problem
testing your distribution.

If you think this report is invalid, please consult the CPAN Testers Wiki
for suggestions on how to avoid getting FAIL reports for missing library
or binary dependencies, unsupported operating systems, and so on:

http://wiki.cpantesters.org/wiki/CPANAuthorNotes

Sections of this report:

    * Tester comments
    * Program output
    * Prerequisites
    * Environment and other context

------------------------------
TESTER COMMENTS
------------------------------

Additional comments from tester:

none provided

------------------------------
PROGRAM OUTPUT
------------------------------

Output from '/usr/bin/make test':

PERL_DL_NONLAZY=1 "/opt/perl-5.20.0/bin/perl" "-MExtUtils::Command::MM" "-MTest::Harness" "-e" "undef *Test::Harness::Switches; test_harness(0, 'blib/lib', 'blib/arch')" t/*.t
t/00-compile.t ..... ok
# GNU Emacs 23.4.1
failed to create result file EmacsHtmlize1411FUPO4.pl.html
I ran: {
  "run_htmlize" => [
                   "emacs",
                   "-nw",
                   "-q",
                   "-eval",
                   "(add-to-list 'load-path \"/home/cpansand/.cpan/build/2019022715/Syntax-Highlight-WithEmacs-0.3_01-0\")",
                   "-eval",
                   "(ignore-errors (require 'htmlize) (setq htmlize-generate-hyperlinks nil) (setq htmlize-output-type \"font\") (htmlize-file \"EmacsHtmlize1411FUPO4.pl\" ))",
                   "-eval",
                   "(kill-emacs)"
                 ]
}
I saw: {
  "run_htmlize" => [
                   "",
                   "emacs: Could not open file: /dev/tty\n"
                 ]
}
 at t/basic-html.pl line 9.
# Looks like your test exited with 2 before it could output anything.
t/1emacs-html.t .... 
Dubious, test returned 2 (wstat 512, 0x200)
Failed 4/4 subtests 
t/2emacs-client.t .. ok
failed to create result file EmacsHtmlize1422HaL1p.pl.html at t/3marked.t line 23.
# Looks like your test exited with 2 before it could output anything.
t/3marked.t ........ 
Dubious, test returned 2 (wstat 512, 0x200)
Failed 3/3 subtests 
# using client: yes
t/4ansi.t .......... ok
Devel::Hide hides Convert/Color/XTerm.pm

#   Failed test 'runtime module error'
#   at t/5runtime-dep.t line 25.
# expecting: Regexp ((?^:Convert::Color::XTerm is required))
# found: failed to create result file EmacsHtmlize1435QuEmP.pl.html at t/5runtime-dep.t line 25.
# Looks like you failed 1 test of 1.
t/5runtime-dep.t ... 
Dubious, test returned 1 (wstat 256, 0x100)
Failed 1/1 subtests 

Test Summary Report
-------------------
t/1emacs-html.t  (Wstat: 512 Tests: 0 Failed: 0)
  Non-zero exit status: 2
  Parse errors: Bad plan.  You planned 4 tests but ran 0.
t/3marked.t      (Wstat: 512 Tests: 0 Failed: 0)
  Non-zero exit status: 2
  Parse errors: Bad plan.  You planned 3 tests but ran 0.
t/5runtime-dep.t (Wstat: 256 Tests: 1 Failed: 1)
  Failed test:  1
  Non-zero exit status: 1
Files=6, Tests=15, 13 wallclock secs ( 0.01 usr  0.02 sys +  0.51 cusr  0.15 csys =  0.69 CPU)
Result: FAIL
Failed 3/6 test programs. 1/15 subtests failed.
make: *** [test_dynamic] Error 1

------------------------------
PREREQUISITES
------------------------------

Prerequisite modules loaded:

requires:

    Module              Need Have    
    ------------------- ---- --------
    Carp                0    1.38    
    CSS::Tiny           0    1.20    
    Data::Dumper        0    2.161   
    File::Temp          0    0.2304  
    Hash::Util          0    0.16    
    IPC::Run            0    0.94    
    Moo                 0    2.002004
    strict              0    1.08    
    Term::ANSIColor     0    4.05    
    warnings            0    1.23    
    XML::LibXML         0    2.0128  

build_requires:

    Module              Need Have    
    ------------------- ---- --------
    Cwd                 0    3.62    
    Devel::Hide         0    0.0009  
    ExtUtils::MakeMaker 0    7.24    
    ok                  0    1.302056
    Test::More          0    1.302056
    Test::Most          0    0.34    

configure_requires:

    Module              Need Have    
    ------------------- ---- --------
    ExtUtils::MakeMaker 0    7.24    


------------------------------
ENVIRONMENT AND OTHER CONTEXT
------------------------------

Environment variables:

    LANG = en_US.UTF-8
    LANGUAGE = en_US:en
    LC_ALL = en_US.UTF-8
    PATH = /usr/local/bin:/usr/bin:/bin:/usr/local/sbin:/usr/sbin:/sbin:/home/cpansand/bin/linux-gnu:/home/cpansand/bin/sh:/home/cpansand/bin:/usr/games:/home/cpansand/devel:/home/eserte/src/srezic-misc/scripts
    PERL5LIB = 
    PERL5OPT = 
    PERL5_CPANPLUS_IS_RUNNING = 1312
    PERL5_CPAN_IS_RUNNING = 1312
    PERL5_CPAN_IS_RUNNING_IN_RECURSION = 1195,1312
    PERLDOC = -MPod::Perldoc::ToTextOverstrike
    PERL_BATCH = yes
    PERL_CANARY_STABILITY_NOPROMPT = 1
    PERL_CPAN_REPORTER_CONFIG = /var/tmp/cpansmoker-1023/2019022715/cpanreporter_000_config.ini
    PERL_EXTUTILS_AUTOINSTALL = --defaultdeps
    PERL_USE_UNSAFE_INC = 1
    SHELL = /bin/zsh
    TERM = screen
    TMPDIR = /var/tmp/cpansmoker-1023/2019022715

Perl special variables (and OS-specific diagnostics, for MSWin32):

    $^X = /opt/perl-5.20.0/bin/perl
    $UID/$EUID = 1023 / 1023
    $GID = 1023 1023
    $EGID = 1023 1023

Perl module toolchain versions installed:

    Module              Have    
    ------------------- --------
    CPAN                2.16    
    CPAN::Meta          2.150010
    Cwd                 3.62    
    ExtUtils::CBuilder  0.280216
    ExtUtils::Command   7.24    
    ExtUtils::Install   1.67    
    ExtUtils::MakeMaker 7.24    
    ExtUtils::Manifest  1.70    
    ExtUtils::ParseXS   3.24    
    File::Spec          3.62    
    JSON                2.90    
    JSON::PP            2.27400 
    Module::Build       0.4220  
    Module::Signature   0.81    
    Parse::CPAN::Meta   2.150010
    Test::Harness       3.30    
    Test::More          1.302056
    YAML                1.17    
    YAML::Syck          1.29    
    version             0.9917  


--

Summary of my perl5 (revision 5 version 20 subversion 0) configuration:
   
  Platform:
    osname=linux, osvers=3.2.0-4-amd64, archname=x86_64-linux
    uname='linux cvrsnica-wheezy 3.2.0-4-amd64 #1 smp debian 3.2.54-2 x86_64 gnulinux '
    config_args='-ds -e -Dprefix=/opt/perl-5.20.0'
    hint=recommended, useposix=true, d_sigaction=define
    useithreads=undef, usemultiplicity=undef
    use64bitint=define, use64bitall=define, uselongdouble=undef
    usemymalloc=n, bincompat5005=undef
  Compiler:
    cc='cc', ccflags ='-fwrapv -fno-strict-aliasing -pipe -fstack-protector -I/usr/local/include -D_LARGEFILE_SOURCE -D_FILE_OFFSET_BITS=64',
    optimize='-O2',
    cppflags='-fwrapv -fno-strict-aliasing -pipe -fstack-protector -I/usr/local/include'
    ccversion='', gccversion='4.7.2', gccosandvers=''
    intsize=4, longsize=8, ptrsize=8, doublesize=8, byteorder=12345678
    d_longlong=define, longlongsize=8, d_longdbl=define, longdblsize=16
    ivtype='long', ivsize=8, nvtype='double', nvsize=8, Off_t='off_t', lseeksize=8
    alignbytes=8, prototype=define
  Linker and Libraries:
    ld='cc', ldflags =' -fstack-protector -L/usr/local/lib'
    libpth=/usr/local/lib /usr/lib/gcc/x86_64-linux-gnu/4.7/include-fixed /usr/include/x86_64-linux-gnu /usr/lib /lib/x86_64-linux-gnu /lib/../lib /usr/lib/x86_64-linux-gnu /usr/lib/../lib /lib
    libs=-lnsl -ldb -ldl -lm -lcrypt -lutil -lc
    perllibs=-lnsl -ldl -lm -lcrypt -lutil -lc
    libc=libc-2.13.so, so=so, useshrplib=false, libperl=libperl.a
    gnulibc_version='2.13'
  Dynamic Linking:
    dlsrc=dl_dlopen.xs, dlext=so, d_dlsymun=undef, ccdlflags='-Wl,-E'
    cccdlflags='-fPIC', lddlflags='-shared -O2 -L/usr/local/lib -fstack-protector'


Characteristics of this binary (from libperl): 
  Compile-time options: HAS_TIMES PERLIO_LAYERS PERL_DONT_CREATE_GVSV
                        PERL_HASH_FUNC_ONE_AT_A_TIME_HARD PERL_MALLOC_WRAP
                        PERL_NEW_COPY_ON_WRITE PERL_PRESERVE_IVUV
                        USE_64_BIT_ALL USE_64_BIT_INT USE_LARGE_FILES
                        USE_LOCALE USE_LOCALE_COLLATE USE_LOCALE_CTYPE
                        USE_LOCALE_NUMERIC USE_PERLIO USE_PERL_ATOF
  Built under linux
  Compiled at Jul 19 2014 07:43:18
  %ENV:
    PERL5LIB=""
    PERL5OPT=""
    PERL5_CPANPLUS_IS_RUNNING="1312"
    PERL5_CPAN_IS_RUNNING="1312"
    PERL5_CPAN_IS_RUNNING_IN_RECURSION="1195,1312"
    PERLDOC="-MPod::Perldoc::ToTextOverstrike"
    PERL_BATCH="yes"
    PERL_CANARY_STABILITY_NOPROMPT="1"
    PERL_CPAN_REPORTER_CONFIG="/var/tmp/cpansmoker-1023/2019022715/cpanreporter_000_config.ini"
    PERL_EXTUTILS_AUTOINSTALL="--defaultdeps"
    PERL_USE_UNSAFE_INC="1"
  @INC:
    /opt/perl-5.20.0/lib/site_perl/5.20.0/x86_64-linux
    /opt/perl-5.20.0/lib/site_perl/5.20.0
    /opt/perl-5.20.0/lib/5.20.0/x86_64-linux
    /opt/perl-5.20.0/lib/5.20.0
    .