Math-SymbolicX-Inline v1.11 Perl 5 v5.41.11 OpenBSD.amd64-openbsd-thread-multi
- Status
- Fail
- From
- Carlos Guevara
- Dist
-
Math-SymbolicX-Inline v1.11
- Platform
- Perl 5 v5.41.11 OpenBSD.amd64-openbsd-thread-multi
- Date
- 2025-03-23 15:09:29
- ID
- d1947a1e-07f8-11f0-a99b-c8eb32eb0869
This distribution has been tested as part of the CPAN Testers
project, supporting the Perl programming language. See
http://wiki.cpantesters.org/ for more information or email
questions to cpan-testers-discuss@perl.org
--
Dear Steffen Mueller,
This is a computer-generated report for Math-SymbolicX-Inline-1.11
on perl 5.41.11, created by CPAN-Reporter-1.2020.
Thank you for uploading your work to CPAN. However, there was a problem
testing your distribution.
If you think this report is invalid, please consult the CPAN Testers Wiki
for suggestions on how to avoid getting FAIL reports for missing library
or binary dependencies, unsupported operating systems, and so on:
http://wiki.cpantesters.org/wiki/CPANAuthorNotes
Sections of this report:
* Tester comments
* Program output
* Prerequisites
* Environment and other context
------------------------------
TESTER COMMENTS
------------------------------
Additional comments from tester:
this report is from an automated smoke testing program
and was not reviewed by a human for accuracy
------------------------------
PROGRAM OUTPUT
------------------------------
Output from './Build test':
# Failed test 'POD test for blib/lib/Math/SymbolicX/Inline.pm'
# at /home/cpan/bin/perl/lib/site_perl/5.41.11/Test/Pod.pm line 184.
# blib/lib/Math/SymbolicX/Inline.pm (553): Non-ASCII character seen before =encoding in 'Müller,'. Assuming CP1252
# Looks like you failed 1 test of 1.
t/00pod.t .......
Dubious, test returned 1 (wstat 256, 0x100)
Failed 1/1 subtests
t/00podcover.t .. ok
t/01basic.t ..... ok
t/02examples.t .. ok
Test Summary Report
-------------------
t/00pod.t (Wstat: 256 (exited 1) Tests: 1 Failed: 1)
Failed test: 1
Non-zero exit status: 1
Files=4, Tests=30, 0 wallclock secs ( 0.03 usr 0.03 sys + 0.53 cusr 0.08 csys = 0.67 CPU)
Result: FAIL
Failed 1/4 test programs. 1/30 subtests failed.
------------------------------
PREREQUISITES
------------------------------
Prerequisite modules loaded:
requires:
Module Need Have
-------------------------------- ----- --------
Math::Symbolic 0.129 0.613
Math::Symbolic::Custom::Contains 0.1 1.01
build_requires:
Module Need Have
-------------------------------- ----- --------
Test::More 0 1.302209
------------------------------
ENVIRONMENT AND OTHER CONTEXT
------------------------------
Environment variables:
AUTOMATED_TESTING = 1
DATE_MANIP_TEST_DM5 = 1
LC_ALL = C
NONINTERACTIVE_TESTING = 1
NO_NETWORK_TESTING = 1
PATH = /home/cpan/bin/perl/bin:/home/cpan/bin:/home/cpan/bin:/bin:/sbin:/usr/bin:/usr/sbin:/usr/X11R6/bin:/usr/local/bin:/usr/local/sbin
PERL5LIB =
PERL5OPT =
PERL5_CPANPLUS_IS_RUNNING = 47143
PERL5_CPAN_IS_RUNNING = 47143
PERL_MM_USE_DEFAULT = 1
PERL_USE_UNSAFE_INC = 1
SHELL = /usr/local/bin/bash
TERM = screen
TMPDIR = /home/cpan/tmp
Perl special variables (and OS-specific diagnostics, for MSWin32):
$^X = /home/cpan/bin/perl/bin/perl5.41.11
$UID/$EUID = 1001 / 1001
$GID = 1001 1001
$EGID = 1001 1001
Perl module toolchain versions installed:
Module Have
------------------- --------
CPAN 2.38
CPAN::Meta 2.150010
Cwd 3.92
ExtUtils::CBuilder 0.280240
ExtUtils::Command 7.72
ExtUtils::Install 2.22
ExtUtils::MakeMaker 7.72
ExtUtils::Manifest 1.75
ExtUtils::ParseXS 3.57
File::Spec 3.93
JSON 4.10
JSON::PP 4.16
Module::Build 0.4234
Module::Signature n/a
Parse::CPAN::Meta 2.150010
Test2 1.302209
Test::Harness 3.50
Test::More 1.302209
YAML 1.31
YAML::Syck 1.34
version 0.9933
--
Summary of my perl5 (revision 5 version 41 subversion 11) configuration:
Commit id: f81d6dc0beb3612e548d19e563c4259843986324
Platform:
osname=openbsd
osvers=7.6
archname=OpenBSD.amd64-openbsd-thread-multi
uname='openbsd cjg-openbsd7 7.6 generic#1 amd64 '
config_args='-des -Dprefix=/home/cpan/bin/perl -Dscriptdir=/home/cpan/bin/perl/bin -Dusedevel -Duse64bitall -Duseithreads'
hint=recommended
useposix=true
d_sigaction=define
useithreads=define
usemultiplicity=define
use64bitint=define
use64bitall=define
uselongdouble=undef
usemymalloc=n
default_inc_excludes_dot=define
Compiler:
cc='cc'
ccflags ='-pthread -DNO_LOCALE_NUMERIC -DNO_LOCALE_COLLATE -DNO_LOCALE_MONETARY -DNO_LOCALE_TIME -DNO_LOCALE_MESSAGES -DLIBC_HANDLES_MISMATCHED_CTYPE -fno-strict-aliasing -pipe -fstack-protector-strong -I/usr/local/include'
optimize='-O2'
cppflags='-pthread -DNO_LOCALE_NUMERIC -DNO_LOCALE_COLLATE -DNO_LOCALE_MONETARY -DNO_LOCALE_TIME -DNO_LOCALE_MESSAGES -DLIBC_HANDLES_MISMATCHED_CTYPE -fno-strict-aliasing -pipe -fstack-protector-strong -I/usr/local/include'
ccversion=''
gccversion='OpenBSD Clang 16.0.6'
gccosandvers=''
intsize=4
longsize=8
ptrsize=8
doublesize=8
byteorder=12345678
doublekind=3
d_longlong=define
longlongsize=8
d_longdbl=define
longdblsize=16
longdblkind=3
ivtype='long'
ivsize=8
nvtype='double'
nvsize=8
Off_t='off_t'
lseeksize=8
alignbytes=8
prototype=define
Linker and Libraries:
ld='cc'
ldflags ='-pthread -Wl,-E -fstack-protector-strong -L/usr/local/lib'
libpth=/usr/lib/clang/16/lib /usr/lib /usr/local/lib
libs=-lpthread -lm -lutil -lc
perllibs=-lpthread -lm -lutil -lc
libc=/usr/lib/libc.so.100.3
so=so
useshrplib=false
libperl=libperl.a
gnulibc_version=''
Dynamic Linking:
dlsrc=dl_dlopen.xs
dlext=so
d_dlsymun=undef
ccdlflags=' '
cccdlflags='-DPIC -fPIC '
lddlflags='-shared -fPIC -L/usr/local/lib -fstack-protector-strong'
Characteristics of this binary (from libperl):
Compile-time options:
HAS_LONG_DOUBLE
HAS_STRTOLD
HAS_TIMES
MULTIPLICITY
PERLIO_LAYERS
PERL_COPY_ON_WRITE
PERL_DONT_CREATE_GVSV
PERL_HASH_FUNC_SIPHASH13
PERL_HASH_USE_SBOX32
PERL_MALLOC_WRAP
PERL_OP_PARENT
PERL_PRESERVE_IVUV
PERL_USE_DEVEL
PERL_USE_SAFE_PUTENV
USE_64_BIT_ALL
USE_64_BIT_INT
USE_ITHREADS
USE_LARGE_FILES
USE_LOCALE
USE_LOCALE_CTYPE
USE_PERLIO
USE_PERL_ATOF
USE_REENTRANT_API
USE_THREAD_SAFE_LOCALE
Built under openbsd
Compiled at Mar 23 2025 06:59:56
%ENV:
PERL5LIB=""
PERL5OPT=""
PERL5_CPANPLUS_IS_RUNNING="47143"
PERL5_CPAN_IS_RUNNING="47143"
PERL_MM_USE_DEFAULT="1"
PERL_USE_UNSAFE_INC="1"
@INC:
/home/cpan/bin/perl/lib/site_perl/5.41.11/OpenBSD.amd64-openbsd-thread-multi
/home/cpan/bin/perl/lib/site_perl/5.41.11
/home/cpan/bin/perl/lib/5.41.11/OpenBSD.amd64-openbsd-thread-multi
/home/cpan/bin/perl/lib/5.41.11
.