Report for Test-Virtual-Filesystem-0.13

Back
From: metabase:user:320bfe00-2aae-11df-837a-5e0a49663a4f
Subject: FAIL Test-Virtual-Filesystem-0.13 v5.15.3 GNU/Linux
Date: 2011-11-20T01:41:51Z

This distribution has been tested as part of the CPAN Testers
project, supporting the Perl programming language.  See
http://wiki.cpantesters.org/ for more information or email
questions to cpan-testers-discuss@perl.org


--
Dear Chris Dolan,

This is a computer-generated report for Test-Virtual-Filesystem-0.13
on perl 5.15.3, created by CPAN-Reporter-1.1902.

Thank you for uploading your work to CPAN.  However, there was a problem
testing your distribution.

If you think this report is invalid, please consult the CPAN Testers Wiki
for suggestions on how to avoid getting FAIL reports for missing library
or binary dependencies, unsupported operating systems, and so on:

http://wiki.cpantesters.org/wiki/CPANAuthorNotes

Sections of this report:

    * Tester comments
    * Program output
    * Prerequisites
    * Environment and other context

------------------------------
TESTER COMMENTS
------------------------------

Additional comments from tester:

this report is from an automated smoke testing program
and was not reviewed by a human for accuracy

------------------------------
PROGRAM OUTPUT
------------------------------

Output from './Build test':


#   Failed test 'compatibility tests emit TODO results'
#   at t/compatibility.t line 41.
# STDOUT is:
# ok 1 - compatibility_test # TODO compatibility mode 0.01
# not ok 2 - compatibility_test # TODO compatibility mode 0.01
# #   Failed (TODO) test 'compatibility_test'
# #   at t/compatibility.t line 18.
# #   (in Test::Virtual::Filesystem::_Compatibility->_compatibility_test_2)
# 
# not:
# ok 1 - compatibility_test # TODO compatibility mode 0.01
# 
# not ok 2 - compatibility_test # TODO compatibility mode 0.01
# 
# as expected
# STDERR is:
# 
# not:
# #   Failed (TODO) test 'compatibility_test'
# 
# #   at t/compatibility.t line 18.
# 
# #   (in Test::Virtual::Filesystem::_Compatibility->_compatibility_test_2)
# 
# as expected
t/compatibility.t .. 
Failed 1/1 subtests 

#   Failed test 'unsupported feature reports as skipped test'
#   at t/features.t line 38.
# STDOUT is:
# ok 1 # SKIP features_test
# ok 2 # SKIP features_test
# 
# not:
# ok 1 # skip features_test
# 
# ok 2 # skip features_test
# 
# as expected
t/features.t ....... 
Failed 1/1 subtests 
# Set environment variable TEST_AUTHOR to force all tests
t/filesys.t ........ ok
t/pod-coverage.t ... skipped: Author test
t/pod.t ............ skipped: Author test

Test Summary Report
-------------------
t/compatibility.t (Wstat: 0 Tests: 1 Failed: 1)
  Failed test:  1
t/features.t     (Wstat: 0 Tests: 1 Failed: 1)
  Failed test:  1
Files=5, Tests=153,  1 wallclock secs ( 0.06 usr  0.02 sys +  0.70 cusr  0.08 csys =  0.86 CPU)
Result: FAIL
Failed 2/5 test programs. 2/153 subtests failed.

------------------------------
PREREQUISITES
------------------------------

Prerequisite modules loaded:

requires:

    Module                Need   Have        
    --------------------- ------ ------------
    Attribute::Handlers   0.78   0.93        
    base                  0      2.17        
    Carp                  0      1.23        
    File::Spec            0      3.34        
    List::MoreUtils       0      0.33        
    perl                  v5.8.0 5.015003    
    POSIX                 0      1.26        
    Readonly              1      1.03        
    Test::Class           0.24   0.36        
    Test::More            0.62   1.005000_001

build_requires:

    Module                Need   Have        
    --------------------- ------ ------------
    Test::Builder::Tester 1.04   1.22_07     


------------------------------
ENVIRONMENT AND OTHER CONTEXT
------------------------------

Environment variables:

    AUTOMATED_TESTING = 1
    LANG = en_US.UTF-8
    LANGUAGE = en_US:en
    PATH = /home/sand/bin:/usr/local/bin:/usr/bin:/bin:/usr/bin/X11:/usr/games:/usr/local/perl/bin:/usr/X11/bin:/sbin:/usr/sbin
    PERL5LIB = 
    PERL5OPT = 
    PERL5_CPANPLUS_IS_RUNNING = 21190
    PERL5_CPAN_IS_RUNNING = 21190
    PERL_MM_USE_DEFAULT = 1
    SHELL = /usr/bin/zsh
    TERM = screen

Perl special variables (and OS-specific diagnostics, for MSWin32):

    $^X = /home/sand/src/perl/repoperls/installed-perls/perl/v5.15.3/2a56/bin/perl
    $UID/$EUID = 1005 / 1005
    $GID = 1005 1005
    $EGID = 1005 1005

Perl module toolchain versions installed:

    Module              Have        
    ------------------- ------------
    CPAN                1.9800      
    Cwd                 3.37        
    ExtUtils::CBuilder  0.280204    
    ExtUtils::Command   1.17        
    ExtUtils::Install   1.57        
    ExtUtils::MakeMaker 6.63_02     
    ExtUtils::Manifest  1.60        
    ExtUtils::ParseXS   3.05        
    File::Spec          3.34        
    Module::Build       0.39_01     
    Module::Signature   0.68        
    Test::Harness       3.23        
    Test::More          1.005000_001
    YAML                0.77        
    YAML::Syck          1.19        
    version             0.95        


--

Summary of my perl5 (revision 5 version 15 subversion 3) configuration:
  Commit id: 93f0c9e611c4bad1e7a79bba04225397d3f5035b
  Platform:
    osname=linux, osvers=2.6.38-2-amd64, archname=x86_64-linux-thread-multi-ld
    uname='linux k81 2.6.38-2-amd64 #1 smp sun may 8 13:51:57 utc 2011 x86_64 gnulinux '
    config_args='-Dprefix=/home/src/perl/repoperls/installed-perls/perl/v5.15.3/2a56 -Dinstallusrbinperl=n -Uversiononly -Dusedevel -des -Ui_db -Duseithreads -Duselongdouble -DDEBUGGING=-g'
    hint=recommended, useposix=true, d_sigaction=define
    useithreads=define, usemultiplicity=define
    useperlio=define, d_sfio=undef, uselargefiles=define, usesocks=undef
    use64bitint=define, use64bitall=define, uselongdouble=define
    usemymalloc=n, bincompat5005=undef
  Compiler:
    cc='cc', ccflags ='-D_REENTRANT -D_GNU_SOURCE -fno-strict-aliasing -pipe -fstack-protector -I/usr/local/include -D_LARGEFILE_SOURCE -D_FILE_OFFSET_BITS=64',
    optimize='-O2 -g',
    cppflags='-D_REENTRANT -D_GNU_SOURCE -fno-strict-aliasing -pipe -fstack-protector -I/usr/local/include'
    ccversion='', gccversion='4.6.1', gccosandvers=''
    intsize=4, longsize=8, ptrsize=8, doublesize=8, byteorder=12345678
    d_longlong=define, longlongsize=8, d_longdbl=define, longdblsize=16
    ivtype='long', ivsize=8, nvtype='long double', nvsize=16, Off_t='off_t', lseeksize=8
    alignbytes=16, prototype=define
  Linker and Libraries:
    ld='cc', ldflags =' -fstack-protector -L/usr/local/lib'
    libpth=/usr/local/lib /lib/x86_64-linux-gnu /usr/lib/x86_64-linux-gnu /lib /usr/lib /lib64 /usr/lib64
    libs=-lnsl -ldb -ldl -lm -lcrypt -lutil -lpthread -lc
    perllibs=-lnsl -ldl -lm -lcrypt -lutil -lpthread -lc
    libc=, so=so, useshrplib=false, libperl=libperl.a
    gnulibc_version='2.13'
  Dynamic Linking:
    dlsrc=dl_dlopen.xs, dlext=so, d_dlsymun=undef, ccdlflags='-Wl,-E'
    cccdlflags='-fPIC', lddlflags='-shared -O2 -g -L/usr/local/lib -fstack-protector'


Characteristics of this binary (from libperl): 
  Compile-time options: HAS_TIMES MULTIPLICITY PERLIO_LAYERS
                        PERL_DONT_CREATE_GVSV PERL_IMPLICIT_CONTEXT
                        PERL_MALLOC_WRAP PERL_PRESERVE_IVUV PERL_USE_DEVEL
                        USE_64_BIT_ALL USE_64_BIT_INT USE_ITHREADS
                        USE_LARGE_FILES USE_LOCALE USE_LOCALE_COLLATE
                        USE_LOCALE_CTYPE USE_LOCALE_NUMERIC USE_LONG_DOUBLE
                        USE_PERLIO USE_PERL_ATOF USE_REENTRANT_API
  Built under linux
  Compiled at Sep 21 2011 05:53:11
  %ENV:
    PERL5LIB=""
    PERL5OPT=""
    PERL5_CPANPLUS_IS_RUNNING="21190"
    PERL5_CPAN_IS_RUNNING="21190"
    PERL_MM_USE_DEFAULT="1"
  @INC:
    /home/src/perl/repoperls/installed-perls/perl/v5.15.3/2a56/lib/site_perl/5.15.3/x86_64-linux-thread-multi-ld
    /home/src/perl/repoperls/installed-perls/perl/v5.15.3/2a56/lib/site_perl/5.15.3
    /home/src/perl/repoperls/installed-perls/perl/v5.15.3/2a56/lib/5.15.3/x86_64-linux-thread-multi-ld
    /home/src/perl/repoperls/installed-perls/perl/v5.15.3/2a56/lib/5.15.3
    .