Report for Jungle-0.02

Back
From: metabase:user:30977d10-2aae-11df-837a-5e0a49663a4f
Subject: FAIL Jungle-0.02 v5.14.2 GNU/Linux
Date: 2011-10-06T12:22:12Z

This distribution has been tested as part of the CPAN Testers
project, supporting the Perl programming language.  See
http://wiki.cpantesters.org/ for more information or email
questions to cpan-testers-discuss@perl.org


--
Dear Hernan Lopes,

This is a computer-generated report for Jungle-0.02
on perl 5.14.2, created by CPAN-Reporter-1.2002.

Thank you for uploading your work to CPAN.  However, there was a problem
testing your distribution.

If you think this report is invalid, please consult the CPAN Testers Wiki
for suggestions on how to avoid getting FAIL reports for missing library
or binary dependencies, unsupported operating systems, and so on:

http://wiki.cpantesters.org/wiki/CPANAuthorNotes

Sections of this report:

    * Tester comments
    * Program output
    * Prerequisites
    * Environment and other context

------------------------------
TESTER COMMENTS
------------------------------

Additional comments from tester:

this report is from an automated smoke testing program
and was not reviewed by a human for accuracy

------------------------------
PROGRAM OUTPUT
------------------------------

Output from '/usr/bin/make test':

PERL_DL_NONLAZY=1 /home/trushel/perl/perl5142m/bin/perl "-MExtUtils::Command::MM" "-e" "test_harness(0, 'blib/lib', 'blib/arch')" t/*.t
 STARTING TO CRAWL SITE Sites::NewsSpider::TerraPOST at /home/trushel/cpan/build/5.14.2-m/Jungle-0.02-4M6dRS/blib/lib/Jungle/Spider.pm line 28.
APPENDED 'search' : 'http://buscador.terra.com.br/default.aspx?source=Search'  at /home/trushel/cpan/build/5.14.2-m/Jungle-0.02-4M6dRS/blib/lib/Jungle/Browser.pm line 122.
TOTAL URLS IN LIST: 0 at /home/trushel/cpan/build/5.14.2-m/Jungle-0.02-4M6dRS/blib/lib/Jungle/Browser.pm line 188.
VISITING search : http://buscador.terra.com.br/default.aspx?source=Search at /home/trushel/cpan/build/5.14.2-m/Jungle-0.02-4M6dRS/blib/lib/Jungle/Browser.pm line 193.
<h5><b>f&oacute;rmula</b> <b>1</b> | globoesporte.com</h5> at /home/trushel/cpan/build/5.14.2-m/Jungle-0.02-4M6dRS/blib/lib/Sites/NewsSpider/TerraPOST.pm line 29.
<h5><b>Formula</b> <b>1</b>&#153; - The Official F1&#153; Website</h5> at /home/trushel/cpan/build/5.14.2-m/Jungle-0.02-4M6dRS/blib/lib/Sites/NewsSpider/TerraPOST.pm line 29.
<h5><b>F&oacute;rmula</b> <b>1</b> - UOL Esporte</h5> at /home/trushel/cpan/build/5.14.2-m/Jungle-0.02-4M6dRS/blib/lib/Sites/NewsSpider/TerraPOST.pm line 29.
<h5><b>F1Mania</b> - Mania de Velocidade</h5> at /home/trushel/cpan/build/5.14.2-m/Jungle-0.02-4M6dRS/blib/lib/Sites/NewsSpider/TerraPOST.pm line 29.
<h5>F-<b>1</b> na WEB SKY</h5> at /home/trushel/cpan/build/5.14.2-m/Jungle-0.02-4M6dRS/blib/lib/Sites/NewsSpider/TerraPOST.pm line 29.
<h5><b>F&oacute;rmula</b> <b>1</b> &#150; Wikip&eacute;dia, a enciclop&eacute;dia livre</h5> at /home/trushel/cpan/build/5.14.2-m/Jungle-0.02-4M6dRS/blib/lib/Sites/NewsSpider/TerraPOST.pm line 29.
<h5>GP Petrobras do Brasil de <b>F1&#153;</b></h5> at /home/trushel/cpan/build/5.14.2-m/Jungle-0.02-4M6dRS/blib/lib/Sites/NewsSpider/TerraPOST.pm line 29.
<h5><b>Portal<b>F1</b></b> | Not&iacute;cias da <b>F1</b>!</h5> at /home/trushel/cpan/build/5.14.2-m/Jungle-0.02-4M6dRS/blib/lib/Sites/NewsSpider/TerraPOST.pm line 29.
<h5>Hotel <b>Formule</b> <b>1</b> &#150; Fa&ccedil;a sua reserva com os melhores pre&ccedil;os</h5> at /home/trushel/cpan/build/5.14.2-m/Jungle-0.02-4M6dRS/blib/lib/Sites/NewsSpider/TerraPOST.pm line 29.
<h5>@<b>Formula</b> <b>1</b> World - www.F-1.org</h5> at /home/trushel/cpan/build/5.14.2-m/Jungle-0.02-4M6dRS/blib/lib/Sites/NewsSpider/TerraPOST.pm line 29.
 STARTING TO CRAWL SITE Sites::NewsSpider::Terra at /home/trushel/cpan/build/5.14.2-m/Jungle-0.02-4M6dRS/blib/lib/Jungle/Spider.pm line 28.
APPENDED 'search' : 'http://noticias.terra.com.br/ultimasnoticias/0,,EI188,00.html'  at /home/trushel/cpan/build/5.14.2-m/Jungle-0.02-4M6dRS/blib/lib/Jungle/Browser.pm line 122.
TOTAL URLS IN LIST: 0 at /home/trushel/cpan/build/5.14.2-m/Jungle-0.02-4M6dRS/blib/lib/Jungle/Browser.pm line 188.
VISITING search : http://noticias.terra.com.br/ultimasnoticias/0,,EI188,00.html at /home/trushel/cpan/build/5.14.2-m/Jungle-0.02-4M6dRS/blib/lib/Jungle/Browser.pm line 193.
PREPENDED 'details' : 'http://noticias.terra.com.br/noticias/0,,OI5396607-EI188,00-Lucas+Mendes+Andy+Francis+Rooney.html'  at /home/trushel/cpan/build/5.14.2-m/Jungle-0.02-4M6dRS/blib/lib/Jungle/Browser.pm line 156.
PREPENDED 'details' : 'http://noticias.terra.com.br/noticias/0,,OI5396606-EI188,00-Vietnamitas+usam+ioga+do+riso.html'  at /home/trushel/cpan/build/5.14.2-m/Jungle-0.02-4M6dRS/blib/lib/Jungle/Browser.pm line 156.
PREPENDED 'details' : 'http://noticias.terra.com.br/mundo/noticias/0,,OI5396587-EI294,00-Banco+da+Inglaterra+injetara+mais+u+bilhoes+na+economia.html'  at /home/trushel/cpan/build/5.14.2-m/Jungle-0.02-4M6dRS/blib/lib/Jungle/Browser.pm line 156.
PREPENDED 'details' : 'http://noticias.terra.com.br/mundo/noticias/0,,OI5396584-EI294,00-Tony+Blair+afirma+que+Jobs+foi+extraordinario+e+inspirador.html'  at /home/trushel/cpan/build/5.14.2-m/Jungle-0.02-4M6dRS/blib/lib/Jungle/Browser.pm line 156.
PREPENDED 'details' : 'http://noticias.terra.com.br/noticias/0,,OI5396575-EI188,00-Inflacao+pelo+IGPDI+acelera+a+em+setembro.html'  at /home/trushel/cpan/build/5.14.2-m/Jungle-0.02-4M6dRS/blib/lib/Jungle/Browser.pm line 156.
PREPENDED 'details_invertia' : 'http://br.invertia.com/noticias/noticia.aspx?idNoticia=201110061110_RTR_SPE79504G'  at /home/trushel/cpan/build/5.14.2-m/Jungle-0.02-4M6dRS/blib/lib/Jungle/Browser.pm line 156.
PREPENDED 'details' : 'http://noticias.terra.com.br/noticias/0,,OI5396571-EI188,00-Sueco+Tomas+Transtromer+ganha+o+Premio+Nobel+de+Literatura.html'  at /home/trushel/cpan/build/5.14.2-m/Jungle-0.02-4M6dRS/blib/lib/Jungle/Browser.pm line 156.
PREPENDED 'details' : 'http://noticias.terra.com.br/noticias/0,,OI5396566-EI188,00-Sueco+Thomas+Tanstrommer+ganha+o+Premio+Nobel+de+Literatura.html'  at /home/trushel/cpan/build/5.14.2-m/Jungle-0.02-4M6dRS/blib/lib/Jungle/Browser.pm line 156.
PREPENDED 'details_invertia' : 'http://br.invertia.com/noticias/noticia.aspx?idNoticia=201110061103_RTR_1317898992nN1E79502A'  at /home/trushel/cpan/build/5.14.2-m/Jungle-0.02-4M6dRS/blib/lib/Jungle/Browser.pm line 156.
PREPENDED 'details' : 'http://noticias.terra.com.br/brasil/vooaf447/noticias/0,,OI5396556-EI13960,00-Voo+programa+de+indenizacao+de+familiares+e+encerrado.html'  at /home/trushel/cpan/build/5.14.2-m/Jungle-0.02-4M6dRS/blib/lib/Jungle/Browser.pm line 156.
PREPENDED 'details_invertia' : 'http://br.invertia.com/noticias/noticia.aspx?idNoticia=201110061055_TRR_80303652'  at /home/trushel/cpan/build/5.14.2-m/Jungle-0.02-4M6dRS/blib/lib/Jungle/Browser.pm line 156.
PREPENDED 'details_invertia' : 'http://br.invertia.com/noticias/noticia.aspx?idNoticia=201110061049_RTR_1317898179nN1E79502B'  at /home/trushel/cpan/build/5.14.2-m/Jungle-0.02-4M6dRS/blib/lib/Jungle/Browser.pm line 156.
PREPENDED 'details' : 'http://noticias.terra.com.br/mundo/noticias/0,,OI5396540-EI8143,00-Afegaos+marcham+contra+EUA+na+vespera+de+aniversario+da+guerra.html'  at /home/trushel/cpan/build/5.14.2-m/Jungle-0.02-4M6dRS/blib/lib/Jungle/Browser.pm line 156.
PREPENDED 'details' : 'http://noticias.terra.com.br/mundo/noticias/0,,OI5396525-EI8142,00-Britanica+que+pensava+estar+na+menopausa+leva+susto+ao+ter+bebe.html'  at /home/trushel/cpan/build/5.14.2-m/Jungle-0.02-4M6dRS/blib/lib/Jungle/Browser.pm line 156.
PREPENDED 'details' : 'http://noticias.terra.com.br/mundo/noticias/0,,OI5396514-EI8142,00-Gata+gravida+lancada+de+carro+atrai+resgate+para+ninhada.html'  at /home/trushel/cpan/build/5.14.2-m/Jungle-0.02-4M6dRS/blib/lib/Jungle/Browser.pm line 156.
PREPENDED 'details_invertia' : 'http://br.invertia.com/noticias/noticia.aspx?idNoticia=201110061026_RTR_1317896808nN1E79501Y'  at /home/trushel/cpan/build/5.14.2-m/Jungle-0.02-4M6dRS/blib/lib/Jungle/Browser.pm line 156.
PREPENDED 'details_invertia' : 'http://br.invertia.com/noticias/noticia.aspx?idNoticia=201110061025_RTR_1317896711nN1E79501T'  at /home/trushel/cpan/build/5.14.2-m/Jungle-0.02-4M6dRS/blib/lib/Jungle/Browser.pm line 156.
PREPENDED 'details' : 'http://noticias.terra.com.br/brasil/noticias/0,,OI5396509-EI7896,00-SP+libera+recursos+para+obra+cuja+utilidade+ninguem+sabe.html'  at /home/trushel/cpan/build/5.14.2-m/Jungle-0.02-4M6dRS/blib/lib/Jungle/Browser.pm line 156.
PREPENDED 'details_invertia' : 'http://br.invertia.com/noticias/noticia.aspx?idNoticia=201110061009_RTR_1317895797nN1E79501K'  at /home/trushel/cpan/build/5.14.2-m/Jungle-0.02-4M6dRS/blib/lib/Jungle/Browser.pm line 156.
PREPENDED 'details_invertia' : 'http://br.invertia.com/noticias/noticia.aspx?idNoticia=201110060950_AFP_80303394'  at /home/trushel/cpan/build/5.14.2-m/Jungle-0.02-4M6dRS/blib/lib/Jungle/Browser.pm line 156.
PREPENDED 'details' : 'http://noticias.terra.com.br/mundo/noticias/0,,OI5396482-EI17594,00-Kuwait+tem+protesto+contra+a+corrupcao.html'  at /home/trushel/cpan/build/5.14.2-m/Jungle-0.02-4M6dRS/blib/lib/Jungle/Browser.pm line 156.
PREPENDED 'details' : 'http://noticias.terra.com.br/mundo/noticias/0,,OI5396476-EI8143,00-Seul+executa+manobra+com+tiros+perto+da+fronteira+com+o+Norte.html'  at /home/trushel/cpan/build/5.14.2-m/Jungle-0.02-4M6dRS/blib/lib/Jungle/Browser.pm line 156.
PREPENDED 'details' : 'http://noticias.terra.com.br/mundo/noticias/0,,OI5396471-EI17594,00-Confronto+entre+exercito+sirio+e+desertores+mata+ao+menos.html'  at /home/trushel/cpan/build/5.14.2-m/Jungle-0.02-4M6dRS/blib/lib/Jungle/Browser.pm line 156.
PREPENDED 'details' : 'http://noticias.terra.com.br/brasil/noticias/0,,OI5396461-EI5030,00-Policia+prende+dois+apos+comerciante+reagir+a+assalto+em+SP.html'  at /home/trushel/cpan/build/5.14.2-m/Jungle-0.02-4M6dRS/blib/lib/Jungle/Browser.pm line 156.
PREPENDED 'details' : 'http://tecnologia.terra.com.br/stevejobs/noticias/0,,OI5396465-EI18952,00-Presidente+russo+Medvedev+homenageia+Steve+Jobs+no+Twitter.html'  at /home/trushel/cpan/build/5.14.2-m/Jungle-0.02-4M6dRS/blib/lib/Jungle/Browser.pm line 156.
PREPENDED 'details' : 'http://noticias.terra.com.br/brasil/noticias/0,,OI5396451-EI306,00-Dilma+Rousseff+visita+hoje+cidade+bulgara+onde+nasceu+seu+pai.html'  at /home/trushel/cpan/build/5.14.2-m/Jungle-0.02-4M6dRS/blib/lib/Jungle/Browser.pm line 156.
PREPENDED 'details' : 'http://tecnologia.terra.com.br/stevejobs/noticias/0,,OI5396452-EI18952,00-Nokia+lamenta+morte+de+Steve+Jobs+um+autentico+visionario.html'  at /home/trushel/cpan/build/5.14.2-m/Jungle-0.02-4M6dRS/blib/lib/Jungle/Browser.pm line 156.
PREPENDED 'details' : 'http://noticias.terra.com.br/ciencia/noticias/0,,OI5396447-EI238,00-Pesquisa+tenta+desvendar+comportamento+dos+ursos+de+oculos.html'  at /home/trushel/cpan/build/5.14.2-m/Jungle-0.02-4M6dRS/blib/lib/Jungle/Browser.pm line 156.
PREPENDED 'details' : 'http://noticias.terra.com.br/mundo/noticias/0,,OI5396438-EI308,00-Israel+e+Alemanha+cooperam+para+perseguir+suspeitos+nazistas.html'  at /home/trushel/cpan/build/5.14.2-m/Jungle-0.02-4M6dRS/blib/lib/Jungle/Browser.pm line 156.
PREPENDED 'details' : 'http://noticias.terra.com.br/mundo/noticias/0,,OI5396428-EI8142,00-Russia+politica+dos+EUA+sobre+escudo+antimisseis+e+inaceitavel.html'  at /home/trushel/cpan/build/5.14.2-m/Jungle-0.02-4M6dRS/blib/lib/Jungle/Browser.pm line 156.
PREPENDED 'details' : 'http://noticias.terra.com.br/brasil/noticias/0,,OI5396423-EI306,00-Brasil+e+terceiro+em+ranking+de+homicidios+na+America+do+Sul.html'  at /home/trushel/cpan/build/5.14.2-m/Jungle-0.02-4M6dRS/blib/lib/Jungle/Browser.pm line 156.
PREPENDED 'details' : 'http://noticias.terra.com.br/brasil/noticias/0,,OI5396419-EI306,00-ONU+ve+disparidade+nas+taxas+de+homicidios+de+SP+e+Rio.html'  at /home/trushel/cpan/build/5.14.2-m/Jungle-0.02-4M6dRS/blib/lib/Jungle/Browser.pm line 156.
PREPENDED 'details' : 'http://noticias.terra.com.br/mundo/noticias/0,,OI5396421-EI8143,00-Atentado+taliba+contra+onibus+mata+crianca+no+Afeganistao.html'  at /home/trushel/cpan/build/5.14.2-m/Jungle-0.02-4M6dRS/blib/lib/Jungle/Browser.pm line 156.
PREPENDED 'details' : 'http://noticias.terra.com.br/mundo/noticias/0,,OI5396416-EI8143,00-Indonesia+companhia+aerea+recebe+ameaca+de+bomba+via+fax.html'  at /home/trushel/cpan/build/5.14.2-m/Jungle-0.02-4M6dRS/blib/lib/Jungle/Browser.pm line 156.
PREPENDED 'details' : 'http://noticias.terra.com.br/mundo/noticias/0,,OI5396415-EI294,00-Dilma+encontra+familiares+na+cidade+natal+de+seu+pai.html'  at /home/trushel/cpan/build/5.14.2-m/Jungle-0.02-4M6dRS/blib/lib/Jungle/Browser.pm line 156.
PREPENDED 'details' : 'http://noticias.terra.com.br/brasil/noticias/0,,OI5396388-EI8139,00-Sol+brilha+forte+e+faz+calor+a+tarde+na+maior+parte+do+Sul.html'  at /home/trushel/cpan/build/5.14.2-m/Jungle-0.02-4M6dRS/blib/lib/Jungle/Browser.pm line 156.
PREPENDED 'details' : 'http://noticias.terra.com.br/mundo/noticias/0,,OI5396380-EI8143,00-Filipina+denuncia+primo+apos+ser+estuprada+e+enterrada+viva.html'  at /home/trushel/cpan/build/5.14.2-m/Jungle-0.02-4M6dRS/blib/lib/Jungle/Browser.pm line 156.
PREPENDED 'details_invertia' : 'http://br.invertia.com/noticias/noticia.aspx?idNoticia=201110060531_EFE_80302941'  at /home/trushel/cpan/build/5.14.2-m/Jungle-0.02-4M6dRS/blib/lib/Jungle/Browser.pm line 156.
PREPENDED 'details' : 'http://noticias.terra.com.br/brasil/noticias/0,,OI5396357-EI5030,00-Corpo+de+mineira+morta+pelo+namorado+nos+EUA+chega+ao+Brasil.html'  at /home/trushel/cpan/build/5.14.2-m/Jungle-0.02-4M6dRS/blib/lib/Jungle/Browser.pm line 156.
PREPENDED 'details' : 'http://noticias.terra.com.br/mundo/noticias/0,,OI5396350-EI8140,00-America+tem+a+maior+taxa+de+homicidios+por+arma+de+fogo+do+mundo.html'  at /home/trushel/cpan/build/5.14.2-m/Jungle-0.02-4M6dRS/blib/lib/Jungle/Browser.pm line 156.
PREPENDED 'details' : 'http://tecnologia.terra.com.br/stevejobs/noticias/0,,OI5396341-EI18952,00-Sony+lamenta+morte+da+principal+figura+da+era+digital.html'  at /home/trushel/cpan/build/5.14.2-m/Jungle-0.02-4M6dRS/blib/lib/Jungle/Browser.pm line 156.
PREPENDED 'details' : 'http://noticias.terra.com.br/brasil/noticias/0,,OI5396337-EI306,00-Camara+rejeita+emenda+que+reestrutura+o+Cade.html'  at /home/trushel/cpan/build/5.14.2-m/Jungle-0.02-4M6dRS/blib/lib/Jungle/Browser.pm line 156.
PREPENDED 'details' : 'http://noticias.terra.com.br/brasil/noticias/0,,OI5396328-EI5030,00-GO+sargento+invade+loja+armado+e+ameaca+gerente+em+shopping.html'  at /home/trushel/cpan/build/5.14.2-m/Jungle-0.02-4M6dRS/blib/lib/Jungle/Browser.pm line 156.
PREPENDED 'details' : 'http://tecnologia.terra.com.br/stevejobs/noticias/0,,OI5396311-EI18952,00-Disney+e+Pixar+aclamam+Jobs+como+homem+que+definiu+uma+era.html'  at /home/trushel/cpan/build/5.14.2-m/Jungle-0.02-4M6dRS/blib/lib/Jungle/Browser.pm line 156.
PREPENDED 'details' : 'http://noticias.terra.com.br/mundo/noticias/0,,OI5396323-EI8143,00-Camboja+conta+mortos+por+inundacoes+desde+agosto.html'  at /home/trushel/cpan/build/5.14.2-m/Jungle-0.02-4M6dRS/blib/lib/Jungle/Browser.pm line 156.
PREPENDED 'details' : 'http://tecnologia.terra.com.br/stevejobs/noticias/0,,OI5396289-EI18952,00-Rival+da+Apple+Samsung+ressalta+espirito+inovador+de+Jobs.html'  at /home/trushel/cpan/build/5.14.2-m/Jungle-0.02-4M6dRS/blib/lib/Jungle/Browser.pm line 156.
PREPENDED 'details_invertia' : 'http://br.invertia.com/noticias/noticia.aspx?idNoticia=201110060249_TRR_80302735'  at /home/trushel/cpan/build/5.14.2-m/Jungle-0.02-4M6dRS/blib/lib/Jungle/Browser.pm line 156.
PREPENDED 'details' : 'http://noticias.terra.com.br/educacao/noticias/0,,OI5396262-EI8266,00-Estudantes+chilenos+rompem+dialogo+com+governo.html'  at /home/trushel/cpan/build/5.14.2-m/Jungle-0.02-4M6dRS/blib/lib/Jungle/Browser.pm line 156.
PREPENDED 'details' : 'http://tecnologia.terra.com.br/stevejobs/noticias/0,,OI5396259-EI18952,00-Criador+da+Apple+com+Jobs+vai+a+restaurante+apos+morte+de+amigo.html'  at /home/trushel/cpan/build/5.14.2-m/Jungle-0.02-4M6dRS/blib/lib/Jungle/Browser.pm line 156.
PREPENDED 'details' : 'http://tecnologia.terra.com.br/stevejobs/noticias/0,,OI5396250-EI18952,00-Google+faz+homenagem+a+Steve+Jobs+em+sua+pagina+inicial.html'  at /home/trushel/cpan/build/5.14.2-m/Jungle-0.02-4M6dRS/blib/lib/Jungle/Browser.pm line 156.
PREPENDED 'search' : 'http://noticias.terra.com.br/ultimasnoticias/0,,EI188-PI2,00.html'  at /home/trushel/cpan/build/5.14.2-m/Jungle-0.02-4M6dRS/blib/lib/Jungle/Browser.pm line 156.
PREPENDED 'search' : 'http://noticias.terra.com.br/ultimasnoticias/0,,EI188-PI2,00.html'  at /home/trushel/cpan/build/5.14.2-m/Jungle-0.02-4M6dRS/blib/lib/Jungle/Browser.pm line 156.
TOTAL URLS IN LIST: 50 at /home/trushel/cpan/build/5.14.2-m/Jungle-0.02-4M6dRS/blib/lib/Jungle/Browser.pm line 188.
VISITING search : http://noticias.terra.com.br/ultimasnoticias/0,,EI188-PI2,00.html at /home/trushel/cpan/build/5.14.2-m/Jungle-0.02-4M6dRS/blib/lib/Jungle/Browser.pm line 193.
PREPENDED 'details' : 'http://tecnologia.terra.com.br/stevejobs/noticias/0,,OI5396250-EI18952,00-Google+faz+homenagem+a+Steve+Jobs+em+sua+pagina+inicial.html'  at /home/trushel/cpan/build/5.14.2-m/Jungle-0.02-4M6dRS/blib/lib/Jungle/Browser.pm line 156.
PREPENDED 'details' : 'http://tecnologia.terra.com.br/stevejobs/noticias/0,,OI5396232-EI18952,00-Jobs+sofria+de+doenca+rara+que+atinge+pessoa+a+cada+mil.html'  at /home/trushel/cpan/build/5.14.2-m/Jungle-0.02-4M6dRS/blib/lib/Jungle/Browser.pm line 156.
PREPENDED 'details' : 'http://noticias.terra.com.br/brasil/transito/noticias/0,,OI5396246-EI998,00-SP+motorista+de+caminhao+que+provocou+engavetamento+e+preso.html'  at /home/trushel/cpan/build/5.14.2-m/Jungle-0.02-4M6dRS/blib/lib/Jungle/Browser.pm line 156.
PREPENDED 'details' : 'http://tecnologia.terra.com.br/stevejobs/noticias/0,,OI5396243-EI18952,00-Apple+hasteia+bandeiras+a+meio+mastro+pela+morte+de+Steve+Jobs.html'  at /home/trushel/cpan/build/5.14.2-m/Jungle-0.02-4M6dRS/blib/lib/Jungle/Browser.pm line 156.
PREPENDED 'details' : 'http://tecnologia.terra.com.br/stevejobs/noticias/0,,OI5396240-EI18952,00-Pai+biologico+tentou+reaproximacao+com+Steve+Jobs.html'  at /home/trushel/cpan/build/5.14.2-m/Jungle-0.02-4M6dRS/blib/lib/Jungle/Browser.pm line 156.
PREPENDED 'details' : 'http://tecnologia.terra.com.br/stevejobs/noticias/0,,OI5396214-EI18952,00-Apple+cria+email+para+receber+condolencias+pela+morte+de+Jobs.html'  at /home/trushel/cpan/build/5.14.2-m/Jungle-0.02-4M6dRS/blib/lib/Jungle/Browser.pm line 156.
PREPENDED 'details' : 'http://tecnologia.terra.com.br/stevejobs/noticias/0,,OI5396211-EI18952,00-Obama+mundo+perdeu+um+visionario+com+morte+de+Jobs.html'  at /home/trushel/cpan/build/5.14.2-m/Jungle-0.02-4M6dRS/blib/lib/Jungle/Browser.pm line 156.
PREPENDED 'details' : 'http://noticias.terra.com.br/brasil/noticias/0,,OI5396198-EI5030,00-SP+PMs+sao+presos+acusados+de+explodir+caixas+eletronicos.html'  at /home/trushel/cpan/build/5.14.2-m/Jungle-0.02-4M6dRS/blib/lib/Jungle/Browser.pm line 156.
PREPENDED 'details' : 'http://tecnologia.terra.com.br/stevejobs/noticias/0,,OI5396195-EI18952,00-Jobs+morreu+em+paz+e+ao+lado+da+familia+diz+comunicado.html'  at /home/trushel/cpan/build/5.14.2-m/Jungle-0.02-4M6dRS/blib/lib/Jungle/Browser.pm line 156.
PREPENDED 'details' : 'http://tecnologia.terra.com.br/stevejobs/noticias/0,,OI5396185-EI18952,00-Celebridades+agradecem+ao+genio+Steve+Jobs.html'  at /home/trushel/cpan/build/5.14.2-m/Jungle-0.02-4M6dRS/blib/lib/Jungle/Browser.pm line 156.
PREPENDED 'details' : 'http://tecnologia.terra.com.br/stevejobs/noticias/0,,OI5396197-EI18952,00-Legado+de+Jobs+vai+alem+da+Apple+diz+especialista.html'  at /home/trushel/cpan/build/5.14.2-m/Jungle-0.02-4M6dRS/blib/lib/Jungle/Browser.pm line 156.
PREPENDED 'details' : 'http://tecnologia.terra.com.br/stevejobs/noticias/0,,OI5396182-EI18952,00-Fundadores+do+Google+lamentam+morte+de+Steve+Jobs.html'  at /home/trushel/cpan/build/5.14.2-m/Jungle-0.02-4M6dRS/blib/lib/Jungle/Browser.pm line 156.
PREPENDED 'details' : 'http://noticias.terra.com.br/loterias/interna/0,,OI5396184-EI386,00-MegaSena+acumula+e+pode+pagar+R+milhoes+no+sabado.html'  at /home/trushel/cpan/build/5.14.2-m/Jungle-0.02-4M6dRS/blib/lib/Jungle/Browser.pm line 156.
PREPENDED 'details' : 'http://tecnologia.terra.com.br/stevejobs/noticias/0,,OI5396160-EI18952,00-Luto+por+Jobs+i+vira+trocadilho+e+divide+opinioes+no+Twitter.html'  at /home/trushel/cpan/build/5.14.2-m/Jungle-0.02-4M6dRS/blib/lib/Jungle/Browser.pm line 156.
PREPENDED 'details' : 'http://noticias.terra.com.br/brasil/noticias/0,,OI5396146-EI8139,00-Rio+prefeitura+identifica+mais+bueiros+com+risco+de+explosao.html'  at /home/trushel/cpan/build/5.14.2-m/Jungle-0.02-4M6dRS/blib/lib/Jungle/Browser.pm line 156.
PREPENDED 'details' : 'http://tecnologia.terra.com.br/stevejobs/noticias/0,,OI5396143-EI18952,00-Zuckerberg+agradece+Jobs+por+mostrar+como+mudar+o+mundo.html'  at /home/trushel/cpan/build/5.14.2-m/Jungle-0.02-4M6dRS/blib/lib/Jungle/Browser.pm line 156.
PREPENDED 'details' : 'http://tecnologia.terra.com.br/stevejobs/noticias/0,,OI5396138-EI18952,00-Apple+surgiu+como+empresa+de+amigos+e+virou+a+maior+do+mundo.html'  at /home/trushel/cpan/build/5.14.2-m/Jungle-0.02-4M6dRS/blib/lib/Jungle/Browser.pm line 156.
PREPENDED 'details' : 'http://noticias.terra.com.br/brasil/noticias/0,,OI5396126-EI306,00-Fux+diz+que+trabalha+em+solucao+a+favor+dos+poderes+do+CNJ.html'  at /home/trushel/cpan/build/5.14.2-m/Jungle-0.02-4M6dRS/blib/lib/Jungle/Browser.pm line 156.
PREPENDED 'details' : 'http://tecnologia.terra.com.br/stevejobs/noticias/0,,OI5396120-EI18952,00-Ninguem+quer+morrer+disse+Jobs+em+discurso.html'  at /home/trushel/cpan/build/5.14.2-m/Jungle-0.02-4M6dRS/blib/lib/Jungle/Browser.pm line 156.
PREPENDED 'details' : 'http://tecnologia.terra.com.br/noticias/0,,OI5396123-EI12879,00-Acao+da+RIM+sobe+mais+de+em+Nova+York+sob+rumor+de+compra.html'  at /home/trushel/cpan/build/5.14.2-m/Jungle-0.02-4M6dRS/blib/lib/Jungle/Browser.pm line 156.
PREPENDED 'details' : 'http://noticias.terra.com.br/brasil/noticias/0,,OI5396098-EI7896,00-Deputados+ganham+mais+prazo+para+emendas+a+reforma+politica.html'  at /home/trushel/cpan/build/5.14.2-m/Jungle-0.02-4M6dRS/blib/lib/Jungle/Browser.pm line 156.
PREPENDED 'details' : 'http://tecnologia.terra.com.br/stevejobs/noticias/0,,OI5396094-EI18952,00-Fas+lamentam+morte+de+Jobs+legado+e+termo+marcante.html'  at /home/trushel/cpan/build/5.14.2-m/Jungle-0.02-4M6dRS/blib/lib/Jungle/Browser.pm line 156.
PREPENDED 'details' : 'http://tecnologia.terra.com.br/stevejobs/noticias/0,,OI5396097-EI18952,00-Bill+Gates+diz+que+sentira+imensamente+a+falta+de+Steve+Jobs.html'  at /home/trushel/cpan/build/5.14.2-m/Jungle-0.02-4M6dRS/blib/lib/Jungle/Browser.pm line 156.
PREPENDED 'details' : 'http://noticias.terra.com.br/loterias/interna/0,,OI5396080-EI386,00-Caixa+preve+apostas+da+MegaSena+pela+internet+para.html'  at /home/trushel/cpan/build/5.14.2-m/Jungle-0.02-4M6dRS/blib/lib/Jungle/Browser.pm line 156.
PREPENDED 'details' : 'http://tecnologia.terra.com.br/noticias/0,,OI5396075-EI12886,00-Luto+por+Jobs+i+vira+trocadilho+e+divide+opinioes+no+Twitter.html'  at /home/trushel/cpan/build/5.14.2-m/Jungle-0.02-4M6dRS/blib/lib/Jungle/Browser.pm line 156.
PREPENDED 'details' : 'http://noticias.terra.com.br/brasil/noticias/0,,OI5396079-EI7896,00-Camara+dos+Deputados+aprova+criacao+de+Estatuto+da+Juventude.html'  at /home/trushel/cpan/build/5.14.2-m/Jungle-0.02-4M6dRS/blib/lib/Jungle/Browser.pm line 156.
PREPENDED 'details' : 'http://noticias.terra.com.br/brasil/noticias/0,,OI5396042-EI7896,00-Deputado+que+comparou+Alesp+a+camelodromo+diz+nao+sofrer+pressao.html'  at /home/trushel/cpan/build/5.14.2-m/Jungle-0.02-4M6dRS/blib/lib/Jungle/Browser.pm line 156.
PREPENDED 'details' : 'http://noticias.terra.com.br/mundo/noticias/0,,OI5396050-EI8141,00-Um+terco+dos+veteranos+dos+EUA+sao+contra+guerras+diz+pesquisa.html'  at /home/trushel/cpan/build/5.14.2-m/Jungle-0.02-4M6dRS/blib/lib/Jungle/Browser.pm line 156.
PREPENDED 'details' : 'http://tecnologia.terra.com.br/stevejobs/noticias/0,,OI5396052-EI18952,00-Criativo+e+inovador+Steve+Jobs+morre+aos+anos.html'  at /home/trushel/cpan/build/5.14.2-m/Jungle-0.02-4M6dRS/blib/lib/Jungle/Browser.pm line 156.
PREPENDED 'details' : 'http://tecnologia.terra.com.br/stevejobs/noticias/0,,OI5396039-EI18952,00-Apple+confirma+morte+de+Steve+Jobs.html'  at /home/trushel/cpan/build/5.14.2-m/Jungle-0.02-4M6dRS/blib/lib/Jungle/Browser.pm line 156.
PREPENDED 'details' : 'http://noticias.terra.com.br/brasil/noticias/0,,OI5396033-EI7896,00-Requiao+tera+de+pagar+R+mil+a+ministro+por+acusacao+falsa.html'  at /home/trushel/cpan/build/5.14.2-m/Jungle-0.02-4M6dRS/blib/lib/Jungle/Browser.pm line 156.
PREPENDED 'details' : 'http://noticias.terra.com.br/brasil/noticias/0,,OI5396020-EI8139,00-Cetesb+eficacia+de+drenos+no+Center+Norte+sera+verificada.html'  at /home/trushel/cpan/build/5.14.2-m/Jungle-0.02-4M6dRS/blib/lib/Jungle/Browser.pm line 156.
PREPENDED 'details' : 'http://noticias.terra.com.br/ciencia/noticias/0,,OI5396012-EI238,00-Filhas+do+DES+sao+mais+propensas+a+cancer+e+infertilidade.html'  at /home/trushel/cpan/build/5.14.2-m/Jungle-0.02-4M6dRS/blib/lib/Jungle/Browser.pm line 156.
PREPENDED 'details' : 'http://noticias.terra.com.br/mundo/noticias/0,,OI5396021-EI17594,00-Bahrein+repetira+julgamento+de+medicos+em+tribunal+civil.html'  at /home/trushel/cpan/build/5.14.2-m/Jungle-0.02-4M6dRS/blib/lib/Jungle/Browser.pm line 156.
PREPENDED 'details' : 'http://noticias.terra.com.br/educacao/noticias/0,,OI5395996-EI8266,00-Mais+importante+ranking+de+universidades+tem+brasileiras.html'  at /home/trushel/cpan/build/5.14.2-m/Jungle-0.02-4M6dRS/blib/lib/Jungle/Browser.pm line 156.
PREPENDED 'details' : 'http://noticias.terra.com.br/brasil/noticias/0,,OI5395971-EI306,00-DF+condenado+exsecretario+de+Educacao+por+fraude+em+contratos.html'  at /home/trushel/cpan/build/5.14.2-m/Jungle-0.02-4M6dRS/blib/lib/Jungle/Browser.pm line 156.
PREPENDED 'details_invertia' : 'http://br.invertia.com/noticias/noticia.aspx?idNoticia=201110052259_TRR_1317855592nB314911'  at /home/trushel/cpan/build/5.14.2-m/Jungle-0.02-4M6dRS/blib/lib/Jungle/Browser.pm line 156.
PREPENDED 'details' : 'http://tecnologia.terra.com.br/noticias/0,,OI5395961-EI12879,00-CORRECAO+Conheca+tendencias+digitais+para+o+proximo+ano.html'  at /home/trushel/cpan/build/5.14.2-m/Jungle-0.02-4M6dRS/blib/lib/Jungle/Browser.pm line 156.
PREPENDED 'details_invertia' : 'http://br.invertia.com/noticias/noticia.aspx?idNoticia=201110052249_RTR_1317854994nB186681'  at /home/trushel/cpan/build/5.14.2-m/Jungle-0.02-4M6dRS/blib/lib/Jungle/Browser.pm line 156.
PREPENDED 'details' : 'http://noticias.terra.com.br/ciencia/noticias/0,,OI5395847-EI8145,00-vc+reporter+internauta+encontra+tamandua+dentro+de+casa+em+GO.html'  at /home/trushel/cpan/build/5.14.2-m/Jungle-0.02-4M6dRS/blib/lib/Jungle/Browser.pm line 156.
PREPENDED 'details_invertia' : 'http://br.invertia.com/noticias/noticia.aspx?idNoticia=201110052247_TRR_80302184'  at /home/trushel/cpan/build/5.14.2-m/Jungle-0.02-4M6dRS/blib/lib/Jungle/Browser.pm line 156.
PREPENDED 'details' : 'http://noticias.terra.com.br/mundo/noticias/0,,OI5395949-EI8141,00-Sarah+Palin+descarta+disputar+eleicoes+presidenciais+em.html'  at /home/trushel/cpan/build/5.14.2-m/Jungle-0.02-4M6dRS/blib/lib/Jungle/Browser.pm line 156.
PREPENDED 'details_invertia' : 'http://br.invertia.com/noticias/noticia.aspx?idNoticia=201110052241_TRR_80302154'  at /home/trushel/cpan/build/5.14.2-m/Jungle-0.02-4M6dRS/blib/lib/Jungle/Browser.pm line 156.
PREPENDED 'details_invertia' : 'http://br.invertia.com/noticias/noticia.aspx?idNoticia=201110052239_TRR_80302127'  at /home/trushel/cpan/build/5.14.2-m/Jungle-0.02-4M6dRS/blib/lib/Jungle/Browser.pm line 156.
PREPENDED 'details' : 'http://tecnologia.terra.com.br/noticias/0,,OI5395913-EI12882,00-Vendas+do+tablet+da+Amazon+podem+ultrapassar+estreia+do+iPad.html'  at /home/trushel/cpan/build/5.14.2-m/Jungle-0.02-4M6dRS/blib/lib/Jungle/Browser.pm line 156.
PREPENDED 'details' : 'http://noticias.terra.com.br/brasil/noticias/0,,OI5395926-EI306,00-Comissao+do+Senado+aprova+credito+de+R+mi+para+plebiscito+no+PA.html'  at /home/trushel/cpan/build/5.14.2-m/Jungle-0.02-4M6dRS/blib/lib/Jungle/Browser.pm line 156.
PREPENDED 'details' : 'http://noticias.terra.com.br/brasil/noticias/0,,OI5395905-EI306,00-Sem+acordo+TST+pode+julgar+greve+dos+Correios+na+semana+que+vem.html'  at /home/trushel/cpan/build/5.14.2-m/Jungle-0.02-4M6dRS/blib/lib/Jungle/Browser.pm line 156.
PREPENDED 'details' : 'http://noticias.terra.com.br/noticias/0,,OI5395922-EI188,00-Macacos+movem+objetos+virtuais+com+o+pensamento+diz+estudo.html'  at /home/trushel/cpan/build/5.14.2-m/Jungle-0.02-4M6dRS/blib/lib/Jungle/Browser.pm line 156.
PREPENDED 'details_invertia' : 'http://br.invertia.com/noticias/noticia.aspx?idNoticia=201110052217_TRR_80302084'  at /home/trushel/cpan/build/5.14.2-m/Jungle-0.02-4M6dRS/blib/lib/Jungle/Browser.pm line 156.
PREPENDED 'details' : 'http://noticias.terra.com.br/mundo/noticias/0,,OI5395903-EI8141,00-Numero+de+mortos+por+tiroteio+em+pedreira+sobe+para+nos+EUA.html'  at /home/trushel/cpan/build/5.14.2-m/Jungle-0.02-4M6dRS/blib/lib/Jungle/Browser.pm line 156.
PREPENDED 'search' : 'http://noticias.terra.com.br/ultimasnoticias/0,,EI188-PI2,00.html'  at /home/trushel/cpan/build/5.14.2-m/Jungle-0.02-4M6dRS/blib/lib/Jungle/Browser.pm line 156.
PREPENDED 'search' : 'http://noticias.terra.com.br/ultimasnoticias/0,,EI188-PI2,00.html'  at /home/trushel/cpan/build/5.14.2-m/Jungle-0.02-4M6dRS/blib/lib/Jungle/Browser.pm line 156.
PREPENDED 'search' : 'http://noticias.terra.com.br/ultimasnoticias/0,,EI188-PI2,00.html'  at /home/trushel/cpan/build/5.14.2-m/Jungle-0.02-4M6dRS/blib/lib/Jungle/Browser.pm line 156.
PREPENDED 'search' : 'http://noticias.terra.com.br/ultimasnoticias/0,,EI188-PI2,00.html'  at /home/trushel/cpan/build/5.14.2-m/Jungle-0.02-4M6dRS/blib/lib/Jungle/Browser.pm line 156.
PREPENDED 'search' : 'http://noticias.terra.com.br/ultimasnoticias/0,,EI188-PI2,00.html'  at /home/trushel/cpan/build/5.14.2-m/Jungle-0.02-4M6dRS/blib/lib/Jungle/Browser.pm line 156.
PREPENDED 'search' : 'http://noticias.terra.com.br/ultimasnoticias/0,,EI188-PI2,00.html'  at /home/trushel/cpan/build/5.14.2-m/Jungle-0.02-4M6dRS/blib/lib/Jungle/Browser.pm line 156.
PREPENDED 'search' : 'http://noticias.terra.com.br/ultimasnoticias/0,,EI188-PI2,00.html'  at /home/trushel/cpan/build/5.14.2-m/Jungle-0.02-4M6dRS/blib/lib/Jungle/Browser.pm line 156.
PREPENDED 'search' : 'http://noticias.terra.com.br/ultimasnoticias/0,,EI188-PI2,00.html'  at /home/trushel/cpan/build/5.14.2-m/Jungle-0.02-4M6dRS/blib/lib/Jungle/Browser.pm line 156.
PREPENDED 'search' : 'http://noticias.terra.com.br/ultimasnoticias/0,,EI188-PI2,00.html'  at /home/trushel/cpan/build/5.14.2-m/Jungle-0.02-4M6dRS/blib/lib/Jungle/Browser.pm line 156.
PREPENDED 'search' : 'http://noticias.terra.com.br/ultimasnoticias/0,,EI188-PI1,00.html'  at /home/trushel/cpan/build/5.14.2-m/Jungle-0.02-4M6dRS/blib/lib/Jungle/Browser.pm line 156.
PREPENDED 'search' : 'http://noticias.terra.com.br/ultimasnoticias/0,,EI188-PI1,00.html'  at /home/trushel/cpan/build/5.14.2-m/Jungle-0.02-4M6dRS/blib/lib/Jungle/Browser.pm line 156.
PREPENDED 'search' : 'http://noticias.terra.com.br/ultimasnoticias/0,,EI188-PI2,00.html'  at /home/trushel/cpan/build/5.14.2-m/Jungle-0.02-4M6dRS/blib/lib/Jungle/Browser.pm line 156.
PREPENDED 'search' : 'http://noticias.terra.com.br/ultimasnoticias/0,,EI188-PI2,00.html'  at /home/trushel/cpan/build/5.14.2-m/Jungle-0.02-4M6dRS/blib/lib/Jungle/Browser.pm line 156.
PREPENDED 'search' : 'http://noticias.terra.com.br/ultimasnoticias/0,,EI188-PI2,00.html'  at /home/trushel/cpan/build/5.14.2-m/Jungle-0.02-4M6dRS/blib/lib/Jungle/Browser.pm line 156.
PREPENDED 'search' : 'http://noticias.terra.com.br/ultimasnoticias/0,,EI188-PI2,00.html'  at /home/trushel/cpan/build/5.14.2-m/Jungle-0.02-4M6dRS/blib/lib/Jungle/Browser.pm line 156.
PREPENDED 'search' : 'http://noticias.terra.com.br/ultimasnoticias/0,,EI188-PI2,00.html'  at /home/trushel/cpan/build/5.14.2-m/Jungle-0.02-4M6dRS/blib/lib/Jungle/Browser.pm line 156.
TOTAL URLS IN LIST: 99 at /home/trushel/cpan/build/5.14.2-m/Jungle-0.02-4M6dRS/blib/lib/Jungle/Browser.pm line 188.
VISITING search : http://noticias.terra.com.br/ultimasnoticias/0,,EI188-PI1,00.html at /home/trushel/cpan/build/5.14.2-m/Jungle-0.02-4M6dRS/blib/lib/Jungle/Browser.pm line 193.
PREPENDED 'details' : 'http://noticias.terra.com.br/noticias/0,,OI5396607-EI188,00-Lucas+Mendes+Andy+Francis+Rooney.html'  at /home/trushel/cpan/build/5.14.2-m/Jungle-0.02-4M6dRS/blib/lib/Jungle/Browser.pm line 156.
PREPENDED 'details' : 'http://noticias.terra.com.br/noticias/0,,OI5396606-EI188,00-Vietnamitas+usam+ioga+do+riso.html'  at /home/trushel/cpan/build/5.14.2-m/Jungle-0.02-4M6dRS/blib/lib/Jungle/Browser.pm line 156.
PREPENDED 'details' : 'http://noticias.terra.com.br/brasil/noticias/0,,OI5396603-EI5030,00-RS+denuncia+diz+que+PM+foi+morta+afirma+advogado+da+familia.html'  at /home/trushel/cpan/build/5.14.2-m/Jungle-0.02-4M6dRS/blib/lib/Jungle/Browser.pm line 156.
PREPENDED 'details' : 'http://noticias.terra.com.br/mundo/noticias/0,,OI5396587-EI294,00-Banco+da+Inglaterra+injetara+mais+u+bilhoes+na+economia.html'  at /home/trushel/cpan/build/5.14.2-m/Jungle-0.02-4M6dRS/blib/lib/Jungle/Browser.pm line 156.
PREPENDED 'details' : 'http://noticias.terra.com.br/mundo/noticias/0,,OI5396584-EI294,00-Tony+Blair+afirma+que+Jobs+foi+extraordinario+e+inspirador.html'  at /home/trushel/cpan/build/5.14.2-m/Jungle-0.02-4M6dRS/blib/lib/Jungle/Browser.pm line 156.
PREPENDED 'details' : 'http://noticias.terra.com.br/noticias/0,,OI5396575-EI188,00-Inflacao+pelo+IGPDI+acelera+a+em+setembro.html'  at /home/trushel/cpan/build/5.14.2-m/Jungle-0.02-4M6dRS/blib/lib/Jungle/Browser.pm line 156.
PREPENDED 'details_invertia' : 'http://br.invertia.com/noticias/noticia.aspx?idNoticia=201110061110_RTR_SPE79504G'  at /home/trushel/cpan/build/5.14.2-m/Jungle-0.02-4M6dRS/blib/lib/Jungle/Browser.pm line 156.
PREPENDED 'details' : 'http://noticias.terra.com.br/noticias/0,,OI5396571-EI188,00-Sueco+Tomas+Transtromer+ganha+o+Premio+Nobel+de+Literatura.html'  at /home/trushel/cpan/build/5.14.2-m/Jungle-0.02-4M6dRS/blib/lib/Jungle/Browser.pm line 156.
PREPENDED 'details' : 'http://noticias.terra.com.br/noticias/0,,OI5396566-EI188,00-Sueco+Thomas+Tanstrommer+ganha+o+Premio+Nobel+de+Literatura.html'  at /home/trushel/cpan/build/5.14.2-m/Jungle-0.02-4M6dRS/blib/lib/Jungle/Browser.pm line 156.
PREPENDED 'details_invertia' : 'http://br.invertia.com/noticias/noticia.aspx?idNoticia=201110061103_RTR_1317898992nN1E79502A'  at /home/trushel/cpan/build/5.14.2-m/Jungle-0.02-4M6dRS/blib/lib/Jungle/Browser.pm line 156.
PREPENDED 'details' : 'http://noticias.terra.com.br/brasil/vooaf447/noticias/0,,OI5396556-EI13960,00-Voo+programa+de+indenizacao+de+familiares+e+encerrado.html'  at /home/trushel/cpan/build/5.14.2-m/Jungle-0.02-4M6dRS/blib/lib/Jungle/Browser.pm line 156.
PREPENDED 'details_invertia' : 'http://br.invertia.com/noticias/noticia.aspx?idNoticia=201110061055_TRR_80303652'  at /home/trushel/cpan/build/5.14.2-m/Jungle-0.02-4M6dRS/blib/lib/Jungle/Browser.pm line 156.
PREPENDED 'details_invertia' : 'http://br.invertia.com/noticias/noticia.aspx?idNoticia=201110061049_RTR_1317898179nN1E79502B'  at /home/trushel/cpan/build/5.14.2-m/Jungle-0.02-4M6dRS/blib/lib/Jungle/Browser.pm line 156.
PREPENDED 'details' : 'http://noticias.terra.com.br/mundo/noticias/0,,OI5396540-EI8143,00-Afegaos+marcham+contra+EUA+na+vespera+de+aniversario+da+guerra.html'  at /home/trushel/cpan/build/5.14.2-m/Jungle-0.02-4M6dRS/blib/lib/Jungle/Browser.pm line 156.
PREPENDED 'details' : 'http://noticias.terra.com.br/mundo/noticias/0,,OI5396525-EI8142,00-Britanica+que+pensava+estar+na+menopausa+leva+susto+ao+ter+bebe.html'  at /home/trushel/cpan/build/5.14.2-m/Jungle-0.02-4M6dRS/blib/lib/Jungle/Browser.pm line 156.
PREPENDED 'details' : 'http://noticias.terra.com.br/mundo/noticias/0,,OI5396514-EI8142,00-Gata+gravida+lancada+de+carro+atrai+resgate+para+ninhada.html'  at /home/trushel/cpan/build/5.14.2-m/Jungle-0.02-4M6dRS/blib/lib/Jungle/Browser.pm line 156.
PREPENDED 'details_invertia' : 'http://br.invertia.com/noticias/noticia.aspx?idNoticia=201110061026_RTR_1317896808nN1E79501Y'  at /home/trushel/cpan/build/5.14.2-m/Jungle-0.02-4M6dRS/blib/lib/Jungle/Browser.pm line 156.
PREPENDED 'details_invertia' : 'http://br.invertia.com/noticias/noticia.aspx?idNoticia=201110061025_RTR_1317896711nN1E79501T'  at /home/trushel/cpan/build/5.14.2-m/Jungle-0.02-4M6dRS/blib/lib/Jungle/Browser.pm line 156.
PREPENDED 'details' : 'http://noticias.terra.com.br/brasil/noticias/0,,OI5396509-EI7896,00-SP+libera+recursos+para+obra+cuja+utilidade+ninguem+sabe.html'  at /home/trushel/cpan/build/5.14.2-m/Jungle-0.02-4M6dRS/blib/lib/Jungle/Browser.pm line 156.
PREPENDED 'details_invertia' : 'http://br.invertia.com/noticias/noticia.aspx?idNoticia=201110061009_RTR_1317895797nN1E79501K'  at /home/trushel/cpan/build/5.14.2-m/Jungle-0.02-4M6dRS/blib/lib/Jungle/Browser.pm line 156.
PREPENDED 'details_invertia' : 'http://br.invertia.com/noticias/noticia.aspx?idNoticia=201110060950_AFP_80303394'  at /home/trushel/cpan/build/5.14.2-m/Jungle-0.02-4M6dRS/blib/lib/Jungle/Browser.pm line 156.
PREPENDED 'details' : 'http://noticias.terra.com.br/mundo/noticias/0,,OI5396482-EI17594,00-Kuwait+tem+protesto+contra+a+corrupcao.html'  at /home/trushel/cpan/build/5.14.2-m/Jungle-0.02-4M6dRS/blib/lib/Jungle/Browser.pm line 156.
PREPENDED 'details' : 'http://noticias.terra.com.br/mundo/noticias/0,,OI5396476-EI8143,00-Seul+executa+manobra+com+tiros+perto+da+fronteira+com+o+Norte.html'  at /home/trushel/cpan/build/5.14.2-m/Jungle-0.02-4M6dRS/blib/lib/Jungle/Browser.pm line 156.
PREPENDED 'details' : 'http://noticias.terra.com.br/mundo/noticias/0,,OI5396471-EI17594,00-Confronto+entre+exercito+sirio+e+desertores+mata+ao+menos.html'  at /home/trushel/cpan/build/5.14.2-m/Jungle-0.02-4M6dRS/blib/lib/Jungle/Browser.pm line 156.
PREPENDED 'details' : 'http://noticias.terra.com.br/brasil/noticias/0,,OI5396461-EI5030,00-Policia+prende+dois+apos+comerciante+reagir+a+assalto+em+SP.html'  at /home/trushel/cpan/build/5.14.2-m/Jungle-0.02-4M6dRS/blib/lib/Jungle/Browser.pm line 156.
PREPENDED 'details' : 'http://tecnologia.terra.com.br/stevejobs/noticias/0,,OI5396465-EI18952,00-Presidente+russo+Medvedev+homenageia+Steve+Jobs+no+Twitter.html'  at /home/trushel/cpan/build/5.14.2-m/Jungle-0.02-4M6dRS/blib/lib/Jungle/Browser.pm line 156.
PREPENDED 'details' : 'http://noticias.terra.com.br/brasil/noticias/0,,OI5396451-EI306,00-Dilma+Rousseff+visita+hoje+cidade+bulgara+onde+nasceu+seu+pai.html'  at /home/trushel/cpan/build/5.14.2-m/Jungle-0.02-4M6dRS/blib/lib/Jungle/Browser.pm line 156.
PREPENDED 'details' : 'http://tecnologia.terra.com.br/stevejobs/noticias/0,,OI5396452-EI18952,00-Nokia+lamenta+morte+de+Steve+Jobs+um+autentico+visionario.html'  at /home/trushel/cpan/build/5.14.2-m/Jungle-0.02-4M6dRS/blib/lib/Jungle/Browser.pm line 156.
PREPENDED 'details' : 'http://noticias.terra.com.br/ciencia/noticias/0,,OI5396447-EI238,00-Pesquisa+tenta+desvendar+comportamento+dos+ursos+de+oculos.html'  at /home/trushel/cpan/build/5.14.2-m/Jungle-0.02-4M6dRS/blib/lib/Jungle/Browser.pm line 156.
PREPENDED 'details' : 'http://noticias.terra.com.br/mundo/noticias/0,,OI5396438-EI308,00-Israel+e+Alemanha+cooperam+para+perseguir+suspeitos+nazistas.html'  at /home/trushel/cpan/build/5.14.2-m/Jungle-0.02-4M6dRS/blib/lib/Jungle/Browser.pm line 156.
PREPENDED 'details' : 'http://noticias.terra.com.br/mundo/noticias/0,,OI5396428-EI8142,00-Russia+politica+dos+EUA+sobre+escudo+antimisseis+e+inaceitavel.html'  at /home/trushel/cpan/build/5.14.2-m/Jungle-0.02-4M6dRS/blib/lib/Jungle/Browser.pm line 156.
PREPENDED 'details' : 'http://noticias.terra.com.br/brasil/noticias/0,,OI5396423-EI306,00-Brasil+e+terceiro+em+ranking+de+homicidios+na+America+do+Sul.html'  at /home/trushel/cpan/build/5.14.2-m/Jungle-0.02-4M6dRS/blib/lib/Jungle/Browser.pm line 156.
PREPENDED 'details' : 'http://noticias.terra.com.br/brasil/noticias/0,,OI5396419-EI306,00-ONU+ve+disparidade+nas+taxas+de+homicidios+de+SP+e+Rio.html'  at /home/trushel/cpan/build/5.14.2-m/Jungle-0.02-4M6dRS/blib/lib/Jungle/Browser.pm line 156.
PREPENDED 'details' : 'http://noticias.terra.com.br/mundo/noticias/0,,OI5396421-EI8143,00-Atentado+taliba+contra+onibus+mata+crianca+no+Afeganistao.html'  at /home/trushel/cpan/build/5.14.2-m/Jungle-0.02-4M6dRS/blib/lib/Jungle/Browser.pm line 156.
PREPENDED 'details' : 'http://noticias.terra.com.br/mundo/noticias/0,,OI5396416-EI8143,00-Indonesia+companhia+aerea+recebe+ameaca+de+bomba+via+fax.html'  at /home/trushel/cpan/build/5.14.2-m/Jungle-0.02-4M6dRS/blib/lib/Jungle/Browser.pm line 156.
PREPENDED 'details' : 'http://noticias.terra.com.br/mundo/noticias/0,,OI5396415-EI294,00-Dilma+encontra+familiares+na+cidade+natal+de+seu+pai.html'  at /home/trushel/cpan/build/5.14.2-m/Jungle-0.02-4M6dRS/blib/lib/Jungle/Browser.pm line 156.
PREPENDED 'details' : 'http://noticias.terra.com.br/brasil/noticias/0,,OI5396388-EI8139,00-Sol+brilha+forte+e+faz+calor+a+tarde+na+maior+parte+do+Sul.html'  at /home/trushel/cpan/build/5.14.2-m/Jungle-0.02-4M6dRS/blib/lib/Jungle/Browser.pm line 156.
PREPENDED 'details' : 'http://noticias.terra.com.br/mundo/noticias/0,,OI5396380-EI8143,00-Filipina+denuncia+primo+apos+ser+estuprada+e+enterrada+viva.html'  at /home/trushel/cpan/build/5.14.2-m/Jungle-0.02-4M6dRS/blib/lib/Jungle/Browser.pm line 156.
PREPENDED 'details_invertia' : 'http://br.invertia.com/noticias/noticia.aspx?idNoticia=201110060531_EFE_80302941'  at /home/trushel/cpan/build/5.14.2-m/Jungle-0.02-4M6dRS/blib/lib/Jungle/Browser.pm line 156.
PREPENDED 'details' : 'http://noticias.terra.com.br/brasil/noticias/0,,OI5396357-EI5030,00-Corpo+de+mineira+morta+pelo+namorado+nos+EUA+chega+ao+Brasil.html'  at /home/trushel/cpan/build/5.14.2-m/Jungle-0.02-4M6dRS/blib/lib/Jungle/Browser.pm line 156.
PREPENDED 'details' : 'http://noticias.terra.com.br/mundo/noticias/0,,OI5396350-EI8140,00-America+tem+a+maior+taxa+de+homicidios+por+arma+de+fogo+do+mundo.html'  at /home/trushel/cpan/build/5.14.2-m/Jungle-0.02-4M6dRS/blib/lib/Jungle/Browser.pm line 156.
PREPENDED 'details' : 'http://tecnologia.terra.com.br/stevejobs/noticias/0,,OI5396341-EI18952,00-Sony+lamenta+morte+da+principal+figura+da+era+digital.html'  at /home/trushel/cpan/build/5.14.2-m/Jungle-0.02-4M6dRS/blib/lib/Jungle/Browser.pm line 156.
PREPENDED 'details' : 'http://noticias.terra.com.br/brasil/noticias/0,,OI5396337-EI306,00-Camara+rejeita+emenda+que+reestrutura+o+Cade.html'  at /home/trushel/cpan/build/5.14.2-m/Jungle-0.02-4M6dRS/blib/lib/Jungle/Browser.pm line 156.
PREPENDED 'details' : 'http://noticias.terra.com.br/brasil/noticias/0,,OI5396328-EI5030,00-GO+sargento+invade+loja+armado+e+ameaca+gerente+em+shopping.html'  at /home/trushel/cpan/build/5.14.2-m/Jungle-0.02-4M6dRS/blib/lib/Jungle/Browser.pm line 156.
PREPENDED 'details' : 'http://tecnologia.terra.com.br/stevejobs/noticias/0,,OI5396311-EI18952,00-Disney+e+Pixar+aclamam+Jobs+como+homem+que+definiu+uma+era.html'  at /home/trushel/cpan/build/5.14.2-m/Jungle-0.02-4M6dRS/blib/lib/Jungle/Browser.pm line 156.
PREPENDED 'details' : 'http://noticias.terra.com.br/mundo/noticias/0,,OI5396323-EI8143,00-Camboja+conta+mortos+por+inundacoes+desde+agosto.html'  at /home/trushel/cpan/build/5.14.2-m/Jungle-0.02-4M6dRS/blib/lib/Jungle/Browser.pm line 156.
PREPENDED 'details' : 'http://tecnologia.terra.com.br/stevejobs/noticias/0,,OI5396289-EI18952,00-Rival+da+Apple+Samsung+ressalta+espirito+inovador+de+Jobs.html'  at /home/trushel/cpan/build/5.14.2-m/Jungle-0.02-4M6dRS/blib/lib/Jungle/Browser.pm line 156.
PREPENDED 'details_invertia' : 'http://br.invertia.com/noticias/noticia.aspx?idNoticia=201110060249_TRR_80302735'  at /home/trushel/cpan/build/5.14.2-m/Jungle-0.02-4M6dRS/blib/lib/Jungle/Browser.pm line 156.
PREPENDED 'details' : 'http://noticias.terra.com.br/educacao/noticias/0,,OI5396262-EI8266,00-Estudantes+chilenos+rompem+dialogo+com+governo.html'  at /home/trushel/cpan/build/5.14.2-m/Jungle-0.02-4M6dRS/blib/lib/Jungle/Browser.pm line 156.
PREPENDED 'details' : 'http://tecnologia.terra.com.br/stevejobs/noticias/0,,OI5396259-EI18952,00-Criador+da+Apple+com+Jobs+vai+a+restaurante+apos+morte+de+amigo.html'  at /home/trushel/cpan/build/5.14.2-m/Jungle-0.02-4M6dRS/blib/lib/Jungle/Browser.pm line 156.
PREPENDED 'search' : 'http://noticias.terra.com.br/ultimasnoticias/0,,EI188-PI1,00.html'  at /home/trushel/cpan/build/5.14.2-m/Jungle-0.02-4M6dRS/blib/lib/Jungle/Browser.pm line 156.
PREPENDED 'search' : 'http://noticias.terra.com.br/ultimasnoticias/0,,EI188-PI1,00.html'  at /home/trushel/cpan/build/5.14.2-m/Jungle-0.02-4M6dRS/blib/lib/Jungle/Browser.pm line 156.
PREPENDED 'search' : 'http://noticias.terra.com.br/ultimasnoticias/0,,EI188-PI1,00.html'  at /home/trushel/cpan/build/5.14.2-m/Jungle-0.02-4M6dRS/blib/lib/Jungle/Browser.pm line 156.
PREPENDED 'search' : 'http://noticias.terra.com.br/ultimasnoticias/0,,EI188-PI1,00.html'  at /home/trushel/cpan/build/5.14.2-m/Jungle-0.02-4M6dRS/blib/lib/Jungle/Browser.pm line 156.
PREPENDED 'search' : 'http://noticias.terra.com.br/ultimasnoticias/0,,EI188-PI1,00.html'  at /home/trushel/cpan/build/5.14.2-m/Jungle-0.02-4M6dRS/blib/lib/Jungle/Browser.pm line 156.
PREPENDED 'search' : 'http://noticias.terra.com.br/ultimasnoticias/0,,EI188-PI1,00.html'  at /home/trushel/cpan/build/5.14.2-m/Jungle-0.02-4M6dRS/blib/lib/Jungle/Browser.pm line 156.
PREPENDED 'search' : 'http://noticias.terra.com.br/ultimasnoticias/0,,EI188-PI1,00.html'  at /home/trushel/cpan/build/5.14.2-m/Jungle-0.02-4M6dRS/blib/lib/Jungle/Browser.pm line 156.
PREPENDED 'search' : 'http://noticias.terra.com.br/ultimasnoticias/0,,EI188-PI1,00.html'  at /home/trushel/cpan/build/5.14.2-m/Jungle-0.02-4M6dRS/blib/lib/Jungle/Browser.pm line 156.
PREPENDED 'search' : 'http://noticias.terra.com.br/ultimasnoticias/0,,EI188-PI1,00.html'  at /home/trushel/cpan/build/5.14.2-m/Jungle-0.02-4M6dRS/blib/lib/Jungle/Browser.pm line 156.
PREPENDED 'search' : 'http://noticias.terra.com.br/ultimasnoticias/0,,EI188-PI1,00.html'  at /home/trushel/cpan/build/5.14.2-m/Jungle-0.02-4M6dRS/blib/lib/Jungle/Browser.pm line 156.
PREPENDED 'search' : 'http://noticias.terra.com.br/ultimasnoticias/0,,EI188-PI2,00.html'  at /home/trushel/cpan/build/5.14.2-m/Jungle-0.02-4M6dRS/blib/lib/Jungle/Browser.pm line 156.
PREPENDED 'search' : 'http://noticias.terra.com.br/ultimasnoticias/0,,EI188-PI1,00.html'  at /home/trushel/cpan/build/5.14.2-m/Jungle-0.02-4M6dRS/blib/lib/Jungle/Browser.pm line 156.
PREPENDED 'search' : 'http://noticias.terra.com.br/ultimasnoticias/0,,EI188-PI2,00.html'  at /home/trushel/cpan/build/5.14.2-m/Jungle-0.02-4M6dRS/blib/lib/Jungle/Browser.pm line 156.
PREPENDED 'search' : 'http://noticias.terra.com.br/ultimasnoticias/0,,EI188-PI1,00.html'  at /home/trushel/cpan/build/5.14.2-m/Jungle-0.02-4M6dRS/blib/lib/Jungle/Browser.pm line 156.
PREPENDED 'search' : 'http://noticias.terra.com.br/ultimasnoticias/0,,EI188-PI1,00.html'  at /home/trushel/cpan/build/5.14.2-m/Jungle-0.02-4M6dRS/blib/lib/Jungle/Browser.pm line 156.
PREPENDED 'search' : 'http://noticias.terra.com.br/ultimasnoticias/0,,EI188-PI1,00.html'  at /home/trushel/cpan/build/5.14.2-m/Jungle-0.02-4M6dRS/blib/lib/Jungle/Browser.pm line 156.
PREPENDED 'search' : 'http://noticias.terra.com.br/ultimasnoticias/0,,EI188-PI1,00.html'  at /home/trushel/cpan/build/5.14.2-m/Jungle-0.02-4M6dRS/blib/lib/Jungle/Browser.pm line 156.
PREPENDED 'search' : 'http://noticias.terra.com.br/ultimasnoticias/0,,EI188-PI1,00.html'  at /home/trushel/cpan/build/5.14.2-m/Jungle-0.02-4M6dRS/blib/lib/Jungle/Browser.pm line 156.
TOTAL URLS IN LIST: 99 at /home/trushel/cpan/build/5.14.2-m/Jungle-0.02-4M6dRS/blib/lib/Jungle/Browser.pm line 188.
VISITING details : http://noticias.terra.com.br/brasil/noticias/0,,OI5396603-EI5030,00-RS+denuncia+diz+que+PM+foi+morta+afirma+advogado+da+familia.html at /home/trushel/cpan/build/5.14.2-m/Jungle-0.02-4M6dRS/blib/lib/Jungle/Browser.pm line 193.
./data/NEWS-Sites-NewsSpider-Terra-06-10-2011_04-29-26.csv: No such file or directory at /home/trushel/cpan/build/5.14.2-m/Jungle-0.02-4M6dRS/blib/lib/Jungle/Data/News.pm line 82.
# Tests were run but no plan was declared and done_testing() was not seen.
t/001_load.t ........... 
Dubious, test returned 2 (wstat 512, 0x200)
All 2 subtests passed 
t/050_url_canonical.t .. ok
APPENDED 'append_test' : 'http://www.google.com'  at /home/trushel/cpan/build/5.14.2-m/Jungle-0.02-4M6dRS/blib/lib/Jungle/Browser.pm line 122.
PREPENDED 'prepend_test' : 'http://www.google.com/new_url'  at /home/trushel/cpan/build/5.14.2-m/Jungle-0.02-4M6dRS/blib/lib/Jungle/Browser.pm line 156.
APPENDED 'prepend_test' : 'http://www.google.com/new_url'  at /home/trushel/cpan/build/5.14.2-m/Jungle-0.02-4M6dRS/blib/lib/Jungle/Browser.pm line 122.
PREPENDED 'prepend_test' : 'http://www.google.com'  at /home/trushel/cpan/build/5.14.2-m/Jungle-0.02-4M6dRS/blib/lib/Jungle/Browser.pm line 156.
PREPENDED 'prepend_test' : 'http://www.estantevirtual.com.br/'  at /home/trushel/cpan/build/5.14.2-m/Jungle-0.02-4M6dRS/blib/lib/Jungle/Browser.pm line 156.
TOTAL URLS IN LIST: 0 at /home/trushel/cpan/build/5.14.2-m/Jungle-0.02-4M6dRS/blib/lib/Jungle/Browser.pm line 188.
VISITING prepend_test : http://www.estantevirtual.com.br/ at /home/trushel/cpan/build/5.14.2-m/Jungle-0.02-4M6dRS/blib/lib/Jungle/Browser.pm line 193.
PREPENDED 'prepend_test' : 'http://news.google.com/news?ned=us&topic=h&output=rss'  at /home/trushel/cpan/build/5.14.2-m/Jungle-0.02-4M6dRS/blib/lib/Jungle/Browser.pm line 156.
TOTAL URLS IN LIST: 0 at /home/trushel/cpan/build/5.14.2-m/Jungle-0.02-4M6dRS/blib/lib/Jungle/Browser.pm line 188.
VISITING prepend_test : http://news.google.com/news?ned=us&topic=h&output=rss at /home/trushel/cpan/build/5.14.2-m/Jungle-0.02-4M6dRS/blib/lib/Jungle/Browser.pm line 193.
t/055-methods.t ........ ok

Test Summary Report
-------------------
t/001_load.t         (Wstat: 512 Tests: 2 Failed: 0)
  Non-zero exit status: 2
  Parse errors: No plan found in TAP output
Files=3, Tests=62, 24 wallclock secs ( 0.02 usr  0.02 sys +  2.25 cusr  0.14 csys =  2.43 CPU)
Result: FAIL
Failed 1/3 test programs. 0/62 subtests failed.
make: *** [test_dynamic] Error 255

------------------------------
PREREQUISITES
------------------------------

Prerequisite modules loaded:

requires:

    Module                   Need Have    
    ------------------------ ---- --------
    Data::Dumper             0    2.131   
    DateTime                 0    0.70    
    Digest::SHA1             0    2.13    
    Encode                   0    2.44    
    Encode::Guess            0    2.05    
    HTML::Entities           0    3.68    
    HTML::TreeBuilder::XPath 0    0.14    
    HTTP::Request::Common    0    6.00    
    IO::Socket::SSL          0    1.44    
    LWP::UserAgent           0    6.02    
    Moose                    0    2.0205  
    Moose::Role              0    2.0205  
    Mozilla::CA              0    20110914
    Test::Simple             0.44 0.98    
    Text::CSV_XS             0    0.85    
    URI                      0    1.59    
    WWW::Mechanize           0    1.70    
    XML::XPath               0    1.13    

build_requires:

    Module                   Need Have    
    ------------------------ ---- --------
    ExtUtils::MakeMaker      0    6.59    

configure_requires:

    Module                   Need Have    
    ------------------------ ---- --------
    ExtUtils::MakeMaker      0    6.59    


------------------------------
ENVIRONMENT AND OTHER CONTEXT
------------------------------

Environment variables:

    AUTOMATED_TESTING = 1
    LANG = en_US.UTF-8
    LANGUAGE = en
    LC_COLLATE = C
    LC_MONETARY = C
    LC_NUMERIC = C
    LC_TIME = C
    PATH = /usr/local/sbin:/usr/local/bin:/usr/sbin:/usr/bin:/sbin:/bin
    PERL5LIB = 
    PERL5OPT = 
    PERL5_CPANPLUS_IS_RUNNING = 15762
    PERL5_CPAN_IS_RUNNING = 15762
    PERL5_CPAN_IS_RUNNING_IN_RECURSION = 5622,15762
    PERL_CR_SMOKER_CURRENT = Acme-Jungle-CrawlerExample-0.01
    PERL_EXTUTILS_AUTOINSTALL = --defaultdeps
    PERL_MM_USE_DEFAULT = 1
    SHELL = /bin/bash
    TERM = xterm

Perl special variables (and OS-specific diagnostics, for MSWin32):

    $^X = /home/trushel/perl/perl5142m/bin/perl
    $UID/$EUID = 138375 / 138375
    $GID = 5762 4 20 21 24 25 26 30 44 46 104 105 119 122 431 5762
    $EGID = 5762 4 20 21 24 25 26 30 44 46 104 105 119 122 431 5762

Perl module toolchain versions installed:

    Module              Have    
    ------------------- --------
    CPAN                1.9800  
    CPAN::Meta          2.112150
    Cwd                 3.33    
    ExtUtils::CBuilder  0.280202
    ExtUtils::Command   1.17    
    ExtUtils::Install   1.54    
    ExtUtils::MakeMaker 6.59    
    ExtUtils::Manifest  1.60    
    ExtUtils::ParseXS   3.04    
    File::Spec          3.33    
    JSON                2.53    
    JSON::PP            2.27200 
    Module::Build       0.39_01 
    Module::Signature   n/a     
    Parse::CPAN::Meta   1.4401  
    Test::Harness       3.23    
    Test::More          0.98    
    YAML                0.73    
    YAML::Syck          1.17    
    version             0.94    


--

Summary of my perl5 (revision 5 version 14 subversion 2) configuration:
   
  Platform:
    osname=linux, osvers=2.6.32-33-generic, archname=x86_64-linux-multi
    uname='linux trushel-glaptop 2.6.32-33-generic #72-ubuntu smp fri jul 29 21:07:13 utc 2011 x86_64 gnulinux '
    config_args=''
    hint=recommended, useposix=true, d_sigaction=define
    useithreads=undef, usemultiplicity=define
    useperlio=define, d_sfio=undef, uselargefiles=define, usesocks=undef
    use64bitint=define, use64bitall=define, uselongdouble=undef
    usemymalloc=n, bincompat5005=undef
  Compiler:
    cc='cc', ccflags ='-fno-strict-aliasing -pipe -fstack-protector -I/usr/local/include -D_LARGEFILE_SOURCE -D_FILE_OFFSET_BITS=64',
    optimize='-O2',
    cppflags='-fno-strict-aliasing -pipe -fstack-protector -I/usr/local/include'
    ccversion='', gccversion='4.4.3', gccosandvers=''
    intsize=4, longsize=8, ptrsize=8, doublesize=8, byteorder=12345678
    d_longlong=define, longlongsize=8, d_longdbl=define, longdblsize=16
    ivtype='long', ivsize=8, nvtype='double', nvsize=8, Off_t='off_t', lseeksize=8
    alignbytes=8, prototype=define
  Linker and Libraries:
    ld='cc', ldflags =' -fstack-protector -L/usr/local/lib'
    libpth=/usr/local/lib /lib/../lib /usr/lib/../lib /lib /usr/lib /usr/lib/x86_64-linux-gnu /lib64 /usr/lib64
    libs=-lnsl -ldb -ldl -lm -lcrypt -lutil -lc
    perllibs=-lnsl -ldl -lm -lcrypt -lutil -lc
    libc=/lib/libc-2.11.1.so, so=so, useshrplib=false, libperl=libperl.a
    gnulibc_version='2.11.1'
  Dynamic Linking:
    dlsrc=dl_dlopen.xs, dlext=so, d_dlsymun=undef, ccdlflags='-Wl,-E'
    cccdlflags='-fPIC', lddlflags='-shared -O2 -L/usr/local/lib -fstack-protector'


Characteristics of this binary (from libperl): 
  Compile-time options: MULTIPLICITY PERL_DONT_CREATE_GVSV
                        PERL_IMPLICIT_CONTEXT PERL_MALLOC_WRAP
                        PERL_PRESERVE_IVUV USE_64_BIT_ALL USE_64_BIT_INT
                        USE_LARGE_FILES USE_PERLIO USE_PERL_ATOF
  Built under linux
  Compiled at Oct  1 2011 14:29:05
  %ENV:
    PERL5LIB=""
    PERL5OPT=""
    PERL5_CPANPLUS_IS_RUNNING="15762"
    PERL5_CPAN_IS_RUNNING="15762"
    PERL5_CPAN_IS_RUNNING_IN_RECURSION="5622,15762"
    PERL_CR_SMOKER_CURRENT="Acme-Jungle-CrawlerExample-0.01"
    PERL_EXTUTILS_AUTOINSTALL="--defaultdeps"
    PERL_MM_USE_DEFAULT="1"
  @INC:
    /home/trushel/perl/perl5142m/lib/site_perl/5.14.2/x86_64-linux-multi
    /home/trushel/perl/perl5142m/lib/site_perl/5.14.2
    /home/trushel/perl/perl5142m/lib/5.14.2/x86_64-linux-multi
    /home/trushel/perl/perl5142m/lib/5.14.2
    .