Back
From: metabase:user:320bfe00-2aae-11df-837a-5e0a49663a4f
Subject: FAIL Reflex-0.099 v5.8.9 GNU/Linux
Date: 2014-01-03T17:38:13Z
This distribution has been tested as part of the CPAN Testers
project, supporting the Perl programming language. See
http://wiki.cpantesters.org/ for more information or email
questions to cpan-testers-discuss@perl.org
--
Dear Rocco Caputo,
This is a computer-generated report for Reflex-0.099
on perl 5.8.9, created by CPAN-Reporter-1.2010.
Thank you for uploading your work to CPAN. However, there was a problem
testing your distribution.
If you think this report is invalid, please consult the CPAN Testers Wiki
for suggestions on how to avoid getting FAIL reports for missing library
or binary dependencies, unsupported operating systems, and so on:
http://wiki.cpantesters.org/wiki/CPANAuthorNotes
Sections of this report:
* Tester comments
* Program output
* Prerequisites
* Environment and other context
------------------------------
TESTER COMMENTS
------------------------------
Additional comments from tester:
this report is from an automated smoke testing program
and was not reviewed by a human for accuracy
------------------------------
PROGRAM OUTPUT
------------------------------
Output from '/usr/bin/make test':
PERL_DL_NONLAZY=1 /home/sand/src/perl/repoperls/installed-perls/perl/perl-5.8.9/5da8/bin/perl "-MExtUtils::Command::MM" "-MTest::Harness" "-e" "undef *Test::Harness::Switches; test_harness(0, 'blib/lib', 'blib/arch')" t/*.t
# Testing Reflex 0.099, POE 1.358, Moose 2.1005, Perl 5.008009, /home/sand/src/perl/repoperls/installed-perls/perl/perl-5.8.9/5da8/bin/perl on linux
t/000-info.t .............. ok
# Testing with Perl 5.008009, /home/sand/src/perl/repoperls/installed-perls/perl/perl-5.8.9/5da8/bin/perl
# ExtUtils::MakeMaker version is 6.8506
# Moose version is 2.1005
# MooseX::Role::Parameterized version is 1.02
# POE version is 1.358
# Scalar::Util version is 1.35
# Test::More version is 1.001002
t/000-report-versions.t ... ok
Possible unintended interpolation of @emitters in string at /tmp/loop_over_bdir-14840-6pZFBW/Reflex-0.099-WTC5gr/blib/lib/Reflex/Event.pm line 133.
Bareword found where operator expected at /tmp/loop_over_bdir-14840-6pZFBW/Reflex-0.099-WTC5gr/blib/lib/Reflex/Event.pm line 166, near "Please see those modules/websites"
(Might be a runaway multi-line // string starting on line 133)
(Do you need to predeclare Please?)
Number found where operator expected at /tmp/loop_over_bdir-14840-6pZFBW/Reflex-0.099-WTC5gr/blib/lib/Reflex/Event.pm line 168, near "over 4"
(Do you need to predeclare over?)
Possible unintended interpolation of @cpan in string at /tmp/loop_over_bdir-14840-6pZFBW/Reflex-0.099-WTC5gr/blib/lib/Reflex/Event.pm line 183.
Number found where operator expected at /tmp/loop_over_bdir-14840-6pZFBW/Reflex-0.099-WTC5gr/blib/lib/Reflex/Event.pm line 187, near ") 2013"
(Missing operator before 2013?)
Bareword found where operator expected at /tmp/loop_over_bdir-14840-6pZFBW/Reflex-0.099-WTC5gr/blib/lib/Reflex/Event.pm line 187, near "2013 by"
(Missing operator before by?)
Bareword found where operator expected at /tmp/loop_over_bdir-14840-6pZFBW/Reflex-0.099-WTC5gr/blib/lib/Reflex/Event.pm line 211, near "WILL ANY COPYRIGHT HOLDER, OR ANY OTHER PARTY WHO MAY MODIFY AND/OR"
(Might be a runaway multi-line // string starting on line 202)
(Do you need to predeclare WILL?)
Global symbol "@emitters" requires explicit package name at /tmp/loop_over_bdir-14840-6pZFBW/Reflex-0.099-WTC5gr/blib/lib/Reflex/Event.pm line 133.
Global symbol "$i" requires explicit package name at /tmp/loop_over_bdir-14840-6pZFBW/Reflex-0.099-WTC5gr/blib/lib/Reflex/Event.pm line 133.
Global symbol "@emitters" requires explicit package name at /tmp/loop_over_bdir-14840-6pZFBW/Reflex-0.099-WTC5gr/blib/lib/Reflex/Event.pm line 133.
Global symbol "$i" requires explicit package name at /tmp/loop_over_bdir-14840-6pZFBW/Reflex-0.099-WTC5gr/blib/lib/Reflex/Event.pm line 133.
Global symbol "@emitters" requires explicit package name at /tmp/loop_over_bdir-14840-6pZFBW/Reflex-0.099-WTC5gr/blib/lib/Reflex/Event.pm line 133.
Global symbol "$i" requires explicit package name at /tmp/loop_over_bdir-14840-6pZFBW/Reflex-0.099-WTC5gr/blib/lib/Reflex/Event.pm line 133.
syntax error at /tmp/loop_over_bdir-14840-6pZFBW/Reflex-0.099-WTC5gr/blib/lib/Reflex/Event.pm line 166, near "Please see those modules/websites "
Global symbol "@cpan" requires explicit package name at /tmp/loop_over_bdir-14840-6pZFBW/Reflex-0.099-WTC5gr/blib/lib/Reflex/Event.pm line 183.
syntax error at /tmp/loop_over_bdir-14840-6pZFBW/Reflex-0.099-WTC5gr/blib/lib/Reflex/Event.pm line 195, near "/>"
(Might be a runaway multi-line // string starting on line 189)
Missing right curly or square bracket at /tmp/loop_over_bdir-14840-6pZFBW/Reflex-0.099-WTC5gr/blib/lib/Reflex/Event.pm line 222, at end of line
/tmp/loop_over_bdir-14840-6pZFBW/Reflex-0.099-WTC5gr/blib/lib/Reflex/Event.pm has too many errors.
Compilation failed in require at /home/sand/src/perl/repoperls/installed-perls/perl/perl-5.8.9/5da8/lib/site_perl/5.8.9/x86_64-linux/Moose/Exporter.pm line 409.
Compilation failed in require at /tmp/loop_over_bdir-14840-6pZFBW/Reflex-0.099-WTC5gr/blib/lib/Reflex/POE/Session.pm line 12.
BEGIN failed--compilation aborted at /tmp/loop_over_bdir-14840-6pZFBW/Reflex-0.099-WTC5gr/blib/lib/Reflex/POE/Session.pm line 12.
Compilation failed in require at /tmp/loop_over_bdir-14840-6pZFBW/Reflex-0.099-WTC5gr/blib/lib/Reflex/Role/Reactive.pm line 34.
BEGIN failed--compilation aborted at /tmp/loop_over_bdir-14840-6pZFBW/Reflex-0.099-WTC5gr/blib/lib/Reflex/Role/Reactive.pm line 34.
Compilation failed in require at /home/sand/src/perl/repoperls/installed-perls/perl/perl-5.8.9/5da8/lib/site_perl/5.8.9/x86_64-linux/Moose/Exporter.pm line 409.
Compilation failed in require at t/101-discrete-watcher.t line 29.
BEGIN failed--compilation aborted at t/101-discrete-watcher.t line 29.
t/101-discrete-watcher.t ..
Dubious, test returned 255 (wstat 65280, 0xff00)
No subtests run
Possible unintended interpolation of @emitters in string at /tmp/loop_over_bdir-14840-6pZFBW/Reflex-0.099-WTC5gr/blib/lib/Reflex/Event.pm line 133.
Bareword found where operator expected at /tmp/loop_over_bdir-14840-6pZFBW/Reflex-0.099-WTC5gr/blib/lib/Reflex/Event.pm line 166, near "Please see those modules/websites"
(Might be a runaway multi-line // string starting on line 133)
(Do you need to predeclare Please?)
Number found where operator expected at /tmp/loop_over_bdir-14840-6pZFBW/Reflex-0.099-WTC5gr/blib/lib/Reflex/Event.pm line 168, near "over 4"
(Do you need to predeclare over?)
Possible unintended interpolation of @cpan in string at /tmp/loop_over_bdir-14840-6pZFBW/Reflex-0.099-WTC5gr/blib/lib/Reflex/Event.pm line 183.
Number found where operator expected at /tmp/loop_over_bdir-14840-6pZFBW/Reflex-0.099-WTC5gr/blib/lib/Reflex/Event.pm line 187, near ") 2013"
(Missing operator before 2013?)
Bareword found where operator expected at /tmp/loop_over_bdir-14840-6pZFBW/Reflex-0.099-WTC5gr/blib/lib/Reflex/Event.pm line 187, near "2013 by"
(Missing operator before by?)
Bareword found where operator expected at /tmp/loop_over_bdir-14840-6pZFBW/Reflex-0.099-WTC5gr/blib/lib/Reflex/Event.pm line 211, near "WILL ANY COPYRIGHT HOLDER, OR ANY OTHER PARTY WHO MAY MODIFY AND/OR"
(Might be a runaway multi-line // string starting on line 202)
(Do you need to predeclare WILL?)
Global symbol "@emitters" requires explicit package name at /tmp/loop_over_bdir-14840-6pZFBW/Reflex-0.099-WTC5gr/blib/lib/Reflex/Event.pm line 133.
Global symbol "$i" requires explicit package name at /tmp/loop_over_bdir-14840-6pZFBW/Reflex-0.099-WTC5gr/blib/lib/Reflex/Event.pm line 133.
Global symbol "@emitters" requires explicit package name at /tmp/loop_over_bdir-14840-6pZFBW/Reflex-0.099-WTC5gr/blib/lib/Reflex/Event.pm line 133.
Global symbol "$i" requires explicit package name at /tmp/loop_over_bdir-14840-6pZFBW/Reflex-0.099-WTC5gr/blib/lib/Reflex/Event.pm line 133.
Global symbol "@emitters" requires explicit package name at /tmp/loop_over_bdir-14840-6pZFBW/Reflex-0.099-WTC5gr/blib/lib/Reflex/Event.pm line 133.
Global symbol "$i" requires explicit package name at /tmp/loop_over_bdir-14840-6pZFBW/Reflex-0.099-WTC5gr/blib/lib/Reflex/Event.pm line 133.
syntax error at /tmp/loop_over_bdir-14840-6pZFBW/Reflex-0.099-WTC5gr/blib/lib/Reflex/Event.pm line 166, near "Please see those modules/websites "
Global symbol "@cpan" requires explicit package name at /tmp/loop_over_bdir-14840-6pZFBW/Reflex-0.099-WTC5gr/blib/lib/Reflex/Event.pm line 183.
syntax error at /tmp/loop_over_bdir-14840-6pZFBW/Reflex-0.099-WTC5gr/blib/lib/Reflex/Event.pm line 195, near "/>"
(Might be a runaway multi-line // string starting on line 189)
Missing right curly or square bracket at /tmp/loop_over_bdir-14840-6pZFBW/Reflex-0.099-WTC5gr/blib/lib/Reflex/Event.pm line 222, at end of line
/tmp/loop_over_bdir-14840-6pZFBW/Reflex-0.099-WTC5gr/blib/lib/Reflex/Event.pm has too many errors.
Compilation failed in require at /home/sand/src/perl/repoperls/installed-perls/perl/perl-5.8.9/5da8/lib/site_perl/5.8.9/x86_64-linux/Moose/Exporter.pm line 409.
Compilation failed in require at /tmp/loop_over_bdir-14840-6pZFBW/Reflex-0.099-WTC5gr/blib/lib/Reflex/POE/Session.pm line 12.
BEGIN failed--compilation aborted at /tmp/loop_over_bdir-14840-6pZFBW/Reflex-0.099-WTC5gr/blib/lib/Reflex/POE/Session.pm line 12.
Compilation failed in require at /tmp/loop_over_bdir-14840-6pZFBW/Reflex-0.099-WTC5gr/blib/lib/Reflex/Role/Reactive.pm line 34.
BEGIN failed--compilation aborted at /tmp/loop_over_bdir-14840-6pZFBW/Reflex-0.099-WTC5gr/blib/lib/Reflex/Role/Reactive.pm line 34.
Compilation failed in require at /home/sand/src/perl/repoperls/installed-perls/perl/perl-5.8.9/5da8/lib/site_perl/5.8.9/x86_64-linux/Moose/Exporter.pm line 409.
Compilation failed in require at /home/sand/src/perl/repoperls/installed-perls/perl/perl-5.8.9/5da8/lib/site_perl/5.8.9/x86_64-linux/Moose/Exporter.pm line 409.
Compilation failed in require at t/102-watched-new.t line 15.
BEGIN failed--compilation aborted at t/102-watched-new.t line 15.
t/102-watched-new.t .......
Dubious, test returned 255 (wstat 65280, 0xff00)
No subtests run
Possible unintended interpolation of @emitters in string at /tmp/loop_over_bdir-14840-6pZFBW/Reflex-0.099-WTC5gr/blib/lib/Reflex/Event.pm line 133.
Bareword found where operator expected at /tmp/loop_over_bdir-14840-6pZFBW/Reflex-0.099-WTC5gr/blib/lib/Reflex/Event.pm line 166, near "Please see those modules/websites"
(Might be a runaway multi-line // string starting on line 133)
(Do you need to predeclare Please?)
Number found where operator expected at /tmp/loop_over_bdir-14840-6pZFBW/Reflex-0.099-WTC5gr/blib/lib/Reflex/Event.pm line 168, near "over 4"
(Do you need to predeclare over?)
Possible unintended interpolation of @cpan in string at /tmp/loop_over_bdir-14840-6pZFBW/Reflex-0.099-WTC5gr/blib/lib/Reflex/Event.pm line 183.
Number found where operator expected at /tmp/loop_over_bdir-14840-6pZFBW/Reflex-0.099-WTC5gr/blib/lib/Reflex/Event.pm line 187, near ") 2013"
(Missing operator before 2013?)
Bareword found where operator expected at /tmp/loop_over_bdir-14840-6pZFBW/Reflex-0.099-WTC5gr/blib/lib/Reflex/Event.pm line 187, near "2013 by"
(Missing operator before by?)
Bareword found where operator expected at /tmp/loop_over_bdir-14840-6pZFBW/Reflex-0.099-WTC5gr/blib/lib/Reflex/Event.pm line 211, near "WILL ANY COPYRIGHT HOLDER, OR ANY OTHER PARTY WHO MAY MODIFY AND/OR"
(Might be a runaway multi-line // string starting on line 202)
(Do you need to predeclare WILL?)
Global symbol "@emitters" requires explicit package name at /tmp/loop_over_bdir-14840-6pZFBW/Reflex-0.099-WTC5gr/blib/lib/Reflex/Event.pm line 133.
Global symbol "$i" requires explicit package name at /tmp/loop_over_bdir-14840-6pZFBW/Reflex-0.099-WTC5gr/blib/lib/Reflex/Event.pm line 133.
Global symbol "@emitters" requires explicit package name at /tmp/loop_over_bdir-14840-6pZFBW/Reflex-0.099-WTC5gr/blib/lib/Reflex/Event.pm line 133.
Global symbol "$i" requires explicit package name at /tmp/loop_over_bdir-14840-6pZFBW/Reflex-0.099-WTC5gr/blib/lib/Reflex/Event.pm line 133.
Global symbol "@emitters" requires explicit package name at /tmp/loop_over_bdir-14840-6pZFBW/Reflex-0.099-WTC5gr/blib/lib/Reflex/Event.pm line 133.
Global symbol "$i" requires explicit package name at /tmp/loop_over_bdir-14840-6pZFBW/Reflex-0.099-WTC5gr/blib/lib/Reflex/Event.pm line 133.
syntax error at /tmp/loop_over_bdir-14840-6pZFBW/Reflex-0.099-WTC5gr/blib/lib/Reflex/Event.pm line 166, near "Please see those modules/websites "
Global symbol "@cpan" requires explicit package name at /tmp/loop_over_bdir-14840-6pZFBW/Reflex-0.099-WTC5gr/blib/lib/Reflex/Event.pm line 183.
syntax error at /tmp/loop_over_bdir-14840-6pZFBW/Reflex-0.099-WTC5gr/blib/lib/Reflex/Event.pm line 195, near "/>"
(Might be a runaway multi-line // string starting on line 189)
Missing right curly or square bracket at /tmp/loop_over_bdir-14840-6pZFBW/Reflex-0.099-WTC5gr/blib/lib/Reflex/Event.pm line 222, at end of line
/tmp/loop_over_bdir-14840-6pZFBW/Reflex-0.099-WTC5gr/blib/lib/Reflex/Event.pm has too many errors.
Compilation failed in require at /home/sand/src/perl/repoperls/installed-perls/perl/perl-5.8.9/5da8/lib/site_perl/5.8.9/x86_64-linux/Moose/Exporter.pm line 409.
Compilation failed in require at /tmp/loop_over_bdir-14840-6pZFBW/Reflex-0.099-WTC5gr/blib/lib/Reflex/POE/Session.pm line 12.
BEGIN failed--compilation aborted at /tmp/loop_over_bdir-14840-6pZFBW/Reflex-0.099-WTC5gr/blib/lib/Reflex/POE/Session.pm line 12.
Compilation failed in require at /tmp/loop_over_bdir-14840-6pZFBW/Reflex-0.099-WTC5gr/blib/lib/Reflex/Role/Reactive.pm line 34.
BEGIN failed--compilation aborted at /tmp/loop_over_bdir-14840-6pZFBW/Reflex-0.099-WTC5gr/blib/lib/Reflex/Role/Reactive.pm line 34.
Compilation failed in require at /home/sand/src/perl/repoperls/installed-perls/perl/perl-5.8.9/5da8/lib/site_perl/5.8.9/x86_64-linux/Moose/Exporter.pm line 409.
Compilation failed in require at /home/sand/src/perl/repoperls/installed-perls/perl/perl-5.8.9/5da8/lib/site_perl/5.8.9/x86_64-linux/Moose/Exporter.pm line 409.
Compilation failed in require at t/103-watcher-roles.t line 32.
BEGIN failed--compilation aborted at t/103-watcher-roles.t line 32.
# Looks like your test exited with 255 before it could output anything.
t/103-watcher-roles.t .....
Dubious, test returned 255 (wstat 65280, 0xff00)
Failed 10/10 subtests
Possible unintended interpolation of @emitters in string at /tmp/loop_over_bdir-14840-6pZFBW/Reflex-0.099-WTC5gr/blib/lib/Reflex/Event.pm line 133.
Bareword found where operator expected at /tmp/loop_over_bdir-14840-6pZFBW/Reflex-0.099-WTC5gr/blib/lib/Reflex/Event.pm line 166, near "Please see those modules/websites"
(Might be a runaway multi-line // string starting on line 133)
(Do you need to predeclare Please?)
Number found where operator expected at /tmp/loop_over_bdir-14840-6pZFBW/Reflex-0.099-WTC5gr/blib/lib/Reflex/Event.pm line 168, near "over 4"
(Do you need to predeclare over?)
Possible unintended interpolation of @cpan in string at /tmp/loop_over_bdir-14840-6pZFBW/Reflex-0.099-WTC5gr/blib/lib/Reflex/Event.pm line 183.
Number found where operator expected at /tmp/loop_over_bdir-14840-6pZFBW/Reflex-0.099-WTC5gr/blib/lib/Reflex/Event.pm line 187, near ") 2013"
(Missing operator before 2013?)
Bareword found where operator expected at /tmp/loop_over_bdir-14840-6pZFBW/Reflex-0.099-WTC5gr/blib/lib/Reflex/Event.pm line 187, near "2013 by"
(Missing operator before by?)
Bareword found where operator expected at /tmp/loop_over_bdir-14840-6pZFBW/Reflex-0.099-WTC5gr/blib/lib/Reflex/Event.pm line 211, near "WILL ANY COPYRIGHT HOLDER, OR ANY OTHER PARTY WHO MAY MODIFY AND/OR"
(Might be a runaway multi-line // string starting on line 202)
(Do you need to predeclare WILL?)
Global symbol "@emitters" requires explicit package name at /tmp/loop_over_bdir-14840-6pZFBW/Reflex-0.099-WTC5gr/blib/lib/Reflex/Event.pm line 133.
Global symbol "$i" requires explicit package name at /tmp/loop_over_bdir-14840-6pZFBW/Reflex-0.099-WTC5gr/blib/lib/Reflex/Event.pm line 133.
Global symbol "@emitters" requires explicit package name at /tmp/loop_over_bdir-14840-6pZFBW/Reflex-0.099-WTC5gr/blib/lib/Reflex/Event.pm line 133.
Global symbol "$i" requires explicit package name at /tmp/loop_over_bdir-14840-6pZFBW/Reflex-0.099-WTC5gr/blib/lib/Reflex/Event.pm line 133.
Global symbol "@emitters" requires explicit package name at /tmp/loop_over_bdir-14840-6pZFBW/Reflex-0.099-WTC5gr/blib/lib/Reflex/Event.pm line 133.
Global symbol "$i" requires explicit package name at /tmp/loop_over_bdir-14840-6pZFBW/Reflex-0.099-WTC5gr/blib/lib/Reflex/Event.pm line 133.
syntax error at /tmp/loop_over_bdir-14840-6pZFBW/Reflex-0.099-WTC5gr/blib/lib/Reflex/Event.pm line 166, near "Please see those modules/websites "
Global symbol "@cpan" requires explicit package name at /tmp/loop_over_bdir-14840-6pZFBW/Reflex-0.099-WTC5gr/blib/lib/Reflex/Event.pm line 183.
syntax error at /tmp/loop_over_bdir-14840-6pZFBW/Reflex-0.099-WTC5gr/blib/lib/Reflex/Event.pm line 195, near "/>"
(Might be a runaway multi-line // string starting on line 189)
Missing right curly or square bracket at /tmp/loop_over_bdir-14840-6pZFBW/Reflex-0.099-WTC5gr/blib/lib/Reflex/Event.pm line 222, at end of line
/tmp/loop_over_bdir-14840-6pZFBW/Reflex-0.099-WTC5gr/blib/lib/Reflex/Event.pm has too many errors.
Compilation failed in require at /home/sand/src/perl/repoperls/installed-perls/perl/perl-5.8.9/5da8/lib/site_perl/5.8.9/x86_64-linux/Moose/Exporter.pm line 409.
Compilation failed in require at /tmp/loop_over_bdir-14840-6pZFBW/Reflex-0.099-WTC5gr/blib/lib/Reflex/POE/Session.pm line 12.
BEGIN failed--compilation aborted at /tmp/loop_over_bdir-14840-6pZFBW/Reflex-0.099-WTC5gr/blib/lib/Reflex/POE/Session.pm line 12.
Compilation failed in require at /tmp/loop_over_bdir-14840-6pZFBW/Reflex-0.099-WTC5gr/blib/lib/Reflex/Role/Reactive.pm line 34.
BEGIN failed--compilation aborted at /tmp/loop_over_bdir-14840-6pZFBW/Reflex-0.099-WTC5gr/blib/lib/Reflex/Role/Reactive.pm line 34.
Compilation failed in require at /home/sand/src/perl/repoperls/installed-perls/perl/perl-5.8.9/5da8/lib/site_perl/5.8.9/x86_64-linux/Moose/Exporter.pm line 409.
Compilation failed in require at /home/sand/src/perl/repoperls/installed-perls/perl/perl-5.8.9/5da8/lib/site_perl/5.8.9/x86_64-linux/Moose/Exporter.pm line 409.
Compilation failed in require at t/104-emitter-trait.t line 16.
BEGIN failed--compilation aborted at t/104-emitter-trait.t line 16.
# Looks like your test exited with 255 before it could output anything.
t/104-emitter-trait.t .....
Dubious, test returned 255 (wstat 65280, 0xff00)
Failed 4/4 subtests
Possible unintended interpolation of @emitters in string at /tmp/loop_over_bdir-14840-6pZFBW/Reflex-0.099-WTC5gr/blib/lib/Reflex/Event.pm line 133.
Bareword found where operator expected at /tmp/loop_over_bdir-14840-6pZFBW/Reflex-0.099-WTC5gr/blib/lib/Reflex/Event.pm line 166, near "Please see those modules/websites"
(Might be a runaway multi-line // string starting on line 133)
(Do you need to predeclare Please?)
Number found where operator expected at /tmp/loop_over_bdir-14840-6pZFBW/Reflex-0.099-WTC5gr/blib/lib/Reflex/Event.pm line 168, near "over 4"
(Do you need to predeclare over?)
Possible unintended interpolation of @cpan in string at /tmp/loop_over_bdir-14840-6pZFBW/Reflex-0.099-WTC5gr/blib/lib/Reflex/Event.pm line 183.
Number found where operator expected at /tmp/loop_over_bdir-14840-6pZFBW/Reflex-0.099-WTC5gr/blib/lib/Reflex/Event.pm line 187, near ") 2013"
(Missing operator before 2013?)
Bareword found where operator expected at /tmp/loop_over_bdir-14840-6pZFBW/Reflex-0.099-WTC5gr/blib/lib/Reflex/Event.pm line 187, near "2013 by"
(Missing operator before by?)
Bareword found where operator expected at /tmp/loop_over_bdir-14840-6pZFBW/Reflex-0.099-WTC5gr/blib/lib/Reflex/Event.pm line 211, near "WILL ANY COPYRIGHT HOLDER, OR ANY OTHER PARTY WHO MAY MODIFY AND/OR"
(Might be a runaway multi-line // string starting on line 202)
(Do you need to predeclare WILL?)
Global symbol "@emitters" requires explicit package name at /tmp/loop_over_bdir-14840-6pZFBW/Reflex-0.099-WTC5gr/blib/lib/Reflex/Event.pm line 133.
Global symbol "$i" requires explicit package name at /tmp/loop_over_bdir-14840-6pZFBW/Reflex-0.099-WTC5gr/blib/lib/Reflex/Event.pm line 133.
Global symbol "@emitters" requires explicit package name at /tmp/loop_over_bdir-14840-6pZFBW/Reflex-0.099-WTC5gr/blib/lib/Reflex/Event.pm line 133.
Global symbol "$i" requires explicit package name at /tmp/loop_over_bdir-14840-6pZFBW/Reflex-0.099-WTC5gr/blib/lib/Reflex/Event.pm line 133.
Global symbol "@emitters" requires explicit package name at /tmp/loop_over_bdir-14840-6pZFBW/Reflex-0.099-WTC5gr/blib/lib/Reflex/Event.pm line 133.
Global symbol "$i" requires explicit package name at /tmp/loop_over_bdir-14840-6pZFBW/Reflex-0.099-WTC5gr/blib/lib/Reflex/Event.pm line 133.
syntax error at /tmp/loop_over_bdir-14840-6pZFBW/Reflex-0.099-WTC5gr/blib/lib/Reflex/Event.pm line 166, near "Please see those modules/websites "
Global symbol "@cpan" requires explicit package name at /tmp/loop_over_bdir-14840-6pZFBW/Reflex-0.099-WTC5gr/blib/lib/Reflex/Event.pm line 183.
syntax error at /tmp/loop_over_bdir-14840-6pZFBW/Reflex-0.099-WTC5gr/blib/lib/Reflex/Event.pm line 195, near "/>"
(Might be a runaway multi-line // string starting on line 189)
Missing right curly or square bracket at /tmp/loop_over_bdir-14840-6pZFBW/Reflex-0.099-WTC5gr/blib/lib/Reflex/Event.pm line 222, at end of line
/tmp/loop_over_bdir-14840-6pZFBW/Reflex-0.099-WTC5gr/blib/lib/Reflex/Event.pm has too many errors.
Compilation failed in require at /home/sand/src/perl/repoperls/installed-perls/perl/perl-5.8.9/5da8/lib/site_perl/5.8.9/x86_64-linux/Moose/Exporter.pm line 409.
Compilation failed in require at /tmp/loop_over_bdir-14840-6pZFBW/Reflex-0.099-WTC5gr/blib/lib/Reflex/POE/Session.pm line 12.
BEGIN failed--compilation aborted at /tmp/loop_over_bdir-14840-6pZFBW/Reflex-0.099-WTC5gr/blib/lib/Reflex/POE/Session.pm line 12.
Compilation failed in require at /tmp/loop_over_bdir-14840-6pZFBW/Reflex-0.099-WTC5gr/blib/lib/Reflex/Role/Reactive.pm line 34.
BEGIN failed--compilation aborted at /tmp/loop_over_bdir-14840-6pZFBW/Reflex-0.099-WTC5gr/blib/lib/Reflex/Role/Reactive.pm line 34.
Compilation failed in require at /home/sand/src/perl/repoperls/installed-perls/perl/perl-5.8.9/5da8/lib/site_perl/5.8.9/x86_64-linux/Moose/Exporter.pm line 409.
Compilation failed in require at /home/sand/src/perl/repoperls/installed-perls/perl/perl-5.8.9/5da8/lib/site_perl/5.8.9/x86_64-linux/Moose/Exporter.pm line 409.
Compilation failed in require at t/105-setup.t line 16.
BEGIN failed--compilation aborted at t/105-setup.t line 16.
# Looks like your test exited with 255 before it could output anything.
t/105-setup.t .............
Dubious, test returned 255 (wstat 65280, 0xff00)
Failed 5/5 subtests
Possible unintended interpolation of @emitters in string at /tmp/loop_over_bdir-14840-6pZFBW/Reflex-0.099-WTC5gr/blib/lib/Reflex/Event.pm line 133.
Bareword found where operator expected at /tmp/loop_over_bdir-14840-6pZFBW/Reflex-0.099-WTC5gr/blib/lib/Reflex/Event.pm line 166, near "Please see those modules/websites"
(Might be a runaway multi-line // string starting on line 133)
(Do you need to predeclare Please?)
Number found where operator expected at /tmp/loop_over_bdir-14840-6pZFBW/Reflex-0.099-WTC5gr/blib/lib/Reflex/Event.pm line 168, near "over 4"
(Do you need to predeclare over?)
Possible unintended interpolation of @cpan in string at /tmp/loop_over_bdir-14840-6pZFBW/Reflex-0.099-WTC5gr/blib/lib/Reflex/Event.pm line 183.
Number found where operator expected at /tmp/loop_over_bdir-14840-6pZFBW/Reflex-0.099-WTC5gr/blib/lib/Reflex/Event.pm line 187, near ") 2013"
(Missing operator before 2013?)
Bareword found where operator expected at /tmp/loop_over_bdir-14840-6pZFBW/Reflex-0.099-WTC5gr/blib/lib/Reflex/Event.pm line 187, near "2013 by"
(Missing operator before by?)
Bareword found where operator expected at /tmp/loop_over_bdir-14840-6pZFBW/Reflex-0.099-WTC5gr/blib/lib/Reflex/Event.pm line 211, near "WILL ANY COPYRIGHT HOLDER, OR ANY OTHER PARTY WHO MAY MODIFY AND/OR"
(Might be a runaway multi-line // string starting on line 202)
(Do you need to predeclare WILL?)
Global symbol "@emitters" requires explicit package name at /tmp/loop_over_bdir-14840-6pZFBW/Reflex-0.099-WTC5gr/blib/lib/Reflex/Event.pm line 133.
Global symbol "$i" requires explicit package name at /tmp/loop_over_bdir-14840-6pZFBW/Reflex-0.099-WTC5gr/blib/lib/Reflex/Event.pm line 133.
Global symbol "@emitters" requires explicit package name at /tmp/loop_over_bdir-14840-6pZFBW/Reflex-0.099-WTC5gr/blib/lib/Reflex/Event.pm line 133.
Global symbol "$i" requires explicit package name at /tmp/loop_over_bdir-14840-6pZFBW/Reflex-0.099-WTC5gr/blib/lib/Reflex/Event.pm line 133.
Global symbol "@emitters" requires explicit package name at /tmp/loop_over_bdir-14840-6pZFBW/Reflex-0.099-WTC5gr/blib/lib/Reflex/Event.pm line 133.
Global symbol "$i" requires explicit package name at /tmp/loop_over_bdir-14840-6pZFBW/Reflex-0.099-WTC5gr/blib/lib/Reflex/Event.pm line 133.
syntax error at /tmp/loop_over_bdir-14840-6pZFBW/Reflex-0.099-WTC5gr/blib/lib/Reflex/Event.pm line 166, near "Please see those modules/websites "
Global symbol "@cpan" requires explicit package name at /tmp/loop_over_bdir-14840-6pZFBW/Reflex-0.099-WTC5gr/blib/lib/Reflex/Event.pm line 183.
syntax error at /tmp/loop_over_bdir-14840-6pZFBW/Reflex-0.099-WTC5gr/blib/lib/Reflex/Event.pm line 195, near "/>"
(Might be a runaway multi-line // string starting on line 189)
Missing right curly or square bracket at /tmp/loop_over_bdir-14840-6pZFBW/Reflex-0.099-WTC5gr/blib/lib/Reflex/Event.pm line 222, at end of line
/tmp/loop_over_bdir-14840-6pZFBW/Reflex-0.099-WTC5gr/blib/lib/Reflex/Event.pm has too many errors.
Compilation failed in require at t/lib/ThingWithCallbacks.pm line 10.
BEGIN failed--compilation aborted at t/lib/ThingWithCallbacks.pm line 10.
Compilation failed in require at t/120-rcb-coderef.t line 38.
BEGIN failed--compilation aborted at t/120-rcb-coderef.t line 38.
# Looks like your test exited with 255 before it could output anything.
t/120-rcb-coderef.t .......
Dubious, test returned 255 (wstat 65280, 0xff00)
Failed 7/7 subtests
Possible unintended interpolation of @emitters in string at /tmp/loop_over_bdir-14840-6pZFBW/Reflex-0.099-WTC5gr/blib/lib/Reflex/Event.pm line 133.
Bareword found where operator expected at /tmp/loop_over_bdir-14840-6pZFBW/Reflex-0.099-WTC5gr/blib/lib/Reflex/Event.pm line 166, near "Please see those modules/websites"
(Might be a runaway multi-line // string starting on line 133)
(Do you need to predeclare Please?)
Number found where operator expected at /tmp/loop_over_bdir-14840-6pZFBW/Reflex-0.099-WTC5gr/blib/lib/Reflex/Event.pm line 168, near "over 4"
(Do you need to predeclare over?)
Possible unintended interpolation of @cpan in string at /tmp/loop_over_bdir-14840-6pZFBW/Reflex-0.099-WTC5gr/blib/lib/Reflex/Event.pm line 183.
Number found where operator expected at /tmp/loop_over_bdir-14840-6pZFBW/Reflex-0.099-WTC5gr/blib/lib/Reflex/Event.pm line 187, near ") 2013"
(Missing operator before 2013?)
Bareword found where operator expected at /tmp/loop_over_bdir-14840-6pZFBW/Reflex-0.099-WTC5gr/blib/lib/Reflex/Event.pm line 187, near "2013 by"
(Missing operator before by?)
Bareword found where operator expected at /tmp/loop_over_bdir-14840-6pZFBW/Reflex-0.099-WTC5gr/blib/lib/Reflex/Event.pm line 211, near "WILL ANY COPYRIGHT HOLDER, OR ANY OTHER PARTY WHO MAY MODIFY AND/OR"
(Might be a runaway multi-line // string starting on line 202)
(Do you need to predeclare WILL?)
Global symbol "@emitters" requires explicit package name at /tmp/loop_over_bdir-14840-6pZFBW/Reflex-0.099-WTC5gr/blib/lib/Reflex/Event.pm line 133.
Global symbol "$i" requires explicit package name at /tmp/loop_over_bdir-14840-6pZFBW/Reflex-0.099-WTC5gr/blib/lib/Reflex/Event.pm line 133.
Global symbol "@emitters" requires explicit package name at /tmp/loop_over_bdir-14840-6pZFBW/Reflex-0.099-WTC5gr/blib/lib/Reflex/Event.pm line 133.
Global symbol "$i" requires explicit package name at /tmp/loop_over_bdir-14840-6pZFBW/Reflex-0.099-WTC5gr/blib/lib/Reflex/Event.pm line 133.
Global symbol "@emitters" requires explicit package name at /tmp/loop_over_bdir-14840-6pZFBW/Reflex-0.099-WTC5gr/blib/lib/Reflex/Event.pm line 133.
Global symbol "$i" requires explicit package name at /tmp/loop_over_bdir-14840-6pZFBW/Reflex-0.099-WTC5gr/blib/lib/Reflex/Event.pm line 133.
syntax error at /tmp/loop_over_bdir-14840-6pZFBW/Reflex-0.099-WTC5gr/blib/lib/Reflex/Event.pm line 166, near "Please see those modules/websites "
Global symbol "@cpan" requires explicit package name at /tmp/loop_over_bdir-14840-6pZFBW/Reflex-0.099-WTC5gr/blib/lib/Reflex/Event.pm line 183.
syntax error at /tmp/loop_over_bdir-14840-6pZFBW/Reflex-0.099-WTC5gr/blib/lib/Reflex/Event.pm line 195, near "/>"
(Might be a runaway multi-line // string starting on line 189)
Missing right curly or square bracket at /tmp/loop_over_bdir-14840-6pZFBW/Reflex-0.099-WTC5gr/blib/lib/Reflex/Event.pm line 222, at end of line
/tmp/loop_over_bdir-14840-6pZFBW/Reflex-0.099-WTC5gr/blib/lib/Reflex/Event.pm has too many errors.
Compilation failed in require at t/lib/ThingWithCallbacks.pm line 10.
BEGIN failed--compilation aborted at t/lib/ThingWithCallbacks.pm line 10.
Compilation failed in require at t/121-rcb-method.t line 27.
BEGIN failed--compilation aborted at t/121-rcb-method.t line 27.
# Looks like your test exited with 255 before it could output anything.
t/121-rcb-method.t ........
Dubious, test returned 255 (wstat 65280, 0xff00)
Failed 2/2 subtests
Possible unintended interpolation of @emitters in string at /tmp/loop_over_bdir-14840-6pZFBW/Reflex-0.099-WTC5gr/blib/lib/Reflex/Event.pm line 133.
Bareword found where operator expected at /tmp/loop_over_bdir-14840-6pZFBW/Reflex-0.099-WTC5gr/blib/lib/Reflex/Event.pm line 166, near "Please see those modules/websites"
(Might be a runaway multi-line // string starting on line 133)
(Do you need to predeclare Please?)
Number found where operator expected at /tmp/loop_over_bdir-14840-6pZFBW/Reflex-0.099-WTC5gr/blib/lib/Reflex/Event.pm line 168, near "over 4"
(Do you need to predeclare over?)
Possible unintended interpolation of @cpan in string at /tmp/loop_over_bdir-14840-6pZFBW/Reflex-0.099-WTC5gr/blib/lib/Reflex/Event.pm line 183.
Number found where operator expected at /tmp/loop_over_bdir-14840-6pZFBW/Reflex-0.099-WTC5gr/blib/lib/Reflex/Event.pm line 187, near ") 2013"
(Missing operator before 2013?)
Bareword found where operator expected at /tmp/loop_over_bdir-14840-6pZFBW/Reflex-0.099-WTC5gr/blib/lib/Reflex/Event.pm line 187, near "2013 by"
(Missing operator before by?)
Bareword found where operator expected at /tmp/loop_over_bdir-14840-6pZFBW/Reflex-0.099-WTC5gr/blib/lib/Reflex/Event.pm line 211, near "WILL ANY COPYRIGHT HOLDER, OR ANY OTHER PARTY WHO MAY MODIFY AND/OR"
(Might be a runaway multi-line // string starting on line 202)
(Do you need to predeclare WILL?)
Global symbol "@emitters" requires explicit package name at /tmp/loop_over_bdir-14840-6pZFBW/Reflex-0.099-WTC5gr/blib/lib/Reflex/Event.pm line 133.
Global symbol "$i" requires explicit package name at /tmp/loop_over_bdir-14840-6pZFBW/Reflex-0.099-WTC5gr/blib/lib/Reflex/Event.pm line 133.
Global symbol "@emitters" requires explicit package name at /tmp/loop_over_bdir-14840-6pZFBW/Reflex-0.099-WTC5gr/blib/lib/Reflex/Event.pm line 133.
Global symbol "$i" requires explicit package name at /tmp/loop_over_bdir-14840-6pZFBW/Reflex-0.099-WTC5gr/blib/lib/Reflex/Event.pm line 133.
Global symbol "@emitters" requires explicit package name at /tmp/loop_over_bdir-14840-6pZFBW/Reflex-0.099-WTC5gr/blib/lib/Reflex/Event.pm line 133.
Global symbol "$i" requires explicit package name at /tmp/loop_over_bdir-14840-6pZFBW/Reflex-0.099-WTC5gr/blib/lib/Reflex/Event.pm line 133.
syntax error at /tmp/loop_over_bdir-14840-6pZFBW/Reflex-0.099-WTC5gr/blib/lib/Reflex/Event.pm line 166, near "Please see those modules/websites "
Global symbol "@cpan" requires explicit package name at /tmp/loop_over_bdir-14840-6pZFBW/Reflex-0.099-WTC5gr/blib/lib/Reflex/Event.pm line 183.
syntax error at /tmp/loop_over_bdir-14840-6pZFBW/Reflex-0.099-WTC5gr/blib/lib/Reflex/Event.pm line 195, near "/>"
(Might be a runaway multi-line // string starting on line 189)
Missing right curly or square bracket at /tmp/loop_over_bdir-14840-6pZFBW/Reflex-0.099-WTC5gr/blib/lib/Reflex/Event.pm line 222, at end of line
/tmp/loop_over_bdir-14840-6pZFBW/Reflex-0.099-WTC5gr/blib/lib/Reflex/Event.pm has too many errors.
Compilation failed in require at t/lib/ThingWithCallbacks.pm line 10.
BEGIN failed--compilation aborted at t/lib/ThingWithCallbacks.pm line 10.
Compilation failed in require at t/122-rcb-object.t line 31.
BEGIN failed--compilation aborted at t/122-rcb-object.t line 31.
# Looks like your test exited with 255 before it could output anything.
t/122-rcb-object.t ........
Dubious, test returned 255 (wstat 65280, 0xff00)
Failed 6/6 subtests
Possible unintended interpolation of @emitters in string at /tmp/loop_over_bdir-14840-6pZFBW/Reflex-0.099-WTC5gr/blib/lib/Reflex/Event.pm line 133.
Bareword found where operator expected at /tmp/loop_over_bdir-14840-6pZFBW/Reflex-0.099-WTC5gr/blib/lib/Reflex/Event.pm line 166, near "Please see those modules/websites"
(Might be a runaway multi-line // string starting on line 133)
(Do you need to predeclare Please?)
Number found where operator expected at /tmp/loop_over_bdir-14840-6pZFBW/Reflex-0.099-WTC5gr/blib/lib/Reflex/Event.pm line 168, near "over 4"
(Do you need to predeclare over?)
Possible unintended interpolation of @cpan in string at /tmp/loop_over_bdir-14840-6pZFBW/Reflex-0.099-WTC5gr/blib/lib/Reflex/Event.pm line 183.
Number found where operator expected at /tmp/loop_over_bdir-14840-6pZFBW/Reflex-0.099-WTC5gr/blib/lib/Reflex/Event.pm line 187, near ") 2013"
(Missing operator before 2013?)
Bareword found where operator expected at /tmp/loop_over_bdir-14840-6pZFBW/Reflex-0.099-WTC5gr/blib/lib/Reflex/Event.pm line 187, near "2013 by"
(Missing operator before by?)
Bareword found where operator expected at /tmp/loop_over_bdir-14840-6pZFBW/Reflex-0.099-WTC5gr/blib/lib/Reflex/Event.pm line 211, near "WILL ANY COPYRIGHT HOLDER, OR ANY OTHER PARTY WHO MAY MODIFY AND/OR"
(Might be a runaway multi-line // string starting on line 202)
(Do you need to predeclare WILL?)
Global symbol "@emitters" requires explicit package name at /tmp/loop_over_bdir-14840-6pZFBW/Reflex-0.099-WTC5gr/blib/lib/Reflex/Event.pm line 133.
Global symbol "$i" requires explicit package name at /tmp/loop_over_bdir-14840-6pZFBW/Reflex-0.099-WTC5gr/blib/lib/Reflex/Event.pm line 133.
Global symbol "@emitters" requires explicit package name at /tmp/loop_over_bdir-14840-6pZFBW/Reflex-0.099-WTC5gr/blib/lib/Reflex/Event.pm line 133.
Global symbol "$i" requires explicit package name at /tmp/loop_over_bdir-14840-6pZFBW/Reflex-0.099-WTC5gr/blib/lib/Reflex/Event.pm line 133.
Global symbol "@emitters" requires explicit package name at /tmp/loop_over_bdir-14840-6pZFBW/Reflex-0.099-WTC5gr/blib/lib/Reflex/Event.pm line 133.
Global symbol "$i" requires explicit package name at /tmp/loop_over_bdir-14840-6pZFBW/Reflex-0.099-WTC5gr/blib/lib/Reflex/Event.pm line 133.
syntax error at /tmp/loop_over_bdir-14840-6pZFBW/Reflex-0.099-WTC5gr/blib/lib/Reflex/Event.pm line 166, near "Please see those modules/websites "
Global symbol "@cpan" requires explicit package name at /tmp/loop_over_bdir-14840-6pZFBW/Reflex-0.099-WTC5gr/blib/lib/Reflex/Event.pm line 183.
syntax error at /tmp/loop_over_bdir-14840-6pZFBW/Reflex-0.099-WTC5gr/blib/lib/Reflex/Event.pm line 195, near "/>"
(Might be a runaway multi-line // string starting on line 189)
Missing right curly or square bracket at /tmp/loop_over_bdir-14840-6pZFBW/Reflex-0.099-WTC5gr/blib/lib/Reflex/Event.pm line 222, at end of line
/tmp/loop_over_bdir-14840-6pZFBW/Reflex-0.099-WTC5gr/blib/lib/Reflex/Event.pm has too many errors.
Compilation failed in require at t/lib/ThingWithCallbacks.pm line 10.
BEGIN failed--compilation aborted at t/lib/ThingWithCallbacks.pm line 10.
Compilation failed in require at t/123-rcb-class.t line 31.
BEGIN failed--compilation aborted at t/123-rcb-class.t line 31.
# Looks like your test exited with 255 before it could output anything.
t/123-rcb-class.t .........
Dubious, test returned 255 (wstat 65280, 0xff00)
Failed 6/6 subtests
Possible unintended interpolation of @emitters in string at /tmp/loop_over_bdir-14840-6pZFBW/Reflex-0.099-WTC5gr/blib/lib/Reflex/Event.pm line 133.
Bareword found where operator expected at /tmp/loop_over_bdir-14840-6pZFBW/Reflex-0.099-WTC5gr/blib/lib/Reflex/Event.pm line 166, near "Please see those modules/websites"
(Might be a runaway multi-line // string starting on line 133)
(Do you need to predeclare Please?)
Number found where operator expected at /tmp/loop_over_bdir-14840-6pZFBW/Reflex-0.099-WTC5gr/blib/lib/Reflex/Event.pm line 168, near "over 4"
(Do you need to predeclare over?)
Possible unintended interpolation of @cpan in string at /tmp/loop_over_bdir-14840-6pZFBW/Reflex-0.099-WTC5gr/blib/lib/Reflex/Event.pm line 183.
Number found where operator expected at /tmp/loop_over_bdir-14840-6pZFBW/Reflex-0.099-WTC5gr/blib/lib/Reflex/Event.pm line 187, near ") 2013"
(Missing operator before 2013?)
Bareword found where operator expected at /tmp/loop_over_bdir-14840-6pZFBW/Reflex-0.099-WTC5gr/blib/lib/Reflex/Event.pm line 187, near "2013 by"
(Missing operator before by?)
Bareword found where operator expected at /tmp/loop_over_bdir-14840-6pZFBW/Reflex-0.099-WTC5gr/blib/lib/Reflex/Event.pm line 211, near "WILL ANY COPYRIGHT HOLDER, OR ANY OTHER PARTY WHO MAY MODIFY AND/OR"
(Might be a runaway multi-line // string starting on line 202)
(Do you need to predeclare WILL?)
Global symbol "@emitters" requires explicit package name at /tmp/loop_over_bdir-14840-6pZFBW/Reflex-0.099-WTC5gr/blib/lib/Reflex/Event.pm line 133.
Global symbol "$i" requires explicit package name at /tmp/loop_over_bdir-14840-6pZFBW/Reflex-0.099-WTC5gr/blib/lib/Reflex/Event.pm line 133.
Global symbol "@emitters" requires explicit package name at /tmp/loop_over_bdir-14840-6pZFBW/Reflex-0.099-WTC5gr/blib/lib/Reflex/Event.pm line 133.
Global symbol "$i" requires explicit package name at /tmp/loop_over_bdir-14840-6pZFBW/Reflex-0.099-WTC5gr/blib/lib/Reflex/Event.pm line 133.
Global symbol "@emitters" requires explicit package name at /tmp/loop_over_bdir-14840-6pZFBW/Reflex-0.099-WTC5gr/blib/lib/Reflex/Event.pm line 133.
Global symbol "$i" requires explicit package name at /tmp/loop_over_bdir-14840-6pZFBW/Reflex-0.099-WTC5gr/blib/lib/Reflex/Event.pm line 133.
syntax error at /tmp/loop_over_bdir-14840-6pZFBW/Reflex-0.099-WTC5gr/blib/lib/Reflex/Event.pm line 166, near "Please see those modules/websites "
Global symbol "@cpan" requires explicit package name at /tmp/loop_over_bdir-14840-6pZFBW/Reflex-0.099-WTC5gr/blib/lib/Reflex/Event.pm line 183.
syntax error at /tmp/loop_over_bdir-14840-6pZFBW/Reflex-0.099-WTC5gr/blib/lib/Reflex/Event.pm line 195, near "/>"
(Might be a runaway multi-line // string starting on line 189)
Missing right curly or square bracket at /tmp/loop_over_bdir-14840-6pZFBW/Reflex-0.099-WTC5gr/blib/lib/Reflex/Event.pm line 222, at end of line
/tmp/loop_over_bdir-14840-6pZFBW/Reflex-0.099-WTC5gr/blib/lib/Reflex/Event.pm has too many errors.
Compilation failed in require at t/lib/ThingWithCallbacks.pm line 10.
BEGIN failed--compilation aborted at t/lib/ThingWithCallbacks.pm line 10.
Compilation failed in require at t/124-rcb-role.t line 32.
BEGIN failed--compilation aborted at t/124-rcb-role.t line 32.
# Looks like your test exited with 255 before it could output anything.
t/124-rcb-role.t ..........
Dubious, test returned 255 (wstat 65280, 0xff00)
Failed 4/4 subtests
Possible unintended interpolation of @emitters in string at /tmp/loop_over_bdir-14840-6pZFBW/Reflex-0.099-WTC5gr/blib/lib/Reflex/Event.pm line 133.
Bareword found where operator expected at /tmp/loop_over_bdir-14840-6pZFBW/Reflex-0.099-WTC5gr/blib/lib/Reflex/Event.pm line 166, near "Please see those modules/websites"
(Might be a runaway multi-line // string starting on line 133)
(Do you need to predeclare Please?)
Number found where operator expected at /tmp/loop_over_bdir-14840-6pZFBW/Reflex-0.099-WTC5gr/blib/lib/Reflex/Event.pm line 168, near "over 4"
(Do you need to predeclare over?)
Possible unintended interpolation of @cpan in string at /tmp/loop_over_bdir-14840-6pZFBW/Reflex-0.099-WTC5gr/blib/lib/Reflex/Event.pm line 183.
Number found where operator expected at /tmp/loop_over_bdir-14840-6pZFBW/Reflex-0.099-WTC5gr/blib/lib/Reflex/Event.pm line 187, near ") 2013"
(Missing operator before 2013?)
Bareword found where operator expected at /tmp/loop_over_bdir-14840-6pZFBW/Reflex-0.099-WTC5gr/blib/lib/Reflex/Event.pm line 187, near "2013 by"
(Missing operator before by?)
Bareword found where operator expected at /tmp/loop_over_bdir-14840-6pZFBW/Reflex-0.099-WTC5gr/blib/lib/Reflex/Event.pm line 211, near "WILL ANY COPYRIGHT HOLDER, OR ANY OTHER PARTY WHO MAY MODIFY AND/OR"
(Might be a runaway multi-line // string starting on line 202)
(Do you need to predeclare WILL?)
Global symbol "@emitters" requires explicit package name at /tmp/loop_over_bdir-14840-6pZFBW/Reflex-0.099-WTC5gr/blib/lib/Reflex/Event.pm line 133.
Global symbol "$i" requires explicit package name at /tmp/loop_over_bdir-14840-6pZFBW/Reflex-0.099-WTC5gr/blib/lib/Reflex/Event.pm line 133.
Global symbol "@emitters" requires explicit package name at /tmp/loop_over_bdir-14840-6pZFBW/Reflex-0.099-WTC5gr/blib/lib/Reflex/Event.pm line 133.
Global symbol "$i" requires explicit package name at /tmp/loop_over_bdir-14840-6pZFBW/Reflex-0.099-WTC5gr/blib/lib/Reflex/Event.pm line 133.
Global symbol "@emitters" requires explicit package name at /tmp/loop_over_bdir-14840-6pZFBW/Reflex-0.099-WTC5gr/blib/lib/Reflex/Event.pm line 133.
Global symbol "$i" requires explicit package name at /tmp/loop_over_bdir-14840-6pZFBW/Reflex-0.099-WTC5gr/blib/lib/Reflex/Event.pm line 133.
syntax error at /tmp/loop_over_bdir-14840-6pZFBW/Reflex-0.099-WTC5gr/blib/lib/Reflex/Event.pm line 166, near "Please see those modules/websites "
Global symbol "@cpan" requires explicit package name at /tmp/loop_over_bdir-14840-6pZFBW/Reflex-0.099-WTC5gr/blib/lib/Reflex/Event.pm line 183.
syntax error at /tmp/loop_over_bdir-14840-6pZFBW/Reflex-0.099-WTC5gr/blib/lib/Reflex/Event.pm line 195, near "/>"
(Might be a runaway multi-line // string starting on line 189)
Missing right curly or square bracket at /tmp/loop_over_bdir-14840-6pZFBW/Reflex-0.099-WTC5gr/blib/lib/Reflex/Event.pm line 222, at end of line
/tmp/loop_over_bdir-14840-6pZFBW/Reflex-0.099-WTC5gr/blib/lib/Reflex/Event.pm has too many errors.
Compilation failed in require at /home/sand/src/perl/repoperls/installed-perls/perl/perl-5.8.9/5da8/lib/site_perl/5.8.9/x86_64-linux/Moose/Exporter.pm line 409.
Compilation failed in require at /tmp/loop_over_bdir-14840-6pZFBW/Reflex-0.099-WTC5gr/blib/lib/Reflex/POE/Session.pm line 12.
BEGIN failed--compilation aborted at /tmp/loop_over_bdir-14840-6pZFBW/Reflex-0.099-WTC5gr/blib/lib/Reflex/POE/Session.pm line 12.
Compilation failed in require at /tmp/loop_over_bdir-14840-6pZFBW/Reflex-0.099-WTC5gr/blib/lib/Reflex/Role/Reactive.pm line 34.
BEGIN failed--compilation aborted at /tmp/loop_over_bdir-14840-6pZFBW/Reflex-0.099-WTC5gr/blib/lib/Reflex/Role/Reactive.pm line 34.
Compilation failed in require at /home/sand/src/perl/repoperls/installed-perls/perl/perl-5.8.9/5da8/lib/site_perl/5.8.9/x86_64-linux/Moose/Exporter.pm line 409.
Compilation failed in require at /home/sand/src/perl/repoperls/installed-perls/perl/perl-5.8.9/5da8/lib/site_perl/5.8.9/x86_64-linux/Moose/Exporter.pm line 409.
Compilation failed in require at t/125-rcb-promise.t line 28.
BEGIN failed--compilation aborted at t/125-rcb-promise.t line 28.
# Looks like your test exited with 255 before it could output anything.
t/125-rcb-promise.t .......
Dubious, test returned 255 (wstat 65280, 0xff00)
Failed 3/3 subtests
Possible unintended interpolation of @emitters in string at /tmp/loop_over_bdir-14840-6pZFBW/Reflex-0.099-WTC5gr/blib/lib/Reflex/Event.pm line 133.
Bareword found where operator expected at /tmp/loop_over_bdir-14840-6pZFBW/Reflex-0.099-WTC5gr/blib/lib/Reflex/Event.pm line 166, near "Please see those modules/websites"
(Might be a runaway multi-line // string starting on line 133)
(Do you need to predeclare Please?)
Number found where operator expected at /tmp/loop_over_bdir-14840-6pZFBW/Reflex-0.099-WTC5gr/blib/lib/Reflex/Event.pm line 168, near "over 4"
(Do you need to predeclare over?)
Possible unintended interpolation of @cpan in string at /tmp/loop_over_bdir-14840-6pZFBW/Reflex-0.099-WTC5gr/blib/lib/Reflex/Event.pm line 183.
Number found where operator expected at /tmp/loop_over_bdir-14840-6pZFBW/Reflex-0.099-WTC5gr/blib/lib/Reflex/Event.pm line 187, near ") 2013"
(Missing operator before 2013?)
Bareword found where operator expected at /tmp/loop_over_bdir-14840-6pZFBW/Reflex-0.099-WTC5gr/blib/lib/Reflex/Event.pm line 187, near "2013 by"
(Missing operator before by?)
Bareword found where operator expected at /tmp/loop_over_bdir-14840-6pZFBW/Reflex-0.099-WTC5gr/blib/lib/Reflex/Event.pm line 211, near "WILL ANY COPYRIGHT HOLDER, OR ANY OTHER PARTY WHO MAY MODIFY AND/OR"
(Might be a runaway multi-line // string starting on line 202)
(Do you need to predeclare WILL?)
Global symbol "@emitters" requires explicit package name at /tmp/loop_over_bdir-14840-6pZFBW/Reflex-0.099-WTC5gr/blib/lib/Reflex/Event.pm line 133.
Global symbol "$i" requires explicit package name at /tmp/loop_over_bdir-14840-6pZFBW/Reflex-0.099-WTC5gr/blib/lib/Reflex/Event.pm line 133.
Global symbol "@emitters" requires explicit package name at /tmp/loop_over_bdir-14840-6pZFBW/Reflex-0.099-WTC5gr/blib/lib/Reflex/Event.pm line 133.
Global symbol "$i" requires explicit package name at /tmp/loop_over_bdir-14840-6pZFBW/Reflex-0.099-WTC5gr/blib/lib/Reflex/Event.pm line 133.
Global symbol "@emitters" requires explicit package name at /tmp/loop_over_bdir-14840-6pZFBW/Reflex-0.099-WTC5gr/blib/lib/Reflex/Event.pm line 133.
Global symbol "$i" requires explicit package name at /tmp/loop_over_bdir-14840-6pZFBW/Reflex-0.099-WTC5gr/blib/lib/Reflex/Event.pm line 133.
syntax error at /tmp/loop_over_bdir-14840-6pZFBW/Reflex-0.099-WTC5gr/blib/lib/Reflex/Event.pm line 166, near "Please see those modules/websites "
Global symbol "@cpan" requires explicit package name at /tmp/loop_over_bdir-14840-6pZFBW/Reflex-0.099-WTC5gr/blib/lib/Reflex/Event.pm line 183.
syntax error at /tmp/loop_over_bdir-14840-6pZFBW/Reflex-0.099-WTC5gr/blib/lib/Reflex/Event.pm line 195, near "/>"
(Might be a runaway multi-line // string starting on line 189)
Missing right curly or square bracket at /tmp/loop_over_bdir-14840-6pZFBW/Reflex-0.099-WTC5gr/blib/lib/Reflex/Event.pm line 222, at end of line
/tmp/loop_over_bdir-14840-6pZFBW/Reflex-0.099-WTC5gr/blib/lib/Reflex/Event.pm has too many errors.
Compilation failed in require at /home/sand/src/perl/repoperls/installed-perls/perl/perl-5.8.9/5da8/lib/site_perl/5.8.9/x86_64-linux/Moose/Exporter.pm line 409.
Compilation failed in require at /tmp/loop_over_bdir-14840-6pZFBW/Reflex-0.099-WTC5gr/blib/lib/Reflex/POE/Session.pm line 12.
BEGIN failed--compilation aborted at /tmp/loop_over_bdir-14840-6pZFBW/Reflex-0.099-WTC5gr/blib/lib/Reflex/POE/Session.pm line 12.
Compilation failed in require at /tmp/loop_over_bdir-14840-6pZFBW/Reflex-0.099-WTC5gr/blib/lib/Reflex/Role/Reactive.pm line 34.
BEGIN failed--compilation aborted at /tmp/loop_over_bdir-14840-6pZFBW/Reflex-0.099-WTC5gr/blib/lib/Reflex/Role/Reactive.pm line 34.
Compilation failed in require at /home/sand/src/perl/repoperls/installed-perls/perl/perl-5.8.9/5da8/lib/site_perl/5.8.9/x86_64-linux/Moose/Exporter.pm line 409.
Compilation failed in require at /home/sand/src/perl/repoperls/installed-perls/perl/perl-5.8.9/5da8/lib/site_perl/5.8.9/x86_64-linux/Moose/Exporter.pm line 409.
t/126-nested-emitters.t ...
Dubious, test returned 255 (wstat 65280, 0xff00)
No subtests run
Possible unintended interpolation of @emitters in string at /tmp/loop_over_bdir-14840-6pZFBW/Reflex-0.099-WTC5gr/blib/lib/Reflex/Event.pm line 133.
Bareword found where operator expected at /tmp/loop_over_bdir-14840-6pZFBW/Reflex-0.099-WTC5gr/blib/lib/Reflex/Event.pm line 166, near "Please see those modules/websites"
(Might be a runaway multi-line // string starting on line 133)
(Do you need to predeclare Please?)
Number found where operator expected at /tmp/loop_over_bdir-14840-6pZFBW/Reflex-0.099-WTC5gr/blib/lib/Reflex/Event.pm line 168, near "over 4"
(Do you need to predeclare over?)
Possible unintended interpolation of @cpan in string at /tmp/loop_over_bdir-14840-6pZFBW/Reflex-0.099-WTC5gr/blib/lib/Reflex/Event.pm line 183.
Number found where operator expected at /tmp/loop_over_bdir-14840-6pZFBW/Reflex-0.099-WTC5gr/blib/lib/Reflex/Event.pm line 187, near ") 2013"
(Missing operator before 2013?)
Bareword found where operator expected at /tmp/loop_over_bdir-14840-6pZFBW/Reflex-0.099-WTC5gr/blib/lib/Reflex/Event.pm line 187, near "2013 by"
(Missing operator before by?)
Bareword found where operator expected at /tmp/loop_over_bdir-14840-6pZFBW/Reflex-0.099-WTC5gr/blib/lib/Reflex/Event.pm line 211, near "WILL ANY COPYRIGHT HOLDER, OR ANY OTHER PARTY WHO MAY MODIFY AND/OR"
(Might be a runaway multi-line // string starting on line 202)
(Do you need to predeclare WILL?)
Global symbol "@emitters" requires explicit package name at /tmp/loop_over_bdir-14840-6pZFBW/Reflex-0.099-WTC5gr/blib/lib/Reflex/Event.pm line 133.
Global symbol "$i" requires explicit package name at /tmp/loop_over_bdir-14840-6pZFBW/Reflex-0.099-WTC5gr/blib/lib/Reflex/Event.pm line 133.
Global symbol "@emitters" requires explicit package name at /tmp/loop_over_bdir-14840-6pZFBW/Reflex-0.099-WTC5gr/blib/lib/Reflex/Event.pm line 133.
Global symbol "$i" requires explicit package name at /tmp/loop_over_bdir-14840-6pZFBW/Reflex-0.099-WTC5gr/blib/lib/Reflex/Event.pm line 133.
Global symbol "@emitters" requires explicit package name at /tmp/loop_over_bdir-14840-6pZFBW/Reflex-0.099-WTC5gr/blib/lib/Reflex/Event.pm line 133.
Global symbol "$i" requires explicit package name at /tmp/loop_over_bdir-14840-6pZFBW/Reflex-0.099-WTC5gr/blib/lib/Reflex/Event.pm line 133.
syntax error at /tmp/loop_over_bdir-14840-6pZFBW/Reflex-0.099-WTC5gr/blib/lib/Reflex/Event.pm line 166, near "Please see those modules/websites "
Global symbol "@cpan" requires explicit package name at /tmp/loop_over_bdir-14840-6pZFBW/Reflex-0.099-WTC5gr/blib/lib/Reflex/Event.pm line 183.
syntax error at /tmp/loop_over_bdir-14840-6pZFBW/Reflex-0.099-WTC5gr/blib/lib/Reflex/Event.pm line 195, near "/>"
(Might be a runaway multi-line // string starting on line 189)
Missing right curly or square bracket at /tmp/loop_over_bdir-14840-6pZFBW/Reflex-0.099-WTC5gr/blib/lib/Reflex/Event.pm line 222, at end of line
/tmp/loop_over_bdir-14840-6pZFBW/Reflex-0.099-WTC5gr/blib/lib/Reflex/Event.pm has too many errors.
Compilation failed in require at /home/sand/src/perl/repoperls/installed-perls/perl/perl-5.8.9/5da8/lib/site_perl/5.8.9/x86_64-linux/Moose/Exporter.pm line 409.
Compilation failed in require at /tmp/loop_over_bdir-14840-6pZFBW/Reflex-0.099-WTC5gr/blib/lib/Reflex/POE/Session.pm line 12.
BEGIN failed--compilation aborted at /tmp/loop_over_bdir-14840-6pZFBW/Reflex-0.099-WTC5gr/blib/lib/Reflex/POE/Session.pm line 12.
Compilation failed in require at /tmp/loop_over_bdir-14840-6pZFBW/Reflex-0.099-WTC5gr/blib/lib/Reflex/Role/Reactive.pm line 34.
BEGIN failed--compilation aborted at /tmp/loop_over_bdir-14840-6pZFBW/Reflex-0.099-WTC5gr/blib/lib/Reflex/Role/Reactive.pm line 34.
Compilation failed in require at /home/sand/src/perl/repoperls/installed-perls/perl/perl-5.8.9/5da8/lib/site_perl/5.8.9/x86_64-linux/Moose/Exporter.pm line 409.
Compilation failed in require at /home/sand/src/perl/repoperls/installed-perls/perl/perl-5.8.9/5da8/lib/site_perl/5.8.9/x86_64-linux/Moose/Exporter.pm line 409.
Compilation failed in require at /tmp/loop_over_bdir-14840-6pZFBW/Reflex-0.099-WTC5gr/blib/lib/Reflex/POE/Wheel/Run.pm line 10.
BEGIN failed--compilation aborted at /tmp/loop_over_bdir-14840-6pZFBW/Reflex-0.099-WTC5gr/blib/lib/Reflex/POE/Wheel/Run.pm line 10.
Compilation failed in require at t/300-run-all-twice.t line 6.
BEGIN failed--compilation aborted at t/300-run-all-twice.t line 6.
t/300-run-all-twice.t .....
Dubious, test returned 255 (wstat 65280, 0xff00)
No subtests run
t/release-pod-coverage.t .. skipped: these tests are for release candidate testing
t/release-pod-syntax.t .... skipped: these tests are for release candidate testing
Test Summary Report
-------------------
t/101-discrete-watcher.t (Wstat: 65280 Tests: 0 Failed: 0)
Non-zero exit status: 255
Parse errors: No plan found in TAP output
t/102-watched-new.t (Wstat: 65280 Tests: 0 Failed: 0)
Non-zero exit status: 255
Parse errors: No plan found in TAP output
t/103-watcher-roles.t (Wstat: 65280 Tests: 0 Failed: 0)
Non-zero exit status: 255
Parse errors: Bad plan. You planned 10 tests but ran 0.
t/104-emitter-trait.t (Wstat: 65280 Tests: 0 Failed: 0)
Non-zero exit status: 255
Parse errors: Bad plan. You planned 4 tests but ran 0.
t/105-setup.t (Wstat: 65280 Tests: 0 Failed: 0)
Non-zero exit status: 255
Parse errors: Bad plan. You planned 5 tests but ran 0.
t/120-rcb-coderef.t (Wstat: 65280 Tests: 0 Failed: 0)
Non-zero exit status: 255
Parse errors: Bad plan. You planned 7 tests but ran 0.
t/121-rcb-method.t (Wstat: 65280 Tests: 0 Failed: 0)
Non-zero exit status: 255
Parse errors: Bad plan. You planned 2 tests but ran 0.
t/122-rcb-object.t (Wstat: 65280 Tests: 0 Failed: 0)
Non-zero exit status: 255
Parse errors: Bad plan. You planned 6 tests but ran 0.
t/123-rcb-class.t (Wstat: 65280 Tests: 0 Failed: 0)
Non-zero exit status: 255
Parse errors: Bad plan. You planned 6 tests but ran 0.
t/124-rcb-role.t (Wstat: 65280 Tests: 0 Failed: 0)
Non-zero exit status: 255
Parse errors: Bad plan. You planned 4 tests but ran 0.
t/125-rcb-promise.t (Wstat: 65280 Tests: 0 Failed: 0)
Non-zero exit status: 255
Parse errors: Bad plan. You planned 3 tests but ran 0.
t/126-nested-emitters.t (Wstat: 65280 Tests: 0 Failed: 0)
Non-zero exit status: 255
Parse errors: No plan found in TAP output
t/300-run-all-twice.t (Wstat: 65280 Tests: 0 Failed: 0)
Non-zero exit status: 255
Parse errors: No plan found in TAP output
Files=17, Tests=9, 17 wallclock secs ( 0.04 usr 0.03 sys + 5.69 cusr 0.53 csys = 6.29 CPU)
Result: FAIL
Failed 13/17 test programs. 0/9 subtests failed.
make: *** [test_dynamic] Error 255
------------------------------
PREREQUISITES
------------------------------
Prerequisite modules loaded:
requires:
Module Need Have
--------------------------- ------ --------
Moose 2.0203 2.1005
MooseX::Role::Parameterized 0.23 1.02
POE 1.294 1.358
Scalar::Util 1.23 1.35
Test::More 0.96 1.001002
configure_requires:
Module Need Have
--------------------------- ------ --------
ExtUtils::MakeMaker 6.30 6.85_06
------------------------------
ENVIRONMENT AND OTHER CONTEXT
------------------------------
Environment variables:
AUTOMATED_TESTING = 1
LANG = en_US.UTF-8
LANGUAGE = en_US:en
PATH = /usr/lib/ccache:/home/sand/bin:/usr/local/bin:/usr/bin:/bin:/usr/bin/X11:/usr/games:/usr/local/perl/bin:/usr/X11/bin:/sbin:/usr/sbin
PERL5LIB =
PERL5OPT =
PERL5_CPANPLUS_IS_RUNNING = 14841
PERL5_CPAN_IS_RUNNING = 14841
PERL_MM_USE_DEFAULT = 1
SHELL = /usr/bin/zsh
TERM = screen
Perl special variables (and OS-specific diagnostics, for MSWin32):
$^X = /home/sand/src/perl/repoperls/installed-perls/perl/perl-5.8.9/5da8/bin/perl
$UID/$EUID = 1005 / 1005
$GID = 1005 1005
$EGID = 1005 1005
Perl module toolchain versions installed:
Module Have
------------------- --------
CPAN 2.00
CPAN::Meta 2.133380
Cwd 3.40
ExtUtils::CBuilder 0.280212
ExtUtils::Command 1.16
ExtUtils::Install 1.54
ExtUtils::MakeMaker 6.85_06
ExtUtils::Manifest 1.60
ExtUtils::ParseXS 3.22
File::Spec 3.40
JSON 2.90
JSON::PP 2.27203
Module::Build 0.4203
Module::Signature 0.73
Parse::CPAN::Meta 1.4409
Test::Harness 3.30
Test::More 1.001002
YAML 0.88
YAML::Syck 1.27
version 0.88
--
Summary of my perl5 (revision 5 version 8 subversion 9) configuration:
Platform:
osname=linux, osvers=3.11-2-amd64, archname=x86_64-linux
uname='linux k83 3.11-2-amd64 #1 smp debian 3.11.10-1 (2013-12-04) x86_64 gnulinux '
config_args='-Dprefix=/home/sand/src/perl/repoperls/installed-perls/perl/perl-5.8.9/5da8 -Dmyhostname=k83 -Dinstallusrbinperl=n -Uversiononly -Dusedevel -des -Ui_db -Uuseithreads -Uuselongdouble -DDEBUGGING=-g -Dusedl -Ddlsrc=dl_dlopen.xs -Dlibs=-lnsl -ldb -ldl -lm -lcrypt -lutil -lc -Dlibpth=/usr/lib/x86_64-linux-gnu /usr/local/lib /lib /usr/lib'
hint=recommended, useposix=true, d_sigaction=define
usethreads=undef use5005threads=undef useithreads=undef usemultiplicity=undef
useperlio=define d_sfio=undef uselargefiles=define usesocks=undef
use64bitint=define use64bitall=define uselongdouble=undef
usemymalloc=n, bincompat5005=undef
Compiler:
cc='cc', ccflags ='-fno-strict-aliasing -pipe -I/usr/local/include -D_LARGEFILE_SOURCE -D_FILE_OFFSET_BITS=64',
optimize='-O2 -g',
cppflags='-fno-strict-aliasing -pipe -I/usr/local/include'
ccversion='', gccversion='4.8.2', gccosandvers=''
intsize=4, longsize=8, ptrsize=8, doublesize=8, byteorder=12345678
d_longlong=define, longlongsize=8, d_longdbl=define, longdblsize=16
ivtype='long', ivsize=8, nvtype='double', nvsize=8, Off_t='off_t', lseeksize=8
alignbytes=8, prototype=define
Linker and Libraries:
ld='cc', ldflags =' -L/usr/local/lib'
libpth=/usr/lib/x86_64-linux-gnu /usr/local/lib /lib /usr/lib
libs=-lnsl -ldb -ldl -lm -lcrypt -lutil -lc
perllibs=-lnsl -ldl -lm -lcrypt -lutil -lc
libc=, so=so, useshrplib=false, libperl=libperl.a
gnulibc_version='2.17'
Dynamic Linking:
dlsrc=dl_dlopen.xs, dlext=so, d_dlsymun=undef, ccdlflags='-Wl,-E'
cccdlflags='-fPIC', lddlflags='-shared -O2 -g -L/usr/local/lib'
Characteristics of this binary (from libperl):
Compile-time options: PERL_MALLOC_WRAP USE_64_BIT_ALL USE_64_BIT_INT
USE_FAST_STDIO USE_LARGE_FILES USE_PERLIO
Built under linux
Compiled at Dec 12 2013 08:54:22
%ENV:
PERL5LIB=""
PERL5OPT=""
PERL5_CPANPLUS_IS_RUNNING="14841"
PERL5_CPAN_IS_RUNNING="14841"
PERL_MM_USE_DEFAULT="1"
@INC:
/home/sand/src/perl/repoperls/installed-perls/perl/perl-5.8.9/5da8/lib/5.8.9/x86_64-linux
/home/sand/src/perl/repoperls/installed-perls/perl/perl-5.8.9/5da8/lib/5.8.9
/home/sand/src/perl/repoperls/installed-perls/perl/perl-5.8.9/5da8/lib/site_perl/5.8.9/x86_64-linux
/home/sand/src/perl/repoperls/installed-perls/perl/perl-5.8.9/5da8/lib/site_perl/5.8.9
.