Report for Template-Plugin-SafeInclude-0.02

Back
From: metabase:user:313dc9fe-2aae-11df-837a-5e0a49663a4f
Subject: FAIL Template-Plugin-SafeInclude-0.02 v5.13.10 GNU/Linux
Date: 2011-04-20T05:12:43Z

This distribution has been tested as part of the CPAN Testers
project, supporting the Perl programming language.  See
http://wiki.cpantesters.org/ for more information or email
questions to cpan-testers-discuss@perl.org


--
Dear yuya matsumoto,

This is a computer-generated report for Template-Plugin-SafeInclude-0.02
on perl 5.13.10, created by CPAN-Reporter-1.1902.

Thank you for uploading your work to CPAN.  However, there was a problem
testing your distribution.

If you think this report is invalid, please consult the CPAN Testers Wiki
for suggestions on how to avoid getting FAIL reports for missing library
or binary dependencies, unsupported operating systems, and so on:

http://wiki.cpantesters.org/wiki/CPANAuthorNotes

Sections of this report:

    * Tester comments
    * Program output
    * Prerequisites
    * Environment and other context

------------------------------
TESTER COMMENTS
------------------------------

Additional comments from tester:

this report is from an automated smoke testing program
and was not reviewed by a human for accuracy

------------------------------
PROGRAM OUTPUT
------------------------------

Output from './Build test':


#   Failed test 'use Template::Plugin::SafeInclude;'
#   at t/00.load.t line 4.
#     Tried to use 'Template::Plugin::SafeInclude'.
#     Error:  Can't locate Template/Plugin.pm in @INC (@INC contains: /home/perl51310/.cpan/build/Template-Plugin-SafeInclude-0.02-uo2krn/blib/lib /home/perl51310/.cpan/build/Template-Plugin-SafeInclude-0.02-uo2krn/blib/arch /home/perl51310/perl51310/lib/site_perl/5.13.10/i686-linux-thread-multi-64int-ld /home/perl51310/perl51310/lib/site_perl/5.13.10 /home/perl51310/perl51310/lib/5.13.10/i686-linux-thread-multi-64int-ld /home/perl51310/perl51310/lib/5.13.10 .) at /home/perl51310/perl51310/lib/5.13.10/parent.pm line 20.
# BEGIN failed--compilation aborted at /home/perl51310/.cpan/build/Template-Plugin-SafeInclude-0.02-uo2krn/blib/lib/Template/Plugin/SafeInclude.pm line 6.
# Compilation failed in require at (eval 4) line 2.
# BEGIN failed--compilation aborted at (eval 4) line 2.
Use of uninitialized value $Template::Plugin::SafeInclude::VERSION in concatenation (.) or string at t/00.load.t line 7.
# Testing Template::Plugin::SafeInclude 
# Looks like you failed 1 test of 1.
t/00.load.t .......... 
Dubious, test returned 1 (wstat 256, 0x100)
Failed 1/1 subtests 
Can't locate Template.pm in @INC (@INC contains: /home/perl51310/.cpan/build/Template-Plugin-SafeInclude-0.02-uo2krn/blib/lib /home/perl51310/.cpan/build/Template-Plugin-SafeInclude-0.02-uo2krn/blib/arch /home/perl51310/perl51310/lib/site_perl/5.13.10/i686-linux-thread-multi-64int-ld /home/perl51310/perl51310/lib/site_perl/5.13.10 /home/perl51310/perl51310/lib/5.13.10/i686-linux-thread-multi-64int-ld /home/perl51310/perl51310/lib/5.13.10 .) at t/01.safe-include.t line 5.
BEGIN failed--compilation aborted at t/01.safe-include.t line 5.
# Looks like your test exited with 2 before it could output anything.
t/01.safe-include.t .. 
Dubious, test returned 2 (wstat 512, 0x200)
Failed 4/4 subtests 
t/99.perlcritic.t .... skipped: Test::Perl::Critic is not installed.
t/pod-coverage.t ..... ok
t/pod.t .............. ok

Test Summary Report
-------------------
t/00.load.t        (Wstat: 256 Tests: 1 Failed: 1)
  Failed test:  1
  Non-zero exit status: 1
t/01.safe-include.t (Wstat: 512 Tests: 0 Failed: 0)
  Non-zero exit status: 2
  Parse errors: Bad plan.  You planned 4 tests but ran 0.
Files=5, Tests=3,  1 wallclock secs ( 0.03 usr  0.02 sys +  0.29 cusr  0.03 csys =  0.37 CPU)
Result: FAIL
Failed 2/5 test programs. 1/3 subtests failed.

------------------------------
PREREQUISITES
------------------------------

Prerequisite modules loaded:

requires:

    Module     Need Have   
    ---------- ---- -------
    Test::More 0    0.97_01
    version    0    0.88   


------------------------------
ENVIRONMENT AND OTHER CONTEXT
------------------------------

Environment variables:

    AUTOMATED_TESTING = 1
    LANG = en_US.UTF-8
    LANGUAGE = en_US:en
    PATH = /usr/local/sbin:/usr/local/bin:/usr/sbin:/usr/bin:/sbin:/bin:/usr/games
    PERL5LIB = 
    PERL5OPT = 
    PERL5_CPANPLUS_IS_RUNNING = 23818
    PERL5_CPAN_IS_RUNNING = 23818
    PERL5_CPAN_IS_RUNNING_IN_RECURSION = 2405,23818
    PERL_CR_SMOKER_CURRENT = Template-Plugin-SafeInclude-0.02
    PERL_EXTUTILS_AUTOINSTALL = --defaultdeps
    PERL_MM_USE_DEFAULT = 1
    SHELL = /bin/bash
    TERM = xterm

Perl special variables (and OS-specific diagnostics, for MSWin32):

    $^X = /home/perl51310/perl51310/perl
    $UID/$EUID = 1006 / 1006
    $GID = 1006 1006
    $EGID = 1006 1006

Perl module toolchain versions installed:

    Module              Have    
    ------------------- --------
    CPAN                1.94_65 
    Cwd                 3.37    
    ExtUtils::CBuilder  0.280202
    ExtUtils::Command   1.16    
    ExtUtils::Install   1.56    
    ExtUtils::MakeMaker 6.57_05 
    ExtUtils::Manifest  1.58    
    ExtUtils::ParseXS   2.2209  
    File::Spec          3.33    
    Module::Build       0.3800  
    Module::Signature   n/a     
    Test::Harness       3.22    
    Test::More          0.97_01 
    YAML                0.72    
    YAML::Syck          1.17    
    version             0.88    


--

Summary of my perl5 (revision 5 version 13 subversion 10) configuration:
   
  Platform:
    osname=linux, osvers=2.6.35-27-generic, archname=i686-linux-thread-multi-64int-ld
    uname='linux st47-laptop 2.6.35-27-generic #47-ubuntu smp fri feb 11 21:01:29 utc 2011 i686 gnulinux '
    config_args=''
    hint=recommended, useposix=true, d_sigaction=define
    useithreads=define, usemultiplicity=define
    useperlio=define, d_sfio=undef, uselargefiles=define, usesocks=undef
    use64bitint=define, use64bitall=undef, uselongdouble=define
    usemymalloc=n, bincompat5005=undef
  Compiler:
    cc='cc', ccflags ='-D_REENTRANT -D_GNU_SOURCE -fno-strict-aliasing -pipe -fstack-protector -I/usr/local/include -D_LARGEFILE_SOURCE -D_FILE_OFFSET_BITS=64',
    optimize='-O2',
    cppflags='-D_REENTRANT -D_GNU_SOURCE -fno-strict-aliasing -pipe -fstack-protector -I/usr/local/include'
    ccversion='', gccversion='4.4.5', gccosandvers=''
    intsize=4, longsize=4, ptrsize=4, doublesize=8, byteorder=12345678
    d_longlong=define, longlongsize=8, d_longdbl=define, longdblsize=12
    ivtype='long long', ivsize=8, nvtype='long double', nvsize=12, Off_t='off_t', lseeksize=8
    alignbytes=4, prototype=define
  Linker and Libraries:
    ld='cc', ldflags =' -fstack-protector -L/usr/local/lib'
    libpth=/usr/local/lib /lib /usr/lib /usr/lib64
    libs=-lnsl -ldl -lm -lcrypt -lutil -lpthread -lc
    perllibs=-lnsl -ldl -lm -lcrypt -lutil -lpthread -lc
    libc=/lib/libc-2.12.1.so, so=so, useshrplib=false, libperl=libperl.a
    gnulibc_version='2.12.1'
  Dynamic Linking:
    dlsrc=dl_dlopen.xs, dlext=so, d_dlsymun=undef, ccdlflags='-Wl,-E'
    cccdlflags='-fPIC', lddlflags='-shared -O2 -L/usr/local/lib -fstack-protector'


Characteristics of this binary (from libperl): 
  Compile-time options: MULTIPLICITY PERL_DONT_CREATE_GVSV
                        PERL_IMPLICIT_CONTEXT PERL_MALLOC_WRAP USE_64_BIT_INT
                        USE_ITHREADS USE_LARGE_FILES USE_LONG_DOUBLE
                        USE_PERLIO USE_PERL_ATOF USE_REENTRANT_API
  Built under linux
  Compiled at Apr  6 2011 11:41:38
  %ENV:
    PERL5LIB=""
    PERL5OPT=""
    PERL5_CPANPLUS_IS_RUNNING="23818"
    PERL5_CPAN_IS_RUNNING="23818"
    PERL5_CPAN_IS_RUNNING_IN_RECURSION="2405,23818"
    PERL_CR_SMOKER_CURRENT="Template-Plugin-SafeInclude-0.02"
    PERL_EXTUTILS_AUTOINSTALL="--defaultdeps"
    PERL_MM_USE_DEFAULT="1"
  @INC:
    /home/perl51310/perl51310/lib/site_perl/5.13.10/i686-linux-thread-multi-64int-ld
    /home/perl51310/perl51310/lib/site_perl/5.13.10
    /home/perl51310/perl51310/lib/5.13.10/i686-linux-thread-multi-64int-ld
    /home/perl51310/perl51310/lib/5.13.10
    .