Unicode-Char v0.03 Perl 5 v5.12.3 MSWin32-x86-multi-thread

Status
Fail
From
NONAME
Dist
Unicode-Char v0.03
Platform
Perl 5 v5.12.3 MSWin32-x86-multi-thread
Date
2022-03-19 08:35:20
ID
d2477df1-74c4-1014-a252-2c0c032c038b
This distribution has been tested as part of the CPAN Testers
project, supporting the Perl programming language.  See
http://wiki.cpantesters.org/ for more information or email
questions to cpan-testers-discuss@perl.org


--
Dear Dan Kogai,

This is a computer-generated report for Unicode-Char-0.03
on perl 5.12.3, created by CPAN-Reporter-1.2018.

Thank you for uploading your work to CPAN.  However, there was a problem
testing your distribution.

If you think this report is invalid, please consult the CPAN Testers Wiki
for suggestions on how to avoid getting FAIL reports for missing library
or binary dependencies, unsupported operating systems, and so on:

http://wiki.cpantesters.org/wiki/CPANAuthorNotes

Sections of this report:

    * Tester comments
    * Program output
    * Prerequisites
    * Environment and other context

------------------------------
TESTER COMMENTS
------------------------------

Additional comments from tester:

none provided

------------------------------
PROGRAM OUTPUT
------------------------------

Output from 'C:\Strawberry\c\bin\dmake.EXE test':

C:\"Strawberry\perl\bin\perl.exe" "-MExtUtils::Command::MM" "-MTest::Harness" "-e" "undef *Test::Harness::Switches; test_harness(0, 'blib\lib', 'blib\arch')" t/*.t
unsupported special ':loose' in charnames at C:/Strawberry/perl/lib/charnames.pm line 221.
t/00-load.t ... ok
unsupported special ':loose' in charnames at C:/Strawberry/perl/lib/charnames.pm line 221.
t/01-valid.t .. ok
unsupported special ':loose' in charnames at C:/Strawberry/perl/lib/charnames.pm line 221.
t/02-u.t ...... ok
unsupported special ':loose' in charnames at C:/Strawberry/perl/lib/charnames.pm line 221.
Unknown charname 'latin_capital_letter_p' at C:/Strawberry/perl/lib/unicore/Name.pl line 1.

#   Failed test at t/03-n.t line 9.
Wide character in print at C:\home\griffin\perl5\lib\perl5/Test2/Formatter/TAP.pm line 125.
#          got: '�'
#     expected: 'P'
Unknown charname 'latin_small_letter_e' at (eval 10) line 1.

#   Failed test at t/03-n.t line 10.
Wide character in print at C:\home\griffin\perl5\lib\perl5/Test2/Formatter/TAP.pm line 125.
#          got: '�'
#     expected: 'e'
Unknown charname 'latin_small_letter_r' at (eval 12) line 1.

#   Failed test at t/03-n.t line 11.
Wide character in print at C:\home\griffin\perl5\lib\perl5/Test2/Formatter/TAP.pm line 125.
#          got: '�'
#     expected: 'r'
Unknown charname 'latin_small_letter_l' at (eval 14) line 1.

#   Failed test at t/03-n.t line 12.
Wide character in print at C:\home\griffin\perl5\lib\perl5/Test2/Formatter/TAP.pm line 125.
#          got: '�'
#     expected: 'l'
Unknown charname 'dromedary_camel' at (eval 16) line 1.

#   Failed test at t/03-n.t line 13.
Wide character in print at C:\home\griffin\perl5\lib\perl5/Test2/Formatter/TAP.pm line 125.
#          got: '�'
#     expected: '🐪'
# Looks like you failed 5 tests of 5.
t/03-n.t ...... 
Dubious, test returned 5 (wstat 1280, 0x500)
Failed 5/5 subtests 

Test Summary Report
-------------------
t/03-n.t    (Wstat: 1280 Tests: 5 Failed: 5)
  Failed tests:  1-5
  Non-zero exit status: 5
Files=4, Tests=20,  2 wallclock secs ( 0.06 usr +  0.05 sys =  0.11 CPU)
Result: FAIL
Failed 1/4 test programs. 5/20 subtests failed.
dmake.EXE:  Error code 133, while making 'test_dynamic'

------------------------------
PREREQUISITES
------------------------------

Prerequisite modules loaded:

build_requires:

    Module              Need Have
    ------------------- ---- ----
    ExtUtils::MakeMaker 0    7.64

configure_requires:

    Module              Need Have
    ------------------- ---- ----
    ExtUtils::MakeMaker 0    7.64


------------------------------
ENVIRONMENT AND OTHER CONTEXT
------------------------------

Environment variables:

    COMSPEC = C:\windows\system32\cmd.exe
    NONINTERACTIVE_TESTING = 1
    NUMBER_OF_PROCESSORS = 4
    PATH = C:\home\griffin\perl5\bin;C:\windows\system32;C:\windows;C:\windows\System32\Wbem;C:\windows\System32\WindowsPowerShell\v1.0\;C:\Strawberry\c\bin;C:\Strawberry\perl\site\bin;C:\Strawberry\perl\bin
    PERL5LIB = C:\home\griffin\perl5\lib\perl5
    PERL5OPT = 
    PERL5_CPANPLUS_IS_RUNNING = 4424
    PERL5_CPAN_IS_RUNNING = 4424
    PERL_LOCAL_LIB_ROOT = C:\home\griffin\perl5
    PERL_MB_OPT = --install_base "C:\\home\\griffin\\perl5"
    PERL_MM_OPT = INSTALL_BASE=C:\\home\\griffin\\perl5
    PERL_MM_USE_DEFAULT = 1
    PROCESSOR_IDENTIFIER = x86 Family 6 Model 37 Stepping 5, GenuineIntel
    TEMP = C:\Users\user\AppData\Local\Temp
    TERM = dumb

Perl special variables (and OS-specific diagnostics, for MSWin32):

    $^X = C:\Strawberry\perl\bin\perl.exe
    $UID/$EUID = 0 / 0
    $GID = 0
    $EGID = 0
    Win32::GetOSName = Win7
    Win32::GetOSVersion = Service Pack 1, 6, 1, 7601, 2, 1, 0, 256, 1
    Win32::FsType = NTFS
    Win32::IsAdminUser = 0

Perl module toolchain versions installed:

    Module              Have    
    ------------------- --------
    CPAN                2.16    
    CPAN::Meta          2.150010
    Cwd                 3.62    
    ExtUtils::CBuilder  0.280224
    ExtUtils::Command   7.64    
    ExtUtils::Install   2.14    
    ExtUtils::MakeMaker 7.64    
    ExtUtils::Manifest  1.70    
    ExtUtils::ParseXS   3.44    
    File::Spec          3.62    
    JSON                4.05    
    JSON::PP            4.07    
    Module::Build       0.42_28 
    Module::Signature   0.88    
    Parse::CPAN::Meta   2.150010
    Test::Harness       3.42    
    Test::More          1.302190
    YAML                1.26    
    YAML::Syck          1.29    
    version             0.9924  


--

Summary of my perl5 (revision 5 version 12 subversion 3) configuration:
   
  Platform:
    osname=MSWin32, osvers=5.1, archname=MSWin32-x86-multi-thread
    uname='Win32 strawberryperl 5.12.3.0 #1 Sun May 15 09:44:53 2011 i386'
    config_args='undef'
    hint=recommended, useposix=true, d_sigaction=undef
    useithreads=define, usemultiplicity=define
    useperlio=define, d_sfio=undef, uselargefiles=define, usesocks=undef
    use64bitint=undef, use64bitall=undef, uselongdouble=undef
    usemymalloc=n, bincompat5005=undef
  Compiler:
    cc='gcc', ccflags =' -s -O2 -DWIN32 -DHAVE_DES_FCRYPT  -DUSE_SITECUSTOMIZE -DPERL_IMPLICIT_CONTEXT -DPERL_IMPLICIT_SYS -fno-strict-aliasing -mms-bitfields -DPERL_MSVCRT_READFIX',
    optimize='-s -O2',
    cppflags='-DWIN32'
    ccversion='', gccversion='4.4.3', gccosandvers=''
    intsize=4, longsize=4, ptrsize=4, doublesize=8, byteorder=1234
    d_longlong=undef, longlongsize=8, d_longdbl=define, longdblsize=12
    ivtype='long', ivsize=4, nvtype='double', nvsize=8, Off_t='long long', lseeksize=8
    alignbytes=8, prototype=define
  Linker and Libraries:
    ld='g++', ldflags ='-s -L"C:\Strawberry\perl\lib\CORE" -L"C:\Strawberry\c\lib"'
    libpth=C:\Strawberry\c\lib C:\Strawberry\c\i686-w64-mingw32\lib
    libs=-lmoldname -lkernel32 -luser32 -lgdi32 -lwinspool -lcomdlg32 -ladvapi32 -lshell32 -lole32 -loleaut32 -lnetapi32 -luuid -lws2_32 -lmpr -lwinmm -lversion -lodbc32 -lodbccp32 -lcomctl32
    perllibs=-lmoldname -lkernel32 -luser32 -lgdi32 -lwinspool -lcomdlg32 -ladvapi32 -lshell32 -lole32 -loleaut32 -lnetapi32 -luuid -lws2_32 -lmpr -lwinmm -lversion -lodbc32 -lodbccp32 -lcomctl32
    libc=, so=dll, useshrplib=true, libperl=libperl512.a
    gnulibc_version=''
  Dynamic Linking:
    dlsrc=dl_win32.xs, dlext=dll, d_dlsymun=undef, ccdlflags=' '
    cccdlflags=' ', lddlflags='-mdll -s -L"C:\Strawberry\perl\lib\CORE" -L"C:\Strawberry\c\lib"'


Characteristics of this binary (from libperl): 
  Compile-time options: MULTIPLICITY PERL_DONT_CREATE_GVSV
                        PERL_IMPLICIT_CONTEXT PERL_IMPLICIT_SYS
                        PERL_MALLOC_WRAP PL_OP_SLAB_ALLOC USE_ITHREADS
                        USE_LARGE_FILES USE_PERLIO USE_PERL_ATOF
                        USE_SITECUSTOMIZE
  Built under MSWin32
  Compiled at May 15 2011 17:02:01
  %ENV:
    PERL5LIB="C:\home\griffin\perl5\lib\perl5"
    PERL5_CPANPLUS_IS_RUNNING="4424"
    PERL5_CPAN_IS_RUNNING="4424"
    PERL_LOCAL_LIB_ROOT="C:\home\griffin\perl5"
    PERL_MB_OPT="--install_base "C:\\home\\griffin\\perl5""
    PERL_MM_OPT="INSTALL_BASE=C:\\home\\griffin\\perl5"
    PERL_MM_USE_DEFAULT="1"
  @INC:
    C:\home\griffin\perl5\lib\perl5/MSWin32-x86-multi-thread
    C:\home\griffin\perl5\lib\perl5
    C:/Strawberry/perl/site/lib
    C:/Strawberry/perl/vendor/lib
    C:/Strawberry/perl/lib
    .