Back
From: metabase:user:320bfe00-2aae-11df-837a-5e0a49663a4f
Subject: FAIL MSWord-ToHTML-0.010 v5.16.3 GNU/Linux
Date: 2013-12-25T00:23:48Z
This distribution has been tested as part of the CPAN Testers
project, supporting the Perl programming language. See
http://wiki.cpantesters.org/ for more information or email
questions to cpan-testers-discuss@perl.org
--
Dear Amiri Barksdale,
This is a computer-generated report for MSWord-ToHTML-0.010
on perl 5.16.3, created by CPAN-Reporter-1.2010.
Thank you for uploading your work to CPAN. However, there was a problem
testing your distribution.
If you think this report is invalid, please consult the CPAN Testers Wiki
for suggestions on how to avoid getting FAIL reports for missing library
or binary dependencies, unsupported operating systems, and so on:
http://wiki.cpantesters.org/wiki/CPANAuthorNotes
Sections of this report:
* Tester comments
* Program output
* Prerequisites
* Environment and other context
------------------------------
TESTER COMMENTS
------------------------------
Additional comments from tester:
this report is from an automated smoke testing program
and was not reviewed by a human for accuracy
------------------------------
PROGRAM OUTPUT
------------------------------
Output from '/usr/bin/make test':
PERL_DL_NONLAZY=1 /home/sand/src/perl/repoperls/installed-perls/perl/v5.16.3/127e/bin/perl "-MExtUtils::Command::MM" "-MTest::Harness" "-e" "undef *Test::Harness::Switches; test_harness(0, 'blib/lib', 'blib/arch')" t/*.t
javaldx: Could not find a Java Runtime Environment!
Warning: failed to read path from javaldx
mv: cannot stat â/tmp/loop_over_bdir-14891-KMu5SQ/MSWord-ToHTML-0.010-pgnNnC/california.htmlâ: No such file or directory
Can't call method "delete" on an undefined value at lib/MSWord/ToHTML/Roles/HasHTML.pm line 193.
Can't call method "delete" on an undefined value at lib/MSWord/ToHTML/Roles/HasHTML.pm line 193.
# Looks like you planned 113 tests but ran 7.
# Looks like your test exited with 1 just after 7.
t/constraints.t ........
Dubious, test returned 1 (wstat 256, 0x100)
Failed 106/113 subtests
javaldx: Could not find a Java Runtime Environment!
Warning: failed to read path from javaldx
javaldx: Could not find a Java Runtime Environment!
Warning: failed to read path from javaldx
javaldx: Could not find a Java Runtime Environment!
Warning: failed to read path from javaldx
javaldx: Could not find a Java Runtime Environment!
Warning: failed to read path from javaldx
javaldx: Could not find a Java Runtime Environment!
Warning: failed to read path from javaldx
javaldx: Could not find a Java Runtime Environment!
Warning: failed to read path from javaldx
javaldx: Could not find a Java Runtime Environment!
Warning: failed to read path from javaldx
javaldx: Could not find a Java Runtime Environment!
Warning: failed to read path from javaldx
javaldx: Could not find a Java Runtime Environment!
Warning: failed to read path from javaldx
javaldx: Could not find a Java Runtime Environment!
Warning: failed to read path from javaldx
javaldx: Could not find a Java Runtime Environment!
Warning: failed to read path from javaldx
javaldx: Could not find a Java Runtime Environment!
Warning: failed to read path from javaldx
javaldx: Could not find a Java Runtime Environment!
Warning: failed to read path from javaldx
mv: cannot stat â/tmp/loop_over_bdir-14891-KMu5SQ/MSWord-ToHTML-0.010-pgnNnC/From Iron MInes to Iron Bars.htmlâ: No such file or directory
# Failed test 'I can get html'
# at t/convert.t line 29.
# died: Can't call method "delete" on an undefined value at lib/MSWord/ToHTML/Roles/HasHTML.pm line 193.
# Failed test 'undef isa 'MSWord::ToHTML::HTML''
# at t/convert.t line 30.
# undef isn't defined
# Failed test '->can(...)'
# at t/convert.t line 31.
# can_ok() called with empty class or reference
Can't call method "images" on an undefined value at t/convert.t line 32.
# Failed test 'I can get html'
# at t/convert.t line 29.
# died: Can't call method "delete" on an undefined value at lib/MSWord/ToHTML/Roles/HasHTML.pm line 193.
# Failed test 'undef isa 'MSWord::ToHTML::HTML''
# at t/convert.t line 30.
# undef isn't defined
# Failed test '->can(...)'
# at t/convert.t line 31.
# can_ok() called with empty class or reference
Can't call method "images" on an undefined value at t/convert.t line 32.
# Failed test 'I can get html'
# at t/convert.t line 29.
# died: Can't call method "delete" on an undefined value at lib/MSWord/ToHTML/Roles/HasHTML.pm line 193.
# Failed test 'undef isa 'MSWord::ToHTML::HTML''
# at t/convert.t line 30.
# undef isn't defined
# Failed test '->can(...)'
# at t/convert.t line 31.
# can_ok() called with empty class or reference
Can't call method "images" on an undefined value at t/convert.t line 32.
# Failed test 'I can get html'
# at t/convert.t line 20.
# died: Can't call method "delete" on an undefined value at lib/MSWord/ToHTML/Roles/HasHTML.pm line 193.
# Failed test 'undef isa 'MSWord::ToHTML::HTML''
# at t/convert.t line 21.
# undef isn't defined
# Failed test '->can(...)'
# at t/convert.t line 22.
# can_ok() called with empty class or reference
Can't call method "images" on an undefined value at t/convert.t line 23.
# Failed test 'I can get html'
# at t/convert.t line 20.
# died: Can't call method "delete" on an undefined value at lib/MSWord/ToHTML/Roles/HasHTML.pm line 193.
# Failed test 'undef isa 'MSWord::ToHTML::HTML''
# at t/convert.t line 21.
# undef isn't defined
# Failed test '->can(...)'
# at t/convert.t line 22.
# can_ok() called with empty class or reference
Can't call method "images" on an undefined value at t/convert.t line 23.
# Failed test 'I can get html'
# at t/convert.t line 20.
# died: Can't call method "delete" on an undefined value at lib/MSWord/ToHTML/Roles/HasHTML.pm line 193.
# Failed test 'undef isa 'MSWord::ToHTML::HTML''
# at t/convert.t line 21.
# undef isn't defined
# Failed test '->can(...)'
# at t/convert.t line 22.
# can_ok() called with empty class or reference
Can't call method "images" on an undefined value at t/convert.t line 23.
# Failed test 'I can get html'
# at t/convert.t line 20.
# died: Can't call method "delete" on an undefined value at lib/MSWord/ToHTML/Roles/HasHTML.pm line 193.
# Failed test 'undef isa 'MSWord::ToHTML::HTML''
# at t/convert.t line 21.
# undef isn't defined
# Failed test '->can(...)'
# at t/convert.t line 22.
# can_ok() called with empty class or reference
Can't call method "images" on an undefined value at t/convert.t line 23.
# Failed test 'I can get html'
# at t/convert.t line 20.
# died: Can't call method "delete" on an undefined value at lib/MSWord/ToHTML/Roles/HasHTML.pm line 193.
# Failed test 'undef isa 'MSWord::ToHTML::HTML''
# at t/convert.t line 21.
# undef isn't defined
# Failed test '->can(...)'
# at t/convert.t line 22.
# can_ok() called with empty class or reference
Can't call method "images" on an undefined value at t/convert.t line 23.
# Failed test 'I can get html'
# at t/convert.t line 20.
# died: Can't call method "delete" on an undefined value at lib/MSWord/ToHTML/Roles/HasHTML.pm line 193.
# Failed test 'undef isa 'MSWord::ToHTML::HTML''
# at t/convert.t line 21.
# undef isn't defined
# Failed test '->can(...)'
# at t/convert.t line 22.
# can_ok() called with empty class or reference
Can't call method "images" on an undefined value at t/convert.t line 23.
# Failed test 'I can get html'
# at t/convert.t line 20.
# died: Can't call method "delete" on an undefined value at lib/MSWord/ToHTML/Roles/HasHTML.pm line 193.
# Failed test 'undef isa 'MSWord::ToHTML::HTML''
# at t/convert.t line 21.
# undef isn't defined
# Failed test '->can(...)'
# at t/convert.t line 22.
# can_ok() called with empty class or reference
Can't call method "images" on an undefined value at t/convert.t line 23.
# Failed test 'I can get html'
# at t/convert.t line 20.
# died: Can't call method "delete" on an undefined value at lib/MSWord/ToHTML/Roles/HasHTML.pm line 193.
# Failed test 'undef isa 'MSWord::ToHTML::HTML''
# at t/convert.t line 21.
# undef isn't defined
# Failed test '->can(...)'
# at t/convert.t line 22.
# can_ok() called with empty class or reference
Can't call method "images" on an undefined value at t/convert.t line 23.
# Failed test 'I can get html'
# at t/convert.t line 20.
# died: Can't call method "delete" on an undefined value at lib/MSWord/ToHTML/Roles/HasHTML.pm line 193.
# Failed test 'undef isa 'MSWord::ToHTML::HTML''
# at t/convert.t line 21.
# undef isn't defined
# Failed test '->can(...)'
# at t/convert.t line 22.
# can_ok() called with empty class or reference
Can't call method "images" on an undefined value at t/convert.t line 23.
# Failed test 'I can get html'
# at t/convert.t line 20.
# died: Can't call method "delete" on an undefined value at lib/MSWord/ToHTML/Roles/HasHTML.pm line 193.
# Failed test 'undef isa 'MSWord::ToHTML::HTML''
# at t/convert.t line 21.
# undef isn't defined
# Failed test '->can(...)'
# at t/convert.t line 22.
# can_ok() called with empty class or reference
Can't call method "images" on an undefined value at t/convert.t line 23.
# Failed test 'I can get html'
# at t/convert.t line 20.
# died: Can't call method "delete" on an undefined value at lib/MSWord/ToHTML/Roles/HasHTML.pm line 193.
# Failed test 'undef isa 'MSWord::ToHTML::HTML''
# at t/convert.t line 21.
# undef isn't defined
# Failed test '->can(...)'
# at t/convert.t line 22.
# can_ok() called with empty class or reference
Can't call method "images" on an undefined value at t/convert.t line 23.
# Looks like you planned 60 tests but ran 4.
# Looks like you failed 3 tests of 4 run.
# Looks like your test exited with 1 just after 4.
t/convert.t ............
Dubious, test returned 1 (wstat 256, 0x100)
Failed 11/60 subtests
# Failed test 'tidy in PATH'
# at t/requires_external.t line 8.
# Looks like you failed 1 test of 2.
t/requires_external.t ..
Dubious, test returned 1 (wstat 256, 0x100)
Failed 1/2 subtests
t/sanity.t ............. ok
Test Summary Report
-------------------
t/constraints.t (Wstat: 256 Tests: 7 Failed: 0)
Non-zero exit status: 1
Parse errors: Bad plan. You planned 113 tests but ran 7.
t/convert.t (Wstat: 256 Tests: 91 Failed: 42)
Failed tests: 2-4, 6-8, 10-12, 14-16, 18-20, 22-24, 26-28
30-32, 34-36, 38-40, 42-44, 46-48, 50, 50-51
51-52, 52
Non-zero exit status: 1
Parse errors: Tests out of sequence. Found (50) but expected (53)
Tests out of sequence. Found (51) but expected (54)
Tests out of sequence. Found (52) but expected (55)
Tests out of sequence. Found (46) but expected (56)
Tests out of sequence. Found (47) but expected (57)
Displayed the first 5 of 40 TAP syntax errors.
Re-run prove with the -p option to see them all.
t/requires_external.t (Wstat: 256 Tests: 2 Failed: 1)
Failed test: 2
Non-zero exit status: 1
Files=4, Tests=106, 123 wallclock secs ( 0.02 usr 0.02 sys + 15.06 cusr 2.05 csys = 17.15 CPU)
Result: FAIL
Failed 3/4 test programs. 43/106 subtests failed.
make: *** [test_dynamic] Error 255
------------------------------
PREREQUISITES
------------------------------
Prerequisite modules loaded:
requires:
Module Need Have
---------------------------- ---- --------
Archive::Zip 0 1.34
Archive::Zip::MemberRead 0 1.34
autodie 0 2.10
Carp 0 1.26
CSS 0 1.09
Cwd 0 3.40
Digest::SHA1 0 2.13
Encode 0 2.56
Encode::Guess 0 2.06
feature 0 1.27
File::Spec 0 3.40
HTML::Entities 0 3.69
HTML::HTML5::Writer 0 0.201
HTML::TreeBuilder 0 5.03
IO::All 0 0.50
List::MoreUtils 0 0.33
Moose 0 2.1005
Moose::Role 0 2.1005
Moose::Util::TypeConstraints 0 2.1005
MooseX::Method::Signatures 0 0.47
MooseX::Types 0 0.41
MooseX::Types::IO::All 0 0.03
MooseX::Types::Moose 0 0.41
MooseX::Types::Path::Class 0 0.06
namespace::autoclean 0 0.15
Path::Class::File 0 0.33
strictures 1 1.005002
Text::Extract::Word 0 0.02
Try::Tiny 0 0.18
XML::LibXML 0 2.0108
XML::LibXSLT 0 1.83
build_requires:
Module Need Have
---------------------------- ---- --------
Env::Path 0 0.19
lib 0 0.63
Module::Find 0 0.11
Test::Moose 0 2.1005
Test::Most 0 0.31
configure_requires:
Module Need Have
---------------------------- ---- --------
ExtUtils::MakeMaker 6.30 6.85_04
------------------------------
ENVIRONMENT AND OTHER CONTEXT
------------------------------
Environment variables:
AUTOMATED_TESTING = 1
LANG = en_US.UTF-8
LANGUAGE = en_US:en
PATH = /usr/lib/ccache:/home/sand/bin:/usr/local/bin:/usr/bin:/bin:/usr/bin/X11:/usr/games:/usr/local/perl/bin:/usr/X11/bin:/sbin:/usr/sbin
PERL5LIB =
PERL5OPT =
PERL5_CPANPLUS_IS_RUNNING = 14892
PERL5_CPAN_IS_RUNNING = 14892
PERL_MM_USE_DEFAULT = 1
SHELL = /usr/bin/zsh
TERM = screen
Perl special variables (and OS-specific diagnostics, for MSWin32):
$^X = /home/sand/src/perl/repoperls/installed-perls/perl/v5.16.3/127e/bin/perl
$UID/$EUID = 1005 / 1005
$GID = 1005 1005
$EGID = 1005 1005
Perl module toolchain versions installed:
Module Have
------------------- --------
CPAN 2.00
CPAN::Meta 2.133380
Cwd 3.40
ExtUtils::CBuilder 0.280212
ExtUtils::Command 1.17
ExtUtils::Install 1.58
ExtUtils::MakeMaker 6.85_04
ExtUtils::Manifest 1.61
ExtUtils::ParseXS 3.22
File::Spec 3.40
JSON 2.90
JSON::PP 2.27203
Module::Build 0.4203
Module::Signature 0.73
Parse::CPAN::Meta 1.4409
Test::Harness 3.30
Test::More 1.001002
YAML 0.88
YAML::Syck 1.27
version 0.99
--
Summary of my perl5 (revision 5 version 16 subversion 3) configuration:
Commit id: fd04d42d38f4751b981eb6e9213ee1ab8ef11ea6
Platform:
osname=linux, osvers=3.11-2-amd64, archname=x86_64-linux-ld
uname='linux k83 3.11-2-amd64 #1 smp debian 3.11.10-1 (2013-12-04) x86_64 gnulinux '
config_args='-Dprefix=/home/sand/src/perl/repoperls/installed-perls/perl/v5.16.3/127e -Dmyhostname=k83 -Dinstallusrbinperl=n -Uversiononly -Dusedevel -des -Ui_db -Uuseithreads -Duselongdouble -DDEBUGGING=-g'
hint=recommended, useposix=true, d_sigaction=define
useithreads=undef, usemultiplicity=undef
useperlio=define, d_sfio=undef, uselargefiles=define, usesocks=undef
use64bitint=define, use64bitall=define, uselongdouble=define
usemymalloc=n, bincompat5005=undef
Compiler:
cc='cc', ccflags ='-fno-strict-aliasing -pipe -fstack-protector -I/usr/local/include -D_LARGEFILE_SOURCE -D_FILE_OFFSET_BITS=64',
optimize='-O2 -g',
cppflags='-fno-strict-aliasing -pipe -fstack-protector -I/usr/local/include'
ccversion='', gccversion='4.8.2', gccosandvers=''
intsize=4, longsize=8, ptrsize=8, doublesize=8, byteorder=12345678
d_longlong=define, longlongsize=8, d_longdbl=define, longdblsize=16
ivtype='long', ivsize=8, nvtype='long double', nvsize=16, Off_t='off_t', lseeksize=8
alignbytes=16, prototype=define
Linker and Libraries:
ld='cc', ldflags =' -fstack-protector -L/usr/local/lib'
libpth=/usr/local/lib /lib/x86_64-linux-gnu /lib/../lib /usr/lib/x86_64-linux-gnu /usr/lib/../lib /lib /usr/lib
libs=-lnsl -lgdbm -ldb -ldl -lm -lcrypt -lutil -lc -lgdbm_compat
perllibs=-lnsl -ldl -lm -lcrypt -lutil -lc
libc=, so=so, useshrplib=false, libperl=libperl.a
gnulibc_version='2.17'
Dynamic Linking:
dlsrc=dl_dlopen.xs, dlext=so, d_dlsymun=undef, ccdlflags='-Wl,-E'
cccdlflags='-fPIC', lddlflags='-shared -O2 -g -L/usr/local/lib -fstack-protector'
Characteristics of this binary (from libperl):
Compile-time options: HAS_TIMES PERLIO_LAYERS PERL_DONT_CREATE_GVSV
PERL_MALLOC_WRAP PERL_PRESERVE_IVUV PERL_USE_DEVEL
USE_64_BIT_ALL USE_64_BIT_INT USE_LARGE_FILES
USE_LOCALE USE_LOCALE_COLLATE USE_LOCALE_CTYPE
USE_LOCALE_NUMERIC USE_LONG_DOUBLE USE_PERLIO
USE_PERL_ATOF
Built under linux
Compiled at Dec 12 2013 02:07:54
%ENV:
PERL5LIB=""
PERL5OPT=""
PERL5_CPANPLUS_IS_RUNNING="14892"
PERL5_CPAN_IS_RUNNING="14892"
PERL_MM_USE_DEFAULT="1"
@INC:
/home/sand/src/perl/repoperls/installed-perls/perl/v5.16.3/127e/lib/site_perl/5.16.3/x86_64-linux-ld
/home/sand/src/perl/repoperls/installed-perls/perl/v5.16.3/127e/lib/site_perl/5.16.3
/home/sand/src/perl/repoperls/installed-perls/perl/v5.16.3/127e/lib/5.16.3/x86_64-linux-ld
/home/sand/src/perl/repoperls/installed-perls/perl/v5.16.3/127e/lib/5.16.3
.