Report for eBay-API-Simple-0.19

Back
From: metabase:user:30977d10-2aae-11df-837a-5e0a49663a4f
Subject: FAIL eBay-API-Simple-0.19 v5.12.3 GNU/Linux
Date: 2011-01-28T16:36:57Z

This distribution has been tested as part of the CPAN Testers
project, supporting the Perl programming language.  See
http://wiki.cpantesters.org/ for more information or email
questions to cpan-testers-discuss@perl.org


--
Dear Andrew Dittes,

This is a computer-generated report for eBay-API-Simple-0.19
on perl 5.12.3, created by CPAN-Reporter-1.1901.

Thank you for uploading your work to CPAN.  However, there was a problem
testing your distribution.

If you think this report is invalid, please consult the CPAN Testers Wiki
for suggestions on how to avoid getting FAIL reports for missing library
or binary dependencies, unsupported operating systems, and so on:

http://wiki.cpantesters.org/wiki/CPANAuthorNotes

Sections of this report:

    * Tester comments
    * Program output
    * Prerequisites
    * Environment and other context

------------------------------
TESTER COMMENTS
------------------------------

Additional comments from tester:

this report is from an automated smoke testing program
and was not reviewed by a human for accuracy

------------------------------
PROGRAM OUTPUT
------------------------------

Output from '/usr/bin/make test':

PERL_DL_NONLAZY=1 /home/stro/perl/perl5123m/bin/perl "-MExtUtils::Command::MM" "-e" "test_harness(0, 'blib/lib', 'blib/arch')" t/*.t
t/01Shopping.t ....... ok
HTML parser error : Unexpected end tag : link
<link rev="made" href="mailto:cpan@perl.org"></link>
                                                    ^
t/02HTML.t ........... ok
t/03Trading.t ........ ok
t/04RSS.t ............ ok
t/05Finding.t ........ ok

#   Failed test 'api call failed: http_response-500 Internal Server Error'
#   at t/05Finding_utf8.t line 56.

#   Failed test 'error check'
#   at t/05Finding_utf8.t line 81.
#          got: '1'
#     expected: '0'

#   Failed test 'error string check'
#   at t/05Finding_utf8.t line 82.
#          got: 'http_response-500 Internal Server Error'
#     expected: ''

#   Failed test 'response total entries'
#   at t/05Finding_utf8.t line 83.
# Looks like you failed 4 tests of 7.
t/05Finding_utf8.t ... 
Dubious, test returned 4 (wstat 1024, 0x400)
Failed 4/7 subtests 
t/06Merchandising.t .. ok
t/09HalfShopping.t ... skipped: Skipping Half test - not implemented

Test Summary Report
-------------------
t/05Finding_utf8.t (Wstat: 1024 Tests: 7 Failed: 4)
  Failed tests:  1, 5-7
  Non-zero exit status: 4
Files=8, Tests=27, 10 wallclock secs ( 0.06 usr  0.06 sys +  1.44 cusr  0.26 csys =  1.82 CPU)
Result: FAIL
Failed 1/8 test programs. 4/27 subtests failed.
make: *** [test_dynamic] Error 255

------------------------------
PREREQUISITES
------------------------------

Prerequisite modules loaded:

requires:

    Module              Need Have 
    ------------------- ---- -----
    HTTP::Headers       0    5.835
    HTTP::Request       0    5.827
    LWP::UserAgent      0    5.835
    URI::Escape         0    3.30 
    XML::LibXML         0    1.70 
    XML::Parser         0    2.40 
    XML::Simple         0    2.18 
    YAML                0    0.72 

configure_requires:

    Module              Need Have 
    ------------------- ---- -----
    ExtUtils::MakeMaker 0    6.56 


------------------------------
ENVIRONMENT AND OTHER CONTEXT
------------------------------

Environment variables:

    AUTOMATED_TESTING = 1
    LANG = en_US.UTF-8
    PATH = /usr/local/bin:/usr/bin:/bin:/usr/games
    PERL5LIB = 
    PERL5OPT = 
    PERL5_CPANPLUS_IS_RUNNING = 13194
    PERL5_CPAN_IS_RUNNING = 13194
    PERL5_CPAN_IS_RUNNING_IN_RECURSION = 3506,13194
    PERL_CR_SMOKER_CURRENT = eBay-API-Simple-0.19
    PERL_EXTUTILS_AUTOINSTALL = --defaultdeps
    PERL_MM_USE_DEFAULT = 1
    SHELL = /bin/bash
    TERM = xterm

Perl special variables (and OS-specific diagnostics, for MSWin32):

    $^X = /home/stro/perl/perl5123m/bin/perl
    $UID/$EUID = 1000 / 1000
    $GID = 1000 20 24 25 29 44 46 1000
    $EGID = 1000 20 24 25 29 44 46 1000

Perl module toolchain versions installed:

    Module              Have    
    ------------------- --------
    CPAN                1.94_56 
    Cwd                 3.31    
    ExtUtils::CBuilder  0.280202
    ExtUtils::Command   1.16    
    ExtUtils::Install   1.55    
    ExtUtils::MakeMaker 6.56    
    ExtUtils::Manifest  1.57    
    ExtUtils::ParseXS   2.21    
    File::Spec          3.31_01 
    Module::Build       0.3623  
    Module::Signature   0.66    
    Test::Harness       3.17    
    Test::More          0.96    
    YAML                0.72    
    YAML::Syck          1.17    
    version             0.88    


--

Summary of my perl5 (revision 5 version 12 subversion 3) configuration:
   
  Platform:
    osname=linux, osvers=2.6.26-2-686, archname=i686-linux-multi
    uname='linux debian5 2.6.26-2-686 #1 smp thu nov 25 01:53:57 utc 2010 i686 gnulinux '
    config_args=''
    hint=recommended, useposix=true, d_sigaction=define
    useithreads=undef, usemultiplicity=define
    useperlio=define, d_sfio=undef, uselargefiles=define, usesocks=undef
    use64bitint=undef, use64bitall=undef, uselongdouble=undef
    usemymalloc=n, bincompat5005=undef
  Compiler:
    cc='cc', ccflags ='-fno-strict-aliasing -pipe -fstack-protector -I/usr/local/include -D_LARGEFILE_SOURCE -D_FILE_OFFSET_BITS=64',
    optimize='-O2',
    cppflags='-fno-strict-aliasing -pipe -fstack-protector -I/usr/local/include'
    ccversion='', gccversion='4.3.2', gccosandvers=''
    intsize=4, longsize=4, ptrsize=4, doublesize=8, byteorder=1234
    d_longlong=define, longlongsize=8, d_longdbl=define, longdblsize=12
    ivtype='long', ivsize=4, nvtype='double', nvsize=8, Off_t='off_t', lseeksize=8
    alignbytes=4, prototype=define
  Linker and Libraries:
    ld='cc', ldflags =' -fstack-protector -L/usr/local/lib'
    libpth=/usr/local/lib /lib /usr/lib
    libs=-lnsl -ldl -lm -lcrypt -lutil -lc
    perllibs=-lnsl -ldl -lm -lcrypt -lutil -lc
    libc=/lib/libc-2.7.so, so=so, useshrplib=false, libperl=libperl.a
    gnulibc_version='2.7'
  Dynamic Linking:
    dlsrc=dl_dlopen.xs, dlext=so, d_dlsymun=undef, ccdlflags='-Wl,-E'
    cccdlflags='-fPIC', lddlflags='-shared -O2 -L/usr/local/lib -fstack-protector'


Characteristics of this binary (from libperl): 
  Compile-time options: MULTIPLICITY PERL_DONT_CREATE_GVSV
                        PERL_IMPLICIT_CONTEXT PERL_MALLOC_WRAP
                        USE_LARGE_FILES USE_PERLIO USE_PERL_ATOF
  Built under linux
  Compiled at Jan 24 2011 17:16:49
  %ENV:
    PERL5LIB=""
    PERL5OPT=""
    PERL5_CPANPLUS_IS_RUNNING="13194"
    PERL5_CPAN_IS_RUNNING="13194"
    PERL5_CPAN_IS_RUNNING_IN_RECURSION="3506,13194"
    PERL_CR_SMOKER_CURRENT="eBay-API-Simple-0.19"
    PERL_EXTUTILS_AUTOINSTALL="--defaultdeps"
    PERL_MM_USE_DEFAULT="1"
  @INC:
    /home/stro/perl/perl5123m/lib/site_perl/5.12.3/i686-linux-multi
    /home/stro/perl/perl5123m/lib/site_perl/5.12.3
    /home/stro/perl/perl5123m/lib/5.12.3/i686-linux-multi
    /home/stro/perl/perl5123m/lib/5.12.3
    .