Sub-WrapInType v0.08 Perl 5 v5.41.14 x86_64-dragonfly
- Status
- Fail
- From
- Carlos Guevara
- Dist
-
Sub-WrapInType v0.08
- Platform
- Perl 5 v5.41.14 x86_64-dragonfly
- Date
- 2025-06-17 10:21:25
- ID
- d2c61a1e-4b64-11f0-a018-cde4042b37e6
This distribution has been tested as part of the CPAN Testers
project, supporting the Perl programming language. See
http://wiki.cpantesters.org/ for more information or email
questions to cpan-testers-discuss@perl.org
--
Dear mp0 liiu,
This is a computer-generated report for Sub-WrapInType-0.08
on perl 5.41.14, created by CPAN-Reporter-1.2020.
Thank you for uploading your work to CPAN. However, there was a problem
testing your distribution.
If you think this report is invalid, please consult the CPAN Testers Wiki
for suggestions on how to avoid getting FAIL reports for missing library
or binary dependencies, unsupported operating systems, and so on:
http://wiki.cpantesters.org/wiki/CPANAuthorNotes
Sections of this report:
* Tester comments
* Program output
* Prerequisites
* Environment and other context
------------------------------
TESTER COMMENTS
------------------------------
Additional comments from tester:
this report is from an automated smoke testing program
and was not reviewed by a human for accuracy
------------------------------
PROGRAM OUTPUT
------------------------------
Output from './Build test':
t/00_compile.t ...... ok
t/install_method.t .. ok
t/install_sub.t ..... ok
# Failed test at t/new.t line 58.
# +-----------------------------+----+-----------------------------+
# | GOT | OP | CHECK |
# +-----------------------------+----+-----------------------------+
# | Wrong number of parameters | =~ | (?^:Wrong number of paramet |
# | to Sub::WrapInType::_create | | ers; got 1; expected 2) |
# | _typed_code; got 1; expecte | | |
# | d 2 at t/new.t line 58.\n | | |
# +-----------------------------+----+-----------------------------+
(If this table is too small, you can use the TABLE_TERM_SIZE=### env var to set a larger size, detected size is '70')
# Failed test 'Enable'
# at t/new.t line 68.
# Failed test 'Use check option'
# at t/new.t line 98.
# Failed test at t/new.t line 111.
# +-----------------------------+----+-----------------------------+
# | GOT | OP | CHECK |
# +-----------------------------+----+-----------------------------+
# | Wrong number of parameters | =~ | (?^:Wrong number of paramet |
# | to Sub::WrapInType::_create | | ers; got 0; expected 1) |
# | _typed_code; got 0; expecte | | |
# | d 1 at t/new.t line 111.\n | | |
# +-----------------------------+----+-----------------------------+
(If this table is too small, you can use the TABLE_TERM_SIZE=### env var to set a larger size, detected size is '70')
# Failed test 'Enable'
# at t/new.t line 112.
# Failed test at t/new.t line 122.
# +-----------------------------+----+-----------------------------+
# | GOT | OP | CHECK |
# +-----------------------------+----+-----------------------------+
# | Wrong number of parameters | =~ | (?^:Wrong number of paramet |
# | to Sub::WrapInType::_create | | ers; got 2; expected 1) |
# | _typed_code; got 2; expecte | | |
# | d 1 at t/new.t line 122.\n | | |
# +-----------------------------+----+-----------------------------+
(If this table is too small, you can use the TABLE_TERM_SIZE=### env var to set a larger size, detected size is '70')
# Failed test 'Disable'
# at t/new.t line 124.
# Failed test 'Use skip_invocant option'
# at t/new.t line 126.
# Seeded srand with seed '20250617' from local date.
t/new.t .............
Dubious, test returned 2 (wstat 512, 0x200)
Failed 2/3 subtests
t/wrap_method.t ..... ok
t/wrap_sub.t ........ ok
Test Summary Report
-------------------
t/new.t (Wstat: 512 (exited 2) Tests: 3 Failed: 2)
Failed tests: 2-3
Non-zero exit status: 2
Files=6, Tests=12, 1 wallclock secs ( 0.02 usr 0.02 sys + 0.95 cusr 0.19 csys = 1.18 CPU)
Result: FAIL
------------------------------
PREREQUISITES
------------------------------
Prerequisite modules loaded:
requires:
Module Need Have
-------------------- -------- --------
Class::InsideOut 0 1.14
Exporter 0 5.79
namespace::autoclean 0 0.31
perl 5.010001 5.041014
Sub::Util 1.40 1.68_01
Type::Tiny 2.004000 2.008002
build_requires:
Module Need Have
-------------------- -------- --------
Test2::Suite 0.000071 1.302214
configure_requires:
Module Need Have
-------------------- -------- --------
Module::Build::Tiny 0.035 0.052
------------------------------
ENVIRONMENT AND OTHER CONTEXT
------------------------------
Environment variables:
AUTOMATED_TESTING = 1
DATE_MANIP_TEST_DM5 = 1
LC_ALL = C
NONINTERACTIVE_TESTING = 1
NO_NETWORK_TESTING = 1
PATH = /home/cpan/bin/perl/bin:/home/cpan/bin:/sbin:/bin:/usr/sbin:/usr/bin:/usr/games:/usr/local/sbin:/usr/local/bin:/usr/pkg/sbin:/usr/pkg/bin:/home/cpan/bin
PERL5LIB =
PERL5OPT =
PERL5_CPANPLUS_IS_RUNNING = 365417
PERL5_CPAN_IS_RUNNING = 365417
PERL_MM_USE_DEFAULT = 1
PERL_USE_UNSAFE_INC = 1
SHELL = /usr/local/bin/bash
TERM = screen
TMPDIR = /home/cpan/tmp
Perl special variables (and OS-specific diagnostics, for MSWin32):
$^X = /home/cpan/bin/perl/bin/perl5.41.14
$UID/$EUID = 1002 / 1002
$GID = 1002 1002
$EGID = 1002 1002
Perl module toolchain versions installed:
Module Have
------------------- --------
CPAN 2.38
CPAN::Meta 2.150010
Cwd 3.94
ExtUtils::CBuilder 0.280241
ExtUtils::Command 7.76
ExtUtils::Install 2.22
ExtUtils::MakeMaker 7.76
ExtUtils::Manifest 1.75
ExtUtils::ParseXS 3.57
File::Spec 3.94
JSON 4.10
JSON::PP 4.16
Module::Build 0.4234
Module::Signature 0.90
Parse::CPAN::Meta 2.150010
Test2 1.302214
Test::Harness 3.50
Test::More 1.302214
YAML 1.31
YAML::Syck 1.34
version 0.9933
--
Summary of my perl5 (revision 5 version 41 subversion 14) configuration:
Commit id: 8c71d4a0b542607dbfe67a67fc2fee44f2452d5d
Platform:
osname=dragonfly
osvers=6.4-release
archname=x86_64-dragonfly
uname='dragonfly cjg-dragonfly6 6.4-release dragonfly v6.4.0-release #54: fri dec 30 09:06:50 pst 2022 root@pkgbox64.dragonflybsd.org:usrobjusrsrcsysx86_64_generic x86_64 '
config_args='-des -Dprefix=/home/cpan/bin/perl -Dscriptdir=/home/cpan/bin/perl/bin -Dusedevel -Duse64bitall'
hint=recommended
useposix=true
d_sigaction=define
useithreads=undef
usemultiplicity=undef
use64bitint=define
use64bitall=define
uselongdouble=undef
usemymalloc=n
default_inc_excludes_dot=define
Compiler:
cc='cc'
ccflags ='-DHAS_FPSETMASK -DHAS_FLOATINGPOINT_H -DNO_POSIX_2008_LOCALE -fwrapv -fno-strict-aliasing -pipe -fstack-protector-strong -I/usr/local/include -D_FORTIFY_SOURCE=2'
optimize='-O2'
cppflags='-DHAS_FPSETMASK -DHAS_FLOATINGPOINT_H -DNO_POSIX_2008_LOCALE -fwrapv -fno-strict-aliasing -pipe -fstack-protector-strong -I/usr/local/include'
ccversion=''
gccversion='8.3 [DragonFly] Release/2019-02-22'
gccosandvers=''
intsize=4
longsize=8
ptrsize=8
doublesize=8
byteorder=12345678
doublekind=3
d_longlong=define
longlongsize=8
d_longdbl=define
longdblsize=16
longdblkind=3
ivtype='long'
ivsize=8
nvtype='double'
nvsize=8
Off_t='off_t'
lseeksize=8
alignbytes=8
prototype=define
Linker and Libraries:
ld='cc'
ldflags ='-Wl,-E -fstack-protector-strong -L/usr/local/lib'
libpth=/usr/lib /usr/local/lib
libs=-lpthread -lgdbm -ldl -lm -lcrypt -lutil -lc
perllibs=-lpthread -ldl -lm -lcrypt -lutil -lc
libc=
so=so
useshrplib=false
libperl=libperl.a
gnulibc_version=''
Dynamic Linking:
dlsrc=dl_dlopen.xs
dlext=so
d_dlsymun=undef
ccdlflags=' '
cccdlflags='-DPIC -fPIC'
lddlflags='-shared -L/usr/local/lib -fstack-protector-strong'
Characteristics of this binary (from libperl):
Compile-time options:
HAS_LONG_DOUBLE
HAS_STRTOLD
HAS_TIMES
PERLIO_LAYERS
PERL_COPY_ON_WRITE
PERL_DONT_CREATE_GVSV
PERL_HASH_FUNC_SIPHASH13
PERL_HASH_USE_SBOX32
PERL_MALLOC_WRAP
PERL_OP_PARENT
PERL_PRESERVE_IVUV
PERL_USE_DEVEL
PERL_USE_SAFE_PUTENV
USE_64_BIT_ALL
USE_64_BIT_INT
USE_LARGE_FILES
USE_LOCALE
USE_LOCALE_COLLATE
USE_LOCALE_CTYPE
USE_LOCALE_NUMERIC
USE_LOCALE_TIME
USE_PERLIO
USE_PERL_ATOF
Built under dragonfly
Compiled at Jun 17 2025 02:22:15
%ENV:
PERL5LIB=""
PERL5OPT=""
PERL5_CPANPLUS_IS_RUNNING="365417"
PERL5_CPAN_IS_RUNNING="365417"
PERL_MM_USE_DEFAULT="1"
PERL_USE_UNSAFE_INC="1"
@INC:
/home/cpan/bin/perl/lib/site_perl/5.41.14/x86_64-dragonfly
/home/cpan/bin/perl/lib/site_perl/5.41.14
/home/cpan/bin/perl/lib/5.41.14/x86_64-dragonfly
/home/cpan/bin/perl/lib/5.41.14
.