Web-Solid-Test-Basic v0.002 Perl 5 v5.8.9 x86_64-linux
- Status
- Na
- From
- Slaven Rezić (SREZIC)
- Dist
-
Web-Solid-Test-Basic v0.002
- Platform
- Perl 5 v5.8.9 x86_64-linux
- Date
- 2019-08-28 11:27:31
- ID
- d2fb9a24-c986-11e9-83d0-a78e1f24ea8f
This distribution has been tested as part of the CPAN Testers
project, supporting the Perl programming language. See
http://wiki.cpantesters.org/ for more information or email
questions to cpan-testers-discuss@perl.org
--
Dear Kjetil Kjernsmo,
This is a computer-generated report for Web-Solid-Test-Basic-0.002
on perl 5.8.9, created by CPAN-Reporter-1.2018.
Thank you for uploading your work to CPAN. While attempting to build or test
this distribution, the distribution signaled that support is not available
either for this operating system or this version of Perl. Nevertheless, any
diagnostic output produced is provided below for reference. If this is not
what you expect, you may wish to consult the CPAN Testers Wiki:
http://wiki.cpantesters.org/wiki/CPANAuthorNotes
Sections of this report:
* Tester comments
* Program output
* Prerequisites
* Environment and other context
------------------------------
TESTER COMMENTS
------------------------------
Additional comments from tester:
none provided
------------------------------
PROGRAM OUTPUT
------------------------------
Output from '/usr/bin/make test':
PERL_DL_NONLAZY=1 "/opt/perl-5.8.9/bin/perl" "-MExtUtils::Command::MM" "-MTest::Harness" "-e" "undef *Test::Harness::Switches; test_harness(0, 'blib/lib', 'blib/arch')" t/*.t
# Failed test 'use Web::Solid::Test::Basic;'
# at t/01basic.t line 28.
# Tried to use 'Web::Solid::Test::Basic'.
# Error: Perl v5.10.1 required--this is only v5.8.9, stopped at /data/home/cpansand/.cpan/build/2019082811/Web-Solid-Test-Basic-0.002-1/blib/lib/Web/Solid/Test/Basic.pm line 3.
# BEGIN failed--compilation aborted at /data/home/cpansand/.cpan/build/2019082811/Web-Solid-Test-Basic-0.002-1/blib/lib/Web/Solid/Test/Basic.pm line 3.
# Compilation failed in require at t/01basic.t line 28.
# BEGIN failed--compilation aborted at t/01basic.t line 28.
# Failed test 'use Web::Solid::Test::HTTPLists;'
# at t/01basic.t line 29.
# Tried to use 'Web::Solid::Test::HTTPLists'.
# Error: Perl v5.10.1 required--this is only v5.8.9, stopped at /data/home/cpansand/.cpan/build/2019082811/Web-Solid-Test-Basic-0.002-1/blib/lib/Web/Solid/Test/HTTPLists.pm line 3.
# BEGIN failed--compilation aborted at /data/home/cpansand/.cpan/build/2019082811/Web-Solid-Test-Basic-0.002-1/blib/lib/Web/Solid/Test/HTTPLists.pm line 3.
# Compilation failed in require at t/01basic.t line 29.
# BEGIN failed--compilation aborted at t/01basic.t line 29.
Use of uninitialized value in concatenation (.) or string at t/01basic.t line 31.
# Testing Web::Solid::Test::Basic , Perl 5.008009, /opt/perl-5.8.9/bin/perl
# Looks like you failed 2 tests of 2.
t/01basic.t .................
Dubious, test returned 2 (wstat 512, 0x200)
Failed 2/2 subtests
Perl v5.10.1 required--this is only v5.8.9, stopped at /data/home/cpansand/.cpan/build/2019082811/Web-Solid-Test-Basic-0.002-1/blib/lib/Web/Solid/Test/HTTPLists.pm line 3.
BEGIN failed--compilation aborted at /data/home/cpansand/.cpan/build/2019082811/Web-Solid-Test-Basic-0.002-1/blib/lib/Web/Solid/Test/HTTPLists.pm line 3.
Compilation failed in require at t/unit-get-token-network.t line 7.
BEGIN failed--compilation aborted at t/unit-get-token-network.t line 7.
# Looks like your test exited with 9 before it could output anything.
t/unit-get-token-network.t ..
Dubious, test returned 9 (wstat 2304, 0x900)
Failed 1/1 subtests
Perl v5.10.1 required--this is only v5.8.9, stopped at /data/home/cpansand/.cpan/build/2019082811/Web-Solid-Test-Basic-0.002-1/blib/lib/Web/Solid/Test/HTTPLists.pm line 3.
BEGIN failed--compilation aborted at /data/home/cpansand/.cpan/build/2019082811/Web-Solid-Test-Basic-0.002-1/blib/lib/Web/Solid/Test/HTTPLists.pm line 3.
Compilation failed in require at t/unit-get-token.t line 7.
BEGIN failed--compilation aborted at t/unit-get-token.t line 7.
# Looks like your test exited with 9 before it could output anything.
t/unit-get-token.t ..........
Dubious, test returned 9 (wstat 2304, 0x900)
Failed 3/3 subtests
Test Summary Report
-------------------
t/01basic.t (Wstat: 512 Tests: 2 Failed: 2)
Failed tests: 1-2
Non-zero exit status: 2
t/unit-get-token-network.t (Wstat: 2304 Tests: 0 Failed: 0)
Non-zero exit status: 9
Parse errors: Bad plan. You planned 1 tests but ran 0.
t/unit-get-token.t (Wstat: 2304 Tests: 0 Failed: 0)
Non-zero exit status: 9
Parse errors: Bad plan. You planned 3 tests but ran 0.
Files=3, Tests=2, 0 wallclock secs ( 0.01 usr 0.03 sys + 0.09 cusr 0.04 csys = 0.17 CPU)
Result: FAIL
Failed 3/3 test programs. 2/2 subtests failed.
Makefile:860: recipe for target 'test_dynamic' failed
make: *** [test_dynamic] Error 9
------------------------------
PREREQUISITES
------------------------------
Prerequisite modules loaded:
requires:
Module Need Have
--------------------- ----- --------
FindBin 0 1.49
IO::Socket::SSL 0 2.066
! LWP::UserAgent::https 0 n/a
Test::Deep 0 1.128
! Test::FITesque::RDF 0.012 n/a
Test::More 0.96 1.302164
! Test::RDF 0 n/a
configure_requires:
Module Need Have
--------------------- ----- --------
ExtUtils::MakeMaker 6.17 7.34
------------------------------
ENVIRONMENT AND OTHER CONTEXT
------------------------------
Environment variables:
LANG = C
PATH = /usr/local/bin:/usr/bin:/bin:/usr/local/sbin:/usr/sbin:/sbin:/home/cpansand/bin/linux-gnu:/home/cpansand/bin/sh:/home/cpansand/bin:/usr/games:/home/cpansand/devel:/home/eserte/src/srezic-misc/scripts
PERL5LIB =
PERL5OPT =
PERL5_CPANPLUS_IS_RUNNING = 9647
PERL5_CPAN_IS_RUNNING = 9647
PERL5_CPAN_IS_RUNNING_IN_RECURSION = 1103,9647
PERLDOC = -MPod::Perldoc::ToTextOverstrike
PERL_BATCH = yes
PERL_CANARY_STABILITY_NOPROMPT = 1
PERL_CPAN_REPORTER_CONFIG = /var/tmp/cpansmoker-1023/2019082811/cpanreporter_000_config.ini
PERL_EXTUTILS_AUTOINSTALL = --defaultdeps
PERL_USE_UNSAFE_INC = 1
SHELL = /usr/bin/zsh
TERM = screen
TMPDIR = /var/tmp/cpansmoker-1023/2019082811
Perl special variables (and OS-specific diagnostics, for MSWin32):
$^X = /opt/perl-5.8.9/bin/perl
$UID/$EUID = 1023 / 1023
$GID = 1023 1023
$EGID = 1023 1023
Perl module toolchain versions installed:
Module Have
------------------- --------
CPAN 2.26
CPAN::Meta 2.150010
Cwd 3.75
ExtUtils::CBuilder 0.280231
ExtUtils::Command 7.34
ExtUtils::Install 2.06
ExtUtils::MakeMaker 7.34
ExtUtils::Manifest 1.70
ExtUtils::ParseXS 3.35
File::Spec 3.75
JSON 4.02
JSON::PP 4.04
Module::Build 0.4224
Module::Signature 0.83
Parse::CPAN::Meta 2.150010
Test::Harness 3.42
Test::More 1.302164
YAML 1.29
YAML::Syck 1.31
version 0.9924
--
Summary of my perl5 (revision 5 version 8 subversion 9) configuration:
Platform:
osname=linux, osvers=4.9.0-8-amd64, archname=x86_64-linux
uname='linux eserte 4.9.0-8-amd64 #1 smp debian 4.9.130-2 (2018-10-27) x86_64 gnulinux '
config_args='-ds -e -Dprefix=/opt/perl-5.8.9 -Dcf_email=srezic@cpan.org'
hint=recommended, useposix=true, d_sigaction=define
usethreads=undef use5005threads=undef useithreads=undef usemultiplicity=undef
useperlio=define d_sfio=undef uselargefiles=define usesocks=undef
use64bitint=define use64bitall=define uselongdouble=undef
usemymalloc=n, bincompat5005=undef
Compiler:
cc='cc', ccflags ='-fno-strict-aliasing -pipe -I/usr/local/include -D_LARGEFILE_SOURCE -D_FILE_OFFSET_BITS=64',
optimize='-O2',
cppflags='-fno-strict-aliasing -pipe -I/usr/local/include'
ccversion='', gccversion='6.3.0 20170516', gccosandvers=''
intsize=4, longsize=8, ptrsize=8, doublesize=8, byteorder=12345678
d_longlong=define, longlongsize=8, d_longdbl=define, longdblsize=16
ivtype='long', ivsize=8, nvtype='double', nvsize=8, Off_t='off_t', lseeksize=8
alignbytes=8, prototype=define
Linker and Libraries:
ld='cc', ldflags =' -L/usr/local/lib'
libpth=/usr/local/lib /lib/x86_64-linux-gnu /lib/../lib /usr/lib/x86_64-linux-gnu /usr/lib/../lib /lib /usr/lib
libs=-lnsl -ldb -ldl -lm -lcrypt -lutil -lc
perllibs=-lnsl -ldl -lm -lcrypt -lutil -lc
libc=libc-2.24.so, so=so, useshrplib=false, libperl=libperl.a
gnulibc_version='2.24'
Dynamic Linking:
dlsrc=dl_dlopen.xs, dlext=so, d_dlsymun=undef, ccdlflags='-Wl,-E'
cccdlflags='-fPIC', lddlflags='-shared -O2 -L/usr/local/lib'
Characteristics of this binary (from libperl):
Compile-time options: PERL_MALLOC_WRAP USE_64_BIT_ALL USE_64_BIT_INT
USE_FAST_STDIO USE_LARGE_FILES USE_PERLIO
Locally applied patches:
Devel::PatchPerl 1.46
Built under linux
Compiled at Jan 6 2019 06:53:49
%ENV:
PERL5LIB=""
PERL5OPT=""
PERL5_CPANPLUS_IS_RUNNING="9647"
PERL5_CPAN_IS_RUNNING="9647"
PERL5_CPAN_IS_RUNNING_IN_RECURSION="1103,9647"
PERLDOC="-MPod::Perldoc::ToTextOverstrike"
PERL_BATCH="yes"
PERL_CANARY_STABILITY_NOPROMPT="1"
PERL_CPAN_REPORTER_CONFIG="/var/tmp/cpansmoker-1023/2019082811/cpanreporter_000_config.ini"
PERL_EXTUTILS_AUTOINSTALL="--defaultdeps"
PERL_USE_UNSAFE_INC="1"
@INC:
/opt/perl-5.8.9/lib/5.8.9/x86_64-linux
/opt/perl-5.8.9/lib/5.8.9
/opt/perl-5.8.9/lib/site_perl/5.8.9/x86_64-linux
/opt/perl-5.8.9/lib/site_perl/5.8.9
.