DBD-XMLSimple v0.07 Perl 5 v5.41.6 OpenBSD.amd64-openbsd-thread-multi

Status
Fail
From
Carlos Guevara
Dist
DBD-XMLSimple v0.07
Platform
Perl 5 v5.41.6 OpenBSD.amd64-openbsd-thread-multi
Date
2024-11-16 14:48:21
ID
d31ec19c-a429-11ef-a324-d0c3d60d7d7d
This distribution has been tested as part of the CPAN Testers
project, supporting the Perl programming language.  See
http://wiki.cpantesters.org/ for more information or email
questions to cpan-testers-discuss@perl.org


--
Dear Nigel Horne,

This is a computer-generated report for DBD-XMLSimple-0.07
on perl 5.41.6, created by CPAN-Reporter-1.2020.

Thank you for uploading your work to CPAN.  However, there was a problem
testing your distribution.

If you think this report is invalid, please consult the CPAN Testers Wiki
for suggestions on how to avoid getting FAIL reports for missing library
or binary dependencies, unsupported operating systems, and so on:

http://wiki.cpantesters.org/wiki/CPANAuthorNotes

Sections of this report:

    * Tester comments
    * Program output
    * Prerequisites
    * Environment and other context

------------------------------
TESTER COMMENTS
------------------------------

Additional comments from tester:

this report is from an automated smoke testing program
and was not reviewed by a human for accuracy

------------------------------
PROGRAM OUTPUT
------------------------------

Output from '/usr/bin/make test':

PERL_DL_NONLAZY=1 "/home/cpan/bin/perl/bin/perl5.41.6" "-MExtUtils::Command::MM" "-MTest::Harness" "-e" "undef *Test::Harness::Switches; test_harness(0, 'blib/lib', 'blib/arch')" t/*.t
Possible precedence problem between ! and numeric eq (==) at /home/cpan/bin/perl/lib/site_perl/5.41.6/XML/Twig.pm line 2364.
# Testing DBD::XMLSimple 0.07, Perl 5.041006, /home/cpan/bin/perl/bin/perl5.41.6
t/00-load.t ........... ok

#   Failed test 'no warnings'
#   at /home/cpan/bin/perl/lib/5.41.6/Test/Builder.pm line 193.
# There were 1 warning(s)
#     Previous test 1 'use DBI;'
#     Possible precedence problem between ! and numeric eq (==) at /home/cpan/bin/perl/lib/site_perl/5.41.6/XML/Twig.pm line 2364.
#  at /home/cpan/bin/perl/lib/site_perl/5.41.6/XML/Twig.pm line 2364.
# 	require XML/Twig.pm called at /home/cpan/.cpan/build/DBD-XMLSimple-0.07-0/blib/lib/DBD/XMLSimple.pm line 159
# 	DBD::XMLSimple::Statement::BEGIN() called at /home/cpan/.cpan/build/DBD-XMLSimple-0.07-0/blib/lib/DBD/XMLSimple.pm line 159
# 	eval {...} called at /home/cpan/.cpan/build/DBD-XMLSimple-0.07-0/blib/lib/DBD/XMLSimple.pm line 159
# 	require DBD/XMLSimple.pm called at (eval 47) line 3
# 	eval 'package			# hide from PAUSE
# 		DBI::_firesafe;		# just in case
# 	    require DBD::XMLSimple;	# load the driver
#     ' called at /home/cpan/bin/perl/lib/site_perl/5.41.6/OpenBSD.amd64-openbsd-thread-multi/DBI.pm line 794
# 	DBI::install_driver("DBI", "XMLSimple") called at /home/cpan/bin/perl/lib/site_perl/5.41.6/OpenBSD.amd64-openbsd-thread-multi/DBI.pm line 663
# 	DBI::connect("DBI", "dbi:XMLSimple(RaiseError => 1):") called at t/10-filedata.t line 16
# 
# Looks like you failed 1 test of 6.
t/10-filedata.t ....... 
Dubious, test returned 1 (wstat 256, 0x100)
Failed 1/6 subtests 

#   Failed test 'no warnings'
#   at /home/cpan/bin/perl/lib/5.41.6/Test/Builder.pm line 193.
# There were 1 warning(s)
#     Previous test 1 'use DBI;'
#     Possible precedence problem between ! and numeric eq (==) at /home/cpan/bin/perl/lib/site_perl/5.41.6/XML/Twig.pm line 2364.
#  at /home/cpan/bin/perl/lib/site_perl/5.41.6/XML/Twig.pm line 2364.
# 	require XML/Twig.pm called at /home/cpan/.cpan/build/DBD-XMLSimple-0.07-0/blib/lib/DBD/XMLSimple.pm line 159
# 	DBD::XMLSimple::Statement::BEGIN() called at /home/cpan/.cpan/build/DBD-XMLSimple-0.07-0/blib/lib/DBD/XMLSimple.pm line 159
# 	eval {...} called at /home/cpan/.cpan/build/DBD-XMLSimple-0.07-0/blib/lib/DBD/XMLSimple.pm line 159
# 	require DBD/XMLSimple.pm called at (eval 47) line 3
# 	eval 'package			# hide from PAUSE
# 		DBI::_firesafe;		# just in case
# 	    require DBD::XMLSimple;	# load the driver
#     ' called at /home/cpan/bin/perl/lib/site_perl/5.41.6/OpenBSD.amd64-openbsd-thread-multi/DBI.pm line 794
# 	DBI::install_driver("DBI", "XMLSimple") called at /home/cpan/bin/perl/lib/site_perl/5.41.6/OpenBSD.amd64-openbsd-thread-multi/DBI.pm line 663
# 	DBI::connect("DBI", "dbi:XMLSimple(RaiseError => 1):") called at t/20-stringdata.t line 16
# 
# Looks like you failed 1 test of 14.
t/20-stringdata.t ..... 
Dubious, test returned 1 (wstat 256, 0x100)
Failed 1/14 subtests 
t/apoc.t .............. skipped: Test::Apocalypse required for testing the distribution

# Failed test 'no error output'
# at t/bin.t line 14.
# The output
#   Possible precedence problem between ! and numeric eq (==) at /home/cpan/bin/perl/lib/site_perl/5.41.6/XML/Twig.pm line 2364.
# does not match

#   Failed test at t/bin.t line 14.
# Looks like you failed 2 tests of 10.
t/bin.t ............... 
Dubious, test returned 2 (wstat 512, 0x200)
Failed 2/10 subtests 
t/boiler.t ............ ok
t/changes.t ........... skipped: Author tests not required for installation
t/comment-spelling.t .. skipped: Author tests not required for installation
t/coverage.t .......... skipped: Author tests not required for installation
t/critic.t ............ skipped: Author tests not required for installation
t/cv.t ................ skipped: Author tests not required for installation
t/dist.t .............. skipped: Author tests not required for installation
t/gv.t ................ skipped: Author tests not required for installation
t/kwalitee.t .......... skipped: Author tests not required for installation
t/metrics.t ........... skipped: Author tests not required for installation
t/namespaces.t ........ skipped: Author tests not required for installation
t/noplan.t ............ skipped: Author tests not required for installation
t/pod-cm.t ............ ok
t/pod-spelling.t ...... skipped: Author tests not required for installation
t/pod-synopsis.t ...... skipped: Author tests not required for installation
t/pod.t ............... skipped: Author tests not required for installation
t/port.t .............. ok
t/prereq.t ............ skipped: Author tests not required for installation
t/snippets.t .......... skipped: Author tests not required for installation
t/strict.t ............ skipped: Author tests not required for installation
t/unused.t ............ skipped: Author tests not required for installation
t/used.t .............. skipped: Author tests not required for installation
t/vars.t .............. skipped: Author tests not required for installation

Test Summary Report
-------------------
t/10-filedata.t     (Wstat: 256 (exited 1) Tests: 6 Failed: 1)
  Failed test:  6
  Non-zero exit status: 1
t/20-stringdata.t   (Wstat: 256 (exited 1) Tests: 14 Failed: 1)
  Failed test:  14
  Non-zero exit status: 1
t/bin.t             (Wstat: 512 (exited 2) Tests: 10 Failed: 2)
  Failed tests:  9-10
  Non-zero exit status: 2
t/boiler.t          (Wstat: 0 Tests: 3 Failed: 0)
  TODO passed:   1-3
Files=28, Tests=37,  4 wallclock secs ( 0.05 usr  0.06 sys +  3.56 cusr  0.71 csys =  4.38 CPU)
Result: FAIL
Failed 3/28 test programs. 4/37 subtests failed.
*** Error 255 in /home/cpan/.cpan/build/DBD-XMLSimple-0.07-0 (Makefile:889 'test_dynamic')

------------------------------
PREREQUISITES
------------------------------

Prerequisite modules loaded:

requires:

    Module              Need     Have    
    ------------------- -------- --------
    Carp                0        1.54    
    DBI                 1.637    1.645   
    DBI::DBD::SqlEngine 0.06     0.06    
    perl                5.006002 5.041006
    SQL::Statement      1.41     1.414   
    XML::Twig           0        3.52    

build_requires:

    Module              Need     Have    
    ------------------- -------- --------
    autodie             0        2.37    
    ExtUtils::MakeMaker 0        7.70    
    IPC::System::Simple 0        1.30    
    Test::DatabaseRow   0        2.04    
    Test::Differences   0        0.71    
    Test::Most          0        0.38    
    Test::NoWarnings    0        1.06    
    Test::Script        1.12     1.29    

configure_requires:

    Module              Need     Have    
    ------------------- -------- --------
    ExtUtils::MakeMaker 0        7.70    


------------------------------
ENVIRONMENT AND OTHER CONTEXT
------------------------------

Environment variables:

    AUTOMATED_TESTING = 1
    DATE_MANIP_TEST_DM5 = 1
    LC_ALL = C
    NONINTERACTIVE_TESTING = 1
    NO_NETWORK_TESTING = 1
    PATH = /home/cpan/bin/perl/bin:/home/cpan/bin:/home/cpan/bin:/bin:/sbin:/usr/bin:/usr/sbin:/usr/X11R6/bin:/usr/local/bin:/usr/local/sbin
    PERL5LIB = 
    PERL5OPT = 
    PERL5_CPANPLUS_IS_RUNNING = 45299
    PERL5_CPAN_IS_RUNNING = 45299
    PERL_MM_USE_DEFAULT = 1
    PERL_USE_UNSAFE_INC = 1
    SHELL = /usr/local/bin/bash
    TERM = screen
    TMPDIR = /home/cpan/tmp

Perl special variables (and OS-specific diagnostics, for MSWin32):

    $^X = /home/cpan/bin/perl/bin/perl5.41.6
    $UID/$EUID = 1001 / 1001
    $GID = 1001 1001
    $EGID = 1001 1001

Perl module toolchain versions installed:

    Module              Have    
    ------------------- --------
    CPAN                2.37    
    CPAN::Meta          2.150010
    Cwd                 3.92    
    ExtUtils::CBuilder  0.280240
    ExtUtils::Command   7.70    
    ExtUtils::Install   2.22    
    ExtUtils::MakeMaker 7.70    
    ExtUtils::Manifest  1.75    
    ExtUtils::ParseXS   3.55    
    File::Spec          3.93    
    JSON                4.10    
    JSON::PP            4.16    
    Module::Build       0.4234  
    Module::Signature   0.89    
    Parse::CPAN::Meta   2.150010
    Test2               1.302204
    Test::Harness       3.50    
    Test::More          1.302204
    YAML                1.31    
    YAML::Syck          1.34    
    version             0.9933  


--

Summary of my perl5 (revision 5 version 41 subversion 6) configuration:
  Commit id: 84f33376d3526b50446b26389d0311d4c426fb74
  Platform:
    osname=openbsd
    osvers=7.6
    archname=OpenBSD.amd64-openbsd-thread-multi
    uname='openbsd cjg-openbsd7 7.6 generic#332 amd64 '
    config_args='-des -Dprefix=/home/cpan/bin/perl -Dscriptdir=/home/cpan/bin/perl/bin -Dusedevel -Duse64bitall -Duseithreads'
    hint=recommended
    useposix=true
    d_sigaction=define
    useithreads=define
    usemultiplicity=define
    use64bitint=define
    use64bitall=define
    uselongdouble=undef
    usemymalloc=n
    default_inc_excludes_dot=define
  Compiler:
    cc='cc'
    ccflags ='-pthread -DNO_LOCALE_NUMERIC -DNO_LOCALE_COLLATE -DNO_LOCALE_MONETARY -DNO_LOCALE_TIME -DNO_LOCALE_MESSAGES -DLIBC_HANDLES_MISMATCHED_CTYPE -fno-strict-aliasing -pipe -fstack-protector-strong -I/usr/local/include'
    optimize='-O2'
    cppflags='-pthread -DNO_LOCALE_NUMERIC -DNO_LOCALE_COLLATE -DNO_LOCALE_MONETARY -DNO_LOCALE_TIME -DNO_LOCALE_MESSAGES -DLIBC_HANDLES_MISMATCHED_CTYPE -fno-strict-aliasing -pipe -fstack-protector-strong -I/usr/local/include'
    ccversion=''
    gccversion='OpenBSD Clang 16.0.6'
    gccosandvers=''
    intsize=4
    longsize=8
    ptrsize=8
    doublesize=8
    byteorder=12345678
    doublekind=3
    d_longlong=define
    longlongsize=8
    d_longdbl=define
    longdblsize=16
    longdblkind=3
    ivtype='long'
    ivsize=8
    nvtype='double'
    nvsize=8
    Off_t='off_t'
    lseeksize=8
    alignbytes=8
    prototype=define
  Linker and Libraries:
    ld='cc'
    ldflags ='-pthread -Wl,-E  -fstack-protector-strong -L/usr/local/lib'
    libpth=/usr/lib/clang/16/lib /usr/lib /usr/local/lib
    libs=-lpthread -lm -lutil -lc
    perllibs=-lpthread -lm -lutil -lc
    libc=/usr/lib/libc.so.100.3
    so=so
    useshrplib=false
    libperl=libperl.a
    gnulibc_version=''
  Dynamic Linking:
    dlsrc=dl_dlopen.xs
    dlext=so
    d_dlsymun=undef
    ccdlflags=' '
    cccdlflags='-DPIC -fPIC '
    lddlflags='-shared -fPIC  -L/usr/local/lib -fstack-protector-strong'


Characteristics of this binary (from libperl): 
  Compile-time options:
    HAS_LONG_DOUBLE
    HAS_STRTOLD
    HAS_TIMES
    MULTIPLICITY
    PERLIO_LAYERS
    PERL_COPY_ON_WRITE
    PERL_DONT_CREATE_GVSV
    PERL_HASH_FUNC_SIPHASH13
    PERL_HASH_USE_SBOX32
    PERL_MALLOC_WRAP
    PERL_OP_PARENT
    PERL_PRESERVE_IVUV
    PERL_USE_DEVEL
    PERL_USE_SAFE_PUTENV
    USE_64_BIT_ALL
    USE_64_BIT_INT
    USE_ITHREADS
    USE_LARGE_FILES
    USE_LOCALE
    USE_LOCALE_CTYPE
    USE_PERLIO
    USE_PERL_ATOF
    USE_REENTRANT_API
    USE_THREAD_SAFE_LOCALE
  Built under openbsd
  Compiled at Nov 15 2024 13:28:57
  %ENV:
    PERL5LIB=""
    PERL5OPT=""
    PERL5_CPANPLUS_IS_RUNNING="45299"
    PERL5_CPAN_IS_RUNNING="45299"
    PERL_MM_USE_DEFAULT="1"
    PERL_USE_UNSAFE_INC="1"
  @INC:
    /home/cpan/bin/perl/lib/site_perl/5.41.6/OpenBSD.amd64-openbsd-thread-multi
    /home/cpan/bin/perl/lib/site_perl/5.41.6
    /home/cpan/bin/perl/lib/5.41.6/OpenBSD.amd64-openbsd-thread-multi
    /home/cpan/bin/perl/lib/5.41.6
    .