Back
From: metabase:user:320bfe00-2aae-11df-837a-5e0a49663a4f
Subject: FAIL DBIx-Class-Graph-1.05 v5.26.0 GNU/Linux
Date: 2017-03-22T05:24:30Z
This distribution has been tested as part of the CPAN Testers
project, supporting the Perl programming language. See
http://wiki.cpantesters.org/ for more information or email
questions to cpan-testers-discuss@perl.org
--
Dear Moritz Onken,
This is a computer-generated report for DBIx-Class-Graph-1.05
on perl 5.26.0, created by CPAN-Reporter-1.2018.
Thank you for uploading your work to CPAN. However, there was a problem
testing your distribution.
If you think this report is invalid, please consult the CPAN Testers Wiki
for suggestions on how to avoid getting FAIL reports for missing library
or binary dependencies, unsupported operating systems, and so on:
http://wiki.cpantesters.org/wiki/CPANAuthorNotes
Sections of this report:
* Tester comments
* Program output
* Prerequisites
* Environment and other context
------------------------------
TESTER COMMENTS
------------------------------
Additional comments from tester:
this report is from an automated smoke testing program
and was not reviewed by a human for accuracy
------------------------------
PROGRAM OUTPUT
------------------------------
Output from './Build test':
Could not generate inline handles for _graph->("" because : Failed to compile source: syntax error at (eval 201) line 21, near """( "
source:
#line 1 "inline delegation in DBIx::Class::ResultSet::Graph for _graph->("" (attribute declared in lib/DBIx/Class/Graph/Role/ResultSet.pm at line 22)"
sub {
my $self = shift;
my $proxy = $self->_graph;
if ( !defined $proxy ) {
die Module::Runtime::use_module("Moose::Exception::AttributeValueIsNotDefined")->new(method => $self->meta->find_method_by_name("(\"\""),
instance => $self,
attribute => $self->meta->find_attribute_by_name("_graph"),
);
}
elsif ( ref $proxy && !Scalar::Util::blessed($proxy) ) {
die Module::Runtime::use_module("Moose::Exception::AttributeValueIsNotAnObject")->new(method => $self->meta->find_method_by_name("(\"\""),
instance => $self,
attribute => $self->meta->find_attribute_by_name("_graph"),
given_value => $proxy,
);
}
return $proxy->(""( @_ );
}
at /home/sand/src/perl/repoperls/installed-perls/host/k93msid/v5.25.11-9-gc490dda191/496c/lib/site_perl/5.26.0/x86_64-linux-thread-multi-ld/Class/MOP/Method/Generated.pm line 56.
at /home/sand/src/perl/repoperls/installed-perls/host/k93msid/v5.25.11-9-gc490dda191/496c/lib/site_perl/5.26.0/x86_64-linux-thread-multi-ld/Moose/Meta/Method/Delegation.pm line 154
Moose::Meta::Method::Delegation::catch {...} ('Failed to compile source: syntax error at (eval 201) line 21, near """( "^J^J^Jsource:^J#line 1 "inline delegation in DBIx::Class::ResultSet::Graph for _graph->("" (attribute declared in lib/DBIx/Class/Graph/Role/ResultSet.pm at line 22)"^Jsub {^J my $self = shift;^J^J my $proxy = $self->_graph;^J if ( !defined $proxy ) {^J die Module::Runtime::use_module("Moose::Exception::AttributeValueIsNotDefined")->new(method => $self->meta->find_method_by_name("(\"\""),^Jinstance => $self,^Jattribute => $self->meta->find_attribute_by_name("_graph"),^J);^J }^J elsif ( ref $proxy && !Scalar::Util::blessed($proxy) ) {^J die Module::Runtime::use_module("Moose::Exception::AttributeValueIsNotAnObject")->new(method => $self->meta->find_method_by_name("(\"\""),^Jinstance => $self,^Jattribute => $self->meta->find_attribute_by_name("_graph"),^Jgiven_value => $proxy,^J);^J }^J return $proxy->(""( @_ );^J}^J at /home/sand/src/perl/repoperls/installed-perls/host/k93msid/v5.25.11-9-gc490dda191/496c/lib/site_perl/5.26.0/x86_64-linux-thread-multi-ld/Class/MOP/Method/Generated.pm line 56.^J') called at /home/sand/src/perl/repoperls/installed-perls/host/k93msid/v5.25.11-9-gc490dda191/496c/lib/site_perl/5.26.0/Try/Tiny.pm line 124
Try::Tiny::try('CODE(0x5564661e4bf0)', 'Try::Tiny::Catch=REF(0x5564661cda30)') called at /home/sand/src/perl/repoperls/installed-perls/host/k93msid/v5.25.11-9-gc490dda191/496c/lib/site_perl/5.26.0/x86_64-linux-thread-multi-ld/Moose/Meta/Method/Delegation.pm line 160
Moose::Meta::Method::Delegation::_generate_inline_method('Moose::Meta::Method::Delegation=HASH(0x556464890e00)') called at /home/sand/src/perl/repoperls/installed-perls/host/k93msid/v5.25.11-9-gc490dda191/496c/lib/site_perl/5.26.0/x86_64-linux-thread-multi-ld/Moose/Meta/Method/Delegation.pm line 82
Moose::Meta::Method::Delegation::_initialize_body('Moose::Meta::Method::Delegation=HASH(0x556464890e00)') called at /home/sand/src/perl/repoperls/installed-perls/host/k93msid/v5.25.11-9-gc490dda191/496c/lib/site_perl/5.26.0/x86_64-linux-thread-multi-ld/Moose/Meta/Method/Delegation.pm line 54
Moose::Meta::Method::Delegation::new('Moose::Meta::Method::Delegation', 'name', '(""', 'package_name', 'DBIx::Class::ResultSet::Graph', 'attribute', 'Moose::Meta::Attribute=HASH(0x556466180380)', 'delegate_to_method', '(""', 'curried_arguments', 'ARRAY(0x556464bf59f8)') called at /home/sand/src/perl/repoperls/installed-perls/host/k93msid/v5.25.11-9-gc490dda191/496c/lib/site_perl/5.26.0/x86_64-linux-thread-multi-ld/Moose/Meta/Attribute.pm line 1301
Moose::Meta::Attribute::_make_delegation_method('Moose::Meta::Attribute=HASH(0x556466180380)', '(""', '(""') called at /home/sand/src/perl/repoperls/installed-perls/host/k93msid/v5.25.11-9-gc490dda191/496c/lib/site_perl/5.26.0/x86_64-linux-thread-multi-ld/Moose/Meta/Attribute.pm line 1168
Moose::Meta::Attribute::install_delegation('Moose::Meta::Attribute=HASH(0x556466180380)') called at /home/sand/src/perl/repoperls/installed-perls/host/k93msid/v5.25.11-9-gc490dda191/496c/lib/site_perl/5.26.0/x86_64-linux-thread-multi-ld/Moose/Meta/Attribute.pm line 1017
Moose::Meta::Attribute::install_accessors('Moose::Meta::Attribute=HASH(0x556466180380)') called at /home/sand/src/perl/repoperls/installed-perls/host/k93msid/v5.25.11-9-gc490dda191/496c/lib/site_perl/5.26.0/x86_64-linux-thread-multi-ld/Class/MOP/Class.pm line 899
Class::MOP::Class::try {...} at /home/sand/src/perl/repoperls/installed-perls/host/k93msid/v5.25.11-9-gc490dda191/496c/lib/site_perl/5.26.0/Try/Tiny.pm line 103
eval {...} at /home/sand/src/perl/repoperls/installed-perls/host/k93msid/v5.25.11-9-gc490dda191/496c/lib/site_perl/5.26.0/Try/Tiny.pm line 94
Try::Tiny::try('CODE(0x55646617e158)', 'Try::Tiny::Catch=REF(0x55646617fa38)') called at /home/sand/src/perl/repoperls/installed-perls/host/k93msid/v5.25.11-9-gc490dda191/496c/lib/site_perl/5.26.0/x86_64-linux-thread-multi-ld/Class/MOP/Class.pm line 904
Class::MOP::Class::_post_add_attribute('Moose::Meta::Class=HASH(0x556464db1370)', 'Moose::Meta::Attribute=HASH(0x556466180380)') called at /home/sand/src/perl/repoperls/installed-perls/host/k93msid/v5.25.11-9-gc490dda191/496c/lib/site_perl/5.26.0/x86_64-linux-thread-multi-ld/Class/MOP/Mixin/HasAttributes.pm line 39
Class::MOP::Mixin::HasAttributes::add_attribute('Moose::Meta::Class=HASH(0x556464db1370)', 'Moose::Meta::Attribute=HASH(0x556466180380)') called at /home/sand/src/perl/repoperls/installed-perls/host/k93msid/v5.25.11-9-gc490dda191/496c/lib/site_perl/5.26.0/x86_64-linux-thread-multi-ld/Moose/Meta/Class.pm line 583
Moose::Meta::Class::add_attribute('Moose::Meta::Class=HASH(0x556464db1370)', 'Moose::Meta::Attribute=HASH(0x556466180380)') called at /home/sand/src/perl/repoperls/installed-perls/host/k93msid/v5.25.11-9-gc490dda191/496c/lib/site_perl/5.26.0/x86_64-linux-thread-multi-ld/Moose/Meta/Role/Application/ToClass.pm line 126
Moose::Meta::Role::Application::ToClass::apply_attributes('Moose::Meta::Role::Application::ToClass=HASH(0x556465375358)', 'Moose::Meta::Role=HASH(0x5564661a35c0)', 'Moose::Meta::Class=HASH(0x556464db1370)') called at /home/sand/src/perl/repoperls/installed-perls/host/k93msid/v5.25.11-9-gc490dda191/496c/lib/site_perl/5.26.0/x86_64-linux-thread-multi-ld/Moose/Meta/Role/Application.pm line 59
Moose::Meta::Role::Application::apply('Moose::Meta::Role::Application::ToClass=HASH(0x556465375358)', 'Moose::Meta::Role=HASH(0x5564661a35c0)', 'Moose::Meta::Class=HASH(0x556464db1370)') called at /home/sand/src/perl/repoperls/installed-perls/host/k93msid/v5.25.11-9-gc490dda191/496c/lib/site_perl/5.26.0/x86_64-linux-thread-multi-ld/Moose/Meta/Role/Application/ToClass.pm line 31
Moose::Meta::Role::Application::ToClass::apply('Moose::Meta::Role::Application::ToClass=HASH(0x556465375358)', 'Moose::Meta::Role=HASH(0x5564661a35c0)', 'Moose::Meta::Class=HASH(0x556464db1370)', 'HASH(0x556464c93d90)') called at /home/sand/src/perl/repoperls/installed-perls/host/k93msid/v5.25.11-9-gc490dda191/496c/lib/site_perl/5.26.0/x86_64-linux-thread-multi-ld/Moose/Meta/Role.pm line 472
Moose::Meta::Role::apply('Moose::Meta::Role=HASH(0x5564661a35c0)', 'Moose::Meta::Class=HASH(0x556464db1370)') called at /home/sand/src/perl/repoperls/installed-perls/host/k93msid/v5.25.11-9-gc490dda191/496c/lib/site_perl/5.26.0/x86_64-linux-thread-multi-ld/Moose/Util.pm line 172
Moose::Util::_apply_all_roles('Moose::Meta::Class=HASH(0x556464db1370)', undef, 'DBIx::Class::Graph::Role::ResultSet') called at /home/sand/src/perl/repoperls/installed-perls/host/k93msid/v5.25.11-9-gc490dda191/496c/lib/site_perl/5.26.0/x86_64-linux-thread-multi-ld/Moose/Util.pm line 114
Moose::Util::apply_all_roles('Moose::Meta::Class=HASH(0x556464db1370)', 'DBIx::Class::Graph::Role::ResultSet') called at /home/sand/src/perl/repoperls/installed-perls/host/k93msid/v5.25.11-9-gc490dda191/496c/lib/site_perl/5.26.0/x86_64-linux-thread-multi-ld/Moose.pm line 57
Moose::with('Moose::Meta::Class=HASH(0x556464db1370)', 'DBIx::Class::Graph::Role::ResultSet') called at /home/sand/src/perl/repoperls/installed-perls/host/k93msid/v5.25.11-9-gc490dda191/496c/lib/site_perl/5.26.0/x86_64-linux-thread-multi-ld/Moose/Exporter.pm line 419
Moose::with('DBIx::Class::Graph::Role::ResultSet') called at lib/DBIx/Class/ResultSet/Graph.pm line 19
require DBIx/Class/ResultSet/Graph.pm at -e line 1
Compilation failed in require at -e line 1.
# Failed test 'DBIx::Class::ResultSet::Graph loaded ok'
# at t/00-compile.t line 71.
# ''
# doesn't match '(?^s:^\s*DBIx::Class::ResultSet::Graph ok)'
# Looks like you failed 1 test of 5.
t/00-compile.t ................
Dubious, test returned 1 (wstat 256, 0x100)
Failed 1/5 subtests
#
#
# perl: v5.26.0 (wanted any version) on linux from /tmp/basesmoker-reloperl-KX3e/bin/perl
#
# Class::C3 => 0.32 (want any version)
# DBIx::Class => 0.082840 (want any version)
# DBIx::Class::ResultSet => <undef> (want any version)
# DBIx::Class::Schema => <undef> (want any version)
# File::Find => 1.34 (want any version)
# File::Temp => 0.2304 (want any version)
# Graph => 0.9704 (want 0.94)
# List::MoreUtils => 0.416 (want any version)
# Module::Build => 0.422 (want 0.3601)
# Moose => 2.2004 (want any version)
# Moose::Role => 2.2004 (want any version)
# Scalar::Util => 1.47 (want any version)
# Test::Memory::Cycle => 1.06 (want any version)
# Test::More => 1.302078 (want 0.88)
# base => 2.24 (want any version)
# strict => 1.11 (want any version)
# warnings => 1.37 (want any version)
#
# Thanks for using my code. I hope it works for you.
# If not, please try and include this output in the bug report.
# That will help me reproduce the issue and solve you problem.
#
t/000-report-versions-tiny.t .. ok
{UNKNOWN}: Could not generate inline handles for _graph->("" because : Failed to compile source: syntax error at (eval 759) line 21, near """( "
source:
#line 1 "inline delegation in DBIx::Class::ResultSet::Graph for _graph->("" (attribute declared in /tmp/loop_over_bdir-15976-yUStdl/DBIx-Class-Graph-1.05-0/blib/lib/DBIx/Class/Graph/Role/ResultSet.pm at line 22)"
sub {
my $self = shift;
my $proxy = $self->_graph;
if ( !defined $proxy ) {
die Module::Runtime::use_module("Moose::Exception::AttributeValueIsNotDefined")->new(method => $self->meta->find_method_by_name("(\"\""),
instance => $self,
attribute => $self->meta->find_attribute_by_name("_graph"),
);
}
elsif ( ref $proxy && !Scalar::Util::blessed($proxy) ) {
die Module::Runtime::use_module("Moose::Exception::AttributeValueIsNotAnObject")->new(method => $self->meta->find_method_by_name("(\"\""),
instance => $self,
attribute => $self->meta->find_attribute_by_name("_graph"),
given_value => $proxy,
);
}
return $proxy->(""( @_ );
}
at /home/sand/src/perl/repoperls/installed-perls/host/k93msid/v5.25.11-9-gc490dda191/496c/lib/site_perl/5.26.0/x86_64-linux-thread-multi-ld/Class/MOP/Method/Generated.pm line 56.
at /home/sand/src/perl/repoperls/installed-perls/host/k93msid/v5.25.11-9-gc490dda191/496c/lib/site_perl/5.26.0/x86_64-linux-thread-multi-ld/Moose/Meta/Method/Delegation.pm line 154
Moose::Meta::Method::Delegation::catch {...} ('Failed to compile source: syntax error at (eval 759) line 21, near """( "^J^J^Jsource:^J#line 1 "inline delegation in DBIx::Class::ResultSet::Graph for _graph->("" (attribute declared in /tmp/loop_over_bdir-15976-yUStdl/DBIx-Class-Graph-1.05-0/blib/lib/DBIx/Class/Graph/Role/ResultSet.pm at line 22)"^Jsub {^J my $self = shift;^J^J my $proxy = $self->_graph;^J if ( !defined $proxy ) {^J die Module::Runtime::use_module("Moose::Exception::AttributeValueIsNotDefined")->new(method => $self->meta->find_method_by_name("(\"\""),^Jinstance => $self,^Jattribute => $self->meta->find_attribute_by_name("_graph"),^J);^J }^J elsif ( ref $proxy && !Scalar::Util::blessed($proxy) ) {^J die Module::Runtime::use_module("Moose::Exception::AttributeValueIsNotAnObject")->new(method => $self->meta->find_method_by_name("(\"\""),^Jinstance => $self,^Jattribute => $self->meta->find_attribute_by_name("_graph"),^Jgiven_value => $proxy,^J);^J }^J return $proxy->(""( @_ );^J}^J at /home/sand/src/perl/repoperls/installed-perls/host/k93msid/v5.25.11-9-gc490dda191/496c/lib/site_perl/5.26.0/x86_64-linux-thread-multi-ld/Class/MOP/Method/Generated.pm line 56.^J') called at /home/sand/src/perl/repoperls/installed-perls/host/k93msid/v5.25.11-9-gc490dda191/496c/lib/site_perl/5.26.0/Try/Tiny.pm line 124
Try::Tiny::try('CODE(0x55d180c93ee0)', 'Try::Tiny::Catch=REF(0x55d1801fcfb0)') called at /home/sand/src/perl/repoperls/installed-perls/host/k93msid/v5.25.11-9-gc490dda191/496c/lib/site_perl/5.26.0/x86_64-linux-thread-multi-ld/Moose/Meta/Method/Delegation.pm line 160
Moose::Meta::Method::Delegation::_generate_inline_method('Moose::Meta::Method::Delegation=HASH(0x55d17df9fc38)') called at /home/sand/src/perl/repoperls/installed-perls/host/k93msid/v5.25.11-9-gc490dda191/496c/lib/site_perl/5.26.0/x86_64-linux-thread-multi-ld/Moose/Meta/Method/Delegation.pm line 82
Moose::Meta::Method::Delegation::_initialize_body('Moose::Meta::Method::Delegation=HASH(0x55d17df9fc38)') called at /home/sand/src/perl/repoperls/installed-perls/host/k93msid/v5.25.11-9-gc490dda191/496c/lib/site_perl/5.26.0/x86_64-linux-thread-multi-ld/Moose/Meta/Method/Delegation.pm line 54
Moose::Meta::Method::Delegation::new('Moose::Meta::Method::Delegation', 'name', '(""', 'package_name', 'DBIx::Class::ResultSet::Graph', 'attribute', 'Moose::Meta::Attribute=HASH(0x55d17ffb8cd0)', 'delegate_to_method', '(""', 'curried_arguments', 'ARRAY(0x55d17e3091d0)') called at /home/sand/src/perl/repoperls/installed-perls/host/k93msid/v5.25.11-9-gc490dda191/496c/lib/site_perl/5.26.0/x86_64-linux-thread-multi-ld/Moose/Meta/Attribute.pm line 1301
Moose::Meta::Attribute::_make_delegation_method('Moose::Meta::Attribute=HASH(0x55d17ffb8cd0)', '(""', '(""') called at /home/sand/src/perl/repoperls/installed-perls/host/k93msid/v5.25.11-9-gc490dda191/496c/lib/site_perl/5.26.0/x86_64-linux-thread-multi-ld/Moose/Meta/Attribute.pm line 1168
Moose::Meta::Attribute::install_delegation('Moose::Meta::Attribute=HASH(0x55d17ffb8cd0)') called at /home/sand/src/perl/repoperls/installed-perls/host/k93msid/v5.25.11-9-gc490dda191/496c/lib/site_perl/5.26.0/x86_64-linux-thread-multi-ld/Moose/Meta/Attribute.pm line 1017
Moose::Meta::Attribute::install_accessors('Moose::Meta::Attribute=HASH(0x55d17ffb8cd0)') called at /home/sand/src/perl/repoperls/installed-perls/host/k93msid/v5.25.11-9-gc490dda191/496c/lib/site_perl/5.26.0/x86_64-linux-thread-multi-ld/Class/MOP/Class.pm line 899
Class::MOP::Class::try {...} at /home/sand/src/perl/repoperls/installed-perls/host/k93msid/v5.25.11-9-gc490dda191/496c/lib/site_perl/5.26.0/Try/Tiny.pm line 103
eval {...} at /home/sand/src/perl/repoperls/installed-perls/host/k93msid/v5.25.11-9-gc490dda191/496c/lib/site_perl/5.26.0/Try/Tiny.pm line 94
Try::Tiny::try('CODE(0x55d17ffb8148)', 'Try::Tiny::Catch=REF(0x55d17ff83880)') called at /home/sand/src/perl/repoperls/installed-perls/host/k93msid/v5.25.11-9-gc490dda191/496c/lib/site_perl/5.26.0/x86_64-linux-thread-multi-ld/Class/MOP/Class.pm line 904
Class::MOP::Class::_post_add_attribute('Moose::Meta::Class=HASH(0x55d17ff448a8)', 'Moose::Meta::Attribute=HASH(0x55d17ffb8cd0)') called at /home/sand/src/perl/repoperls/installed-perls/host/k93msid/v5.25.11-9-gc490dda191/496c/lib/site_perl/5.26.0/x86_64-linux-thread-multi-ld/Class/MOP/Mixin/HasAttributes.pm line 39
Class::MOP::Mixin::HasAttributes::add_attribute('Moose::Meta::Class=HASH(0x55d17ff448a8)', 'Moose::Meta::Attribute=HASH(0x55d17ffb8cd0)') called at /home/sand/src/perl/repoperls/installed-perls/host/k93msid/v5.25.11-9-gc490dda191/496c/lib/site_perl/5.26.0/x86_64-linux-thread-multi-ld/Moose/Meta/Class.pm line 583
Moose::Meta::Class::add_attribute('Moose::Meta::Class=HASH(0x55d17ff448a8)', 'Moose::Meta::Attribute=HASH(0x55d17ffb8cd0)') called at /home/sand/src/perl/repoperls/installed-perls/host/k93msid/v5.25.11-9-gc490dda191/496c/lib/site_perl/5.26.0/x86_64-linux-thread-multi-ld/Moose/Meta/Role/Application/ToClass.pm line 126
Moose::Meta::Role::Application::ToClass::apply_attributes('Moose::Meta::Role::Application::ToClass=HASH(0x55d17ff4e5a8)', 'Moose::Meta::Role=HASH(0x55d180ae3ed8)', 'Moose::Meta::Class=HASH(0x55d17ff448a8)') called at /home/sand/src/perl/repoperls/installed-perls/host/k93msid/v5.25.11-9-gc490dda191/496c/lib/site_perl/5.26.0/x86_64-linux-thread-multi-ld/Moose/Meta/Role/Application.pm line 59
Moose::Meta::Role::Application::apply('Moose::Meta::Role::Application::ToClass=HASH(0x55d17ff4e5a8)', 'Moose::Meta::Role=HASH(0x55d180ae3ed8)', 'Moose::Meta::Class=HASH(0x55d17ff448a8)') called at /home/sand/src/perl/repoperls/installed-perls/host/k93msid/v5.25.11-9-gc490dda191/496c/lib/site_perl/5.26.0/x86_64-linux-thread-multi-ld/Moose/Meta/Role/Application/ToClass.pm line 31
Moose::Meta::Role::Application::ToClass::apply('Moose::Meta::Role::Application::ToClass=HASH(0x55d17ff4e5a8)', 'Moose::Meta::Role=HASH(0x55d180ae3ed8)', 'Moose::Meta::Class=HASH(0x55d17ff448a8)', 'HASH(0x55d17e68a0b0)') called at /home/sand/src/perl/repoperls/installed-perls/host/k93msid/v5.25.11-9-gc490dda191/496c/lib/site_perl/5.26.0/x86_64-linux-thread-multi-ld/Moose/Meta/Role.pm line 472
Moose::Meta::Role::apply('Moose::Meta::Role=HASH(0x55d180ae3ed8)', 'Moose::Meta::Class=HASH(0x55d17ff448a8)') called at /home/sand/src/perl/repoperls/installed-perls/host/k93msid/v5.25.11-9-gc490dda191/496c/lib/site_perl/5.26.0/x86_64-linux-thread-multi-ld/Moose/Util.pm line 172
Moose::Util::_apply_all_roles('Moose::Meta::Class=HASH(0x55d17ff448a8)', undef, 'DBIx::Class::Graph::Role::ResultSet') called at /home/sand/src/perl/repoperls/installed-perls/host/k93msid/v5.25.11-9-gc490dda191/496c/lib/site_perl/5.26.0/x86_64-linux-thread-multi-ld/Moose/Util.pm line 114
Moose::Util::apply_all_roles('Moose::Meta::Class=HASH(0x55d17ff448a8)', 'DBIx::Class::Graph::Role::ResultSet') called at /home/sand/src/perl/repoperls/installed-perls/host/k93msid/v5.25.11-9-gc490dda191/496c/lib/site_perl/5.26.0/x86_64-linux-thread-multi-ld/Moose.pm line 57
Moose::with('Moose::Meta::Class=HASH(0x55d17ff448a8)', 'DBIx::Class::Graph::Role::ResultSet') called at /home/sand/src/perl/repoperls/installed-perls/host/k93msid/v5.25.11-9-gc490dda191/496c/lib/site_perl/5.26.0/x86_64-linux-thread-multi-ld/Moose/Exporter.pm line 419
Moose::with('DBIx::Class::Graph::Role::ResultSet') called at /tmp/loop_over_bdir-15976-yUStdl/DBIx-Class-Graph-1.05-0/blib/lib/DBIx/Class/ResultSet/Graph.pm line 19
require DBIx/Class/ResultSet/Graph.pm at /home/sand/src/perl/repoperls/installed-perls/host/k93msid/v5.25.11-9-gc490dda191/496c/lib/site_perl/5.26.0/Class/C3/Componentised.pm line 150
eval {...} at /home/sand/src/perl/repoperls/installed-perls/host/k93msid/v5.25.11-9-gc490dda191/496c/lib/site_perl/5.26.0/Class/C3/Componentised.pm line 150
Class::C3::Componentised::ensure_class_loaded('DBIx::Class::ResultSource::Table=HASH(0x55d17cdec5f8)', 'DBIx::Class::ResultSet::Graph') called at /home/sand/src/perl/repoperls/installed-perls/host/k93msid/v5.25.11-9-gc490dda191/496c/lib/site_perl/5.26.0/DBIx/Class/AccessorGroup.pm line 19
DBIx::Class::AccessorGroup::get_component_class('DBIx::Class::ResultSource::Table=HASH(0x55d17cdec5f8)', 'resultset_class') called at (eval 194) line 2
DBIx::Class::ResultSource::resultset_class('DBIx::Class::ResultSource::Table=HASH(0x55d17cdec5f8)') called at /home/sand/src/perl/repoperls/installed-perls/host/k93msid/v5.25.11-9-gc490dda191/496c/lib/site_perl/5.26.0/DBIx/Class/ResultSource.pm line 1135
DBIx::Class::ResultSource::resultset('DBIx::Class::ResultSource::Table=HASH(0x55d17cdec5f8)') called at /home/sand/src/perl/repoperls/installed-perls/host/k93msid/v5.25.11-9-gc490dda191/496c/lib/site_perl/5.26.0/DBIx/Class/Schema.pm line 547
DBIx::Class::Schema::resultset('TestLib::Schema=HASH(0x55d17cde10c8)', 'Simple') called at /home/sand/src/perl/repoperls/installed-perls/host/k93msid/v5.25.11-9-gc490dda191/496c/lib/site_perl/5.26.0/DBIx/Class/Schema.pm line 769
DBIx::Class::Schema::populate('TestLib::Schema=HASH(0x55d17cde10c8)', 'Simple', 'ARRAY(0x55d17ff44e18)') called at t/lib/TestLib.pm line 20
TestLib::new('TestLib') called at t/complex.t line 7
Compilation failed in require at /home/sand/src/perl/repoperls/installed-perls/host/k93msid/v5.25.11-9-gc490dda191/496c/lib/site_perl/5.26.0/Class/C3/Componentised.pm line 150. at /home/sand/src/perl/repoperls/installed-perls/host/k93msid/v5.25.11-9-gc490dda191/496c/lib/site_perl/5.26.0/Class/C3/Componentised.pm line 155
t/complex.t ...................
Dubious, test returned 255 (wstat 65280, 0xff00)
No subtests run
{UNKNOWN}: Could not generate inline handles for _graph->("" because : Failed to compile source: syntax error at (eval 759) line 21, near """( "
source:
#line 1 "inline delegation in DBIx::Class::ResultSet::Graph for _graph->("" (attribute declared in /tmp/loop_over_bdir-15976-yUStdl/DBIx-Class-Graph-1.05-0/blib/lib/DBIx/Class/Graph/Role/ResultSet.pm at line 22)"
sub {
my $self = shift;
my $proxy = $self->_graph;
if ( !defined $proxy ) {
die Module::Runtime::use_module("Moose::Exception::AttributeValueIsNotDefined")->new(method => $self->meta->find_method_by_name("(\"\""),
instance => $self,
attribute => $self->meta->find_attribute_by_name("_graph"),
);
}
elsif ( ref $proxy && !Scalar::Util::blessed($proxy) ) {
die Module::Runtime::use_module("Moose::Exception::AttributeValueIsNotAnObject")->new(method => $self->meta->find_method_by_name("(\"\""),
instance => $self,
attribute => $self->meta->find_attribute_by_name("_graph"),
given_value => $proxy,
);
}
return $proxy->(""( @_ );
}
at /home/sand/src/perl/repoperls/installed-perls/host/k93msid/v5.25.11-9-gc490dda191/496c/lib/site_perl/5.26.0/x86_64-linux-thread-multi-ld/Class/MOP/Method/Generated.pm line 56.
at /home/sand/src/perl/repoperls/installed-perls/host/k93msid/v5.25.11-9-gc490dda191/496c/lib/site_perl/5.26.0/x86_64-linux-thread-multi-ld/Moose/Meta/Method/Delegation.pm line 154
Moose::Meta::Method::Delegation::catch {...} ('Failed to compile source: syntax error at (eval 759) line 21, near """( "^J^J^Jsource:^J#line 1 "inline delegation in DBIx::Class::ResultSet::Graph for _graph->("" (attribute declared in /tmp/loop_over_bdir-15976-yUStdl/DBIx-Class-Graph-1.05-0/blib/lib/DBIx/Class/Graph/Role/ResultSet.pm at line 22)"^Jsub {^J my $self = shift;^J^J my $proxy = $self->_graph;^J if ( !defined $proxy ) {^J die Module::Runtime::use_module("Moose::Exception::AttributeValueIsNotDefined")->new(method => $self->meta->find_method_by_name("(\"\""),^Jinstance => $self,^Jattribute => $self->meta->find_attribute_by_name("_graph"),^J);^J }^J elsif ( ref $proxy && !Scalar::Util::blessed($proxy) ) {^J die Module::Runtime::use_module("Moose::Exception::AttributeValueIsNotAnObject")->new(method => $self->meta->find_method_by_name("(\"\""),^Jinstance => $self,^Jattribute => $self->meta->find_attribute_by_name("_graph"),^Jgiven_value => $proxy,^J);^J }^J return $proxy->(""( @_ );^J}^J at /home/sand/src/perl/repoperls/installed-perls/host/k93msid/v5.25.11-9-gc490dda191/496c/lib/site_perl/5.26.0/x86_64-linux-thread-multi-ld/Class/MOP/Method/Generated.pm line 56.^J') called at /home/sand/src/perl/repoperls/installed-perls/host/k93msid/v5.25.11-9-gc490dda191/496c/lib/site_perl/5.26.0/Try/Tiny.pm line 124
Try::Tiny::try('CODE(0x562bd4fab738)', 'Try::Tiny::Catch=REF(0x562bd42cb3d8)') called at /home/sand/src/perl/repoperls/installed-perls/host/k93msid/v5.25.11-9-gc490dda191/496c/lib/site_perl/5.26.0/x86_64-linux-thread-multi-ld/Moose/Meta/Method/Delegation.pm line 160
Moose::Meta::Method::Delegation::_generate_inline_method('Moose::Meta::Method::Delegation=HASH(0x562bd2298b10)') called at /home/sand/src/perl/repoperls/installed-perls/host/k93msid/v5.25.11-9-gc490dda191/496c/lib/site_perl/5.26.0/x86_64-linux-thread-multi-ld/Moose/Meta/Method/Delegation.pm line 82
Moose::Meta::Method::Delegation::_initialize_body('Moose::Meta::Method::Delegation=HASH(0x562bd2298b10)') called at /home/sand/src/perl/repoperls/installed-perls/host/k93msid/v5.25.11-9-gc490dda191/496c/lib/site_perl/5.26.0/x86_64-linux-thread-multi-ld/Moose/Meta/Method/Delegation.pm line 54
Moose::Meta::Method::Delegation::new('Moose::Meta::Method::Delegation', 'name', '(""', 'package_name', 'DBIx::Class::ResultSet::Graph', 'attribute', 'Moose::Meta::Attribute=HASH(0x562bd42ca858)', 'delegate_to_method', '(""', 'curried_arguments', 'ARRAY(0x562bd26020a8)') called at /home/sand/src/perl/repoperls/installed-perls/host/k93msid/v5.25.11-9-gc490dda191/496c/lib/site_perl/5.26.0/x86_64-linux-thread-multi-ld/Moose/Meta/Attribute.pm line 1301
Moose::Meta::Attribute::_make_delegation_method('Moose::Meta::Attribute=HASH(0x562bd42ca858)', '(""', '(""') called at /home/sand/src/perl/repoperls/installed-perls/host/k93msid/v5.25.11-9-gc490dda191/496c/lib/site_perl/5.26.0/x86_64-linux-thread-multi-ld/Moose/Meta/Attribute.pm line 1168
Moose::Meta::Attribute::install_delegation('Moose::Meta::Attribute=HASH(0x562bd42ca858)') called at /home/sand/src/perl/repoperls/installed-perls/host/k93msid/v5.25.11-9-gc490dda191/496c/lib/site_perl/5.26.0/x86_64-linux-thread-multi-ld/Moose/Meta/Attribute.pm line 1017
Moose::Meta::Attribute::install_accessors('Moose::Meta::Attribute=HASH(0x562bd42ca858)') called at /home/sand/src/perl/repoperls/installed-perls/host/k93msid/v5.25.11-9-gc490dda191/496c/lib/site_perl/5.26.0/x86_64-linux-thread-multi-ld/Class/MOP/Class.pm line 899
Class::MOP::Class::try {...} at /home/sand/src/perl/repoperls/installed-perls/host/k93msid/v5.25.11-9-gc490dda191/496c/lib/site_perl/5.26.0/Try/Tiny.pm line 103
eval {...} at /home/sand/src/perl/repoperls/installed-perls/host/k93msid/v5.25.11-9-gc490dda191/496c/lib/site_perl/5.26.0/Try/Tiny.pm line 94
Try::Tiny::try('CODE(0x562bd42c9ce8)', 'Try::Tiny::Catch=REF(0x562bd40e84e8)') called at /home/sand/src/perl/repoperls/installed-perls/host/k93msid/v5.25.11-9-gc490dda191/496c/lib/site_perl/5.26.0/x86_64-linux-thread-multi-ld/Class/MOP/Class.pm line 904
Class::MOP::Class::_post_add_attribute('Moose::Meta::Class=HASH(0x562bd41791f0)', 'Moose::Meta::Attribute=HASH(0x562bd42ca858)') called at /home/sand/src/perl/repoperls/installed-perls/host/k93msid/v5.25.11-9-gc490dda191/496c/lib/site_perl/5.26.0/x86_64-linux-thread-multi-ld/Class/MOP/Mixin/HasAttributes.pm line 39
Class::MOP::Mixin::HasAttributes::add_attribute('Moose::Meta::Class=HASH(0x562bd41791f0)', 'Moose::Meta::Attribute=HASH(0x562bd42ca858)') called at /home/sand/src/perl/repoperls/installed-perls/host/k93msid/v5.25.11-9-gc490dda191/496c/lib/site_perl/5.26.0/x86_64-linux-thread-multi-ld/Moose/Meta/Class.pm line 583
Moose::Meta::Class::add_attribute('Moose::Meta::Class=HASH(0x562bd41791f0)', 'Moose::Meta::Attribute=HASH(0x562bd42ca858)') called at /home/sand/src/perl/repoperls/installed-perls/host/k93msid/v5.25.11-9-gc490dda191/496c/lib/site_perl/5.26.0/x86_64-linux-thread-multi-ld/Moose/Meta/Role/Application/ToClass.pm line 126
Moose::Meta::Role::Application::ToClass::apply_attributes('Moose::Meta::Role::Application::ToClass=HASH(0x562bd4267b20)', 'Moose::Meta::Role=HASH(0x562bd4dfe290)', 'Moose::Meta::Class=HASH(0x562bd41791f0)') called at /home/sand/src/perl/repoperls/installed-perls/host/k93msid/v5.25.11-9-gc490dda191/496c/lib/site_perl/5.26.0/x86_64-linux-thread-multi-ld/Moose/Meta/Role/Application.pm line 59
Moose::Meta::Role::Application::apply('Moose::Meta::Role::Application::ToClass=HASH(0x562bd4267b20)', 'Moose::Meta::Role=HASH(0x562bd4dfe290)', 'Moose::Meta::Class=HASH(0x562bd41791f0)') called at /home/sand/src/perl/repoperls/installed-perls/host/k93msid/v5.25.11-9-gc490dda191/496c/lib/site_perl/5.26.0/x86_64-linux-thread-multi-ld/Moose/Meta/Role/Application/ToClass.pm line 31
Moose::Meta::Role::Application::ToClass::apply('Moose::Meta::Role::Application::ToClass=HASH(0x562bd4267b20)', 'Moose::Meta::Role=HASH(0x562bd4dfe290)', 'Moose::Meta::Class=HASH(0x562bd41791f0)', 'HASH(0x562bd2999730)') called at /home/sand/src/perl/repoperls/installed-perls/host/k93msid/v5.25.11-9-gc490dda191/496c/lib/site_perl/5.26.0/x86_64-linux-thread-multi-ld/Moose/Meta/Role.pm line 472
Moose::Meta::Role::apply('Moose::Meta::Role=HASH(0x562bd4dfe290)', 'Moose::Meta::Class=HASH(0x562bd41791f0)') called at /home/sand/src/perl/repoperls/installed-perls/host/k93msid/v5.25.11-9-gc490dda191/496c/lib/site_perl/5.26.0/x86_64-linux-thread-multi-ld/Moose/Util.pm line 172
Moose::Util::_apply_all_roles('Moose::Meta::Class=HASH(0x562bd41791f0)', undef, 'DBIx::Class::Graph::Role::ResultSet') called at /home/sand/src/perl/repoperls/installed-perls/host/k93msid/v5.25.11-9-gc490dda191/496c/lib/site_perl/5.26.0/x86_64-linux-thread-multi-ld/Moose/Util.pm line 114
Moose::Util::apply_all_roles('Moose::Meta::Class=HASH(0x562bd41791f0)', 'DBIx::Class::Graph::Role::ResultSet') called at /home/sand/src/perl/repoperls/installed-perls/host/k93msid/v5.25.11-9-gc490dda191/496c/lib/site_perl/5.26.0/x86_64-linux-thread-multi-ld/Moose.pm line 57
Moose::with('Moose::Meta::Class=HASH(0x562bd41791f0)', 'DBIx::Class::Graph::Role::ResultSet') called at /home/sand/src/perl/repoperls/installed-perls/host/k93msid/v5.25.11-9-gc490dda191/496c/lib/site_perl/5.26.0/x86_64-linux-thread-multi-ld/Moose/Exporter.pm line 419
Moose::with('DBIx::Class::Graph::Role::ResultSet') called at /tmp/loop_over_bdir-15976-yUStdl/DBIx-Class-Graph-1.05-0/blib/lib/DBIx/Class/ResultSet/Graph.pm line 19
require DBIx/Class/ResultSet/Graph.pm at /home/sand/src/perl/repoperls/installed-perls/host/k93msid/v5.25.11-9-gc490dda191/496c/lib/site_perl/5.26.0/Class/C3/Componentised.pm line 150
eval {...} at /home/sand/src/perl/repoperls/installed-perls/host/k93msid/v5.25.11-9-gc490dda191/496c/lib/site_perl/5.26.0/Class/C3/Componentised.pm line 150
Class::C3::Componentised::ensure_class_loaded('DBIx::Class::ResultSource::Table=HASH(0x562bd15ddc90)', 'DBIx::Class::ResultSet::Graph') called at /home/sand/src/perl/repoperls/installed-perls/host/k93msid/v5.25.11-9-gc490dda191/496c/lib/site_perl/5.26.0/DBIx/Class/AccessorGroup.pm line 19
DBIx::Class::AccessorGroup::get_component_class('DBIx::Class::ResultSource::Table=HASH(0x562bd15ddc90)', 'resultset_class') called at (eval 194) line 2
DBIx::Class::ResultSource::resultset_class('DBIx::Class::ResultSource::Table=HASH(0x562bd15ddc90)') called at /home/sand/src/perl/repoperls/installed-perls/host/k93msid/v5.25.11-9-gc490dda191/496c/lib/site_perl/5.26.0/DBIx/Class/ResultSource.pm line 1135
DBIx::Class::ResultSource::resultset('DBIx::Class::ResultSource::Table=HASH(0x562bd15ddc90)') called at /home/sand/src/perl/repoperls/installed-perls/host/k93msid/v5.25.11-9-gc490dda191/496c/lib/site_perl/5.26.0/DBIx/Class/Schema.pm line 547
DBIx::Class::Schema::resultset('TestLib::Schema=HASH(0x562bd10990c8)', 'Simple') called at /home/sand/src/perl/repoperls/installed-perls/host/k93msid/v5.25.11-9-gc490dda191/496c/lib/site_perl/5.26.0/DBIx/Class/Schema.pm line 769
DBIx::Class::Schema::populate('TestLib::Schema=HASH(0x562bd10990c8)', 'Simple', 'ARRAY(0x562bd4264238)') called at t/lib/TestLib.pm line 20
TestLib::new('TestLib') called at t/leak.t line 8
Compilation failed in require at /home/sand/src/perl/repoperls/installed-perls/host/k93msid/v5.25.11-9-gc490dda191/496c/lib/site_perl/5.26.0/Class/C3/Componentised.pm line 150. at /home/sand/src/perl/repoperls/installed-perls/host/k93msid/v5.25.11-9-gc490dda191/496c/lib/site_perl/5.26.0/Class/C3/Componentised.pm line 155
t/leak.t ......................
Dubious, test returned 255 (wstat 65280, 0xff00)
No subtests run
t/release-has-version.t ....... skipped: these tests are for release candidate testing
t/release-kwalitee.t .......... skipped: these tests are for release candidate testing
t/release-minimum-version.t ... skipped: these tests are for release candidate testing
t/release-pod-coverage.t ...... skipped: these tests are for release candidate testing
t/release-pod-syntax.t ........ skipped: these tests are for release candidate testing
{UNKNOWN}: Could not generate inline handles for _graph->("" because : Failed to compile source: syntax error at (eval 759) line 21, near """( "
source:
#line 1 "inline delegation in DBIx::Class::ResultSet::Graph for _graph->("" (attribute declared in /tmp/loop_over_bdir-15976-yUStdl/DBIx-Class-Graph-1.05-0/blib/lib/DBIx/Class/Graph/Role/ResultSet.pm at line 22)"
sub {
my $self = shift;
my $proxy = $self->_graph;
if ( !defined $proxy ) {
die Module::Runtime::use_module("Moose::Exception::AttributeValueIsNotDefined")->new(method => $self->meta->find_method_by_name("(\"\""),
instance => $self,
attribute => $self->meta->find_attribute_by_name("_graph"),
);
}
elsif ( ref $proxy && !Scalar::Util::blessed($proxy) ) {
die Module::Runtime::use_module("Moose::Exception::AttributeValueIsNotAnObject")->new(method => $self->meta->find_method_by_name("(\"\""),
instance => $self,
attribute => $self->meta->find_attribute_by_name("_graph"),
given_value => $proxy,
);
}
return $proxy->(""( @_ );
}
at /home/sand/src/perl/repoperls/installed-perls/host/k93msid/v5.25.11-9-gc490dda191/496c/lib/site_perl/5.26.0/x86_64-linux-thread-multi-ld/Class/MOP/Method/Generated.pm line 56.
at /home/sand/src/perl/repoperls/installed-perls/host/k93msid/v5.25.11-9-gc490dda191/496c/lib/site_perl/5.26.0/x86_64-linux-thread-multi-ld/Moose/Meta/Method/Delegation.pm line 154
Moose::Meta::Method::Delegation::catch {...} ('Failed to compile source: syntax error at (eval 759) line 21, near """( "^J^J^Jsource:^J#line 1 "inline delegation in DBIx::Class::ResultSet::Graph for _graph->("" (attribute declared in /tmp/loop_over_bdir-15976-yUStdl/DBIx-Class-Graph-1.05-0/blib/lib/DBIx/Class/Graph/Role/ResultSet.pm at line 22)"^Jsub {^J my $self = shift;^J^J my $proxy = $self->_graph;^J if ( !defined $proxy ) {^J die Module::Runtime::use_module("Moose::Exception::AttributeValueIsNotDefined")->new(method => $self->meta->find_method_by_name("(\"\""),^Jinstance => $self,^Jattribute => $self->meta->find_attribute_by_name("_graph"),^J);^J }^J elsif ( ref $proxy && !Scalar::Util::blessed($proxy) ) {^J die Module::Runtime::use_module("Moose::Exception::AttributeValueIsNotAnObject")->new(method => $self->meta->find_method_by_name("(\"\""),^Jinstance => $self,^Jattribute => $self->meta->find_attribute_by_name("_graph"),^Jgiven_value => $proxy,^J);^J }^J return $proxy->(""( @_ );^J}^J at /home/sand/src/perl/repoperls/installed-perls/host/k93msid/v5.25.11-9-gc490dda191/496c/lib/site_perl/5.26.0/x86_64-linux-thread-multi-ld/Class/MOP/Method/Generated.pm line 56.^J') called at /home/sand/src/perl/repoperls/installed-perls/host/k93msid/v5.25.11-9-gc490dda191/496c/lib/site_perl/5.26.0/Try/Tiny.pm line 124
Try::Tiny::try('CODE(0x562f54accbc0)', 'Try::Tiny::Catch=REF(0x562f54abc7e8)') called at /home/sand/src/perl/repoperls/installed-perls/host/k93msid/v5.25.11-9-gc490dda191/496c/lib/site_perl/5.26.0/x86_64-linux-thread-multi-ld/Moose/Meta/Method/Delegation.pm line 160
Moose::Meta::Method::Delegation::_generate_inline_method('Moose::Meta::Method::Delegation=HASH(0x562f51e17cc8)') called at /home/sand/src/perl/repoperls/installed-perls/host/k93msid/v5.25.11-9-gc490dda191/496c/lib/site_perl/5.26.0/x86_64-linux-thread-multi-ld/Moose/Meta/Method/Delegation.pm line 82
Moose::Meta::Method::Delegation::_initialize_body('Moose::Meta::Method::Delegation=HASH(0x562f51e17cc8)') called at /home/sand/src/perl/repoperls/installed-perls/host/k93msid/v5.25.11-9-gc490dda191/496c/lib/site_perl/5.26.0/x86_64-linux-thread-multi-ld/Moose/Meta/Method/Delegation.pm line 54
Moose::Meta::Method::Delegation::new('Moose::Meta::Method::Delegation', 'name', '(""', 'package_name', 'DBIx::Class::ResultSet::Graph', 'attribute', 'Moose::Meta::Attribute=HASH(0x562f54abbc90)', 'delegate_to_method', '(""', 'curried_arguments', 'ARRAY(0x562f52181410)') called at /home/sand/src/perl/repoperls/installed-perls/host/k93msid/v5.25.11-9-gc490dda191/496c/lib/site_perl/5.26.0/x86_64-linux-thread-multi-ld/Moose/Meta/Attribute.pm line 1301
Moose::Meta::Attribute::_make_delegation_method('Moose::Meta::Attribute=HASH(0x562f54abbc90)', '(""', '(""') called at /home/sand/src/perl/repoperls/installed-perls/host/k93msid/v5.25.11-9-gc490dda191/496c/lib/site_perl/5.26.0/x86_64-linux-thread-multi-ld/Moose/Meta/Attribute.pm line 1168
Moose::Meta::Attribute::install_delegation('Moose::Meta::Attribute=HASH(0x562f54abbc90)') called at /home/sand/src/perl/repoperls/installed-perls/host/k93msid/v5.25.11-9-gc490dda191/496c/lib/site_perl/5.26.0/x86_64-linux-thread-multi-ld/Moose/Meta/Attribute.pm line 1017
Moose::Meta::Attribute::install_accessors('Moose::Meta::Attribute=HASH(0x562f54abbc90)') called at /home/sand/src/perl/repoperls/installed-perls/host/k93msid/v5.25.11-9-gc490dda191/496c/lib/site_perl/5.26.0/x86_64-linux-thread-multi-ld/Class/MOP/Class.pm line 899
Class::MOP::Class::try {...} at /home/sand/src/perl/repoperls/installed-perls/host/k93msid/v5.25.11-9-gc490dda191/496c/lib/site_perl/5.26.0/Try/Tiny.pm line 103
eval {...} at /home/sand/src/perl/repoperls/installed-perls/host/k93msid/v5.25.11-9-gc490dda191/496c/lib/site_perl/5.26.0/Try/Tiny.pm line 94
Try::Tiny::try('CODE(0x562f53e1b2e8)', 'Try::Tiny::Catch=REF(0x562f53dee6f8)') called at /home/sand/src/perl/repoperls/installed-perls/host/k93msid/v5.25.11-9-gc490dda191/496c/lib/site_perl/5.26.0/x86_64-linux-thread-multi-ld/Class/MOP/Class.pm line 904
Class::MOP::Class::_post_add_attribute('Moose::Meta::Class=HASH(0x562f53cce150)', 'Moose::Meta::Attribute=HASH(0x562f54abbc90)') called at /home/sand/src/perl/repoperls/installed-perls/host/k93msid/v5.25.11-9-gc490dda191/496c/lib/site_perl/5.26.0/x86_64-linux-thread-multi-ld/Class/MOP/Mixin/HasAttributes.pm line 39
Class::MOP::Mixin::HasAttributes::add_attribute('Moose::Meta::Class=HASH(0x562f53cce150)', 'Moose::Meta::Attribute=HASH(0x562f54abbc90)') called at /home/sand/src/perl/repoperls/installed-perls/host/k93msid/v5.25.11-9-gc490dda191/496c/lib/site_perl/5.26.0/x86_64-linux-thread-multi-ld/Moose/Meta/Class.pm line 583
Moose::Meta::Class::add_attribute('Moose::Meta::Class=HASH(0x562f53cce150)', 'Moose::Meta::Attribute=HASH(0x562f54abbc90)') called at /home/sand/src/perl/repoperls/installed-perls/host/k93msid/v5.25.11-9-gc490dda191/496c/lib/site_perl/5.26.0/x86_64-linux-thread-multi-ld/Moose/Meta/Role/Application/ToClass.pm line 126
Moose::Meta::Role::Application::ToClass::apply_attributes('Moose::Meta::Role::Application::ToClass=HASH(0x562f53dc0c10)', 'Moose::Meta::Role=HASH(0x562f54959408)', 'Moose::Meta::Class=HASH(0x562f53cce150)') called at /home/sand/src/perl/repoperls/installed-perls/host/k93msid/v5.25.11-9-gc490dda191/496c/lib/site_perl/5.26.0/x86_64-linux-thread-multi-ld/Moose/Meta/Role/Application.pm line 59
Moose::Meta::Role::Application::apply('Moose::Meta::Role::Application::ToClass=HASH(0x562f53dc0c10)', 'Moose::Meta::Role=HASH(0x562f54959408)', 'Moose::Meta::Class=HASH(0x562f53cce150)') called at /home/sand/src/perl/repoperls/installed-perls/host/k93msid/v5.25.11-9-gc490dda191/496c/lib/site_perl/5.26.0/x86_64-linux-thread-multi-ld/Moose/Meta/Role/Application/ToClass.pm line 31
Moose::Meta::Role::Application::ToClass::apply('Moose::Meta::Role::Application::ToClass=HASH(0x562f53dc0c10)', 'Moose::Meta::Role=HASH(0x562f54959408)', 'Moose::Meta::Class=HASH(0x562f53cce150)', 'HASH(0x562f525020b0)') called at /home/sand/src/perl/repoperls/installed-perls/host/k93msid/v5.25.11-9-gc490dda191/496c/lib/site_perl/5.26.0/x86_64-linux-thread-multi-ld/Moose/Meta/Role.pm line 472
Moose::Meta::Role::apply('Moose::Meta::Role=HASH(0x562f54959408)', 'Moose::Meta::Class=HASH(0x562f53cce150)') called at /home/sand/src/perl/repoperls/installed-perls/host/k93msid/v5.25.11-9-gc490dda191/496c/lib/site_perl/5.26.0/x86_64-linux-thread-multi-ld/Moose/Util.pm line 172
Moose::Util::_apply_all_roles('Moose::Meta::Class=HASH(0x562f53cce150)', undef, 'DBIx::Class::Graph::Role::ResultSet') called at /home/sand/src/perl/repoperls/installed-perls/host/k93msid/v5.25.11-9-gc490dda191/496c/lib/site_perl/5.26.0/x86_64-linux-thread-multi-ld/Moose/Util.pm line 114
Moose::Util::apply_all_roles('Moose::Meta::Class=HASH(0x562f53cce150)', 'DBIx::Class::Graph::Role::ResultSet') called at /home/sand/src/perl/repoperls/installed-perls/host/k93msid/v5.25.11-9-gc490dda191/496c/lib/site_perl/5.26.0/x86_64-linux-thread-multi-ld/Moose.pm line 57
Moose::with('Moose::Meta::Class=HASH(0x562f53cce150)', 'DBIx::Class::Graph::Role::ResultSet') called at /home/sand/src/perl/repoperls/installed-perls/host/k93msid/v5.25.11-9-gc490dda191/496c/lib/site_perl/5.26.0/x86_64-linux-thread-multi-ld/Moose/Exporter.pm line 419
Moose::with('DBIx::Class::Graph::Role::ResultSet') called at /tmp/loop_over_bdir-15976-yUStdl/DBIx-Class-Graph-1.05-0/blib/lib/DBIx/Class/ResultSet/Graph.pm line 19
require DBIx/Class/ResultSet/Graph.pm at /home/sand/src/perl/repoperls/installed-perls/host/k93msid/v5.25.11-9-gc490dda191/496c/lib/site_perl/5.26.0/Class/C3/Componentised.pm line 150
eval {...} at /home/sand/src/perl/repoperls/installed-perls/host/k93msid/v5.25.11-9-gc490dda191/496c/lib/site_perl/5.26.0/Class/C3/Componentised.pm line 150
Class::C3::Componentised::ensure_class_loaded('DBIx::Class::ResultSource::Table=HASH(0x562f5119e0b8)', 'DBIx::Class::ResultSet::Graph') called at /home/sand/src/perl/repoperls/installed-perls/host/k93msid/v5.25.11-9-gc490dda191/496c/lib/site_perl/5.26.0/DBIx/Class/AccessorGroup.pm line 19
DBIx::Class::AccessorGroup::get_component_class('DBIx::Class::ResultSource::Table=HASH(0x562f5119e0b8)', 'resultset_class') called at (eval 194) line 2
DBIx::Class::ResultSource::resultset_class('DBIx::Class::ResultSource::Table=HASH(0x562f5119e0b8)') called at /home/sand/src/perl/repoperls/installed-perls/host/k93msid/v5.25.11-9-gc490dda191/496c/lib/site_perl/5.26.0/DBIx/Class/ResultSource.pm line 1135
DBIx::Class::ResultSource::resultset('DBIx::Class::ResultSource::Table=HASH(0x562f5119e0b8)') called at /home/sand/src/perl/repoperls/installed-perls/host/k93msid/v5.25.11-9-gc490dda191/496c/lib/site_perl/5.26.0/DBIx/Class/Schema.pm line 547
DBIx::Class::Schema::resultset('TestLib::Schema=HASH(0x562f50c590c8)', 'Simple') called at /home/sand/src/perl/repoperls/installed-perls/host/k93msid/v5.25.11-9-gc490dda191/496c/lib/site_perl/5.26.0/DBIx/Class/Schema.pm line 769
DBIx::Class::Schema::populate('TestLib::Schema=HASH(0x562f50c590c8)', 'Simple', 'ARRAY(0x562f53dba708)') called at t/lib/TestLib.pm line 20
TestLib::new('TestLib') called at t/result.t line 7
Compilation failed in require at /home/sand/src/perl/repoperls/installed-perls/host/k93msid/v5.25.11-9-gc490dda191/496c/lib/site_perl/5.26.0/Class/C3/Componentised.pm line 150. at /home/sand/src/perl/repoperls/installed-perls/host/k93msid/v5.25.11-9-gc490dda191/496c/lib/site_perl/5.26.0/Class/C3/Componentised.pm line 155
t/result.t ....................
Dubious, test returned 255 (wstat 65280, 0xff00)
No subtests run
{UNKNOWN}: Could not generate inline handles for _graph->("" because : Failed to compile source: syntax error at (eval 759) line 21, near """( "
source:
#line 1 "inline delegation in DBIx::Class::ResultSet::Graph for _graph->("" (attribute declared in /tmp/loop_over_bdir-15976-yUStdl/DBIx-Class-Graph-1.05-0/blib/lib/DBIx/Class/Graph/Role/ResultSet.pm at line 22)"
sub {
my $self = shift;
my $proxy = $self->_graph;
if ( !defined $proxy ) {
die Module::Runtime::use_module("Moose::Exception::AttributeValueIsNotDefined")->new(method => $self->meta->find_method_by_name("(\"\""),
instance => $self,
attribute => $self->meta->find_attribute_by_name("_graph"),
);
}
elsif ( ref $proxy && !Scalar::Util::blessed($proxy) ) {
die Module::Runtime::use_module("Moose::Exception::AttributeValueIsNotAnObject")->new(method => $self->meta->find_method_by_name("(\"\""),
instance => $self,
attribute => $self->meta->find_attribute_by_name("_graph"),
given_value => $proxy,
);
}
return $proxy->(""( @_ );
}
at /home/sand/src/perl/repoperls/installed-perls/host/k93msid/v5.25.11-9-gc490dda191/496c/lib/site_perl/5.26.0/x86_64-linux-thread-multi-ld/Class/MOP/Method/Generated.pm line 56.
at /home/sand/src/perl/repoperls/installed-perls/host/k93msid/v5.25.11-9-gc490dda191/496c/lib/site_perl/5.26.0/x86_64-linux-thread-multi-ld/Moose/Meta/Method/Delegation.pm line 154
Moose::Meta::Method::Delegation::catch {...} ('Failed to compile source: syntax error at (eval 759) line 21, near """( "^J^J^Jsource:^J#line 1 "inline delegation in DBIx::Class::ResultSet::Graph for _graph->("" (attribute declared in /tmp/loop_over_bdir-15976-yUStdl/DBIx-Class-Graph-1.05-0/blib/lib/DBIx/Class/Graph/Role/ResultSet.pm at line 22)"^Jsub {^J my $self = shift;^J^J my $proxy = $self->_graph;^J if ( !defined $proxy ) {^J die Module::Runtime::use_module("Moose::Exception::AttributeValueIsNotDefined")->new(method => $self->meta->find_method_by_name("(\"\""),^Jinstance => $self,^Jattribute => $self->meta->find_attribute_by_name("_graph"),^J);^J }^J elsif ( ref $proxy && !Scalar::Util::blessed($proxy) ) {^J die Module::Runtime::use_module("Moose::Exception::AttributeValueIsNotAnObject")->new(method => $self->meta->find_method_by_name("(\"\""),^Jinstance => $self,^Jattribute => $self->meta->find_attribute_by_name("_graph"),^Jgiven_value => $proxy,^J);^J }^J return $proxy->(""( @_ );^J}^J at /home/sand/src/perl/repoperls/installed-perls/host/k93msid/v5.25.11-9-gc490dda191/496c/lib/site_perl/5.26.0/x86_64-linux-thread-multi-ld/Class/MOP/Method/Generated.pm line 56.^J') called at /home/sand/src/perl/repoperls/installed-perls/host/k93msid/v5.25.11-9-gc490dda191/496c/lib/site_perl/5.26.0/Try/Tiny.pm line 124
Try::Tiny::try('CODE(0x561c07d26af8)', 'Try::Tiny::Catch=REF(0x561c0703c6c0)') called at /home/sand/src/perl/repoperls/installed-perls/host/k93msid/v5.25.11-9-gc490dda191/496c/lib/site_perl/5.26.0/x86_64-linux-thread-multi-ld/Moose/Meta/Method/Delegation.pm line 160
Moose::Meta::Method::Delegation::_generate_inline_method('Moose::Meta::Method::Delegation=HASH(0x561c0503bc78)') called at /home/sand/src/perl/repoperls/installed-perls/host/k93msid/v5.25.11-9-gc490dda191/496c/lib/site_perl/5.26.0/x86_64-linux-thread-multi-ld/Moose/Meta/Method/Delegation.pm line 82
Moose::Meta::Method::Delegation::_initialize_body('Moose::Meta::Method::Delegation=HASH(0x561c0503bc78)') called at /home/sand/src/perl/repoperls/installed-perls/host/k93msid/v5.25.11-9-gc490dda191/496c/lib/site_perl/5.26.0/x86_64-linux-thread-multi-ld/Moose/Meta/Method/Delegation.pm line 54
Moose::Meta::Method::Delegation::new('Moose::Meta::Method::Delegation', 'name', '(""', 'package_name', 'DBIx::Class::ResultSet::Graph', 'attribute', 'Moose::Meta::Attribute=HASH(0x561c0703bb68)', 'delegate_to_method', '(""', 'curried_arguments', 'ARRAY(0x561c053a5310)') called at /home/sand/src/perl/repoperls/installed-perls/host/k93msid/v5.25.11-9-gc490dda191/496c/lib/site_perl/5.26.0/x86_64-linux-thread-multi-ld/Moose/Meta/Attribute.pm line 1301
Moose::Meta::Attribute::_make_delegation_method('Moose::Meta::Attribute=HASH(0x561c0703bb68)', '(""', '(""') called at /home/sand/src/perl/repoperls/installed-perls/host/k93msid/v5.25.11-9-gc490dda191/496c/lib/site_perl/5.26.0/x86_64-linux-thread-multi-ld/Moose/Meta/Attribute.pm line 1168
Moose::Meta::Attribute::install_delegation('Moose::Meta::Attribute=HASH(0x561c0703bb68)') called at /home/sand/src/perl/repoperls/installed-perls/host/k93msid/v5.25.11-9-gc490dda191/496c/lib/site_perl/5.26.0/x86_64-linux-thread-multi-ld/Moose/Meta/Attribute.pm line 1017
Moose::Meta::Attribute::install_accessors('Moose::Meta::Attribute=HASH(0x561c0703bb68)') called at /home/sand/src/perl/repoperls/installed-perls/host/k93msid/v5.25.11-9-gc490dda191/496c/lib/site_perl/5.26.0/x86_64-linux-thread-multi-ld/Class/MOP/Class.pm line 899
Class::MOP::Class::try {...} at /home/sand/src/perl/repoperls/installed-perls/host/k93msid/v5.25.11-9-gc490dda191/496c/lib/site_perl/5.26.0/Try/Tiny.pm line 103
eval {...} at /home/sand/src/perl/repoperls/installed-perls/host/k93msid/v5.25.11-9-gc490dda191/496c/lib/site_perl/5.26.0/Try/Tiny.pm line 94
Try::Tiny::try('CODE(0x561c07044210)', 'Try::Tiny::Catch=REF(0x561c06eef908)') called at /home/sand/src/perl/repoperls/installed-perls/host/k93msid/v5.25.11-9-gc490dda191/496c/lib/site_perl/5.26.0/x86_64-linux-thread-multi-ld/Class/MOP/Class.pm line 904
Class::MOP::Class::_post_add_attribute('Moose::Meta::Class=HASH(0x561c06fa9f90)', 'Moose::Meta::Attribute=HASH(0x561c0703bb68)') called at /home/sand/src/perl/repoperls/installed-perls/host/k93msid/v5.25.11-9-gc490dda191/496c/lib/site_perl/5.26.0/x86_64-linux-thread-multi-ld/Class/MOP/Mixin/HasAttributes.pm line 39
Class::MOP::Mixin::HasAttributes::add_attribute('Moose::Meta::Class=HASH(0x561c06fa9f90)', 'Moose::Meta::Attribute=HASH(0x561c0703bb68)') called at /home/sand/src/perl/repoperls/installed-perls/host/k93msid/v5.25.11-9-gc490dda191/496c/lib/site_perl/5.26.0/x86_64-linux-thread-multi-ld/Moose/Meta/Class.pm line 583
Moose::Meta::Class::add_attribute('Moose::Meta::Class=HASH(0x561c06fa9f90)', 'Moose::Meta::Attribute=HASH(0x561c0703bb68)') called at /home/sand/src/perl/repoperls/installed-perls/host/k93msid/v5.25.11-9-gc490dda191/496c/lib/site_perl/5.26.0/x86_64-linux-thread-multi-ld/Moose/Meta/Role/Application/ToClass.pm line 126
Moose::Meta::Role::Application::ToClass::apply_attributes('Moose::Meta::Role::Application::ToClass=HASH(0x561c06fce1e0)', 'Moose::Meta::Role=HASH(0x561c07b7c1a0)', 'Moose::Meta::Class=HASH(0x561c06fa9f90)') called at /home/sand/src/perl/repoperls/installed-perls/host/k93msid/v5.25.11-9-gc490dda191/496c/lib/site_perl/5.26.0/x86_64-linux-thread-multi-ld/Moose/Meta/Role/Application.pm line 59
Moose::Meta::Role::Application::apply('Moose::Meta::Role::Application::ToClass=HASH(0x561c06fce1e0)', 'Moose::Meta::Role=HASH(0x561c07b7c1a0)', 'Moose::Meta::Class=HASH(0x561c06fa9f90)') called at /home/sand/src/perl/repoperls/installed-perls/host/k93msid/v5.25.11-9-gc490dda191/496c/lib/site_perl/5.26.0/x86_64-linux-thread-multi-ld/Moose/Meta/Role/Application/ToClass.pm line 31
Moose::Meta::Role::Application::ToClass::apply('Moose::Meta::Role::Application::ToClass=HASH(0x561c06fce1e0)', 'Moose::Meta::Role=HASH(0x561c07b7c1a0)', 'Moose::Meta::Class=HASH(0x561c06fa9f90)', 'HASH(0x561c05726070)') called at /home/sand/src/perl/repoperls/installed-perls/host/k93msid/v5.25.11-9-gc490dda191/496c/lib/site_perl/5.26.0/x86_64-linux-thread-multi-ld/Moose/Meta/Role.pm line 472
Moose::Meta::Role::apply('Moose::Meta::Role=HASH(0x561c07b7c1a0)', 'Moose::Meta::Class=HASH(0x561c06fa9f90)') called at /home/sand/src/perl/repoperls/installed-perls/host/k93msid/v5.25.11-9-gc490dda191/496c/lib/site_perl/5.26.0/x86_64-linux-thread-multi-ld/Moose/Util.pm line 172
Moose::Util::_apply_all_roles('Moose::Meta::Class=HASH(0x561c06fa9f90)', undef, 'DBIx::Class::Graph::Role::ResultSet') called at /home/sand/src/perl/repoperls/installed-perls/host/k93msid/v5.25.11-9-gc490dda191/496c/lib/site_perl/5.26.0/x86_64-linux-thread-multi-ld/Moose/Util.pm line 114
Moose::Util::apply_all_roles('Moose::Meta::Class=HASH(0x561c06fa9f90)', 'DBIx::Class::Graph::Role::ResultSet') called at /home/sand/src/perl/repoperls/installed-perls/host/k93msid/v5.25.11-9-gc490dda191/496c/lib/site_perl/5.26.0/x86_64-linux-thread-multi-ld/Moose.pm line 57
Moose::with('Moose::Meta::Class=HASH(0x561c06fa9f90)', 'DBIx::Class::Graph::Role::ResultSet') called at /home/sand/src/perl/repoperls/installed-perls/host/k93msid/v5.25.11-9-gc490dda191/496c/lib/site_perl/5.26.0/x86_64-linux-thread-multi-ld/Moose/Exporter.pm line 419
Moose::with('DBIx::Class::Graph::Role::ResultSet') called at /tmp/loop_over_bdir-15976-yUStdl/DBIx-Class-Graph-1.05-0/blib/lib/DBIx/Class/ResultSet/Graph.pm line 19
require DBIx/Class/ResultSet/Graph.pm at /home/sand/src/perl/repoperls/installed-perls/host/k93msid/v5.25.11-9-gc490dda191/496c/lib/site_perl/5.26.0/Class/C3/Componentised.pm line 150
eval {...} at /home/sand/src/perl/repoperls/installed-perls/host/k93msid/v5.25.11-9-gc490dda191/496c/lib/site_perl/5.26.0/Class/C3/Componentised.pm line 150
Class::C3::Componentised::ensure_class_loaded('DBIx::Class::ResultSource::Table=HASH(0x561c043c0d58)', 'DBIx::Class::ResultSet::Graph') called at /home/sand/src/perl/repoperls/installed-perls/host/k93msid/v5.25.11-9-gc490dda191/496c/lib/site_perl/5.26.0/DBIx/Class/AccessorGroup.pm line 19
DBIx::Class::AccessorGroup::get_component_class('DBIx::Class::ResultSource::Table=HASH(0x561c043c0d58)', 'resultset_class') called at (eval 194) line 2
DBIx::Class::ResultSource::resultset_class('DBIx::Class::ResultSource::Table=HASH(0x561c043c0d58)') called at /home/sand/src/perl/repoperls/installed-perls/host/k93msid/v5.25.11-9-gc490dda191/496c/lib/site_perl/5.26.0/DBIx/Class/ResultSource.pm line 1135
DBIx::Class::ResultSource::resultset('DBIx::Class::ResultSource::Table=HASH(0x561c043c0d58)') called at /home/sand/src/perl/repoperls/installed-perls/host/k93msid/v5.25.11-9-gc490dda191/496c/lib/site_perl/5.26.0/DBIx/Class/Schema.pm line 547
DBIx::Class::Schema::resultset('TestLib::Schema=HASH(0x561c03e7d0c8)', 'Simple') called at /home/sand/src/perl/repoperls/installed-perls/host/k93msid/v5.25.11-9-gc490dda191/496c/lib/site_perl/5.26.0/DBIx/Class/Schema.pm line 769
DBIx::Class::Schema::populate('TestLib::Schema=HASH(0x561c03e7d0c8)', 'Simple', 'ARRAY(0x561c06eef560)') called at t/lib/TestLib.pm line 20
TestLib::new('TestLib') called at t/resultset.t line 7
Compilation failed in require at /home/sand/src/perl/repoperls/installed-perls/host/k93msid/v5.25.11-9-gc490dda191/496c/lib/site_perl/5.26.0/Class/C3/Componentised.pm line 150. at /home/sand/src/perl/repoperls/installed-perls/host/k93msid/v5.25.11-9-gc490dda191/496c/lib/site_perl/5.26.0/Class/C3/Componentised.pm line 155
t/resultset.t .................
Dubious, test returned 255 (wstat 65280, 0xff00)
No subtests run
{UNKNOWN}: Could not generate inline handles for _graph->("" because : Failed to compile source: syntax error at (eval 760) line 21, near """( "
source:
#line 1 "inline delegation in DBIx::Class::ResultSet::Graph for _graph->("" (attribute declared in /tmp/loop_over_bdir-15976-yUStdl/DBIx-Class-Graph-1.05-0/blib/lib/DBIx/Class/Graph/Role/ResultSet.pm at line 22)"
sub {
my $self = shift;
my $proxy = $self->_graph;
if ( !defined $proxy ) {
die Module::Runtime::use_module("Moose::Exception::AttributeValueIsNotDefined")->new(method => $self->meta->find_method_by_name("(\"\""),
instance => $self,
attribute => $self->meta->find_attribute_by_name("_graph"),
);
}
elsif ( ref $proxy && !Scalar::Util::blessed($proxy) ) {
die Module::Runtime::use_module("Moose::Exception::AttributeValueIsNotAnObject")->new(method => $self->meta->find_method_by_name("(\"\""),
instance => $self,
attribute => $self->meta->find_attribute_by_name("_graph"),
given_value => $proxy,
);
}
return $proxy->(""( @_ );
}
at /home/sand/src/perl/repoperls/installed-perls/host/k93msid/v5.25.11-9-gc490dda191/496c/lib/site_perl/5.26.0/x86_64-linux-thread-multi-ld/Class/MOP/Method/Generated.pm line 56.
at /home/sand/src/perl/repoperls/installed-perls/host/k93msid/v5.25.11-9-gc490dda191/496c/lib/site_perl/5.26.0/x86_64-linux-thread-multi-ld/Moose/Meta/Method/Delegation.pm line 154
Moose::Meta::Method::Delegation::catch {...} ('Failed to compile source: syntax error at (eval 760) line 21, near """( "^J^J^Jsource:^J#line 1 "inline delegation in DBIx::Class::ResultSet::Graph for _graph->("" (attribute declared in /tmp/loop_over_bdir-15976-yUStdl/DBIx-Class-Graph-1.05-0/blib/lib/DBIx/Class/Graph/Role/ResultSet.pm at line 22)"^Jsub {^J my $self = shift;^J^J my $proxy = $self->_graph;^J if ( !defined $proxy ) {^J die Module::Runtime::use_module("Moose::Exception::AttributeValueIsNotDefined")->new(method => $self->meta->find_method_by_name("(\"\""),^Jinstance => $self,^Jattribute => $self->meta->find_attribute_by_name("_graph"),^J);^J }^J elsif ( ref $proxy && !Scalar::Util::blessed($proxy) ) {^J die Module::Runtime::use_module("Moose::Exception::AttributeValueIsNotAnObject")->new(method => $self->meta->find_method_by_name("(\"\""),^Jinstance => $self,^Jattribute => $self->meta->find_attribute_by_name("_graph"),^Jgiven_value => $proxy,^J);^J }^J return $proxy->(""( @_ );^J}^J at /home/sand/src/perl/repoperls/installed-perls/host/k93msid/v5.25.11-9-gc490dda191/496c/lib/site_perl/5.26.0/x86_64-linux-thread-multi-ld/Class/MOP/Method/Generated.pm line 56.^J') called at /home/sand/src/perl/repoperls/installed-perls/host/k93msid/v5.25.11-9-gc490dda191/496c/lib/site_perl/5.26.0/Try/Tiny.pm line 124
Try::Tiny::try('CODE(0x563adc4ed060)', 'Try::Tiny::Catch=REF(0x563adc49fac8)') called at /home/sand/src/perl/repoperls/installed-perls/host/k93msid/v5.25.11-9-gc490dda191/496c/lib/site_perl/5.26.0/x86_64-linux-thread-multi-ld/Moose/Meta/Method/Delegation.pm line 160
Moose::Meta::Method::Delegation::_generate_inline_method('Moose::Meta::Method::Delegation=HASH(0x563ad97f7c98)') called at /home/sand/src/perl/repoperls/installed-perls/host/k93msid/v5.25.11-9-gc490dda191/496c/lib/site_perl/5.26.0/x86_64-linux-thread-multi-ld/Moose/Meta/Method/Delegation.pm line 82
Moose::Meta::Method::Delegation::_initialize_body('Moose::Meta::Method::Delegation=HASH(0x563ad97f7c98)') called at /home/sand/src/perl/repoperls/installed-perls/host/k93msid/v5.25.11-9-gc490dda191/496c/lib/site_perl/5.26.0/x86_64-linux-thread-multi-ld/Moose/Meta/Method/Delegation.pm line 54
Moose::Meta::Method::Delegation::new('Moose::Meta::Method::Delegation', 'name', '(""', 'package_name', 'DBIx::Class::ResultSet::Graph', 'attribute', 'Moose::Meta::Attribute=HASH(0x563adb811118)', 'delegate_to_method', '(""', 'curried_arguments', 'ARRAY(0x563ad9b61430)') called at /home/sand/src/perl/repoperls/installed-perls/host/k93msid/v5.25.11-9-gc490dda191/496c/lib/site_perl/5.26.0/x86_64-linux-thread-multi-ld/Moose/Meta/Attribute.pm line 1301
Moose::Meta::Attribute::_make_delegation_method('Moose::Meta::Attribute=HASH(0x563adb811118)', '(""', '(""') called at /home/sand/src/perl/repoperls/installed-perls/host/k93msid/v5.25.11-9-gc490dda191/496c/lib/site_perl/5.26.0/x86_64-linux-thread-multi-ld/Moose/Meta/Attribute.pm line 1168
Moose::Meta::Attribute::install_delegation('Moose::Meta::Attribute=HASH(0x563adb811118)') called at /home/sand/src/perl/repoperls/installed-perls/host/k93msid/v5.25.11-9-gc490dda191/496c/lib/site_perl/5.26.0/x86_64-linux-thread-multi-ld/Moose/Meta/Attribute.pm line 1017
Moose::Meta::Attribute::install_accessors('Moose::Meta::Attribute=HASH(0x563adb811118)') called at /home/sand/src/perl/repoperls/installed-perls/host/k93msid/v5.25.11-9-gc490dda191/496c/lib/site_perl/5.26.0/x86_64-linux-thread-multi-ld/Class/MOP/Class.pm line 899
Class::MOP::Class::try {...} at /home/sand/src/perl/repoperls/installed-perls/host/k93msid/v5.25.11-9-gc490dda191/496c/lib/site_perl/5.26.0/Try/Tiny.pm line 103
eval {...} at /home/sand/src/perl/repoperls/installed-perls/host/k93msid/v5.25.11-9-gc490dda191/496c/lib/site_perl/5.26.0/Try/Tiny.pm line 94
Try::Tiny::try('CODE(0x563adc4955d8)', 'Try::Tiny::Catch=REF(0x563adb810e90)') called at /home/sand/src/perl/repoperls/installed-perls/host/k93msid/v5.25.11-9-gc490dda191/496c/lib/site_perl/5.26.0/x86_64-linux-thread-multi-ld/Class/MOP/Class.pm line 904
Class::MOP::Class::_post_add_attribute('Moose::Meta::Class=HASH(0x563adb79f748)', 'Moose::Meta::Attribute=HASH(0x563adb811118)') called at /home/sand/src/perl/repoperls/installed-perls/host/k93msid/v5.25.11-9-gc490dda191/496c/lib/site_perl/5.26.0/x86_64-linux-thread-multi-ld/Class/MOP/Mixin/HasAttributes.pm line 39
Class::MOP::Mixin::HasAttributes::add_attribute('Moose::Meta::Class=HASH(0x563adb79f748)', 'Moose::Meta::Attribute=HASH(0x563adb811118)') called at /home/sand/src/perl/repoperls/installed-perls/host/k93msid/v5.25.11-9-gc490dda191/496c/lib/site_perl/5.26.0/x86_64-linux-thread-multi-ld/Moose/Meta/Class.pm line 583
Moose::Meta::Class::add_attribute('Moose::Meta::Class=HASH(0x563adb79f748)', 'Moose::Meta::Attribute=HASH(0x563adb811118)') called at /home/sand/src/perl/repoperls/installed-perls/host/k93msid/v5.25.11-9-gc490dda191/496c/lib/site_perl/5.26.0/x86_64-linux-thread-multi-ld/Moose/Meta/Role/Application/ToClass.pm line 126
Moose::Meta::Role::Application::ToClass::apply_attributes('Moose::Meta::Role::Application::ToClass=HASH(0x563adb76c2d0)', 'Moose::Meta::Role=HASH(0x563adc337a60)', 'Moose::Meta::Class=HASH(0x563adb79f748)') called at /home/sand/src/perl/repoperls/installed-perls/host/k93msid/v5.25.11-9-gc490dda191/496c/lib/site_perl/5.26.0/x86_64-linux-thread-multi-ld/Moose/Meta/Role/Application.pm line 59
Moose::Meta::Role::Application::apply('Moose::Meta::Role::Application::ToClass=HASH(0x563adb76c2d0)', 'Moose::Meta::Role=HASH(0x563adc337a60)', 'Moose::Meta::Class=HASH(0x563adb79f748)') called at /home/sand/src/perl/repoperls/installed-perls/host/k93msid/v5.25.11-9-gc490dda191/496c/lib/site_perl/5.26.0/x86_64-linux-thread-multi-ld/Moose/Meta/Role/Application/ToClass.pm line 31
Moose::Meta::Role::Application::ToClass::apply('Moose::Meta::Role::Application::ToClass=HASH(0x563adb76c2d0)', 'Moose::Meta::Role=HASH(0x563adc337a60)', 'Moose::Meta::Class=HASH(0x563adb79f748)', 'HASH(0x563ad9ee1e70)') called at /home/sand/src/perl/repoperls/installed-perls/host/k93msid/v5.25.11-9-gc490dda191/496c/lib/site_perl/5.26.0/x86_64-linux-thread-multi-ld/Moose/Meta/Role.pm line 472
Moose::Meta::Role::apply('Moose::Meta::Role=HASH(0x563adc337a60)', 'Moose::Meta::Class=HASH(0x563adb79f748)') called at /home/sand/src/perl/repoperls/installed-perls/host/k93msid/v5.25.11-9-gc490dda191/496c/lib/site_perl/5.26.0/x86_64-linux-thread-multi-ld/Moose/Util.pm line 172
Moose::Util::_apply_all_roles('Moose::Meta::Class=HASH(0x563adb79f748)', undef, 'DBIx::Class::Graph::Role::ResultSet') called at /home/sand/src/perl/repoperls/installed-perls/host/k93msid/v5.25.11-9-gc490dda191/496c/lib/site_perl/5.26.0/x86_64-linux-thread-multi-ld/Moose/Util.pm line 114
Moose::Util::apply_all_roles('Moose::Meta::Class=HASH(0x563adb79f748)', 'DBIx::Class::Graph::Role::ResultSet') called at /home/sand/src/perl/repoperls/installed-perls/host/k93msid/v5.25.11-9-gc490dda191/496c/lib/site_perl/5.26.0/x86_64-linux-thread-multi-ld/Moose.pm line 57
Moose::with('Moose::Meta::Class=HASH(0x563adb79f748)', 'DBIx::Class::Graph::Role::ResultSet') called at /home/sand/src/perl/repoperls/installed-perls/host/k93msid/v5.25.11-9-gc490dda191/496c/lib/site_perl/5.26.0/x86_64-linux-thread-multi-ld/Moose/Exporter.pm line 419
Moose::with('DBIx::Class::Graph::Role::ResultSet') called at /tmp/loop_over_bdir-15976-yUStdl/DBIx-Class-Graph-1.05-0/blib/lib/DBIx/Class/ResultSet/Graph.pm line 19
require DBIx/Class/ResultSet/Graph.pm at /home/sand/src/perl/repoperls/installed-perls/host/k93msid/v5.25.11-9-gc490dda191/496c/lib/site_perl/5.26.0/Class/C3/Componentised.pm line 150
eval {...} at /home/sand/src/perl/repoperls/installed-perls/host/k93msid/v5.25.11-9-gc490dda191/496c/lib/site_perl/5.26.0/Class/C3/Componentised.pm line 150
Class::C3::Componentised::ensure_class_loaded('DBIx::Class::ResultSource::Table=HASH(0x563ad8b7e948)', 'DBIx::Class::ResultSet::Graph') called at /home/sand/src/perl/repoperls/installed-perls/host/k93msid/v5.25.11-9-gc490dda191/496c/lib/site_perl/5.26.0/DBIx/Class/AccessorGroup.pm line 19
DBIx::Class::AccessorGroup::get_component_class('DBIx::Class::ResultSource::Table=HASH(0x563ad8b7e948)', 'resultset_class') called at (eval 194) line 2
DBIx::Class::ResultSource::resultset_class('DBIx::Class::ResultSource::Table=HASH(0x563ad8b7e948)') called at /home/sand/src/perl/repoperls/installed-perls/host/k93msid/v5.25.11-9-gc490dda191/496c/lib/site_perl/5.26.0/DBIx/Class/ResultSource.pm line 1135
DBIx::Class::ResultSource::resultset('DBIx::Class::ResultSource::Table=HASH(0x563ad8b7e948)') called at /home/sand/src/perl/repoperls/installed-perls/host/k93msid/v5.25.11-9-gc490dda191/496c/lib/site_perl/5.26.0/DBIx/Class/Schema.pm line 547
DBIx::Class::Schema::resultset('TestLib::Schema=HASH(0x563ad86390c8)', 'Simple') called at /home/sand/src/perl/repoperls/installed-perls/host/k93msid/v5.25.11-9-gc490dda191/496c/lib/site_perl/5.26.0/DBIx/Class/Schema.pm line 769
DBIx::Class::Schema::populate('TestLib::Schema=HASH(0x563ad86390c8)', 'Simple', 'ARRAY(0x563adb7c9c58)') called at t/lib/TestLib.pm line 20
TestLib::new('TestLib') called at t/simple01.t line 7
Compilation failed in require at /home/sand/src/perl/repoperls/installed-perls/host/k93msid/v5.25.11-9-gc490dda191/496c/lib/site_perl/5.26.0/Class/C3/Componentised.pm line 150. at /home/sand/src/perl/repoperls/installed-perls/host/k93msid/v5.25.11-9-gc490dda191/496c/lib/site_perl/5.26.0/Class/C3/Componentised.pm line 155
t/simple01.t ..................
Dubious, test returned 255 (wstat 65280, 0xff00)
No subtests run
{UNKNOWN}: Could not generate inline handles for _graph->("" because : Failed to compile source: syntax error at (eval 760) line 21, near """( "
source:
#line 1 "inline delegation in DBIx::Class::ResultSet::Graph for _graph->("" (attribute declared in lib/DBIx/Class/Graph/Role/ResultSet.pm at line 22)"
sub {
my $self = shift;
my $proxy = $self->_graph;
if ( !defined $proxy ) {
die Module::Runtime::use_module("Moose::Exception::AttributeValueIsNotDefined")->new(method => $self->meta->find_method_by_name("(\"\""),
instance => $self,
attribute => $self->meta->find_attribute_by_name("_graph"),
);
}
elsif ( ref $proxy && !Scalar::Util::blessed($proxy) ) {
die Module::Runtime::use_module("Moose::Exception::AttributeValueIsNotAnObject")->new(method => $self->meta->find_method_by_name("(\"\""),
instance => $self,
attribute => $self->meta->find_attribute_by_name("_graph"),
given_value => $proxy,
);
}
return $proxy->(""( @_ );
}
at /home/sand/src/perl/repoperls/installed-perls/host/k93msid/v5.25.11-9-gc490dda191/496c/lib/site_perl/5.26.0/x86_64-linux-thread-multi-ld/Class/MOP/Method/Generated.pm line 56.
at /home/sand/src/perl/repoperls/installed-perls/host/k93msid/v5.25.11-9-gc490dda191/496c/lib/site_perl/5.26.0/x86_64-linux-thread-multi-ld/Moose/Meta/Method/Delegation.pm line 154
Moose::Meta::Method::Delegation::catch {...} ('Failed to compile source: syntax error at (eval 760) line 21, near """( "^J^J^Jsource:^J#line 1 "inline delegation in DBIx::Class::ResultSet::Graph for _graph->("" (attribute declared in lib/DBIx/Class/Graph/Role/ResultSet.pm at line 22)"^Jsub {^J my $self = shift;^J^J my $proxy = $self->_graph;^J if ( !defined $proxy ) {^J die Module::Runtime::use_module("Moose::Exception::AttributeValueIsNotDefined")->new(method => $self->meta->find_method_by_name("(\"\""),^Jinstance => $self,^Jattribute => $self->meta->find_attribute_by_name("_graph"),^J);^J }^J elsif ( ref $proxy && !Scalar::Util::blessed($proxy) ) {^J die Module::Runtime::use_module("Moose::Exception::AttributeValueIsNotAnObject")->new(method => $self->meta->find_method_by_name("(\"\""),^Jinstance => $self,^Jattribute => $self->meta->find_attribute_by_name("_graph"),^Jgiven_value => $proxy,^J);^J }^J return $proxy->(""( @_ );^J}^J at /home/sand/src/perl/repoperls/installed-perls/host/k93msid/v5.25.11-9-gc490dda191/496c/lib/site_perl/5.26.0/x86_64-linux-thread-multi-ld/Class/MOP/Method/Generated.pm line 56.^J') called at /home/sand/src/perl/repoperls/installed-perls/host/k93msid/v5.25.11-9-gc490dda191/496c/lib/site_perl/5.26.0/Try/Tiny.pm line 124
Try::Tiny::try('CODE(0x56223494f840)', 'Try::Tiny::Catch=REF(0x5622344266f8)') called at /home/sand/src/perl/repoperls/installed-perls/host/k93msid/v5.25.11-9-gc490dda191/496c/lib/site_perl/5.26.0/x86_64-linux-thread-multi-ld/Moose/Meta/Method/Delegation.pm line 160
Moose::Meta::Method::Delegation::_generate_inline_method('Moose::Meta::Method::Delegation=HASH(0x562231c5f920)') called at /home/sand/src/perl/repoperls/installed-perls/host/k93msid/v5.25.11-9-gc490dda191/496c/lib/site_perl/5.26.0/x86_64-linux-thread-multi-ld/Moose/Meta/Method/Delegation.pm line 82
Moose::Meta::Method::Delegation::_initialize_body('Moose::Meta::Method::Delegation=HASH(0x562231c5f920)') called at /home/sand/src/perl/repoperls/installed-perls/host/k93msid/v5.25.11-9-gc490dda191/496c/lib/site_perl/5.26.0/x86_64-linux-thread-multi-ld/Moose/Meta/Method/Delegation.pm line 54
Moose::Meta::Method::Delegation::new('Moose::Meta::Method::Delegation', 'name', '(""', 'package_name', 'DBIx::Class::ResultSet::Graph', 'attribute', 'Moose::Meta::Attribute=HASH(0x562233c78788)', 'delegate_to_method', '(""', 'curried_arguments', 'ARRAY(0x562231fc7730)') called at /home/sand/src/perl/repoperls/installed-perls/host/k93msid/v5.25.11-9-gc490dda191/496c/lib/site_perl/5.26.0/x86_64-linux-thread-multi-ld/Moose/Meta/Attribute.pm line 1301
Moose::Meta::Attribute::_make_delegation_method('Moose::Meta::Attribute=HASH(0x562233c78788)', '(""', '(""') called at /home/sand/src/perl/repoperls/installed-perls/host/k93msid/v5.25.11-9-gc490dda191/496c/lib/site_perl/5.26.0/x86_64-linux-thread-multi-ld/Moose/Meta/Attribute.pm line 1168
Moose::Meta::Attribute::install_delegation('Moose::Meta::Attribute=HASH(0x562233c78788)') called at /home/sand/src/perl/repoperls/installed-perls/host/k93msid/v5.25.11-9-gc490dda191/496c/lib/site_perl/5.26.0/x86_64-linux-thread-multi-ld/Moose/Meta/Attribute.pm line 1017
Moose::Meta::Attribute::install_accessors('Moose::Meta::Attribute=HASH(0x562233c78788)') called at /home/sand/src/perl/repoperls/installed-perls/host/k93msid/v5.25.11-9-gc490dda191/496c/lib/site_perl/5.26.0/x86_64-linux-thread-multi-ld/Class/MOP/Class.pm line 899
Class::MOP::Class::try {...} at /home/sand/src/perl/repoperls/installed-perls/host/k93msid/v5.25.11-9-gc490dda191/496c/lib/site_perl/5.26.0/Try/Tiny.pm line 103
eval {...} at /home/sand/src/perl/repoperls/installed-perls/host/k93msid/v5.25.11-9-gc490dda191/496c/lib/site_perl/5.26.0/Try/Tiny.pm line 94
Try::Tiny::try('CODE(0x5622342ccb80)', 'Try::Tiny::Catch=REF(0x562233c78500)') called at /home/sand/src/perl/repoperls/installed-perls/host/k93msid/v5.25.11-9-gc490dda191/496c/lib/site_perl/5.26.0/x86_64-linux-thread-multi-ld/Class/MOP/Class.pm line 904
Class::MOP::Class::_post_add_attribute('Moose::Meta::Class=HASH(0x562233c29c60)', 'Moose::Meta::Attribute=HASH(0x562233c78788)') called at /home/sand/src/perl/repoperls/installed-perls/host/k93msid/v5.25.11-9-gc490dda191/496c/lib/site_perl/5.26.0/x86_64-linux-thread-multi-ld/Class/MOP/Mixin/HasAttributes.pm line 39
Class::MOP::Mixin::HasAttributes::add_attribute('Moose::Meta::Class=HASH(0x562233c29c60)', 'Moose::Meta::Attribute=HASH(0x562233c78788)') called at /home/sand/src/perl/repoperls/installed-perls/host/k93msid/v5.25.11-9-gc490dda191/496c/lib/site_perl/5.26.0/x86_64-linux-thread-multi-ld/Moose/Meta/Class.pm line 583
Moose::Meta::Class::add_attribute('Moose::Meta::Class=HASH(0x562233c29c60)', 'Moose::Meta::Attribute=HASH(0x562233c78788)') called at /home/sand/src/perl/repoperls/installed-perls/host/k93msid/v5.25.11-9-gc490dda191/496c/lib/site_perl/5.26.0/x86_64-linux-thread-multi-ld/Moose/Meta/Role/Application/ToClass.pm line 126
Moose::Meta::Role::Application::ToClass::apply_attributes('Moose::Meta::Role::Application::ToClass=HASH(0x562234845a38)', 'Moose::Meta::Role=HASH(0x5622347a0098)', 'Moose::Meta::Class=HASH(0x562233c29c60)') called at /home/sand/src/perl/repoperls/installed-perls/host/k93msid/v5.25.11-9-gc490dda191/496c/lib/site_perl/5.26.0/x86_64-linux-thread-multi-ld/Moose/Meta/Role/Application.pm line 59
Moose::Meta::Role::Application::apply('Moose::Meta::Role::Application::ToClass=HASH(0x562234845a38)', 'Moose::Meta::Role=HASH(0x5622347a0098)', 'Moose::Meta::Class=HASH(0x562233c29c60)') called at /home/sand/src/perl/repoperls/installed-perls/host/k93msid/v5.25.11-9-gc490dda191/496c/lib/site_perl/5.26.0/x86_64-linux-thread-multi-ld/Moose/Meta/Role/Application/ToClass.pm line 31
Moose::Meta::Role::Application::ToClass::apply('Moose::Meta::Role::Application::ToClass=HASH(0x562234845a38)', 'Moose::Meta::Role=HASH(0x5622347a0098)', 'Moose::Meta::Class=HASH(0x562233c29c60)', 'HASH(0x56223234bf98)') called at /home/sand/src/perl/repoperls/installed-perls/host/k93msid/v5.25.11-9-gc490dda191/496c/lib/site_perl/5.26.0/x86_64-linux-thread-multi-ld/Moose/Meta/Role.pm line 472
Moose::Meta::Role::apply('Moose::Meta::Role=HASH(0x5622347a0098)', 'Moose::Meta::Class=HASH(0x562233c29c60)') called at /home/sand/src/perl/repoperls/installed-perls/host/k93msid/v5.25.11-9-gc490dda191/496c/lib/site_perl/5.26.0/x86_64-linux-thread-multi-ld/Moose/Util.pm line 172
Moose::Util::_apply_all_roles('Moose::Meta::Class=HASH(0x562233c29c60)', undef, 'DBIx::Class::Graph::Role::ResultSet') called at /home/sand/src/perl/repoperls/installed-perls/host/k93msid/v5.25.11-9-gc490dda191/496c/lib/site_perl/5.26.0/x86_64-linux-thread-multi-ld/Moose/Util.pm line 114
Moose::Util::apply_all_roles('Moose::Meta::Class=HASH(0x562233c29c60)', 'DBIx::Class::Graph::Role::ResultSet') called at /home/sand/src/perl/repoperls/installed-perls/host/k93msid/v5.25.11-9-gc490dda191/496c/lib/site_perl/5.26.0/x86_64-linux-thread-multi-ld/Moose.pm line 57
Moose::with('Moose::Meta::Class=HASH(0x562233c29c60)', 'DBIx::Class::Graph::Role::ResultSet') called at /home/sand/src/perl/repoperls/installed-perls/host/k93msid/v5.25.11-9-gc490dda191/496c/lib/site_perl/5.26.0/x86_64-linux-thread-multi-ld/Moose/Exporter.pm line 419
Moose::with('DBIx::Class::Graph::Role::ResultSet') called at lib/DBIx/Class/ResultSet/Graph.pm line 19
require DBIx/Class/ResultSet/Graph.pm at /home/sand/src/perl/repoperls/installed-perls/host/k93msid/v5.25.11-9-gc490dda191/496c/lib/site_perl/5.26.0/Class/C3/Componentised.pm line 150
eval {...} at /home/sand/src/perl/repoperls/installed-perls/host/k93msid/v5.25.11-9-gc490dda191/496c/lib/site_perl/5.26.0/Class/C3/Componentised.pm line 150
Class::C3::Componentised::ensure_class_loaded('DBIx::Class::ResultSource::Table=HASH(0x562230fe82f8)', 'DBIx::Class::ResultSet::Graph') called at /home/sand/src/perl/repoperls/installed-perls/host/k93msid/v5.25.11-9-gc490dda191/496c/lib/site_perl/5.26.0/DBIx/Class/AccessorGroup.pm line 19
DBIx::Class::AccessorGroup::get_component_class('DBIx::Class::ResultSource::Table=HASH(0x562230fe82f8)', 'resultset_class') called at (eval 194) line 2
DBIx::Class::ResultSource::resultset_class('DBIx::Class::ResultSource::Table=HASH(0x562230fe82f8)') called at /home/sand/src/perl/repoperls/installed-perls/host/k93msid/v5.25.11-9-gc490dda191/496c/lib/site_perl/5.26.0/DBIx/Class/ResultSource.pm line 1135
DBIx::Class::ResultSource::resultset('DBIx::Class::ResultSource::Table=HASH(0x562230fe82f8)') called at /home/sand/src/perl/repoperls/installed-perls/host/k93msid/v5.25.11-9-gc490dda191/496c/lib/site_perl/5.26.0/DBIx/Class/Schema.pm line 547
DBIx::Class::Schema::resultset('TestLib::Schema=HASH(0x562230aa30c8)', 'Simple') called at /home/sand/src/perl/repoperls/installed-perls/host/k93msid/v5.25.11-9-gc490dda191/496c/lib/site_perl/5.26.0/DBIx/Class/Schema.pm line 769
DBIx::Class::Schema::populate('TestLib::Schema=HASH(0x562230aa30c8)', 'Simple', 'ARRAY(0x562233bd9290)') called at t/lib/TestLib.pm line 20
TestLib::new('TestLib') called at t/simple02.t line 7
Compilation failed in require at /home/sand/src/perl/repoperls/installed-perls/host/k93msid/v5.25.11-9-gc490dda191/496c/lib/site_perl/5.26.0/Class/C3/Componentised.pm line 150. at /home/sand/src/perl/repoperls/installed-perls/host/k93msid/v5.25.11-9-gc490dda191/496c/lib/site_perl/5.26.0/Class/C3/Componentised.pm line 155
t/simple02.t ..................
Dubious, test returned 255 (wstat 65280, 0xff00)
No subtests run
{UNKNOWN}: Could not generate inline handles for _graph->("" because : Failed to compile source: syntax error at (eval 760) line 21, near """( "
source:
#line 1 "inline delegation in DBIx::Class::ResultSet::Graph for _graph->("" (attribute declared in /tmp/loop_over_bdir-15976-yUStdl/DBIx-Class-Graph-1.05-0/blib/lib/DBIx/Class/Graph/Role/ResultSet.pm at line 22)"
sub {
my $self = shift;
my $proxy = $self->_graph;
if ( !defined $proxy ) {
die Module::Runtime::use_module("Moose::Exception::AttributeValueIsNotDefined")->new(method => $self->meta->find_method_by_name("(\"\""),
instance => $self,
attribute => $self->meta->find_attribute_by_name("_graph"),
);
}
elsif ( ref $proxy && !Scalar::Util::blessed($proxy) ) {
die Module::Runtime::use_module("Moose::Exception::AttributeValueIsNotAnObject")->new(method => $self->meta->find_method_by_name("(\"\""),
instance => $self,
attribute => $self->meta->find_attribute_by_name("_graph"),
given_value => $proxy,
);
}
return $proxy->(""( @_ );
}
at /home/sand/src/perl/repoperls/installed-perls/host/k93msid/v5.25.11-9-gc490dda191/496c/lib/site_perl/5.26.0/x86_64-linux-thread-multi-ld/Class/MOP/Method/Generated.pm line 56.
at /home/sand/src/perl/repoperls/installed-perls/host/k93msid/v5.25.11-9-gc490dda191/496c/lib/site_perl/5.26.0/x86_64-linux-thread-multi-ld/Moose/Meta/Method/Delegation.pm line 154
Moose::Meta::Method::Delegation::catch {...} ('Failed to compile source: syntax error at (eval 760) line 21, near """( "^J^J^Jsource:^J#line 1 "inline delegation in DBIx::Class::ResultSet::Graph for _graph->("" (attribute declared in /tmp/loop_over_bdir-15976-yUStdl/DBIx-Class-Graph-1.05-0/blib/lib/DBIx/Class/Graph/Role/ResultSet.pm at line 22)"^Jsub {^J my $self = shift;^J^J my $proxy = $self->_graph;^J if ( !defined $proxy ) {^J die Module::Runtime::use_module("Moose::Exception::AttributeValueIsNotDefined")->new(method => $self->meta->find_method_by_name("(\"\""),^Jinstance => $self,^Jattribute => $self->meta->find_attribute_by_name("_graph"),^J);^J }^J elsif ( ref $proxy && !Scalar::Util::blessed($proxy) ) {^J die Module::Runtime::use_module("Moose::Exception::AttributeValueIsNotAnObject")->new(method => $self->meta->find_method_by_name("(\"\""),^Jinstance => $self,^Jattribute => $self->meta->find_attribute_by_name("_graph"),^Jgiven_value => $proxy,^J);^J }^J return $proxy->(""( @_ );^J}^J at /home/sand/src/perl/repoperls/installed-perls/host/k93msid/v5.25.11-9-gc490dda191/496c/lib/site_perl/5.26.0/x86_64-linux-thread-multi-ld/Class/MOP/Method/Generated.pm line 56.^J') called at /home/sand/src/perl/repoperls/installed-perls/host/k93msid/v5.25.11-9-gc490dda191/496c/lib/site_perl/5.26.0/Try/Tiny.pm line 124
Try::Tiny::try('CODE(0x55efaee2e918)', 'Try::Tiny::Catch=REF(0x55efaede1e28)') called at /home/sand/src/perl/repoperls/installed-perls/host/k93msid/v5.25.11-9-gc490dda191/496c/lib/site_perl/5.26.0/x86_64-linux-thread-multi-ld/Moose/Meta/Method/Delegation.pm line 160
Moose::Meta::Method::Delegation::_generate_inline_method('Moose::Meta::Method::Delegation=HASH(0x55efac135b98)') called at /home/sand/src/perl/repoperls/installed-perls/host/k93msid/v5.25.11-9-gc490dda191/496c/lib/site_perl/5.26.0/x86_64-linux-thread-multi-ld/Moose/Meta/Method/Delegation.pm line 82
Moose::Meta::Method::Delegation::_initialize_body('Moose::Meta::Method::Delegation=HASH(0x55efac135b98)') called at /home/sand/src/perl/repoperls/installed-perls/host/k93msid/v5.25.11-9-gc490dda191/496c/lib/site_perl/5.26.0/x86_64-linux-thread-multi-ld/Moose/Meta/Method/Delegation.pm line 54
Moose::Meta::Method::Delegation::new('Moose::Meta::Method::Delegation', 'name', '(""', 'package_name', 'DBIx::Class::ResultSet::Graph', 'attribute', 'Moose::Meta::Attribute=HASH(0x55efae145548)', 'delegate_to_method', '(""', 'curried_arguments', 'ARRAY(0x55efac49f480)') called at /home/sand/src/perl/repoperls/installed-perls/host/k93msid/v5.25.11-9-gc490dda191/496c/lib/site_perl/5.26.0/x86_64-linux-thread-multi-ld/Moose/Meta/Attribute.pm line 1301
Moose::Meta::Attribute::_make_delegation_method('Moose::Meta::Attribute=HASH(0x55efae145548)', '(""', '(""') called at /home/sand/src/perl/repoperls/installed-perls/host/k93msid/v5.25.11-9-gc490dda191/496c/lib/site_perl/5.26.0/x86_64-linux-thread-multi-ld/Moose/Meta/Attribute.pm line 1168
Moose::Meta::Attribute::install_delegation('Moose::Meta::Attribute=HASH(0x55efae145548)') called at /home/sand/src/perl/repoperls/installed-perls/host/k93msid/v5.25.11-9-gc490dda191/496c/lib/site_perl/5.26.0/x86_64-linux-thread-multi-ld/Moose/Meta/Attribute.pm line 1017
Moose::Meta::Attribute::install_accessors('Moose::Meta::Attribute=HASH(0x55efae145548)') called at /home/sand/src/perl/repoperls/installed-perls/host/k93msid/v5.25.11-9-gc490dda191/496c/lib/site_perl/5.26.0/x86_64-linux-thread-multi-ld/Class/MOP/Class.pm line 899
Class::MOP::Class::try {...} at /home/sand/src/perl/repoperls/installed-perls/host/k93msid/v5.25.11-9-gc490dda191/496c/lib/site_perl/5.26.0/Try/Tiny.pm line 103
eval {...} at /home/sand/src/perl/repoperls/installed-perls/host/k93msid/v5.25.11-9-gc490dda191/496c/lib/site_perl/5.26.0/Try/Tiny.pm line 94
Try::Tiny::try('CODE(0x55efaedd7920)', 'Try::Tiny::Catch=REF(0x55efae1452c0)') called at /home/sand/src/perl/repoperls/installed-perls/host/k93msid/v5.25.11-9-gc490dda191/496c/lib/site_perl/5.26.0/x86_64-linux-thread-multi-ld/Class/MOP/Class.pm line 904
Class::MOP::Class::_post_add_attribute('Moose::Meta::Class=HASH(0x55efae0deb78)', 'Moose::Meta::Attribute=HASH(0x55efae145548)') called at /home/sand/src/perl/repoperls/installed-perls/host/k93msid/v5.25.11-9-gc490dda191/496c/lib/site_perl/5.26.0/x86_64-linux-thread-multi-ld/Class/MOP/Mixin/HasAttributes.pm line 39
Class::MOP::Mixin::HasAttributes::add_attribute('Moose::Meta::Class=HASH(0x55efae0deb78)', 'Moose::Meta::Attribute=HASH(0x55efae145548)') called at /home/sand/src/perl/repoperls/installed-perls/host/k93msid/v5.25.11-9-gc490dda191/496c/lib/site_perl/5.26.0/x86_64-linux-thread-multi-ld/Moose/Meta/Class.pm line 583
Moose::Meta::Class::add_attribute('Moose::Meta::Class=HASH(0x55efae0deb78)', 'Moose::Meta::Attribute=HASH(0x55efae145548)') called at /home/sand/src/perl/repoperls/installed-perls/host/k93msid/v5.25.11-9-gc490dda191/496c/lib/site_perl/5.26.0/x86_64-linux-thread-multi-ld/Moose/Meta/Role/Application/ToClass.pm line 126
Moose::Meta::Role::Application::ToClass::apply_attributes('Moose::Meta::Role::Application::ToClass=HASH(0x55efae0ebe38)', 'Moose::Meta::Role=HASH(0x55efaec79c10)', 'Moose::Meta::Class=HASH(0x55efae0deb78)') called at /home/sand/src/perl/repoperls/installed-perls/host/k93msid/v5.25.11-9-gc490dda191/496c/lib/site_perl/5.26.0/x86_64-linux-thread-multi-ld/Moose/Meta/Role/Application.pm line 59
Moose::Meta::Role::Application::apply('Moose::Meta::Role::Application::ToClass=HASH(0x55efae0ebe38)', 'Moose::Meta::Role=HASH(0x55efaec79c10)', 'Moose::Meta::Class=HASH(0x55efae0deb78)') called at /home/sand/src/perl/repoperls/installed-perls/host/k93msid/v5.25.11-9-gc490dda191/496c/lib/site_perl/5.26.0/x86_64-linux-thread-multi-ld/Moose/Meta/Role/Application/ToClass.pm line 31
Moose::Meta::Role::Application::ToClass::apply('Moose::Meta::Role::Application::ToClass=HASH(0x55efae0ebe38)', 'Moose::Meta::Role=HASH(0x55efaec79c10)', 'Moose::Meta::Class=HASH(0x55efae0deb78)', 'HASH(0x55efac81fef0)') called at /home/sand/src/perl/repoperls/installed-perls/host/k93msid/v5.25.11-9-gc490dda191/496c/lib/site_perl/5.26.0/x86_64-linux-thread-multi-ld/Moose/Meta/Role.pm line 472
Moose::Meta::Role::apply('Moose::Meta::Role=HASH(0x55efaec79c10)', 'Moose::Meta::Class=HASH(0x55efae0deb78)') called at /home/sand/src/perl/repoperls/installed-perls/host/k93msid/v5.25.11-9-gc490dda191/496c/lib/site_perl/5.26.0/x86_64-linux-thread-multi-ld/Moose/Util.pm line 172
Moose::Util::_apply_all_roles('Moose::Meta::Class=HASH(0x55efae0deb78)', undef, 'DBIx::Class::Graph::Role::ResultSet') called at /home/sand/src/perl/repoperls/installed-perls/host/k93msid/v5.25.11-9-gc490dda191/496c/lib/site_perl/5.26.0/x86_64-linux-thread-multi-ld/Moose/Util.pm line 114
Moose::Util::apply_all_roles('Moose::Meta::Class=HASH(0x55efae0deb78)', 'DBIx::Class::Graph::Role::ResultSet') called at /home/sand/src/perl/repoperls/installed-perls/host/k93msid/v5.25.11-9-gc490dda191/496c/lib/site_perl/5.26.0/x86_64-linux-thread-multi-ld/Moose.pm line 57
Moose::with('Moose::Meta::Class=HASH(0x55efae0deb78)', 'DBIx::Class::Graph::Role::ResultSet') called at /home/sand/src/perl/repoperls/installed-perls/host/k93msid/v5.25.11-9-gc490dda191/496c/lib/site_perl/5.26.0/x86_64-linux-thread-multi-ld/Moose/Exporter.pm line 419
Moose::with('DBIx::Class::Graph::Role::ResultSet') called at /tmp/loop_over_bdir-15976-yUStdl/DBIx-Class-Graph-1.05-0/blib/lib/DBIx/Class/ResultSet/Graph.pm line 19
require DBIx/Class/ResultSet/Graph.pm at /home/sand/src/perl/repoperls/installed-perls/host/k93msid/v5.25.11-9-gc490dda191/496c/lib/site_perl/5.26.0/Class/C3/Componentised.pm line 150
eval {...} at /home/sand/src/perl/repoperls/installed-perls/host/k93msid/v5.25.11-9-gc490dda191/496c/lib/site_perl/5.26.0/Class/C3/Componentised.pm line 150
Class::C3::Componentised::ensure_class_loaded('DBIx::Class::ResultSource::Table=HASH(0x55efab4bca58)', 'DBIx::Class::ResultSet::Graph') called at /home/sand/src/perl/repoperls/installed-perls/host/k93msid/v5.25.11-9-gc490dda191/496c/lib/site_perl/5.26.0/DBIx/Class/AccessorGroup.pm line 19
DBIx::Class::AccessorGroup::get_component_class('DBIx::Class::ResultSource::Table=HASH(0x55efab4bca58)', 'resultset_class') called at (eval 194) line 2
DBIx::Class::ResultSource::resultset_class('DBIx::Class::ResultSource::Table=HASH(0x55efab4bca58)') called at /home/sand/src/perl/repoperls/installed-perls/host/k93msid/v5.25.11-9-gc490dda191/496c/lib/site_perl/5.26.0/DBIx/Class/ResultSource.pm line 1135
DBIx::Class::ResultSource::resultset('DBIx::Class::ResultSource::Table=HASH(0x55efab4bca58)') called at /home/sand/src/perl/repoperls/installed-perls/host/k93msid/v5.25.11-9-gc490dda191/496c/lib/site_perl/5.26.0/DBIx/Class/Schema.pm line 547
DBIx::Class::Schema::resultset('TestLib::Schema=HASH(0x55efaaf770c8)', 'Simple') called at /home/sand/src/perl/repoperls/installed-perls/host/k93msid/v5.25.11-9-gc490dda191/496c/lib/site_perl/5.26.0/DBIx/Class/Schema.pm line 769
DBIx::Class::Schema::populate('TestLib::Schema=HASH(0x55efaaf770c8)', 'Simple', 'ARRAY(0x55efad280e20)') called at t/lib/TestLib.pm line 20
TestLib::new('TestLib') called at t/simplesucc.t line 7
Compilation failed in require at /home/sand/src/perl/repoperls/installed-perls/host/k93msid/v5.25.11-9-gc490dda191/496c/lib/site_perl/5.26.0/Class/C3/Componentised.pm line 150. at /home/sand/src/perl/repoperls/installed-perls/host/k93msid/v5.25.11-9-gc490dda191/496c/lib/site_perl/5.26.0/Class/C3/Componentised.pm line 155
t/simplesucc.t ................
Dubious, test returned 255 (wstat 65280, 0xff00)
No subtests run
{UNKNOWN}: Could not generate inline handles for _graph->("" because : Failed to compile source: syntax error at (eval 759) line 21, near """( "
source:
#line 1 "inline delegation in DBIx::Class::ResultSet::Graph for _graph->("" (attribute declared in /tmp/loop_over_bdir-15976-yUStdl/DBIx-Class-Graph-1.05-0/blib/lib/DBIx/Class/Graph/Role/ResultSet.pm at line 22)"
sub {
my $self = shift;
my $proxy = $self->_graph;
if ( !defined $proxy ) {
die Module::Runtime::use_module("Moose::Exception::AttributeValueIsNotDefined")->new(method => $self->meta->find_method_by_name("(\"\""),
instance => $self,
attribute => $self->meta->find_attribute_by_name("_graph"),
);
}
elsif ( ref $proxy && !Scalar::Util::blessed($proxy) ) {
die Module::Runtime::use_module("Moose::Exception::AttributeValueIsNotAnObject")->new(method => $self->meta->find_method_by_name("(\"\""),
instance => $self,
attribute => $self->meta->find_attribute_by_name("_graph"),
given_value => $proxy,
);
}
return $proxy->(""( @_ );
}
at /home/sand/src/perl/repoperls/installed-perls/host/k93msid/v5.25.11-9-gc490dda191/496c/lib/site_perl/5.26.0/x86_64-linux-thread-multi-ld/Class/MOP/Method/Generated.pm line 56.
at /home/sand/src/perl/repoperls/installed-perls/host/k93msid/v5.25.11-9-gc490dda191/496c/lib/site_perl/5.26.0/x86_64-linux-thread-multi-ld/Moose/Meta/Method/Delegation.pm line 154
Moose::Meta::Method::Delegation::catch {...} ('Failed to compile source: syntax error at (eval 759) line 21, near """( "^J^J^Jsource:^J#line 1 "inline delegation in DBIx::Class::ResultSet::Graph for _graph->("" (attribute declared in /tmp/loop_over_bdir-15976-yUStdl/DBIx-Class-Graph-1.05-0/blib/lib/DBIx/Class/Graph/Role/ResultSet.pm at line 22)"^Jsub {^J my $self = shift;^J^J my $proxy = $self->_graph;^J if ( !defined $proxy ) {^J die Module::Runtime::use_module("Moose::Exception::AttributeValueIsNotDefined")->new(method => $self->meta->find_method_by_name("(\"\""),^Jinstance => $self,^Jattribute => $self->meta->find_attribute_by_name("_graph"),^J);^J }^J elsif ( ref $proxy && !Scalar::Util::blessed($proxy) ) {^J die Module::Runtime::use_module("Moose::Exception::AttributeValueIsNotAnObject")->new(method => $self->meta->find_method_by_name("(\"\""),^Jinstance => $self,^Jattribute => $self->meta->find_attribute_by_name("_graph"),^Jgiven_value => $proxy,^J);^J }^J return $proxy->(""( @_ );^J}^J at /home/sand/src/perl/repoperls/installed-perls/host/k93msid/v5.25.11-9-gc490dda191/496c/lib/site_perl/5.26.0/x86_64-linux-thread-multi-ld/Class/MOP/Method/Generated.pm line 56.^J') called at /home/sand/src/perl/repoperls/installed-perls/host/k93msid/v5.25.11-9-gc490dda191/496c/lib/site_perl/5.26.0/Try/Tiny.pm line 124
Try::Tiny::try('CODE(0x55930eb0a608)', 'Try::Tiny::Catch=REF(0x55930e06fbc0)') called at /home/sand/src/perl/repoperls/installed-perls/host/k93msid/v5.25.11-9-gc490dda191/496c/lib/site_perl/5.26.0/x86_64-linux-thread-multi-ld/Moose/Meta/Method/Delegation.pm line 160
Moose::Meta::Method::Delegation::_generate_inline_method('Moose::Meta::Method::Delegation=HASH(0x55930be12c28)') called at /home/sand/src/perl/repoperls/installed-perls/host/k93msid/v5.25.11-9-gc490dda191/496c/lib/site_perl/5.26.0/x86_64-linux-thread-multi-ld/Moose/Meta/Method/Delegation.pm line 82
Moose::Meta::Method::Delegation::_initialize_body('Moose::Meta::Method::Delegation=HASH(0x55930be12c28)') called at /home/sand/src/perl/repoperls/installed-perls/host/k93msid/v5.25.11-9-gc490dda191/496c/lib/site_perl/5.26.0/x86_64-linux-thread-multi-ld/Moose/Meta/Method/Delegation.pm line 54
Moose::Meta::Method::Delegation::new('Moose::Meta::Method::Delegation', 'name', '(""', 'package_name', 'DBIx::Class::ResultSet::Graph', 'attribute', 'Moose::Meta::Attribute=HASH(0x55930de2d530)', 'delegate_to_method', '(""', 'curried_arguments', 'ARRAY(0x55930c17c4b0)') called at /home/sand/src/perl/repoperls/installed-perls/host/k93msid/v5.25.11-9-gc490dda191/496c/lib/site_perl/5.26.0/x86_64-linux-thread-multi-ld/Moose/Meta/Attribute.pm line 1301
Moose::Meta::Attribute::_make_delegation_method('Moose::Meta::Attribute=HASH(0x55930de2d530)', '(""', '(""') called at /home/sand/src/perl/repoperls/installed-perls/host/k93msid/v5.25.11-9-gc490dda191/496c/lib/site_perl/5.26.0/x86_64-linux-thread-multi-ld/Moose/Meta/Attribute.pm line 1168
Moose::Meta::Attribute::install_delegation('Moose::Meta::Attribute=HASH(0x55930de2d530)') called at /home/sand/src/perl/repoperls/installed-perls/host/k93msid/v5.25.11-9-gc490dda191/496c/lib/site_perl/5.26.0/x86_64-linux-thread-multi-ld/Moose/Meta/Attribute.pm line 1017
Moose::Meta::Attribute::install_accessors('Moose::Meta::Attribute=HASH(0x55930de2d530)') called at /home/sand/src/perl/repoperls/installed-perls/host/k93msid/v5.25.11-9-gc490dda191/496c/lib/site_perl/5.26.0/x86_64-linux-thread-multi-ld/Class/MOP/Class.pm line 899
Class::MOP::Class::try {...} at /home/sand/src/perl/repoperls/installed-perls/host/k93msid/v5.25.11-9-gc490dda191/496c/lib/site_perl/5.26.0/Try/Tiny.pm line 103
eval {...} at /home/sand/src/perl/repoperls/installed-perls/host/k93msid/v5.25.11-9-gc490dda191/496c/lib/site_perl/5.26.0/Try/Tiny.pm line 94
Try::Tiny::try('CODE(0x55930eab3af0)', 'Try::Tiny::Catch=REF(0x55930de1f708)') called at /home/sand/src/perl/repoperls/installed-perls/host/k93msid/v5.25.11-9-gc490dda191/496c/lib/site_perl/5.26.0/x86_64-linux-thread-multi-ld/Class/MOP/Class.pm line 904
Class::MOP::Class::_post_add_attribute('Moose::Meta::Class=HASH(0x55930dd8e028)', 'Moose::Meta::Attribute=HASH(0x55930de2d530)') called at /home/sand/src/perl/repoperls/installed-perls/host/k93msid/v5.25.11-9-gc490dda191/496c/lib/site_perl/5.26.0/x86_64-linux-thread-multi-ld/Class/MOP/Mixin/HasAttributes.pm line 39
Class::MOP::Mixin::HasAttributes::add_attribute('Moose::Meta::Class=HASH(0x55930dd8e028)', 'Moose::Meta::Attribute=HASH(0x55930de2d530)') called at /home/sand/src/perl/repoperls/installed-perls/host/k93msid/v5.25.11-9-gc490dda191/496c/lib/site_perl/5.26.0/x86_64-linux-thread-multi-ld/Moose/Meta/Class.pm line 583
Moose::Meta::Class::add_attribute('Moose::Meta::Class=HASH(0x55930dd8e028)', 'Moose::Meta::Attribute=HASH(0x55930de2d530)') called at /home/sand/src/perl/repoperls/installed-perls/host/k93msid/v5.25.11-9-gc490dda191/496c/lib/site_perl/5.26.0/x86_64-linux-thread-multi-ld/Moose/Meta/Role/Application/ToClass.pm line 126
Moose::Meta::Role::Application::ToClass::apply_attributes('Moose::Meta::Role::Application::ToClass=HASH(0x55930ddc1e20)', 'Moose::Meta::Role=HASH(0x55930e956ea8)', 'Moose::Meta::Class=HASH(0x55930dd8e028)') called at /home/sand/src/perl/repoperls/installed-perls/host/k93msid/v5.25.11-9-gc490dda191/496c/lib/site_perl/5.26.0/x86_64-linux-thread-multi-ld/Moose/Meta/Role/Application.pm line 59
Moose::Meta::Role::Application::apply('Moose::Meta::Role::Application::ToClass=HASH(0x55930ddc1e20)', 'Moose::Meta::Role=HASH(0x55930e956ea8)', 'Moose::Meta::Class=HASH(0x55930dd8e028)') called at /home/sand/src/perl/repoperls/installed-perls/host/k93msid/v5.25.11-9-gc490dda191/496c/lib/site_perl/5.26.0/x86_64-linux-thread-multi-ld/Moose/Meta/Role/Application/ToClass.pm line 31
Moose::Meta::Role::Application::ToClass::apply('Moose::Meta::Role::Application::ToClass=HASH(0x55930ddc1e20)', 'Moose::Meta::Role=HASH(0x55930e956ea8)', 'Moose::Meta::Class=HASH(0x55930dd8e028)', 'HASH(0x55930c4fd1b0)') called at /home/sand/src/perl/repoperls/installed-perls/host/k93msid/v5.25.11-9-gc490dda191/496c/lib/site_perl/5.26.0/x86_64-linux-thread-multi-ld/Moose/Meta/Role.pm line 472
Moose::Meta::Role::apply('Moose::Meta::Role=HASH(0x55930e956ea8)', 'Moose::Meta::Class=HASH(0x55930dd8e028)') called at /home/sand/src/perl/repoperls/installed-perls/host/k93msid/v5.25.11-9-gc490dda191/496c/lib/site_perl/5.26.0/x86_64-linux-thread-multi-ld/Moose/Util.pm line 172
Moose::Util::_apply_all_roles('Moose::Meta::Class=HASH(0x55930dd8e028)', undef, 'DBIx::Class::Graph::Role::ResultSet') called at /home/sand/src/perl/repoperls/installed-perls/host/k93msid/v5.25.11-9-gc490dda191/496c/lib/site_perl/5.26.0/x86_64-linux-thread-multi-ld/Moose/Util.pm line 114
Moose::Util::apply_all_roles('Moose::Meta::Class=HASH(0x55930dd8e028)', 'DBIx::Class::Graph::Role::ResultSet') called at /home/sand/src/perl/repoperls/installed-perls/host/k93msid/v5.25.11-9-gc490dda191/496c/lib/site_perl/5.26.0/x86_64-linux-thread-multi-ld/Moose.pm line 57
Moose::with('Moose::Meta::Class=HASH(0x55930dd8e028)', 'DBIx::Class::Graph::Role::ResultSet') called at /home/sand/src/perl/repoperls/installed-perls/host/k93msid/v5.25.11-9-gc490dda191/496c/lib/site_perl/5.26.0/x86_64-linux-thread-multi-ld/Moose/Exporter.pm line 419
Moose::with('DBIx::Class::Graph::Role::ResultSet') called at /tmp/loop_over_bdir-15976-yUStdl/DBIx-Class-Graph-1.05-0/blib/lib/DBIx/Class/ResultSet/Graph.pm line 19
require DBIx/Class/ResultSet/Graph.pm at /home/sand/src/perl/repoperls/installed-perls/host/k93msid/v5.25.11-9-gc490dda191/496c/lib/site_perl/5.26.0/Class/C3/Componentised.pm line 150
eval {...} at /home/sand/src/perl/repoperls/installed-perls/host/k93msid/v5.25.11-9-gc490dda191/496c/lib/site_perl/5.26.0/Class/C3/Componentised.pm line 150
Class::C3::Componentised::ensure_class_loaded('DBIx::Class::ResultSource::Table=HASH(0x55930ac5f7d8)', 'DBIx::Class::ResultSet::Graph') called at /home/sand/src/perl/repoperls/installed-perls/host/k93msid/v5.25.11-9-gc490dda191/496c/lib/site_perl/5.26.0/DBIx/Class/AccessorGroup.pm line 19
DBIx::Class::AccessorGroup::get_component_class('DBIx::Class::ResultSource::Table=HASH(0x55930ac5f7d8)', 'resultset_class') called at (eval 194) line 2
DBIx::Class::ResultSource::resultset_class('DBIx::Class::ResultSource::Table=HASH(0x55930ac5f7d8)') called at /home/sand/src/perl/repoperls/installed-perls/host/k93msid/v5.25.11-9-gc490dda191/496c/lib/site_perl/5.26.0/DBIx/Class/ResultSource.pm line 1135
DBIx::Class::ResultSource::resultset('DBIx::Class::ResultSource::Table=HASH(0x55930ac5f7d8)') called at /home/sand/src/perl/repoperls/installed-perls/host/k93msid/v5.25.11-9-gc490dda191/496c/lib/site_perl/5.26.0/DBIx/Class/Schema.pm line 547
DBIx::Class::Schema::resultset('TestLib::Schema=HASH(0x55930ac540c8)', 'Simple') called at /home/sand/src/perl/repoperls/installed-perls/host/k93msid/v5.25.11-9-gc490dda191/496c/lib/site_perl/5.26.0/DBIx/Class/Schema.pm line 769
DBIx::Class::Schema::populate('TestLib::Schema=HASH(0x55930ac540c8)', 'Simple', 'ARRAY(0x55930ddbf080)') called at t/lib/TestLib.pm line 20
TestLib::new('TestLib') called at t/wrapper.t line 7
Compilation failed in require at /home/sand/src/perl/repoperls/installed-perls/host/k93msid/v5.25.11-9-gc490dda191/496c/lib/site_perl/5.26.0/Class/C3/Componentised.pm line 150. at /home/sand/src/perl/repoperls/installed-perls/host/k93msid/v5.25.11-9-gc490dda191/496c/lib/site_perl/5.26.0/Class/C3/Componentised.pm line 155
t/wrapper.t ...................
Dubious, test returned 255 (wstat 65280, 0xff00)
No subtests run
Test Summary Report
-------------------
t/00-compile.t (Wstat: 256 Tests: 5 Failed: 1)
Failed test: 5
Non-zero exit status: 1
t/complex.t (Wstat: 65280 Tests: 0 Failed: 0)
Non-zero exit status: 255
Parse errors: No plan found in TAP output
t/leak.t (Wstat: 65280 Tests: 0 Failed: 0)
Non-zero exit status: 255
Parse errors: No plan found in TAP output
t/result.t (Wstat: 65280 Tests: 0 Failed: 0)
Non-zero exit status: 255
Parse errors: No plan found in TAP output
t/resultset.t (Wstat: 65280 Tests: 0 Failed: 0)
Non-zero exit status: 255
Parse errors: No plan found in TAP output
t/simple01.t (Wstat: 65280 Tests: 0 Failed: 0)
Non-zero exit status: 255
Parse errors: No plan found in TAP output
t/simple02.t (Wstat: 65280 Tests: 0 Failed: 0)
Non-zero exit status: 255
Parse errors: No plan found in TAP output
t/simplesucc.t (Wstat: 65280 Tests: 0 Failed: 0)
Non-zero exit status: 255
Parse errors: No plan found in TAP output
t/wrapper.t (Wstat: 65280 Tests: 0 Failed: 0)
Non-zero exit status: 255
Parse errors: No plan found in TAP output
Files=15, Tests=6, 9 wallclock secs ( 0.04 usr 0.13 sys + 7.57 cusr 1.18 csys = 8.92 CPU)
Result: FAIL
Failed 9/15 test programs. 1/6 subtests failed.
------------------------------
PREREQUISITES
------------------------------
Prerequisite modules loaded:
requires:
Module Need Have
---------------------- ------ --------
base 0 2.24
Class::C3 0 0.32
DBIx::Class 0 0.082840
DBIx::Class::ResultSet 0 0
Graph 0.94 0.9704
List::MoreUtils 0 0.416
Moose 0 2.2004
Moose::Role 0 2.2004
Scalar::Util 0 1.47
strict 0 1.11
warnings 0 1.37
build_requires:
Module Need Have
---------------------- ------ --------
DBIx::Class::Schema 0 0
File::Find 0 1.34
File::Temp 0 0.2304
Module::Build 0.3601 0.4220
Test::Memory::Cycle 0 1.06
Test::More 0.88 1.302078
configure_requires:
Module Need Have
---------------------- ------ --------
Module::Build 0.3601 0.4220
------------------------------
ENVIRONMENT AND OTHER CONTEXT
------------------------------
Environment variables:
AUTOMATED_TESTING = 1
LANG = en_US.UTF-8
PATH = /home/sand/bin:/usr/local/bin:/usr/bin:/bin:/usr/games:/usr/local/perl/bin:/usr/X11/bin:/sbin:/usr/sbin
PERL5LIB = /tmp/loop_over_bdir-15976-yUStdl/HTML-Tree-5.03-0/blib/arch:/tmp/loop_over_bdir-15976-yUStdl/HTML-Tree-5.03-0/blib/lib:/tmp/loop_over_bdir-15976-yUStdl/Hash-FieldHash-0.15-0/blib/arch:/tmp/loop_over_bdir-15976-yUStdl/Hash-FieldHash-0.15-0/blib/lib:/tmp/loop_over_bdir-15976-yUStdl/Mouse-v2.4.9-0/blib/arch:/tmp/loop_over_bdir-15976-yUStdl/Mouse-v2.4.9-0/blib/lib
PERL5OPT =
PERL5_CPANPLUS_IS_RUNNING = 31991
PERL5_CPAN_IS_RUNNING = 31991
PERL_CANARY_STABILITY_NOPROMPT = 1
PERL_MM_USE_DEFAULT = 1
PERL_USE_UNSAFE_INC = 1
SHELL = /usr/bin/zsh
TERM = screen
Perl special variables (and OS-specific diagnostics, for MSWin32):
$^X = /tmp/basesmoker-reloperl-KX3e/bin/perl
$UID/$EUID = 1005 / 1005
$GID = 1005 1005
$EGID = 1005 1005
Perl module toolchain versions installed:
Module Have
------------------- ----------
CPAN 2.17
CPAN::Meta 2.150010
Cwd 3.67
ExtUtils::CBuilder 0.280225
ExtUtils::Command 7.24
ExtUtils::Install 2.04
ExtUtils::MakeMaker 7.24
ExtUtils::Manifest 1.70
ExtUtils::ParseXS 3.34
File::Spec 3.67
JSON 2.90
JSON::PP 2.27400_02
Module::Build 0.4220
Module::Signature 0.81
Parse::CPAN::Meta 2.150010
Test::Harness 3.38
Test::More 1.302078
YAML 1.23
YAML::Syck 1.29
version 0.9917
--
Summary of my perl5 (revision 5 version 26 subversion 0) configuration:
Commit id: c490dda1915fb0badb89835e8cf64527e06d25e2
Platform:
osname=linux
osvers=4.9.0-2-amd64
archname=x86_64-linux-thread-multi-ld
uname='linux k93msid 4.9.0-2-amd64 #1 smp debian 4.9.13-1 (2017-02-27) x86_64 gnulinux '
config_args='-Dprefix=/home/sand/src/perl/repoperls/installed-perls/host/k93msid/v5.25.11-9-gc490dda191/496c -Dmyhostname=k93msid -Dinstallusrbinperl=n -Uversiononly -Dusedevel -des -Ui_db -Dlibswanted=cl pthread socket inet nsl gdbm dbm malloc dl ld sun m crypt sec util c cposix posix ucb BSD gdbm_compat -Duseithreads -Duselongdouble -DEBUGGING=none'
hint=recommended
useposix=true
d_sigaction=define
useithreads=define
usemultiplicity=define
use64bitint=define
use64bitall=define
uselongdouble=define
usemymalloc=n
default_inc_excludes_dot=define
bincompat5005=undef
Compiler:
cc='cc'
ccflags ='-D_REENTRANT -D_GNU_SOURCE -fwrapv -fno-strict-aliasing -pipe -fstack-protector-strong -I/usr/local/include -D_LARGEFILE_SOURCE -D_FILE_OFFSET_BITS=64'
optimize='-O2'
cppflags='-D_REENTRANT -D_GNU_SOURCE -fwrapv -fno-strict-aliasing -pipe -fstack-protector-strong -I/usr/local/include'
ccversion=''
gccversion='6.3.0 20170316'
gccosandvers=''
intsize=4
longsize=8
ptrsize=8
doublesize=8
byteorder=12345678
doublekind=3
d_longlong=define
longlongsize=8
d_longdbl=define
longdblsize=16
longdblkind=3
ivtype='long'
ivsize=8
nvtype='long double'
nvsize=16
Off_t='off_t'
lseeksize=8
alignbytes=16
prototype=define
Linker and Libraries:
ld='cc'
ldflags =' -fstack-protector-strong -L/usr/local/lib'
libpth=/usr/local/lib /usr/lib/gcc/x86_64-linux-gnu/6/include-fixed /usr/include/x86_64-linux-gnu /usr/lib /lib/x86_64-linux-gnu /lib/../lib /usr/lib/x86_64-linux-gnu /usr/lib/../lib /lib
libs=-lpthread -lnsl -ldl -lm -lcrypt -lutil -lc
perllibs=-lpthread -lnsl -ldl -lm -lcrypt -lutil -lc
libc=libc-2.24.so
so=so
useshrplib=false
libperl=libperl.a
gnulibc_version='2.24'
Dynamic Linking:
dlsrc=dl_dlopen.xs
dlext=so
d_dlsymun=undef
ccdlflags='-Wl,-E'
cccdlflags='-fPIC'
lddlflags='-shared -O2 -L/usr/local/lib -fstack-protector-strong'
Characteristics of this binary (from libperl):
Compile-time options:
HAS_TIMES
MULTIPLICITY
PERLIO_LAYERS
PERL_COPY_ON_WRITE
PERL_DONT_CREATE_GVSV
PERL_IMPLICIT_CONTEXT
PERL_MALLOC_WRAP
PERL_OP_PARENT
PERL_PRESERVE_IVUV
PERL_USE_DEVEL
USE_64_BIT_ALL
USE_64_BIT_INT
USE_ITHREADS
USE_LARGE_FILES
USE_LOCALE
USE_LOCALE_COLLATE
USE_LOCALE_CTYPE
USE_LOCALE_NUMERIC
USE_LOCALE_TIME
USE_LONG_DOUBLE
USE_PERLIO
USE_PERL_ATOF
USE_REENTRANT_API
Built under linux
Compiled at Mar 21 2017 17:57:13
%ENV:
PERL5LIB="/tmp/loop_over_bdir-15976-yUStdl/HTML-Tree-5.03-0/blib/arch:/tmp/loop_over_bdir-15976-yUStdl/HTML-Tree-5.03-0/blib/lib:/tmp/loop_over_bdir-15976-yUStdl/Hash-FieldHash-0.15-0/blib/arch:/tmp/loop_over_bdir-15976-yUStdl/Hash-FieldHash-0.15-0/blib/lib:/tmp/loop_over_bdir-15976-yUStdl/Mouse-v2.4.9-0/blib/arch:/tmp/loop_over_bdir-15976-yUStdl/Mouse-v2.4.9-0/blib/lib"
PERL5OPT=""
PERL5_CPANPLUS_IS_RUNNING="31991"
PERL5_CPAN_IS_RUNNING="31991"
PERL_CANARY_STABILITY_NOPROMPT="1"
PERL_MM_USE_DEFAULT="1"
PERL_USE_UNSAFE_INC="1"
@INC:
/tmp/loop_over_bdir-15976-yUStdl/HTML-Tree-5.03-0/blib/arch
/tmp/loop_over_bdir-15976-yUStdl/HTML-Tree-5.03-0/blib/lib
/tmp/loop_over_bdir-15976-yUStdl/Hash-FieldHash-0.15-0/blib/arch
/tmp/loop_over_bdir-15976-yUStdl/Hash-FieldHash-0.15-0/blib/lib
/tmp/loop_over_bdir-15976-yUStdl/Mouse-v2.4.9-0/blib/arch
/tmp/loop_over_bdir-15976-yUStdl/Mouse-v2.4.9-0/blib/lib
/home/sand/src/perl/repoperls/installed-perls/host/k93msid/v5.25.11-9-gc490dda191/496c/lib/site_perl/5.26.0/x86_64-linux-thread-multi-ld
/home/sand/src/perl/repoperls/installed-perls/host/k93msid/v5.25.11-9-gc490dda191/496c/lib/site_perl/5.26.0
/home/sand/src/perl/repoperls/installed-perls/host/k93msid/v5.25.11-9-gc490dda191/496c/lib/5.26.0/x86_64-linux-thread-multi-ld
/home/sand/src/perl/repoperls/installed-perls/host/k93msid/v5.25.11-9-gc490dda191/496c/lib/5.26.0
.