Sort-Bucket v0.02 Perl 5 v5.6.2 x86_64-linux

Status
Na
From
David Cantrell (DCANTRELL)
Dist
Sort-Bucket v0.02
Platform
Perl 5 v5.6.2 x86_64-linux
Date
2010-08-27 08:33:54
ID
d3a3a4f0-b1b5-11df-8128-2511e81e7b5c
This distribution has been tested as part of the CPAN Testers
project, supporting the Perl programming language.  See
http://wiki.cpantesters.org/ for more information or email
questions to cpan-testers-discuss@perl.org


--
Dear Nick Cleaton,

This is a computer-generated report for Sort-Bucket-0.02
on perl 5.6.2, created by CPAN-Reporter-1.18.

Thank you for uploading your work to CPAN.  While attempting to build or test
this distribution, the distribution signaled that support is not available
either for this operating system or this version of Perl.  Nevertheless, any
diagnostic output produced is provided below for reference.  If this is not
what you expect, you may wish to consult the CPAN Testers Wiki:

http://wiki.cpantesters.org/wiki/CPANAuthorNotes

Sections of this report:

    * Tester comments
    * Program output
    * Prerequisites
    * Environment and other context

------------------------------
TESTER COMMENTS
------------------------------

Additional comments from tester:

this report is from an automated smoke testing program
and was not reviewed by a human for accuracy

------------------------------
PROGRAM OUTPUT
------------------------------

Output from '/usr/bin/make test':

/home/david/cpantesting/perl-5.6.2/bin/perl Build --makefile_env_macros 1 test
Perl v5.8.1 required--this is only v5.6.2, stopped at /home/david/cpantesting/perl-5.6.2/.cpan/build/Sort-Bucket-0.02-zB5_wT/blib/lib/Sort/Bucket.pm line 3.
BEGIN failed--compilation aborted at /home/david/cpantesting/perl-5.6.2/.cpan/build/Sort-Bucket-0.02-zB5_wT/blib/lib/Sort/Bucket.pm line 3.
Compilation failed in require at t/benchmark.t line 8.
BEGIN failed--compilation aborted at t/benchmark.t line 8.
t/benchmark.t ............ 
Dubious, test returned 255 (wstat 65280, 0xff00)
No subtests run 
Perl v5.8.1 required--this is only v5.6.2, stopped at /home/david/cpantesting/perl-5.6.2/.cpan/build/Sort-Bucket-0.02-zB5_wT/blib/lib/Sort/Bucket.pm line 3.
BEGIN failed--compilation aborted at /home/david/cpantesting/perl-5.6.2/.cpan/build/Sort-Bucket-0.02-zB5_wT/blib/lib/Sort/Bucket.pm line 3.
Compilation failed in require at t/cbv-nondescending.t line 11.
BEGIN failed--compilation aborted at t/cbv-nondescending.t line 11.
t/cbv-nondescending.t .... 
Dubious, test returned 255 (wstat 65280, 0xff00)
Failed 2/2 subtests 
Perl v5.8.1 required--this is only v5.6.2, stopped at /home/david/cpantesting/perl-5.6.2/.cpan/build/Sort-Bucket-0.02-zB5_wT/blib/lib/Sort/Bucket.pm line 3.
BEGIN failed--compilation aborted at /home/david/cpantesting/perl-5.6.2/.cpan/build/Sort-Bucket-0.02-zB5_wT/blib/lib/Sort/Bucket.pm line 3.
Compilation failed in require at t/cbv.t line 9.
BEGIN failed--compilation aborted at t/cbv.t line 9.
t/cbv.t .................. 
Dubious, test returned 255 (wstat 65280, 0xff00)
Failed 2/2 subtests 
Can't locate Devel/Refcount.pm in @INC (@INC contains: /home/david/cpantesting/perl-5.6.2/.cpan/build/Sort-Bucket-0.02-zB5_wT/blib/lib /home/david/cpantesting/perl-5.6.2/.cpan/build/Sort-Bucket-0.02-zB5_wT/blib/arch /home/david/cpantesting/perl-5.6.2/lib/5.6.2/x86_64-linux /home/david/cpantesting/perl-5.6.2/lib/5.6.2 /home/david/cpantesting/perl-5.6.2/lib/site_perl/5.6.2/x86_64-linux /home/david/cpantesting/perl-5.6.2/lib/site_perl/5.6.2 /home/david/cpantesting/perl-5.6.2/lib/site_perl .) at t/inplace_bucket_sort.t line 6.
BEGIN failed--compilation aborted at t/inplace_bucket_sort.t line 6.
t/inplace_bucket_sort.t .. 
Dubious, test returned 2 (wstat 512, 0x200)
No subtests run 
Perl v5.8.1 required--this is only v5.6.2, stopped at /home/david/cpantesting/perl-5.6.2/.cpan/build/Sort-Bucket-0.02-zB5_wT/blib/lib/Sort/Bucket.pm line 3.
BEGIN failed--compilation aborted at /home/david/cpantesting/perl-5.6.2/.cpan/build/Sort-Bucket-0.02-zB5_wT/blib/lib/Sort/Bucket.pm line 3.
Compilation failed in require at t/inplace_gaps.t line 8.
BEGIN failed--compilation aborted at t/inplace_gaps.t line 8.
t/inplace_gaps.t ......... 
Dubious, test returned 255 (wstat 65280, 0xff00)
No subtests run 
Perl v5.8.1 required--this is only v5.6.2, stopped at /home/david/cpantesting/perl-5.6.2/.cpan/build/Sort-Bucket-0.02-zB5_wT/blib/lib/Sort/Bucket.pm line 3.
BEGIN failed--compilation aborted at /home/david/cpantesting/perl-5.6.2/.cpan/build/Sort-Bucket-0.02-zB5_wT/blib/lib/Sort/Bucket.pm line 3.
Compilation failed in require at t/invalid.t line 9.
BEGIN failed--compilation aborted at t/invalid.t line 9.
t/invalid.t .............. 
Dubious, test returned 255 (wstat 65280, 0xff00)
No subtests run 
Perl v5.8.1 required--this is only v5.6.2, stopped at /home/david/cpantesting/perl-5.6.2/.cpan/build/Sort-Bucket-0.02-zB5_wT/blib/lib/Sort/Bucket.pm line 3.
BEGIN failed--compilation aborted at /home/david/cpantesting/perl-5.6.2/.cpan/build/Sort-Bucket-0.02-zB5_wT/blib/lib/Sort/Bucket.pm line 3.
Compilation failed in require at t/ms_do_mergesort.t line 6.
BEGIN failed--compilation aborted at t/ms_do_mergesort.t line 6.
t/ms_do_mergesort.t ...... 
Dubious, test returned 255 (wstat 65280, 0xff00)
No subtests run 

Test Summary Report
-------------------
t/benchmark.t          (Wstat: 65280 Tests: 0 Failed: 0)
  Non-zero exit status: 255
  Parse errors: No plan found in TAP output
t/cbv-nondescending.t  (Wstat: 65280 Tests: 0 Failed: 0)
  Non-zero exit status: 255
  Parse errors: Bad plan.  You planned 2 tests but ran 0.
t/cbv.t                (Wstat: 65280 Tests: 0 Failed: 0)
  Non-zero exit status: 255
  Parse errors: Bad plan.  You planned 2 tests but ran 0.
t/inplace_bucket_sort.t (Wstat: 512 Tests: 0 Failed: 0)
  Non-zero exit status: 2
  Parse errors: No plan found in TAP output
t/inplace_gaps.t       (Wstat: 65280 Tests: 0 Failed: 0)
  Non-zero exit status: 255
  Parse errors: No plan found in TAP output
t/invalid.t            (Wstat: 65280 Tests: 0 Failed: 0)
  Non-zero exit status: 255
  Parse errors: No plan found in TAP output
t/ms_do_mergesort.t    (Wstat: 65280 Tests: 0 Failed: 0)
  Non-zero exit status: 255
  Parse errors: No plan found in TAP output
Files=7, Tests=0,  0 wallclock secs ( 0.06 usr  0.02 sys +  0.08 cusr  0.04 csys =  0.20 CPU)
Result: FAIL
Failed 7/7 test programs. 0/0 subtests failed.
make: *** [test] Error 11

------------------------------
PREREQUISITES
------------------------------

Prerequisite modules loaded:

requires:

    Module               Need Have  
    -------------------- ---- ------
    Exporter             0    5.562 
    XSLoader             0    0.01  

build_requires:

    Module               Need Have  
    -------------------- ---- ------
  ! Devel::Refcount      0    n/a   
    Digest::MD5          0    2.40  
    ExtUtils::CBuilder   0    0.2703
    List::Util           0    1.23  
    Test::Exception      0    0.29  
    Test::Group          0    0.18  
    Test::Group::Foreach 0    0.03  
    Test::More           0.88 0.96  
    Time::HiRes          0    1.9721

configure_requires:

    Module               Need Have  
    -------------------- ---- ------
    Module::Build        0.35 0.3607


------------------------------
ENVIRONMENT AND OTHER CONTEXT
------------------------------

Environment variables:

    AUTOMATED_TESTING = 1
    PATH = /usr/local/bin:/usr/bin:/bin:/usr/games
    PERL5LIB = 
    PERL5OPT = 
    PERL5_CPANPLUS_IS_RUNNING = 22155
    PERL5_CPAN_IS_RUNNING = 22155
    PERLVER = 5.6.2
    PERL_INLINE_DIRECTORY = /home/david/.Inline-5.6.2
    SHELL = /bin/bash
    TERM = screen

Perl special variables (and OS-specific diagnostics, for MSWin32):

    $^X = /home/david/cpantesting/perl-5.6.2/bin/perl
    $UID/$EUID = 1000 / 1000
    $GID = 1000 1000
    $EGID = 1000 1000

Perl module toolchain versions installed:

    Module              Have  
    ------------------- ------
    CPAN                1.9402
    Cwd                 3.31  
    ExtUtils::CBuilder  0.2703
    ExtUtils::Command   1.16  
    ExtUtils::Install   1.54  
    ExtUtils::MakeMaker 6.56  
    ExtUtils::Manifest  1.56  
    ExtUtils::ParseXS   2.2206
    File::Spec          3.31  
    Module::Build       0.3607
    Module::Signature   n/a   
    Test::Harness       3.22  
    Test::More          0.96  
    YAML                n/a   
    YAML::Syck          1.12  
    version             0.82  


--

Summary of my perl5 (revision 5.0 version 6 subversion 2) configuration:
  Platform:
    osname=linux, osvers=2.6.18-4-xen-amd64, archname=x86_64-linux
    uname='linux pigsty.barnyard.co.uk 2.6.18-4-xen-amd64 #1 smp fri may 4 02:40:51 utc 2007 x86_64 gnulinux '
    config_args='-de -Dprefix=/home/david/cpantesting/perl-5.6.2'
    hint=recommended, useposix=true, d_sigaction=define
    usethreads=undef use5005threads=undef useithreads=undef usemultiplicity=undef
    useperlio=undef d_sfio=undef uselargefiles=define usesocks=undef
    use64bitint=define use64bitall=define uselongdouble=undef
  Compiler:
    cc='cc', ccflags ='-fno-strict-aliasing -I/usr/local/include -D_LARGEFILE_SOURCE -D_FILE_OFFSET_BITS=64',
    optimize='-O2',
    cppflags='-fno-strict-aliasing -I/usr/local/include'
    ccversion='', gccversion='4.1.2 20061115 (prerelease) (Debian 4.1.1-21)', gccosandvers=''
    intsize=4, longsize=8, ptrsize=8, doublesize=8, byteorder=12345678
    d_longlong=define, longlongsize=8, d_longdbl=define, longdblsize=16
    ivtype='long', ivsize=8, nvtype='double', nvsize=8, Off_t='off_t', lseeksize=8
    alignbytes=8, usemymalloc=n, prototype=define
  Linker and Libraries:
    ld='cc', ldflags =' -L/usr/local/lib'
    libpth=/usr/local/lib /lib /usr/lib
    libs=-lnsl -lgdbm -ldb -ldl -lm -lc -lcrypt -lutil
    perllibs=-lnsl -ldl -lm -lc -lcrypt -lutil
    libc=/lib/libc-2.3.6.so, so=so, useshrplib=false, libperl=libperl.a
  Dynamic Linking:
    dlsrc=dl_dlopen.xs, dlext=so, d_dlsymun=undef, ccdlflags='-rdynamic'
    cccdlflags='-fpic', lddlflags='-shared -L/usr/local/lib'


Characteristics of this binary (from libperl): 
  Compile-time options: USE_64_BIT_INT USE_64_BIT_ALL USE_LARGE_FILES
  Built under linux
  Compiled at Aug 25 2010 13:58:18
  %ENV:
    PERL5LIB=""
    PERL5OPT=""
    PERL5_CPANPLUS_IS_RUNNING="22155"
    PERL5_CPAN_IS_RUNNING="22155"
    PERLVER="5.6.2"
    PERL_INLINE_DIRECTORY="/home/david/.Inline-5.6.2"
  @INC:
    /home/david/cpantesting/perl-5.6.2/lib/5.6.2/x86_64-linux
    /home/david/cpantesting/perl-5.6.2/lib/5.6.2
    /home/david/cpantesting/perl-5.6.2/lib/site_perl/5.6.2/x86_64-linux
    /home/david/cpantesting/perl-5.6.2/lib/site_perl/5.6.2
    /home/david/cpantesting/perl-5.6.2/lib/site_perl
    .