GitInsight v0.06 Perl 5 v5.22.2 x86_64-linux
- Status
- Fail
- From
- Slaven Rezić (SREZIC)
- Dist
-
GitInsight v0.06
- Platform
- Perl 5 v5.22.2 x86_64-linux
- Date
- 2018-10-03 17:07:36
- ID
- d3bbcec6-c72e-11e8-8f3d-aae45a1568f7
This distribution has been tested as part of the CPAN Testers
project, supporting the Perl programming language. See
http://wiki.cpantesters.org/ for more information or email
questions to cpan-testers-discuss@perl.org
--
Dear Ettore Di Giacinto,
This is a computer-generated report for GitInsight-0.06
on perl 5.22.2, created by CPAN-Reporter-1.2018.
Thank you for uploading your work to CPAN. However, there was a problem
testing your distribution.
If you think this report is invalid, please consult the CPAN Testers Wiki
for suggestions on how to avoid getting FAIL reports for missing library
or binary dependencies, unsupported operating systems, and so on:
http://wiki.cpantesters.org/wiki/CPANAuthorNotes
Sections of this report:
* Tester comments
* Program output
* Prerequisites
* Environment and other context
------------------------------
TESTER COMMENTS
------------------------------
Additional comments from tester:
none provided
------------------------------
PROGRAM OUTPUT
------------------------------
Output from './Build test':
t/01-basic.t ............ ok
Undefined subroutine &GitInsight::Util::pdf_beta called at /home/cpansand/.cpan/build/2018100318/GitInsight-0.06-3/blib/lib/GitInsight/Util.pm line 150.
t/02-prob.t .............
Dubious, test returned 255 (wstat 65280, 0xff00)
No subtests run
t/03-label.t ............ ok
# No tests run!
# Failed test 'No tests run for subtest "GitInsight with no_day_stats = 0"'
# at t/04-predict.t line 43.
Undefined subroutine &GitInsight::Util::pdf_beta called at /home/cpansand/.cpan/build/2018100318/GitInsight-0.06-3/blib/lib/GitInsight/Util.pm line 150.
# Tests were run but no plan was declared and done_testing() was not seen.
# Looks like your test exited with 255 just after 1.
t/04-predict.t ..........
Dubious, test returned 255 (wstat 65280, 0xff00)
Failed 1/1 subtests
t/release-pod-syntax.t .. skipped: these tests are for release candidate testing
Test Summary Report
-------------------
t/02-prob.t (Wstat: 65280 Tests: 0 Failed: 0)
Non-zero exit status: 255
Parse errors: No plan found in TAP output
t/04-predict.t (Wstat: 65280 Tests: 1 Failed: 1)
Failed test: 1
Non-zero exit status: 255
Parse errors: No plan found in TAP output
Files=5, Tests=4, 0 wallclock secs ( 0.00 usr 0.01 sys + 0.51 cusr 0.11 csys = 0.63 CPU)
Result: FAIL
------------------------------
PREREQUISITES
------------------------------
Prerequisite modules loaded:
requires:
Module Need Have
------------------- --------- --------
Carp::Always 0 0.13
feature 0 1.40
GD::Simple 0 0
Getopt::Long 0 2.49
List::Util 0 1.45
LWP::UserAgent 0 6.15
PDL::Lite 0 2.016
PDL::LiteF 0 2.016
PDL::Stats 0 0.75
perl 5.008_005 5.022002
Time::Local 0 1.24
build_requires:
Module Need Have
------------------- --------- --------
Test::More 0 1.302052
configure_requires:
Module Need Have
------------------- --------- --------
Module::Build::Tiny 0.037 0.039
------------------------------
ENVIRONMENT AND OTHER CONTEXT
------------------------------
Environment variables:
LANG = en_US.UTF-8
LANGUAGE = en_US:en
PATH = /usr/local/bin:/usr/bin:/bin:/usr/local/sbin:/usr/sbin:/sbin:/home/cpansand/bin/linux-gnu:/home/cpansand/bin/sh:/home/cpansand/bin:/usr/games:/home/cpansand/devel:/home/eserte/src/srezic-misc/scripts
PERL5LIB = /home/cpansand/.cpan/build/2018100318/PDL-Stats-0.75-2/blib/arch:/home/cpansand/.cpan/build/2018100318/PDL-Stats-0.75-2/blib/lib
PERL5OPT =
PERL5_CPANPLUS_IS_RUNNING = 17482
PERL5_CPAN_IS_RUNNING = 17482
PERL5_CPAN_IS_RUNNING_IN_RECURSION = 16551,17482
PERLDOC = -MPod::Perldoc::ToTextOverstrike
PERL_BATCH = yes
PERL_CANARY_STABILITY_NOPROMPT = 1
PERL_CPAN_REPORTER_CONFIG = /var/tmp/cpansmoker-1023/2018100318/cpanreporter_001_config.ini
PERL_EXTUTILS_AUTOINSTALL = --defaultdeps
SHELL = /bin/zsh
TERM = screen
TMPDIR = /var/tmp/cpansmoker-1023/2018100318
Perl special variables (and OS-specific diagnostics, for MSWin32):
$^X = /opt/perl-5.22.2/bin/perl
$UID/$EUID = 1023 / 1023
$GID = 1023 1023
$EGID = 1023 1023
Perl module toolchain versions installed:
Module Have
------------------- --------
CPAN 2.16
CPAN::Meta 2.150010
Cwd 3.62
ExtUtils::CBuilder 0.280221
ExtUtils::Command 7.24
ExtUtils::Install 2.04
ExtUtils::MakeMaker 7.24
ExtUtils::Manifest 1.70
ExtUtils::ParseXS 3.28
File::Spec 3.62
JSON 2.90
JSON::PP 2.27300
Module::Build 0.4220
Module::Signature 0.81
Parse::CPAN::Meta 2.150010
Test::Harness 3.35
Test::More 1.302052
YAML 1.17
YAML::Syck 1.29
version 0.9917
--
Summary of my perl5 (revision 5 version 22 subversion 2) configuration:
Platform:
osname=linux, osvers=3.2.0-4-amd64, archname=x86_64-linux
uname='linux cvrsnica-wheezy 3.2.0-4-amd64 #1 smp debian 3.2.54-2 x86_64 gnulinux '
config_args='-ds -e -Dprefix=/opt/perl-5.22.2 -Dcf_email=srezic@cpan.org'
hint=recommended, useposix=true, d_sigaction=define
useithreads=undef, usemultiplicity=undef
use64bitint=define, use64bitall=define, uselongdouble=undef
usemymalloc=n, bincompat5005=undef
Compiler:
cc='cc', ccflags ='-fwrapv -fno-strict-aliasing -pipe -fstack-protector -I/usr/local/include -D_LARGEFILE_SOURCE -D_FILE_OFFSET_BITS=64 -D_FORTIFY_SOURCE=2',
optimize='-O2',
cppflags='-fwrapv -fno-strict-aliasing -pipe -fstack-protector -I/usr/local/include'
ccversion='', gccversion='4.7.2', gccosandvers=''
intsize=4, longsize=8, ptrsize=8, doublesize=8, byteorder=12345678, doublekind=3
d_longlong=define, longlongsize=8, d_longdbl=define, longdblsize=16, longdblkind=3
ivtype='long', ivsize=8, nvtype='double', nvsize=8, Off_t='off_t', lseeksize=8
alignbytes=8, prototype=define
Linker and Libraries:
ld='cc', ldflags =' -fstack-protector -L/usr/local/lib'
libpth=/usr/local/lib /usr/lib/gcc/x86_64-linux-gnu/4.7/include-fixed /usr/include/x86_64-linux-gnu /usr/lib /lib/x86_64-linux-gnu /lib/../lib /usr/lib/x86_64-linux-gnu /usr/lib/../lib /lib
libs=-lpthread -lnsl -ldb -ldl -lm -lcrypt -lutil -lc
perllibs=-lpthread -lnsl -ldl -lm -lcrypt -lutil -lc
libc=libc-2.13.so, so=so, useshrplib=false, libperl=libperl.a
gnulibc_version='2.13'
Dynamic Linking:
dlsrc=dl_dlopen.xs, dlext=so, d_dlsymun=undef, ccdlflags='-Wl,-E'
cccdlflags='-fPIC', lddlflags='-shared -O2 -L/usr/local/lib -fstack-protector'
Characteristics of this binary (from libperl):
Compile-time options: HAS_TIMES PERLIO_LAYERS PERL_DONT_CREATE_GVSV
PERL_HASH_FUNC_ONE_AT_A_TIME_HARD PERL_MALLOC_WRAP
PERL_NEW_COPY_ON_WRITE PERL_PRESERVE_IVUV
USE_64_BIT_ALL USE_64_BIT_INT USE_LARGE_FILES
USE_LOCALE USE_LOCALE_COLLATE USE_LOCALE_CTYPE
USE_LOCALE_NUMERIC USE_LOCALE_TIME USE_PERLIO
USE_PERL_ATOF
Built under linux
Compiled at May 29 2016 23:41:57
%ENV:
PERL5LIB="/home/cpansand/.cpan/build/2018100318/PDL-Stats-0.75-2/blib/arch:/home/cpansand/.cpan/build/2018100318/PDL-Stats-0.75-2/blib/lib"
PERL5OPT=""
PERL5_CPANPLUS_IS_RUNNING="17482"
PERL5_CPAN_IS_RUNNING="17482"
PERL5_CPAN_IS_RUNNING_IN_RECURSION="16551,17482"
PERLDOC="-MPod::Perldoc::ToTextOverstrike"
PERL_BATCH="yes"
PERL_CANARY_STABILITY_NOPROMPT="1"
PERL_CPAN_REPORTER_CONFIG="/var/tmp/cpansmoker-1023/2018100318/cpanreporter_001_config.ini"
PERL_EXTUTILS_AUTOINSTALL="--defaultdeps"
@INC:
/home/cpansand/.cpan/build/2018100318/PDL-Stats-0.75-2/blib/arch
/home/cpansand/.cpan/build/2018100318/PDL-Stats-0.75-2/blib/lib
/opt/perl-5.22.2/lib/site_perl/5.22.2/x86_64-linux
/opt/perl-5.22.2/lib/site_perl/5.22.2
/opt/perl-5.22.2/lib/5.22.2/x86_64-linux
/opt/perl-5.22.2/lib/5.22.2
.