Report for Dancer-Plugin-Redis-0.5

Back
From: metabase:user:314402c4-2aae-11df-837a-5e0a49663a4f
Subject: NA Dancer-Plugin-Redis-0.5 v5.8.9 FreeBSD
Date: 2013-01-02T20:13:09Z

This distribution has been tested as part of the CPAN Testers
project, supporting the Perl programming language.  See
http://wiki.cpantesters.org/ for more information or email
questions to cpan-testers-discuss@perl.org


--
Dear celogeek,

This is a computer-generated report for Dancer-Plugin-Redis-0.5
on perl 5.8.9, created by CPAN-Reporter-1.2006.

Thank you for uploading your work to CPAN.  While attempting to build or test
this distribution, the distribution signaled that support is not available
either for this operating system or this version of Perl.  Nevertheless, any
diagnostic output produced is provided below for reference.  If this is not
what you expect, you may wish to consult the CPAN Testers Wiki:

http://wiki.cpantesters.org/wiki/CPANAuthorNotes

Sections of this report:

    * Tester comments
    * Program output
    * Prerequisites
    * Environment and other context

------------------------------
TESTER COMMENTS
------------------------------

Additional comments from tester:

none provided

------------------------------
PROGRAM OUTPUT
------------------------------

Output from './Build test':

Bareword found where operator expected at lib/Dancer/Plugin/Redis.pm line 72, near "get '/widget"
  (Might be a runaway multi-line // string starting on line 43)
	(Do you need to predeclare get?)
Bad name after id' at lib/Dancer/Plugin/Redis.pm line 72.
Compilation failed in require at -e line 1.

#   Failed test 'Dancer::Plugin::Redis loaded ok'
#   at t/00-compile.t line 71.
#                   ''
#     doesn't match '(?s-xim:^\s*Dancer::Plugin::Redis ok)'
# Looks like you failed 1 test of 1.
t/00-compile.t ............ 
Dubious, test returned 1 (wstat 256, 0x100)
Failed 1/1 subtests 
# Testing with Perl 5.008009, /usr/perl5.8.9/bin/perl5.8.9
#     Carp version is 1.26
#     Dancer version is 1.3095
#     Dancer::Plugin version is undefined
#     Dancer::Test version is undefined
#     File::Find version is 1.13
#     File::Spec version is 3.33
#     File::Temp version is 0.22
#     JSON version is 2.53
#     Module::Build version is 0.4003
#     Redis version is 1.955
#     Scalar::Util version is 1.25
#     Test::More version is 0.98
#     Try::Tiny version is 0.11
#     strict version is 1.03
#     warnings version is 1.05_01
t/000-report-versions.t ... ok
t/author-critic.t ......... skipped: these tests are for testing by the author
Bareword found where operator expected at /var/tmp/CPAN-build/Dancer-Plugin-Redis-0.5-TR5bjO/blib/lib/Dancer/Plugin/Redis.pm line 72, near "get '/widget"
  (Might be a runaway multi-line // string starting on line 43)
	(Do you need to predeclare get?)
Bad name after id' at /var/tmp/CPAN-build/Dancer-Plugin-Redis-0.5-TR5bjO/blib/lib/Dancer/Plugin/Redis.pm line 72, <DATA> line 998.
Compilation failed in require at t/lib/TestApp.pm line 13, <DATA> line 998.
BEGIN failed--compilation aborted at t/lib/TestApp.pm line 13, <DATA> line 998.
Compilation failed in require at t/redis.t line 8, <DATA> line 998.
BEGIN failed--compilation aborted at t/redis.t line 8, <DATA> line 998.
t/redis.t ................. 
Dubious, test returned 255 (wstat 65280, 0xff00)
No subtests run 
t/release-pod-coverage.t .. skipped: these tests are for release candidate testing
t/release-unused-vars.t ... skipped: these tests are for release candidate testing

Test Summary Report
-------------------
t/00-compile.t          (Wstat: 256 Tests: 1 Failed: 1)
  Failed test:  1
  Non-zero exit status: 1
t/redis.t               (Wstat: 65280 Tests: 0 Failed: 0)
  Non-zero exit status: 255
  Parse errors: No plan found in TAP output
Files=6, Tests=16,  1 wallclock secs ( 0.03 usr  0.02 sys +  0.59 cusr  0.13 csys =  0.77 CPU)
Result: FAIL
Failed 2/6 test programs. 1/16 subtests failed.

------------------------------
PREREQUISITES
------------------------------

Prerequisite modules loaded:

requires:

    Module         Need   Have    
    -------------- ------ --------
    Carp           0      1.26    
    Dancer::Plugin 0      0       
  ! perl           5.010  5.008009
    Redis          1.955  1.955   
    strict         0      1.03    
    Try::Tiny      0      0.11    
    warnings       0      1.05_01 

build_requires:

    Module         Need   Have    
    -------------- ------ --------
    Dancer         0      1.3095  
    Dancer::Test   0      0       
    File::Find     0      1.13    
    File::Spec     0      3.33    
    File::Temp     0      0.22    
    JSON           0      2.53    
    Module::Build  0.3601 0.4003  
    perl           5.004  5.008009
    Scalar::Util   0      1.25    
    Test::More     0.94   0.98    

configure_requires:

    Module         Need   Have    
    -------------- ------ --------
    Module::Build  0.3601 0.4003  


------------------------------
ENVIRONMENT AND OTHER CONTEXT
------------------------------

Environment variables:

    DBIC_NO_WARN_BAD_PERL = 1
    PATH = /usr/local/bin:/usr/X11R6/bin:/usr/X11/bin:/usr/perl5.8.0/bin:/usr/bin:/bin:/usr/local/sbin:/usr/sbin:/sbin:/usr/local/pilot/bin:/home/cpansand/bin/freebsd8.0:/home/cpansand/bin/sh:/home/cpansand/bin:/usr/X386/bin:/usr/games:/home/cpansand/devel:/usr/home/e/eserte/work/srezic-misc/scripts
    PERL5LIB = /usr/local/src/CPAN/build/Redis-1.955-0uGIir/blib/arch:/usr/local/src/CPAN/build/Redis-1.955-0uGIir/blib/lib
    PERL5OPT = 
    PERL5_CPANPLUS_IS_RUNNING = 48962
    PERL5_CPAN_IS_RUNNING = 48962
    PERL5_CPAN_IS_RUNNING_IN_RECURSION = 48940,48962
    PERL_BATCH = yes
    PERL_CPAN_REPORTER_CONFIG = /var/tmp/cpansmoker-1023/wXmFzFj3EP_config.ini
    PERL_EXTUTILS_AUTOINSTALL = --defaultdeps
    PERL_HTML_DISPLAY_CLASS = HTML::Display::Mozilla
    SHELL = /usr/local/bin/zsh
    TERM = screen
    TMPDIR = /var/tmp/cpansmoker-1023

Perl special variables (and OS-specific diagnostics, for MSWin32):

    $^X = /usr/perl5.8.9/bin/perl5.8.9
    $UID/$EUID = 1023 / 1023
    $GID = 1023 1023
    $EGID = 1023 1023

Perl module toolchain versions installed:

    Module              Have    
    ------------------- --------
    CPAN                1.9800  
    CPAN::Meta          2.112621
    Cwd                 3.33    
    ExtUtils::CBuilder  0.280205
    ExtUtils::Command   1.16    
    ExtUtils::Install   1.54    
    ExtUtils::MakeMaker 6.64    
    ExtUtils::Manifest  1.60    
    ExtUtils::ParseXS   3.15    
    File::Spec          3.33    
    JSON                2.53    
    JSON::PP            2.27200 
    Module::Build       0.4003  
    Module::Signature   0.68    
    Parse::CPAN::Meta   1.4404  
    Test::Harness       3.23    
    Test::More          0.98    
    YAML                0.84    
    YAML::Syck          1.20    
    version             0.96    


--

Summary of my perl5 (revision 5 version 8 subversion 9) configuration:
  Platform:
    osname=freebsd, osvers=8.0-release, archname=i386-freebsd
    uname='freebsd biokovo.herceg.de 8.0-release freebsd 8.0-release #0: sat nov 21 15:48:17 utc 2009 root@almeida.cse.buffalo.edu:usrobjusrsrcsysgeneric i386 '
    config_args='-Dprefix=/usr/perl5.8.9 -Dusemymalloc=n -D cc=ccache cc -Dgccansipedantic -Duse64bit -de -D hintfile=myfreebsd'
    hint=recommended, useposix=true, d_sigaction=define
    usethreads=undef use5005threads=undef useithreads=undef usemultiplicity=undef
    useperlio=define d_sfio=undef uselargefiles=define usesocks=undef
    use64bitint=undef use64bitall=undef uselongdouble=undef
    usemymalloc=n, bincompat5005=undef
  Compiler:
    cc='ccache cc', ccflags ='-DHAS_FPSETMASK -DHAS_FLOATINGPOINT_H -fno-strict-aliasing -pipe -I/usr/local/include',
    optimize='-O2 -mtune=athlon64 -pipe',
    cppflags='-DHAS_FPSETMASK -DHAS_FLOATINGPOINT_H -fno-strict-aliasing -pipe -I/usr/local/include'
    ccversion='', gccversion='4.2.1 20070719  [FreeBSD]', gccosandvers=''
    intsize=4, longsize=4, ptrsize=4, doublesize=8, byteorder=1234
    d_longlong=define, longlongsize=8, d_longdbl=define, longdblsize=12
    ivtype='long', ivsize=4, nvtype='double', nvsize=8, Off_t='off_t', lseeksize=8
    alignbytes=4, prototype=define
  Linker and Libraries:
    ld='ccache cc', ldflags ='-Wl,-E  -L/usr/local/lib'
    libpth=/usr/lib /usr/local/lib
    libs=-lgdbm -lm -lcrypt -lutil -lc
    perllibs=-lm -lcrypt -lutil -lc
    libc=, so=so, useshrplib=false, libperl=libperl.a
    gnulibc_version=''
  Dynamic Linking:
    dlsrc=dl_dlopen.xs, dlext=so, d_dlsymun=undef, ccdlflags=' '
    cccdlflags='-DPIC -fPIC', lddlflags='-shared  -L/usr/local/lib'


Characteristics of this binary (from libperl): 
  Compile-time options: PERL_MALLOC_WRAP USE_FAST_STDIO USE_LARGE_FILES
                        USE_PERLIO
  Built under freebsd
  Compiled at Jan 28 2011 08:40:05
  %ENV:
    PERL5LIB="/usr/local/src/CPAN/build/Redis-1.955-0uGIir/blib/arch:/usr/local/src/CPAN/build/Redis-1.955-0uGIir/blib/lib"
    PERL5OPT=""
    PERL5_CPANPLUS_IS_RUNNING="48962"
    PERL5_CPAN_IS_RUNNING="48962"
    PERL5_CPAN_IS_RUNNING_IN_RECURSION="48940,48962"
    PERL_BATCH="yes"
    PERL_CPAN_REPORTER_CONFIG="/var/tmp/cpansmoker-1023/wXmFzFj3EP_config.ini"
    PERL_EXTUTILS_AUTOINSTALL="--defaultdeps"
    PERL_HTML_DISPLAY_CLASS="HTML::Display::Mozilla"
  @INC:
    /usr/local/src/CPAN/build/Redis-1.955-0uGIir/blib/arch
    /usr/local/src/CPAN/build/Redis-1.955-0uGIir/blib/lib
    /usr/perl5.8.9/lib/5.8.9/i386-freebsd
    /usr/perl5.8.9/lib/5.8.9
    /usr/perl5.8.9/lib/site_perl/5.8.9/i386-freebsd
    /usr/perl5.8.9/lib/site_perl/5.8.9
    .