Net-Silk v2.08 Perl 5 v5.24.1 amd64-freebsd

Status
Fail
From
Slaven Rezić (SREZIC)
Dist
Net-Silk v2.08
Platform
Perl 5 v5.24.1 amd64-freebsd
Date
2019-04-05 18:51:31
ID
d3dda844-57d3-11e9-b5aa-79751f24ea8f
This distribution has been tested as part of the CPAN Testers
project, supporting the Perl programming language.  See
http://wiki.cpantesters.org/ for more information or email
questions to cpan-testers-discuss@perl.org


--
Dear Matt Sisk,

This is a computer-generated report for Net-Silk-2.08
on perl 5.24.1, created by CPAN-Reporter-1.2018.

Thank you for uploading your work to CPAN.  However, there was a problem
testing your distribution.

If you think this report is invalid, please consult the CPAN Testers Wiki
for suggestions on how to avoid getting FAIL reports for missing library
or binary dependencies, unsupported operating systems, and so on:

http://wiki.cpantesters.org/wiki/CPANAuthorNotes

Sections of this report:

    * Tester comments
    * Program output
    * Prerequisites
    * Environment and other context

------------------------------
TESTER COMMENTS
------------------------------

Additional comments from tester:

none provided

------------------------------
PROGRAM OUTPUT
------------------------------

Output from '/usr/bin/make test':

"/usr/perl5.24.1p/bin/perl" -MExtUtils::Command::MM -e 'cp_nonempty' -- Silk.bs blib/arch/auto/Net/Silk/Silk.bs 644
PERL_DL_NONLAZY=1 "/usr/perl5.24.1p/bin/perl" "-MExtUtils::Command::MM" "-MTest::Harness" "-e" "undef *Test::Harness::Switches; test_harness(0, 'blib/lib', 'blib/arch')" t/*.t

#   Failed test 'use Net::Silk;'
#   at t/00_load.t line 7.
#     Tried to use 'Net::Silk'.
#     Error:  Can't load '/home/cpansand/.cpan/build/2019040520/Net-Silk-2.08-5/blib/arch/auto/Net/Silk/Silk.so' for module Net::Silk: /home/cpansand/.cpan/build/2019040520/Net-Silk-2.08-5/blib/arch/auto/Net/Silk/Silk.so: Undefined symbol "skHentryAnnotationGetNote" at /usr/perl5.24.1p/lib/5.24.1/amd64-freebsd/DynaLoader.pm line 193.
#  at /home/cpansand/.cpan/build/2019040520/Net-Silk-2.08-5/blib/lib/Net/Silk.pm line 64.
# BEGIN failed--compilation aborted at /home/cpansand/.cpan/build/2019040520/Net-Silk-2.08-5/blib/lib/Net/Silk.pm line 64.
# Compilation failed in require at t/00_load.t line 7.
# BEGIN failed--compilation aborted at t/00_load.t line 7.
Attempt to reload Net/Silk.pm aborted.
Compilation failed in require at t/00_load.t line 9.
BEGIN failed--compilation aborted at t/00_load.t line 9.
# Looks like your test exited with 255 just after 1.
t/00_load.t ........ 
Dubious, test returned 255 (wstat 65280, 0xff00)
Failed 12/12 subtests 
Can't load '/home/cpansand/.cpan/build/2019040520/Net-Silk-2.08-5/blib/arch/auto/Net/Silk/Silk.so' for module Net::Silk: /home/cpansand/.cpan/build/2019040520/Net-Silk-2.08-5/blib/arch/auto/Net/Silk/Silk.so: Undefined symbol "skHentryAnnotationGetNote" at /usr/perl5.24.1p/lib/5.24.1/amd64-freebsd/DynaLoader.pm line 193.
 at /home/cpansand/.cpan/build/2019040520/Net-Silk-2.08-5/blib/lib/Net/Silk.pm line 64.
BEGIN failed--compilation aborted at /home/cpansand/.cpan/build/2019040520/Net-Silk-2.08-5/blib/lib/Net/Silk.pm line 64.
Compilation failed in require at t/10_ipaddr.t line 15.
BEGIN failed--compilation aborted at t/10_ipaddr.t line 15.
# Looks like your test exited with 2 before it could output anything.
t/10_ipaddr.t ...... 
Dubious, test returned 2 (wstat 512, 0x200)
Failed 12/12 subtests 
Can't load '/home/cpansand/.cpan/build/2019040520/Net-Silk-2.08-5/blib/arch/auto/Net/Silk/Silk.so' for module Net::Silk: /home/cpansand/.cpan/build/2019040520/Net-Silk-2.08-5/blib/arch/auto/Net/Silk/Silk.so: Undefined symbol "skHentryAnnotationGetNote" at /usr/perl5.24.1p/lib/5.24.1/amd64-freebsd/DynaLoader.pm line 193.
 at /home/cpansand/.cpan/build/2019040520/Net-Silk-2.08-5/blib/lib/Net/Silk.pm line 64.
BEGIN failed--compilation aborted at /home/cpansand/.cpan/build/2019040520/Net-Silk-2.08-5/blib/lib/Net/Silk.pm line 64.
Compilation failed in require at t/11_protoport.t line 10.
BEGIN failed--compilation aborted at t/11_protoport.t line 10.
# Looks like your test exited with 2 before it could output anything.
t/11_protoport.t ... 
Dubious, test returned 2 (wstat 512, 0x200)
Failed 2/2 subtests 
Can't load '/home/cpansand/.cpan/build/2019040520/Net-Silk-2.08-5/blib/arch/auto/Net/Silk/Silk.so' for module Net::Silk: /home/cpansand/.cpan/build/2019040520/Net-Silk-2.08-5/blib/arch/auto/Net/Silk/Silk.so: Undefined symbol "skHentryAnnotationGetNote" at /usr/perl5.24.1p/lib/5.24.1/amd64-freebsd/DynaLoader.pm line 193.
 at /home/cpansand/.cpan/build/2019040520/Net-Silk-2.08-5/blib/lib/Net/Silk.pm line 64.
BEGIN failed--compilation aborted at /home/cpansand/.cpan/build/2019040520/Net-Silk-2.08-5/blib/lib/Net/Silk.pm line 64.
Compilation failed in require at t/12_range.t line 10.
BEGIN failed--compilation aborted at t/12_range.t line 10.
# Looks like your test exited with 2 before it could output anything.
t/12_range.t ....... 
Dubious, test returned 2 (wstat 512, 0x200)
Failed 3/3 subtests 
Can't load '/home/cpansand/.cpan/build/2019040520/Net-Silk-2.08-5/blib/arch/auto/Net/Silk/Silk.so' for module Net::Silk: /home/cpansand/.cpan/build/2019040520/Net-Silk-2.08-5/blib/arch/auto/Net/Silk/Silk.so: Undefined symbol "skHentryAnnotationGetNote" at /usr/perl5.24.1p/lib/5.24.1/amd64-freebsd/DynaLoader.pm line 193.
 at /home/cpansand/.cpan/build/2019040520/Net-Silk-2.08-5/blib/lib/Net/Silk.pm line 64.
BEGIN failed--compilation aborted at /home/cpansand/.cpan/build/2019040520/Net-Silk-2.08-5/blib/lib/Net/Silk.pm line 64.
Compilation failed in require at t/13_cidr.t line 10.
BEGIN failed--compilation aborted at t/13_cidr.t line 10.
# Looks like your test exited with 2 before it could output anything.
t/13_cidr.t ........ 
Dubious, test returned 2 (wstat 512, 0x200)
Failed 3/3 subtests 
Can't load '/home/cpansand/.cpan/build/2019040520/Net-Silk-2.08-5/blib/arch/auto/Net/Silk/Silk.so' for module Net::Silk: /home/cpansand/.cpan/build/2019040520/Net-Silk-2.08-5/blib/arch/auto/Net/Silk/Silk.so: Undefined symbol "skHentryAnnotationGetNote" at /usr/perl5.24.1p/lib/5.24.1/amd64-freebsd/DynaLoader.pm line 193.
 at /home/cpansand/.cpan/build/2019040520/Net-Silk-2.08-5/blib/lib/Net/Silk.pm line 64.
BEGIN failed--compilation aborted at /home/cpansand/.cpan/build/2019040520/Net-Silk-2.08-5/blib/lib/Net/Silk.pm line 64.
Compilation failed in require at t/20_ipwildcard.t line 10.
BEGIN failed--compilation aborted at t/20_ipwildcard.t line 10.
# Looks like your test exited with 2 before it could output anything.
t/20_ipwildcard.t .. 
Dubious, test returned 2 (wstat 512, 0x200)
Failed 7/7 subtests 
Can't load '/home/cpansand/.cpan/build/2019040520/Net-Silk-2.08-5/blib/arch/auto/Net/Silk/Silk.so' for module Net::Silk: /home/cpansand/.cpan/build/2019040520/Net-Silk-2.08-5/blib/arch/auto/Net/Silk/Silk.so: Undefined symbol "skHentryAnnotationGetNote" at /usr/perl5.24.1p/lib/5.24.1/amd64-freebsd/DynaLoader.pm line 193.
 at /home/cpansand/.cpan/build/2019040520/Net-Silk-2.08-5/blib/lib/Net/Silk.pm line 64.
BEGIN failed--compilation aborted at /home/cpansand/.cpan/build/2019040520/Net-Silk-2.08-5/blib/lib/Net/Silk.pm line 64.
Compilation failed in require at t/30_ipset.t line 10.
BEGIN failed--compilation aborted at t/30_ipset.t line 10.
# Looks like your test exited with 2 before it could output anything.
t/30_ipset.t ....... 
Dubious, test returned 2 (wstat 512, 0x200)
Failed 18/18 subtests 
Can't load '/home/cpansand/.cpan/build/2019040520/Net-Silk-2.08-5/blib/arch/auto/Net/Silk/Silk.so' for module Net::Silk: /home/cpansand/.cpan/build/2019040520/Net-Silk-2.08-5/blib/arch/auto/Net/Silk/Silk.so: Undefined symbol "skHentryAnnotationGetNote" at /usr/perl5.24.1p/lib/5.24.1/amd64-freebsd/DynaLoader.pm line 193.
 at /home/cpansand/.cpan/build/2019040520/Net-Silk-2.08-5/blib/lib/Net/Silk.pm line 64.
BEGIN failed--compilation aborted at /home/cpansand/.cpan/build/2019040520/Net-Silk-2.08-5/blib/lib/Net/Silk.pm line 64.
Compilation failed in require at t/40_bag.t line 10.
BEGIN failed--compilation aborted at t/40_bag.t line 10.
# Looks like your test exited with 2 before it could output anything.
t/40_bag.t ......... 
Dubious, test returned 2 (wstat 512, 0x200)
Failed 32/32 subtests 
Can't load '/home/cpansand/.cpan/build/2019040520/Net-Silk-2.08-5/blib/arch/auto/Net/Silk/Silk.so' for module Net::Silk: /home/cpansand/.cpan/build/2019040520/Net-Silk-2.08-5/blib/arch/auto/Net/Silk/Silk.so: Undefined symbol "skHentryAnnotationGetNote" at /usr/perl5.24.1p/lib/5.24.1/amd64-freebsd/DynaLoader.pm line 193.
 at /home/cpansand/.cpan/build/2019040520/Net-Silk-2.08-5/blib/lib/Net/Silk.pm line 64.
BEGIN failed--compilation aborted at /home/cpansand/.cpan/build/2019040520/Net-Silk-2.08-5/blib/lib/Net/Silk.pm line 64.
Compilation failed in require at t/50_pmap.t line 10.
BEGIN failed--compilation aborted at t/50_pmap.t line 10.
# Looks like your test exited with 2 before it could output anything.
t/50_pmap.t ........ 
Dubious, test returned 2 (wstat 512, 0x200)
Failed 7/7 subtests 
Can't load '/home/cpansand/.cpan/build/2019040520/Net-Silk-2.08-5/blib/arch/auto/Net/Silk/Silk.so' for module Net::Silk: /home/cpansand/.cpan/build/2019040520/Net-Silk-2.08-5/blib/arch/auto/Net/Silk/Silk.so: Undefined symbol "skHentryAnnotationGetNote" at /usr/perl5.24.1p/lib/5.24.1/amd64-freebsd/DynaLoader.pm line 193.
 at /home/cpansand/.cpan/build/2019040520/Net-Silk-2.08-5/blib/lib/Net/Silk.pm line 64.
BEGIN failed--compilation aborted at /home/cpansand/.cpan/build/2019040520/Net-Silk-2.08-5/blib/lib/Net/Silk.pm line 64.
Compilation failed in require at t/60_tcpflags.t line 12.
BEGIN failed--compilation aborted at t/60_tcpflags.t line 12.
# Looks like your test exited with 2 before it could output anything.
t/60_tcpflags.t .... 
Dubious, test returned 2 (wstat 512, 0x200)
Failed 9/9 subtests 
Can't load '/home/cpansand/.cpan/build/2019040520/Net-Silk-2.08-5/blib/arch/auto/Net/Silk/Silk.so' for module Net::Silk: /home/cpansand/.cpan/build/2019040520/Net-Silk-2.08-5/blib/arch/auto/Net/Silk/Silk.so: Undefined symbol "skHentryAnnotationGetNote" at /usr/perl5.24.1p/lib/5.24.1/amd64-freebsd/DynaLoader.pm line 193.
 at /home/cpansand/.cpan/build/2019040520/Net-Silk-2.08-5/blib/lib/Net/Silk.pm line 64.
BEGIN failed--compilation aborted at /home/cpansand/.cpan/build/2019040520/Net-Silk-2.08-5/blib/lib/Net/Silk.pm line 64.
Compilation failed in require at t/70_rwrec.t line 10.
BEGIN failed--compilation aborted at t/70_rwrec.t line 10.
# Looks like your test exited with 2 before it could output anything.
t/70_rwrec.t ....... 
Dubious, test returned 2 (wstat 512, 0x200)
Failed 15/15 subtests 
Can't load '/home/cpansand/.cpan/build/2019040520/Net-Silk-2.08-5/blib/arch/auto/Net/Silk/Silk.so' for module Net::Silk: /home/cpansand/.cpan/build/2019040520/Net-Silk-2.08-5/blib/arch/auto/Net/Silk/Silk.so: Undefined symbol "skHentryAnnotationGetNote" at /usr/perl5.24.1p/lib/5.24.1/amd64-freebsd/DynaLoader.pm line 193.
 at /home/cpansand/.cpan/build/2019040520/Net-Silk-2.08-5/blib/lib/Net/Silk.pm line 64.
BEGIN failed--compilation aborted at /home/cpansand/.cpan/build/2019040520/Net-Silk-2.08-5/blib/lib/Net/Silk.pm line 64.
Compilation failed in require at t/80_rwfile.t line 10.
BEGIN failed--compilation aborted at t/80_rwfile.t line 10.
# Looks like your test exited with 2 before it could output anything.
t/80_rwfile.t ...... 
Dubious, test returned 2 (wstat 512, 0x200)
Failed 4/4 subtests 

Test Summary Report
-------------------
t/00_load.t      (Wstat: 65280 Tests: 1 Failed: 1)
  Failed test:  1
  Non-zero exit status: 255
  Parse errors: Bad plan.  You planned 12 tests but ran 1.
t/10_ipaddr.t    (Wstat: 512 Tests: 0 Failed: 0)
  Non-zero exit status: 2
  Parse errors: Bad plan.  You planned 12 tests but ran 0.
t/11_protoport.t (Wstat: 512 Tests: 0 Failed: 0)
  Non-zero exit status: 2
  Parse errors: Bad plan.  You planned 2 tests but ran 0.
t/12_range.t     (Wstat: 512 Tests: 0 Failed: 0)
  Non-zero exit status: 2
  Parse errors: Bad plan.  You planned 3 tests but ran 0.
t/13_cidr.t      (Wstat: 512 Tests: 0 Failed: 0)
  Non-zero exit status: 2
  Parse errors: Bad plan.  You planned 3 tests but ran 0.
t/20_ipwildcard.t (Wstat: 512 Tests: 0 Failed: 0)
  Non-zero exit status: 2
  Parse errors: Bad plan.  You planned 7 tests but ran 0.
t/30_ipset.t     (Wstat: 512 Tests: 0 Failed: 0)
  Non-zero exit status: 2
  Parse errors: Bad plan.  You planned 18 tests but ran 0.
t/40_bag.t       (Wstat: 512 Tests: 0 Failed: 0)
  Non-zero exit status: 2
  Parse errors: Bad plan.  You planned 32 tests but ran 0.
t/50_pmap.t      (Wstat: 512 Tests: 0 Failed: 0)
  Non-zero exit status: 2
  Parse errors: Bad plan.  You planned 7 tests but ran 0.
t/60_tcpflags.t  (Wstat: 512 Tests: 0 Failed: 0)
  Non-zero exit status: 2
  Parse errors: Bad plan.  You planned 9 tests but ran 0.
t/70_rwrec.t     (Wstat: 512 Tests: 0 Failed: 0)
  Non-zero exit status: 2
  Parse errors: Bad plan.  You planned 15 tests but ran 0.
t/80_rwfile.t    (Wstat: 512 Tests: 0 Failed: 0)
  Non-zero exit status: 2
  Parse errors: Bad plan.  You planned 4 tests but ran 0.
Files=12, Tests=1,  2 wallclock secs ( 0.02 usr  0.04 sys +  0.13 cusr  1.06 csys =  1.25 CPU)
Result: FAIL
Failed 12/12 test programs. 1/1 subtests failed.
*** Error code 2

Stop.
make: stopped in /home/cpansand/.cpan/build/2019040520/Net-Silk-2.08-5

------------------------------
PREREQUISITES
------------------------------

Prerequisite modules loaded:

requires:

    Module              Need Have
    ------------------- ---- ----
    DateTime            0    1.50
    Math::Int128        0.21 0.22
    Math::Int64         0.51 0.54

build_requires:

    Module              Need Have
    ------------------- ---- ----
    ExtUtils::MakeMaker 0    7.34

configure_requires:

    Module              Need Have
    ------------------- ---- ----
    ExtUtils::MakeMaker 0    7.34


------------------------------
ENVIRONMENT AND OTHER CONTEXT
------------------------------

Environment variables:

    LC_ALL = de_DE.ISO8859-1
    PATH = /usr/local/bin:/usr/bin:/bin:/usr/local/sbin:/usr/sbin:/sbin:/home/cpansand/bin/freebsd10.3:/home/cpansand/bin/sh:/home/cpansand/bin:/usr/games:/home/cpansand/devel:/home/eserte/src/srezic-misc/scripts
    PERL5LIB = 
    PERL5OPT = 
    PERL5_CPANPLUS_IS_RUNNING = 46546
    PERL5_CPAN_IS_RUNNING = 46546
    PERL5_CPAN_IS_RUNNING_IN_RECURSION = 45689,46546
    PERLDOC = -MPod::Perldoc::ToTextOverstrike
    PERL_BATCH = yes
    PERL_CANARY_STABILITY_NOPROMPT = 1
    PERL_CPAN_REPORTER_CONFIG = /var/tmp/cpansmoker-1023/2019040520/cpanreporter_000_config.ini
    PERL_EXTUTILS_AUTOINSTALL = --defaultdeps
    SHELL = /usr/local/bin/zsh
    TERM = screen
    TMPDIR = /var/tmp/cpansmoker-1023/2019040520

Perl special variables (and OS-specific diagnostics, for MSWin32):

    $^X = /usr/perl5.24.1p/bin/perl
    $UID/$EUID = 1023 / 1023
    $GID = 1023 1023
    $EGID = 1023 1023

Perl module toolchain versions installed:

    Module              Have    
    ------------------- --------
    CPAN                2.16    
    CPAN::Meta          2.150010
    Cwd                 3.75    
    ExtUtils::CBuilder  0.280231
    ExtUtils::Command   7.34    
    ExtUtils::Install   2.14    
    ExtUtils::MakeMaker 7.34    
    ExtUtils::Manifest  1.71    
    ExtUtils::ParseXS   3.31    
    File::Spec          3.75    
    JSON                2.97001 
    JSON::PP            2.97001 
    Module::Build       0.4224  
    Module::Signature   0.83    
    Parse::CPAN::Meta   2.150010
    Test::Harness       3.42    
    Test::More          1.302162
    YAML                1.27    
    YAML::Syck          1.30    
    version             0.9924  


--

Summary of my perl5 (revision 5 version 24 subversion 1) configuration:
   
  Platform:
    osname=freebsd, osvers=10.1-release, archname=amd64-freebsd
    uname='freebsd cvrsnica-freebsd-101.herceg.de 10.1-release freebsd 10.1-release #0 r274401: tue nov 11 21:02:49 utc 2014 root@releng1.nyi.freebsd.org:usrobjusrsrcsysgeneric amd64 '
    config_args='-ds -e -Dprefix=/usr/perl5.24.1p -Dcf_email=srezic@cpan.org -Doptimize=-O2 -pipe'
    hint=recommended, useposix=true, d_sigaction=define
    useithreads=undef, usemultiplicity=undef
    use64bitint=define, use64bitall=define, uselongdouble=undef
    usemymalloc=n, bincompat5005=undef
  Compiler:
    cc='cc', ccflags ='-DHAS_FPSETMASK -DHAS_FLOATINGPOINT_H -fno-strict-aliasing -pipe -fstack-protector -I/usr/local/include -D_FORTIFY_SOURCE=2',
    optimize='-O2 -pipe',
    cppflags='-DHAS_FPSETMASK -DHAS_FLOATINGPOINT_H -fno-strict-aliasing -pipe -fstack-protector -I/usr/local/include'
    ccversion='', gccversion='4.2.1 Compatible FreeBSD Clang 3.4.1 (tags/RELEASE_34/dot1-final 208032)', gccosandvers=''
    intsize=4, longsize=8, ptrsize=8, doublesize=8, byteorder=12345678, doublekind=3
    d_longlong=define, longlongsize=8, d_longdbl=define, longdblsize=16, longdblkind=3
    ivtype='long', ivsize=8, nvtype='double', nvsize=8, Off_t='off_t', lseeksize=8
    alignbytes=8, prototype=define
  Linker and Libraries:
    ld='cc', ldflags ='-pthread -Wl,-E  -fstack-protector -L/usr/local/lib'
    libpth=/usr/lib /usr/local/lib /usr/include/clang/3.4.1 /usr/lib
    libs=-lpthread -lgdbm -lm -lcrypt -lutil -lc
    perllibs=-lpthread -lm -lcrypt -lutil -lc
    libc=, so=so, useshrplib=false, libperl=libperl.a
    gnulibc_version=''
  Dynamic Linking:
    dlsrc=dl_dlopen.xs, dlext=so, d_dlsymun=undef, ccdlflags=' '
    cccdlflags='-DPIC -fPIC', lddlflags='-shared  -L/usr/local/lib -fstack-protector'


Characteristics of this binary (from libperl): 
  Compile-time options: HAS_TIMES PERLIO_LAYERS PERL_COPY_ON_WRITE
                        PERL_DONT_CREATE_GVSV
                        PERL_HASH_FUNC_ONE_AT_A_TIME_HARD PERL_MALLOC_WRAP
                        PERL_PRESERVE_IVUV USE_64_BIT_ALL USE_64_BIT_INT
                        USE_LARGE_FILES USE_LOCALE USE_LOCALE_COLLATE
                        USE_LOCALE_CTYPE USE_LOCALE_NUMERIC USE_LOCALE_TIME
                        USE_PERLIO USE_PERL_ATOF
  Built under freebsd
  Compiled at Jan 15 2017 11:45:26
  %ENV:
    PERL5LIB=""
    PERL5OPT=""
    PERL5_CPANPLUS_IS_RUNNING="46546"
    PERL5_CPAN_IS_RUNNING="46546"
    PERL5_CPAN_IS_RUNNING_IN_RECURSION="45689,46546"
    PERLDOC="-MPod::Perldoc::ToTextOverstrike"
    PERL_BATCH="yes"
    PERL_CANARY_STABILITY_NOPROMPT="1"
    PERL_CPAN_REPORTER_CONFIG="/var/tmp/cpansmoker-1023/2019040520/cpanreporter_000_config.ini"
    PERL_EXTUTILS_AUTOINSTALL="--defaultdeps"
  @INC:
    /usr/perl5.24.1p/lib/site_perl/5.24.1/amd64-freebsd
    /usr/perl5.24.1p/lib/site_perl/5.24.1
    /usr/perl5.24.1p/lib/5.24.1/amd64-freebsd
    /usr/perl5.24.1p/lib/5.24.1
    .