Report for Git-Flux-0.0_03

Back
From: metabase:user:314402c4-2aae-11df-837a-5e0a49663a4f
Subject: FAIL Git-Flux-0.0_03 v5.24.0 GNU/Linux
Date: 2017-05-22T21:44:28Z

This distribution has been tested as part of the CPAN Testers
project, supporting the Perl programming language.  See
http://wiki.cpantesters.org/ for more information or email
questions to cpan-testers-discuss@perl.org


--
Dear Sawyer X,

This is a computer-generated report for Git-Flux-0.0_03
on perl 5.24.0, created by CPAN-Reporter-1.2018.

Thank you for uploading your work to CPAN.  However, there was a problem
testing your distribution.

If you think this report is invalid, please consult the CPAN Testers Wiki
for suggestions on how to avoid getting FAIL reports for missing library
or binary dependencies, unsupported operating systems, and so on:

http://wiki.cpantesters.org/wiki/CPANAuthorNotes

Sections of this report:

    * Tester comments
    * Program output
    * Prerequisites
    * Environment and other context

------------------------------
TESTER COMMENTS
------------------------------

Additional comments from tester:

none provided

------------------------------
PROGRAM OUTPUT
------------------------------

Output from './Build test':

# Testing Git::Flux 0.0_03, Perl 5.024000, /opt/perl-5.24.0/bin/perl
# Testing with Git::Repository 1.320
# Testing with Git 1.8.3.1
t/00-load.t ................... ok
t/commands/feature/help.t ..... skipped: feature not implemented yet
t/commands/feature/start.t .... skipped: feature not implemented yet
create() is deprecated, see Git::Repository::Tutorial for better alternatives at t/lib/TestFunctions.pm line 21.
# Looks like your test exited with 255 before it could output anything.
t/commands/init.t ............. 
Dubious, test returned 255 (wstat 65280, 0xff00)
Failed 12/12 subtests 
t/commands/support/support.t .. skipped: support not implemented yet
t/manifest.t .................. skipped: Author tests not required for installation
t/pod-coverage.t .............. ok

#   Failed test 'POD test for blib/lib/Git/Flux/Utils.pm'
#   at /opt/perl-5.24.0/lib/site_perl/5.24.0/Test/Pod.pm line 187.
# blib/lib/Git/Flux/Utils.pm (390): Expected text after =item, not a number
# blib/lib/Git/Flux/Utils.pm (395): Expected text after =item, not a number
# blib/lib/Git/Flux/Utils.pm (428): Expected text after =item, not a number
# blib/lib/Git/Flux/Utils.pm (432): Expected text after =item, not a number
# blib/lib/Git/Flux/Utils.pm (436): Expected text after =item, not a number
# blib/lib/Git/Flux/Utils.pm (440): Expected text after =item, not a number
# Looks like you failed 1 test of 5.
t/pod.t ....................... 
Dubious, test returned 1 (wstat 256, 0x100)
Failed 1/5 subtests 

Test Summary Report
-------------------
t/commands/init.t           (Wstat: 65280 Tests: 0 Failed: 0)
  Non-zero exit status: 255
  Parse errors: Bad plan.  You planned 12 tests but ran 0.
t/pod.t                     (Wstat: 256 Tests: 5 Failed: 1)
  Failed test:  2
  Non-zero exit status: 1
Files=8, Tests=15,  1 wallclock secs ( 0.05 usr  0.01 sys +  0.94 cusr  0.11 csys =  1.11 CPU)
Result: FAIL
Failed 2/8 test programs. 1/15 subtests failed.

------------------------------
PREREQUISITES
------------------------------

Prerequisite modules loaded:

requires:

    Module           Need  Have    
    ---------------- ----- --------
    Git::Repository  0     1.320   
    List::MoreUtils  0     0.419   
    mixin            0     0.08    
    perl             5.006 5.024000
    Term::ReadLine   0     1.15    
    Try::Tiny        0     0.28    

build_requires:

    Module           Need  Have    
    ---------------- ----- --------
    File::Slurp      0     9999.19 
    File::Temp       0     0.2304  
    Test::Fatal      0     0.014   
    Test::More       0     1.302085
    Test::TinyMocker 0     0.03    

configure_requires:

    Module           Need  Have    
    ---------------- ----- --------
    Module::Build    0.36  0.4220  


------------------------------
ENVIRONMENT AND OTHER CONTEXT
------------------------------

Environment variables:

    LANG = de_DE.UTF-8
    PATH = /usr/local/bin:/usr/bin:/bin:/usr/local/sbin:/usr/sbin:/sbin:/home/cpansand/bin/linux-gnu:/home/cpansand/bin/sh:/home/cpansand/bin:/usr/games:/home/cpansand/devel:/home/eserte/src/srezic-misc/scripts
    PERL5LIB = /home/cpansand/.cpan/build/2017052221/mixin-0.08-3/blib/arch:/home/cpansand/.cpan/build/2017052221/mixin-0.08-3/blib/lib
    PERL5OPT = 
    PERL5_CPANPLUS_IS_RUNNING = 10971
    PERL5_CPAN_IS_RUNNING = 10971
    PERL5_CPAN_IS_RUNNING_IN_RECURSION = 8986,10971
    PERLDOC = -MPod::Perldoc::ToTextOverstrike
    PERL_BATCH = yes
    PERL_CANARY_STABILITY_NOPROMPT = 1
    PERL_CPAN_REPORTER_CONFIG = /var/tmp/cpansmoker-1002/2017052221/cpanreporter_001_config.ini
    PERL_EXTUTILS_AUTOINSTALL = --defaultdeps
    SHELL = /bin/zsh
    TERM = screen
    TMPDIR = /var/tmp/cpansmoker-1002/2017052221

Perl special variables (and OS-specific diagnostics, for MSWin32):

    $^X = /opt/perl-5.24.0/bin/perl
    $UID/$EUID = 1002 / 1002
    $GID = 1002 1002
    $EGID = 1002 1002

Perl module toolchain versions installed:

    Module              Have    
    ------------------- --------
    CPAN                2.16    
    CPAN::Meta          2.150005
    Cwd                 3.63    
    ExtUtils::CBuilder  0.280225
    ExtUtils::Command   7.24    
    ExtUtils::Install   2.12    
    ExtUtils::MakeMaker 7.24    
    ExtUtils::Manifest  1.70    
    ExtUtils::ParseXS   3.31    
    File::Spec          3.63    
    JSON                2.93    
    JSON::PP            2.27400 
    Module::Build       0.4220  
    Module::Signature   0.81    
    Parse::CPAN::Meta   1.4417  
    Test::Harness       3.36    
    Test::More          1.302085
    YAML                1.23    
    YAML::Syck          1.30    
    version             0.9916  


--

Summary of my perl5 (revision 5 version 24 subversion 0) configuration:
   
  Platform:
    osname=linux, osvers=3.10.0-514.6.2.el7.x86_64, archname=x86_64-linux
    uname='linux prod5 3.10.0-514.6.2.el7.x86_64 #1 smp thu feb 23 03:04:39 utc 2017 x86_64 x86_64 x86_64 gnulinux '
    config_args='-ds -e -Dprefix=/opt/perl-5.24.0 -Dcf_email=srezic@cpan.org'
    hint=recommended, useposix=true, d_sigaction=define
    useithreads=undef, usemultiplicity=undef
    use64bitint=define, use64bitall=define, uselongdouble=undef
    usemymalloc=n, bincompat5005=undef
  Compiler:
    cc='cc', ccflags ='-fwrapv -fno-strict-aliasing -pipe -fstack-protector-strong -I/usr/local/include -D_LARGEFILE_SOURCE -D_FILE_OFFSET_BITS=64 -D_FORTIFY_SOURCE=2',
    optimize='-O2',
    cppflags='-fwrapv -fno-strict-aliasing -pipe -fstack-protector-strong -I/usr/local/include'
    ccversion='', gccversion='4.8.5 20150623 (Red Hat 4.8.5-11)', gccosandvers=''
    intsize=4, longsize=8, ptrsize=8, doublesize=8, byteorder=12345678, doublekind=3
    d_longlong=define, longlongsize=8, d_longdbl=define, longdblsize=16, longdblkind=3
    ivtype='long', ivsize=8, nvtype='double', nvsize=8, Off_t='off_t', lseeksize=8
    alignbytes=8, prototype=define
  Linker and Libraries:
    ld='cc', ldflags =' -fstack-protector-strong -L/usr/local/lib'
    libpth=/usr/local/lib /usr/lib /lib/../lib64 /usr/lib/../lib64 /lib /lib64 /usr/lib64 /usr/local/lib64
    libs=-lpthread -lnsl -lgdbm -ldb -ldl -lm -lcrypt -lutil -lc -lgdbm_compat
    perllibs=-lpthread -lnsl -ldl -lm -lcrypt -lutil -lc
    libc=libc-2.17.so, so=so, useshrplib=false, libperl=libperl.a
    gnulibc_version='2.17'
  Dynamic Linking:
    dlsrc=dl_dlopen.xs, dlext=so, d_dlsymun=undef, ccdlflags='-Wl,-E'
    cccdlflags='-fPIC', lddlflags='-shared -O2 -L/usr/local/lib -fstack-protector-strong'


Characteristics of this binary (from libperl): 
  Compile-time options: HAS_TIMES PERLIO_LAYERS PERL_COPY_ON_WRITE
                        PERL_DONT_CREATE_GVSV
                        PERL_HASH_FUNC_ONE_AT_A_TIME_HARD PERL_MALLOC_WRAP
                        PERL_PRESERVE_IVUV USE_64_BIT_ALL USE_64_BIT_INT
                        USE_LARGE_FILES USE_LOCALE USE_LOCALE_COLLATE
                        USE_LOCALE_CTYPE USE_LOCALE_NUMERIC USE_LOCALE_TIME
                        USE_PERLIO USE_PERL_ATOF
  Built under linux
  Compiled at Feb 23 2017 19:17:45
  %ENV:
    PERL5LIB="/home/cpansand/.cpan/build/2017052221/mixin-0.08-3/blib/arch:/home/cpansand/.cpan/build/2017052221/mixin-0.08-3/blib/lib"
    PERL5OPT=""
    PERL5_CPANPLUS_IS_RUNNING="10971"
    PERL5_CPAN_IS_RUNNING="10971"
    PERL5_CPAN_IS_RUNNING_IN_RECURSION="8986,10971"
    PERLDOC="-MPod::Perldoc::ToTextOverstrike"
    PERL_BATCH="yes"
    PERL_CANARY_STABILITY_NOPROMPT="1"
    PERL_CPAN_REPORTER_CONFIG="/var/tmp/cpansmoker-1002/2017052221/cpanreporter_001_config.ini"
    PERL_EXTUTILS_AUTOINSTALL="--defaultdeps"
  @INC:
    /home/cpansand/.cpan/build/2017052221/mixin-0.08-3/blib/arch
    /home/cpansand/.cpan/build/2017052221/mixin-0.08-3/blib/lib
    /opt/perl-5.24.0/lib/site_perl/5.24.0/x86_64-linux
    /opt/perl-5.24.0/lib/site_perl/5.24.0
    /opt/perl-5.24.0/lib/5.24.0/x86_64-linux
    /opt/perl-5.24.0/lib/5.24.0
    .