HTML-T5 v0.014 Perl 5 v5.14.3 i386-freebsd-thread-multi

Status
Fail
From
Chris Williams (BINGOS)
Dist
HTML-T5 v0.014
Platform
Perl 5 v5.14.3 i386-freebsd-thread-multi
Date
2025-02-11 15:28:23
ID
d4be8a4e-e88c-11ef-98b0-b3c3213a625c
This distribution has been tested as part of the CPAN Testers
project, supporting the Perl programming language.  See
http://wiki.cpantesters.org/ for more information or email
questions to cpan-testers-discuss@perl.org


--

Dear SHLOMIF,

This is a computer-generated error report created automatically by
CPANPLUS, version 0.9914. Testers personal comments may appear
at the end of this report.


Thank you for uploading your work to CPAN.  However, it appears that
there were some problems testing your distribution.

TEST RESULTS:

Below is the error stack from stage 'make test':

"/home/cpan/pit/thr/perl-5.14.3/bin/perl" -MExtUtils::Command::MM -e 'cp_nonempty' -- T5.bs blib/arch/auto/HTML/T5/T5.bs 644
PERL_DL_NONLAZY=1 "/home/cpan/pit/thr/perl-5.14.3/bin/perl" "-MExtUtils::Command::MM" "-MTest::Harness" "-e" "undef *Test::Harness::Switches; test_harness(0, 'blib/lib', 'blib/arch')" t/*.t
Can't load '/home/cpan/pit/thr/conf/perl-5.14.3/.cpanplus/5.14.3/build/Wim8njjW3o/HTML-T5-0.014/blib/arch/auto/HTML/T5/T5.so' for module HTML::T5: Shared object "libtidy.so.58" not found, required by "T5.so" at /home/cpan/pit/thr/perl-5.14.3/lib/5.14.3/i386-freebsd-thread-multi/DynaLoader.pm line 190.
 at t/00-load.t line 18
Compilation failed in require at t/00-load.t line 18.
BEGIN failed--compilation aborted at t/00-load.t line 18.
# Looks like your test exited with 2 before it could output anything.
t/00-load.t ................ 
Dubious, test returned 2 (wstat 512, 0x200)
Failed 2/2 subtests 
Can't load '/home/cpan/pit/thr/conf/perl-5.14.3/.cpanplus/5.14.3/build/Wim8njjW3o/HTML-T5-0.014/blib/arch/auto/HTML/T5/T5.so' for module HTML::T5: Shared object "libtidy.so.58" not found, required by "T5.so" at /home/cpan/pit/thr/perl-5.14.3/lib/5.14.3/i386-freebsd-thread-multi/DynaLoader.pm line 190.
 at t/cfg-for-parse.t line 16
Compilation failed in require at t/cfg-for-parse.t line 16.
BEGIN failed--compilation aborted at t/cfg-for-parse.t line 16.
# Looks like your test exited with 2 before it could output anything.
t/cfg-for-parse.t .......... 
Dubious, test returned 2 (wstat 512, 0x200)
Failed 3/3 subtests 
Can't load '/home/cpan/pit/thr/conf/perl-5.14.3/.cpanplus/5.14.3/build/Wim8njjW3o/HTML-T5-0.014/blib/arch/auto/HTML/T5/T5.so' for module HTML::T5: Shared object "libtidy.so.58" not found, required by "T5.so" at /home/cpan/pit/thr/perl-5.14.3/lib/5.14.3/i386-freebsd-thread-multi/DynaLoader.pm line 190.
 at t/clean-crash.t line 23
Compilation failed in require at t/clean-crash.t line 23.
BEGIN failed--compilation aborted at t/clean-crash.t line 23.
# Looks like your test exited with 2 before it could output anything.
t/clean-crash.t ............ 
Dubious, test returned 2 (wstat 512, 0x200)
Failed 2/2 subtests 
Can't load '/home/cpan/pit/thr/conf/perl-5.14.3/.cpanplus/5.14.3/build/Wim8njjW3o/HTML-T5-0.014/blib/arch/auto/HTML/T5/T5.so' for module HTML::T5: Shared object "libtidy.so.58" not found, required by "T5.so" at /home/cpan/pit/thr/perl-5.14.3/lib/5.14.3/i386-freebsd-thread-multi/DynaLoader.pm line 190.
 at t/clean.t line 19
Compilation failed in require at t/clean.t line 19.
BEGIN failed--compilation aborted at t/clean.t line 19.
# Looks like your test exited with 2 before it could output anything.
t/clean.t .................. 
Dubious, test returned 2 (wstat 512, 0x200)
Failed 3/3 subtests 
t/drop-empty-elements.t .... skipped: failure in recent libtidy 5
Can't load '/home/cpan/pit/thr/conf/perl-5.14.3/.cpanplus/5.14.3/build/Wim8njjW3o/HTML-T5-0.014/blib/arch/auto/HTML/T5/T5.so' for module HTML::T5: Shared object "libtidy.so.58" not found, required by "T5.so" at /home/cpan/pit/thr/perl-5.14.3/lib/5.14.3/i386-freebsd-thread-multi/DynaLoader.pm line 190.
 at t/extra-quote.t line 21
Compilation failed in require at t/extra-quote.t line 21.
BEGIN failed--compilation aborted at t/extra-quote.t line 21.
# Looks like your test exited with 2 before it could output anything.
t/extra-quote.t ............ 
Dubious, test returned 2 (wstat 512, 0x200)
Failed 4/4 subtests 
Can't load '/home/cpan/pit/thr/conf/perl-5.14.3/.cpanplus/5.14.3/build/Wim8njjW3o/HTML-T5-0.014/blib/arch/auto/HTML/T5/T5.so' for module HTML::T5: Shared object "libtidy.so.58" not found, required by "T5.so" at /home/cpan/pit/thr/perl-5.14.3/lib/5.14.3/i386-freebsd-thread-multi/DynaLoader.pm line 190.
 at /home/cpan/pit/thr/conf/perl-5.14.3/.cpanplus/5.14.3/build/Wim8njjW3o/HTML-T5-0.014/blib/lib/Test/HTML/T5.pm line 10
Compilation failed in require at /home/cpan/pit/thr/conf/perl-5.14.3/.cpanplus/5.14.3/build/Wim8njjW3o/HTML-T5-0.014/blib/lib/Test/HTML/T5.pm line 10.
BEGIN failed--compilation aborted at /home/cpan/pit/thr/conf/perl-5.14.3/.cpanplus/5.14.3/build/Wim8njjW3o/HTML-T5-0.014/blib/lib/Test/HTML/T5.pm line 10.
Compilation failed in require at t/html_fragment_tidy_ok.t line 19.
BEGIN failed--compilation aborted at t/html_fragment_tidy_ok.t line 19.
# Looks like your test exited with 2 before it could output anything.
t/html_fragment_tidy_ok.t .. 
Dubious, test returned 2 (wstat 512, 0x200)
Failed 3/3 subtests 
Can't load '/home/cpan/pit/thr/conf/perl-5.14.3/.cpanplus/5.14.3/build/Wim8njjW3o/HTML-T5-0.014/blib/arch/auto/HTML/T5/T5.so' for module HTML::T5: Shared object "libtidy.so.58" not found, required by "T5.so" at /home/cpan/pit/thr/perl-5.14.3/lib/5.14.3/i386-freebsd-thread-multi/DynaLoader.pm line 190.
 at /home/cpan/pit/thr/conf/perl-5.14.3/.cpanplus/5.14.3/build/Wim8njjW3o/HTML-T5-0.014/blib/lib/Test/HTML/T5.pm line 10
Compilation failed in require at /home/cpan/pit/thr/conf/perl-5.14.3/.cpanplus/5.14.3/build/Wim8njjW3o/HTML-T5-0.014/blib/lib/Test/HTML/T5.pm line 10.
BEGIN failed--compilation aborted at /home/cpan/pit/thr/conf/perl-5.14.3/.cpanplus/5.14.3/build/Wim8njjW3o/HTML-T5-0.014/blib/lib/Test/HTML/T5.pm line 10.
Compilation failed in require at t/html_tidy_ok.t line 19.
BEGIN failed--compilation aborted at t/html_tidy_ok.t line 19.
# Looks like your test exited with 2 before it could output anything.
t/html_tidy_ok.t ........... 
Dubious, test returned 2 (wstat 512, 0x200)
Failed 5/5 subtests 
Can't load '/home/cpan/pit/thr/conf/perl-5.14.3/.cpanplus/5.14.3/build/Wim8njjW3o/HTML-T5-0.014/blib/arch/auto/HTML/T5/T5.so' for module HTML::T5: Shared object "libtidy.so.58" not found, required by "T5.so" at /home/cpan/pit/thr/perl-5.14.3/lib/5.14.3/i386-freebsd-thread-multi/DynaLoader.pm line 190.
 at t/ignore-text.t line 18
Compilation failed in require at t/ignore-text.t line 18.
BEGIN failed--compilation aborted at t/ignore-text.t line 18.
# Looks like your test exited with 2 before it could output anything.
t/ignore-text.t ............ 
Dubious, test returned 2 (wstat 512, 0x200)
Failed 3/3 subtests 
Can't load '/home/cpan/pit/thr/conf/perl-5.14.3/.cpanplus/5.14.3/build/Wim8njjW3o/HTML-T5-0.014/blib/arch/auto/HTML/T5/T5.so' for module HTML::T5: Shared object "libtidy.so.58" not found, required by "T5.so" at /home/cpan/pit/thr/perl-5.14.3/lib/5.14.3/i386-freebsd-thread-multi/DynaLoader.pm line 190.
 at t/ignore.t line 17
Compilation failed in require at t/ignore.t line 17.
BEGIN failed--compilation aborted at t/ignore.t line 17.
# Looks like your test exited with 2 before it could output anything.
t/ignore.t ................. 
Dubious, test returned 2 (wstat 512, 0x200)
Failed 9/9 subtests 
Can't load '/home/cpan/pit/thr/conf/perl-5.14.3/.cpanplus/5.14.3/build/Wim8njjW3o/HTML-T5-0.014/blib/arch/auto/HTML/T5/T5.so' for module HTML::T5: Shared object "libtidy.so.58" not found, required by "T5.so" at /home/cpan/pit/thr/perl-5.14.3/lib/5.14.3/i386-freebsd-thread-multi/DynaLoader.pm line 190.
 at t/illegal-options.t line 19
Compilation failed in require at t/illegal-options.t line 19.
BEGIN failed--compilation aborted at t/illegal-options.t line 19.
t/illegal-options.t ........ 
Dubious, test returned 2 (wstat 512, 0x200)
No subtests run 
Can't load '/home/cpan/pit/thr/conf/perl-5.14.3/.cpanplus/5.14.3/build/Wim8njjW3o/HTML-T5-0.014/blib/arch/auto/HTML/T5/T5.so' for module HTML::T5: Shared object "libtidy.so.58" not found, required by "T5.so" at /home/cpan/pit/thr/perl-5.14.3/lib/5.14.3/i386-freebsd-thread-multi/DynaLoader.pm line 190.
 at t/levels.t line 15
Compilation failed in require at t/levels.t line 15.
BEGIN failed--compilation aborted at t/levels.t line 15.
# Looks like your test exited with 2 before it could output anything.
t/levels.t ................. 
Dubious, test returned 2 (wstat 512, 0x200)
Failed 3/3 subtests 
Can't load '/home/cpan/pit/thr/conf/perl-5.14.3/.cpanplus/5.14.3/build/Wim8njjW3o/HTML-T5-0.014/blib/arch/auto/HTML/T5/T5.so' for module HTML::T5: Shared object "libtidy.so.58" not found, required by "T5.so" at /home/cpan/pit/thr/perl-5.14.3/lib/5.14.3/i386-freebsd-thread-multi/DynaLoader.pm line 190.
 at t/message.t line 18
Compilation failed in require at t/message.t line 18.
BEGIN failed--compilation aborted at t/message.t line 18.
# Looks like your test exited with 2 before it could output anything.
t/message.t ................ 
Dubious, test returned 2 (wstat 512, 0x200)
Failed 8/8 subtests 
t/new-tags.t ............... skipped: failure in recent libtidy 5
Can't load '/home/cpan/pit/thr/conf/perl-5.14.3/.cpanplus/5.14.3/build/Wim8njjW3o/HTML-T5-0.014/blib/arch/auto/HTML/T5/T5.so' for module HTML::T5: Shared object "libtidy.so.58" not found, required by "T5.so" at /home/cpan/pit/thr/perl-5.14.3/lib/5.14.3/i386-freebsd-thread-multi/DynaLoader.pm line 190.
 at t/opt-00.t line 18
Compilation failed in require at t/opt-00.t line 18.
BEGIN failed--compilation aborted at t/opt-00.t line 18.
# Looks like your test exited with 2 before it could output anything.
t/opt-00.t ................. 
Dubious, test returned 2 (wstat 512, 0x200)
Failed 1/1 subtests 
Can't load '/home/cpan/pit/thr/conf/perl-5.14.3/.cpanplus/5.14.3/build/Wim8njjW3o/HTML-T5-0.014/blib/arch/auto/HTML/T5/T5.so' for module HTML::T5: Shared object "libtidy.so.58" not found, required by "T5.so" at /home/cpan/pit/thr/perl-5.14.3/lib/5.14.3/i386-freebsd-thread-multi/DynaLoader.pm line 190.
 at t/parse-errors.t line 19
Compilation failed in require at t/parse-errors.t line 19.
BEGIN failed--compilation aborted at t/parse-errors.t line 19.
# Looks like your test exited with 2 before it could output anything.
t/parse-errors.t ........... 
Dubious, test returned 2 (wstat 512, 0x200)
Failed 4/4 subtests 
Can't load '/home/cpan/pit/thr/conf/perl-5.14.3/.cpanplus/5.14.3/build/Wim8njjW3o/HTML-T5-0.014/blib/arch/auto/HTML/T5/T5.so' for module HTML::T5: Shared object "libtidy.so.58" not found, required by "T5.so" at /home/cpan/pit/thr/perl-5.14.3/lib/5.14.3/i386-freebsd-thread-multi/DynaLoader.pm line 190.
 at t/parse.t line 19
Compilation failed in require at t/parse.t line 19.
BEGIN failed--compilation aborted at t/parse.t line 19.
# Looks like your test exited with 2 before it could output anything.
t/parse.t .................. 
Dubious, test returned 2 (wstat 512, 0x200)
Failed 2/2 subtests 
Can't load '/home/cpan/pit/thr/conf/perl-5.14.3/.cpanplus/5.14.3/build/Wim8njjW3o/HTML-T5-0.014/blib/arch/auto/HTML/T5/T5.so' for module HTML::T5: Shared object "libtidy.so.58" not found, required by "T5.so" at /home/cpan/pit/thr/perl-5.14.3/lib/5.14.3/i386-freebsd-thread-multi/DynaLoader.pm line 190.
 at t/perfect.t line 18
Compilation failed in require at t/perfect.t line 18.
BEGIN failed--compilation aborted at t/perfect.t line 18.
# Looks like your test exited with 2 before it could output anything.
t/perfect.t ................ 
Dubious, test returned 2 (wstat 512, 0x200)
Failed 3/3 subtests 
Can't load '/home/cpan/pit/thr/conf/perl-5.14.3/.cpanplus/5.14.3/build/Wim8njjW3o/HTML-T5-0.014/blib/arch/auto/HTML/T5/T5.so' for module HTML::T5: Shared object "libtidy.so.58" not found, required by "T5.so" at /home/cpan/pit/thr/perl-5.14.3/lib/5.14.3/i386-freebsd-thread-multi/DynaLoader.pm line 190.
 at t/roundtrip.t line 18
Compilation failed in require at t/roundtrip.t line 18.
BEGIN failed--compilation aborted at t/roundtrip.t line 18.
# Looks like your test exited with 2 before it could output anything.
t/roundtrip.t .............. 
Dubious, test returned 2 (wstat 512, 0x200)
Failed 3/3 subtests 
Can't load '/home/cpan/pit/thr/conf/perl-5.14.3/.cpanplus/5.14.3/build/Wim8njjW3o/HTML-T5-0.014/blib/arch/auto/HTML/T5/T5.so' for module HTML::T5: Shared object "libtidy.so.58" not found, required by "T5.so" at /home/cpan/pit/thr/perl-5.14.3/lib/5.14.3/i386-freebsd-thread-multi/DynaLoader.pm line 190.
 at t/segfault-form.t line 18
Compilation failed in require at t/segfault-form.t line 18.
BEGIN failed--compilation aborted at t/segfault-form.t line 18.
# Looks like your test exited with 2 before it could output anything.
t/segfault-form.t .......... 
Dubious, test returned 2 (wstat 512, 0x200)
Failed 3/3 subtests 
t/show-info.t .............. skipped: failure in recent libtidy 5
Can't load '/home/cpan/pit/thr/conf/perl-5.14.3/.cpanplus/5.14.3/build/Wim8njjW3o/HTML-T5-0.014/blib/arch/auto/HTML/T5/T5.so' for module HTML::T5: Shared object "libtidy.so.58" not found, required by "T5.so" at /home/cpan/pit/thr/perl-5.14.3/lib/5.14.3/i386-freebsd-thread-multi/DynaLoader.pm line 190.
 at t/simple.t line 18
Compilation failed in require at t/simple.t line 18.
BEGIN failed--compilation aborted at t/simple.t line 18.
# Looks like your test exited with 2 before it could output anything.
t/simple.t ................. 
Dubious, test returned 2 (wstat 512, 0x200)
Failed 4/4 subtests 
Can't load '/home/cpan/pit/thr/conf/perl-5.14.3/.cpanplus/5.14.3/build/Wim8njjW3o/HTML-T5-0.014/blib/arch/auto/HTML/T5/T5.so' for module HTML::T5: Shared object "libtidy.so.58" not found, required by "T5.so" at /home/cpan/pit/thr/perl-5.14.3/lib/5.14.3/i386-freebsd-thread-multi/DynaLoader.pm line 190.
 at t/too-many-titles.t line 18
Compilation failed in require at t/too-many-titles.t line 18.
BEGIN failed--compilation aborted at t/too-many-titles.t line 18.
# Looks like your test exited with 2 before it could output anything.
t/too-many-titles.t ........ 
Dubious, test returned 2 (wstat 512, 0x200)
Failed 4/4 subtests 
Can't load '/home/cpan/pit/thr/conf/perl-5.14.3/.cpanplus/5.14.3/build/Wim8njjW3o/HTML-T5-0.014/blib/arch/auto/HTML/T5/T5.so' for module HTML::T5: Shared object "libtidy.so.58" not found, required by "T5.so" at /home/cpan/pit/thr/perl-5.14.3/lib/5.14.3/i386-freebsd-thread-multi/DynaLoader.pm line 190.
 at t/unicode-nbsp.t line 18
Compilation failed in require at t/unicode-nbsp.t line 18.
BEGIN failed--compilation aborted at t/unicode-nbsp.t line 18.
# Looks like your test exited with 2 before it could output anything.
t/unicode-nbsp.t ........... 
Dubious, test returned 2 (wstat 512, 0x200)
Failed 3/3 subtests 
Can't load '/home/cpan/pit/thr/conf/perl-5.14.3/.cpanplus/5.14.3/build/Wim8njjW3o/HTML-T5-0.014/blib/arch/auto/HTML/T5/T5.so' for module HTML::T5: Shared object "libtidy.so.58" not found, required by "T5.so" at /home/cpan/pit/thr/perl-5.14.3/lib/5.14.3/i386-freebsd-thread-multi/DynaLoader.pm line 190.
 at t/unicode.t line 18
Compilation failed in require at t/unicode.t line 18.
BEGIN failed--compilation aborted at t/unicode.t line 18.
# Looks like your test exited with 2 before it could output anything.
t/unicode.t ................ 
Dubious, test returned 2 (wstat 512, 0x200)
Failed 2/2 subtests 
Can't load '/home/cpan/pit/thr/conf/perl-5.14.3/.cpanplus/5.14.3/build/Wim8njjW3o/HTML-T5-0.014/blib/arch/auto/HTML/T5/T5.so' for module HTML::T5: Shared object "libtidy.so.58" not found, required by "T5.so" at /home/cpan/pit/thr/perl-5.14.3/lib/5.14.3/i386-freebsd-thread-multi/DynaLoader.pm line 190.
 at t/venus.t line 18
Compilation failed in require at t/venus.t line 18.
BEGIN failed--compilation aborted at t/venus.t line 18.
# Looks like your test exited with 2 before it could output anything.
t/venus.t .................. 
Dubious, test returned 2 (wstat 512, 0x200)
Failed 2/2 subtests 
Can't load '/home/cpan/pit/thr/conf/perl-5.14.3/.cpanplus/5.14.3/build/Wim8njjW3o/HTML-T5-0.014/blib/arch/auto/HTML/T5/T5.so' for module HTML::T5: Shared object "libtidy.so.58" not found, required by "T5.so" at /home/cpan/pit/thr/perl-5.14.3/lib/5.14.3/i386-freebsd-thread-multi/DynaLoader.pm line 190.
 at t/version.t line 18
Compilation failed in require at t/version.t line 18.
BEGIN failed--compilation aborted at t/version.t line 18.
# Looks like your test exited with 2 before it could output anything.
t/version.t ................ 
Dubious, test returned 2 (wstat 512, 0x200)
Failed 1/1 subtests 
Can't load '/home/cpan/pit/thr/conf/perl-5.14.3/.cpanplus/5.14.3/build/Wim8njjW3o/HTML-T5-0.014/blib/arch/auto/HTML/T5/T5.so' for module HTML::T5: Shared object "libtidy.so.58" not found, required by "T5.so" at /home/cpan/pit/thr/perl-5.14.3/lib/5.14.3/i386-freebsd-thread-multi/DynaLoader.pm line 190.
 at t/wordwrap.t line 18
Compilation failed in require at t/wordwrap.t line 18.
BEGIN failed--compilation aborted at t/wordwrap.t line 18.
# Looks like your test exited with 2 before it could output anything.
t/wordwrap.t ............... 
Dubious, test returned 2 (wstat 512, 0x200)
Failed 1/1 subtests 

Test Summary Report
-------------------
t/00-load.t              (Wstat: 512 (exited 2) Tests: 0 Failed: 0)
  Non-zero exit status: 2
  Parse errors: Bad plan.  You planned 2 tests but ran 0.
t/cfg-for-parse.t        (Wstat: 512 (exited 2) Tests: 0 Failed: 0)
  Non-zero exit status: 2
  Parse errors: Bad plan.  You planned 3 tests but ran 0.
t/clean-crash.t          (Wstat: 512 (exited 2) Tests: 0 Failed: 0)
  Non-zero exit status: 2
  Parse errors: Bad plan.  You planned 2 tests but ran 0.
t/clean.t                (Wstat: 512 (exited 2) Tests: 0 Failed: 0)
  Non-zero exit status: 2
  Parse errors: Bad plan.  You planned 3 tests but ran 0.
t/extra-quote.t          (Wstat: 512 (exited 2) Tests: 0 Failed: 0)
  Non-zero exit status: 2
  Parse errors: Bad plan.  You planned 4 tests but ran 0.
t/html_fragment_tidy_ok.t (Wstat: 512 (exited 2) Tests: 0 Failed: 0)
  Non-zero exit status: 2
  Parse errors: Bad plan.  You planned 3 tests but ran 0.
t/html_tidy_ok.t         (Wstat: 512 (exited 2) Tests: 0 Failed: 0)
  Non-zero exit status: 2
  Parse errors: Bad plan.  You planned 5 tests but ran 0.
t/ignore-text.t          (Wstat: 512 (exited 2) Tests: 0 Failed: 0)
  Non-zero exit status: 2
  Parse errors: Bad plan.  You planned 3 tests but ran 0.
t/ignore.t               (Wstat: 512 (exited 2) Tests: 0 Failed: 0)
  Non-zero exit status: 2
  Parse errors: Bad plan.  You planned 9 tests but ran 0.
t/illegal-options.t      (Wstat: 512 (exited 2) Tests: 0 Failed: 0)
  Non-zero exit status: 2
  Parse errors: No plan found in TAP output
t/levels.t               (Wstat: 512 (exited 2) Tests: 0 Failed: 0)
  Non-zero exit status: 2
  Parse errors: Bad plan.  You planned 3 tests but ran 0.
t/message.t              (Wstat: 512 (exited 2) Tests: 0 Failed: 0)
  Non-zero exit status: 2
  Parse errors: Bad plan.  You planned 8 tests but ran 0.
t/opt-00.t               (Wstat: 512 (exited 2) Tests: 0 Failed: 0)
  Non-zero exit status: 2
  Parse errors: Bad plan.  You planned 1 tests but ran 0.
t/parse-errors.t         (Wstat: 512 (exited 2) Tests: 0 Failed: 0)
  Non-zero exit status: 2
  Parse errors: Bad plan.  You planned 4 tests but ran 0.
t/parse.t                (Wstat: 512 (exited 2) Tests: 0 Failed: 0)
  Non-zero exit status: 2
  Parse errors: Bad plan.  You planned 2 tests but ran 0.
t/perfect.t              (Wstat: 512 (exited 2) Tests: 0 Failed: 0)
  Non-zero exit status: 2
  Parse errors: Bad plan.  You planned 3 tests but ran 0.
t/roundtrip.t            (Wstat: 512 (exited 2) Tests: 0 Failed: 0)
  Non-zero exit status: 2
  Parse errors: Bad plan.  You planned 3 tests but ran 0.
t/segfault-form.t        (Wstat: 512 (exited 2) Tests: 0 Failed: 0)
  Non-zero exit status: 2
  Parse errors: Bad plan.  You planned 3 tests but ran 0.
t/simple.t               (Wstat: 512 (exited 2) Tests: 0 Failed: 0)
  Non-zero exit status: 2
  Parse errors: Bad plan.  You planned 4 tests but ran 0.
t/too-many-titles.t      (Wstat: 512 (exited 2) Tests: 0 Failed: 0)
  Non-zero exit status: 2
  Parse errors: Bad plan.  You planned 4 tests but ran 0.
t/unicode-nbsp.t         (Wstat: 512 (exited 2) Tests: 0 Failed: 0)
  Non-zero exit status: 2
  Parse errors: Bad plan.  You planned 3 tests but ran 0.
t/unicode.t              (Wstat: 512 (exited 2) Tests: 0 Failed: 0)
  Non-zero exit status: 2
  Parse errors: Bad plan.  You planned 2 tests but ran 0.
t/venus.t                (Wstat: 512 (exited 2) Tests: 0 Failed: 0)
  Non-zero exit status: 2
  Parse errors: Bad plan.  You planned 2 tests but ran 0.
t/version.t              (Wstat: 512 (exited 2) Tests: 0 Failed: 0)
  Non-zero exit status: 2
  Parse errors: Bad plan.  You planned 1 tests but ran 0.
t/wordwrap.t             (Wstat: 512 (exited 2) Tests: 0 Failed: 0)
  Non-zero exit status: 2
  Parse errors: Bad plan.  You planned 1 tests but ran 0.
Files=28, Tests=0,  6 wallclock secs ( 0.16 usr  0.13 sys +  3.76 cusr  1.35 csys =  5.40 CPU)
Result: FAIL
Failed 25/28 test programs. 0/0 subtests failed.
*** Error code 2

Stop.
make: stopped in /home/cpan/pit/thr/conf/perl-5.14.3/.cpanplus/5.14.3/build/Wim8njjW3o/HTML-T5-0.014


PREREQUISITES:

Here is a list of prerequisites you specified and versions we
managed to load:

	  Module Name                        Have     Want
	  Carp                               1.20        0
	  Encode                          2.42_01        0
	  Exporter                        5.64_03        0
	  ExtUtils::MakeMaker                7.70        0
	  Getopt::Long                       2.38        0
	  Test::Builder                  1.302209        0
	  Test::Exception                    0.43        0
	  Test::More                     1.302209     0.98
	  constant                           1.21        0

Perl module toolchain versions installed:
	Module Name                        Have
	CPANPLUS                         0.9914
	CPANPLUS::Dist::Build              0.90
	Cwd                                3.75
	ExtUtils::CBuilder             0.280236
	ExtUtils::Command                  7.70
	ExtUtils::Install                  2.22
	ExtUtils::MakeMaker                7.70
	ExtUtils::Manifest                 1.75
	ExtUtils::ParseXS                  3.51
	File::Spec                         3.75
	Module::Build                    0.4234
	Pod::Parser                        1.37
	Pod::Simple                        3.16
	Test2                          1.302209
	Test::Harness                      3.48
	Test::More                     1.302209
	version                          0.9932

******************************** NOTE ********************************
The comments above are created mechanically, possibly without manual
checking by the sender.  As there are many people performing automatic
tests on each upload to CPAN, it is likely that you will receive
identical messages about the same problem.

If you believe that the message is mistaken, please reply to the first
one with correction and/or additional informations, and do not take
it personally.  We appreciate your patience. :)
**********************************************************************

Additional comments:


This report was machine-generated by CPANPLUS::Dist::YACSmoke 1.08.
Powered by minismokebox version 0.68

CPANPLUS is prefering Build.PL

------------------------------
ENVIRONMENT AND OTHER CONTEXT
------------------------------

Environment variables:

    AUTOMATED_TESTING = 1
    LANG = C.UTF-8
    NONINTERACTIVE_TESTING = 1
    PATH = /home/cpan/pit/thr/conf/perl-5.14.3/.cpanplus/5.14.3/build/Wim8njjW3o/HTML-T5-0.014/blib/script:/sbin:/bin:/usr/sbin:/usr/bin:/usr/local/sbin:/usr/local/bin:/home/cpan/bin
    PERL5LIB = /home/cpan/pit/jail/FcJDhzWXpm/lib/perl5:/home/cpan/pit/thr/conf/perl-5.14.3/.cpanplus/5.14.3/build/Wim8njjW3o/HTML-T5-0.014/blib/lib:/home/cpan/pit/thr/conf/perl-5.14.3/.cpanplus/5.14.3/build/Wim8njjW3o/HTML-T5-0.014/blib/arch
    PERL5_CPANPLUS_IS_RUNNING = 11085
    PERL5_CPANPLUS_IS_VERSION = 0.9914
    PERL5_MINISMOKEBOX = 0.68
    PERL5_YACSMOKE_BASE = /home/cpan/pit/thr/conf/perl-5.14.3
    PERL_EXTUTILS_AUTOINSTALL = --defaultdeps
    PERL_LOCAL_LIB_ROOT = /home/cpan/pit/jail/FcJDhzWXpm
    PERL_MB_OPT = --install_base "/home/cpan/pit/jail/FcJDhzWXpm"
    PERL_MM_OPT = INSTALL_BASE=/home/cpan/pit/jail/FcJDhzWXpm
    PERL_MM_USE_DEFAULT = 1
    SHELL = /usr/local/bin/bash
    TERM = screen

Perl special variables (and OS-specific diagnostics, for MSWin32):

    Perl: $^X = /home/cpan/pit/thr/perl-5.14.3/bin/perl
    UID:  $<  = 1002
    EUID: $>  = 1002
    GID:  $(  = 1002 1002
    EGID: $)  = 1002 1002


-------------------------------


--

Summary of my perl5 (revision 5 version 14 subversion 3) configuration:
   
  Platform:
    osname=freebsd, osvers=14.1-release, archname=i386-freebsd-thread-multi
    uname='freebsd felgarten 14.1-release freebsd 14.1-release releng14.1-n267679-10e31f0946d8 generic i386 '
    config_args='-des -Dprefix=/home/cpan/pit/thr/perl-5.14.3 -Dusethreads'
    hint=recommended, useposix=true, d_sigaction=define
    useithreads=define, usemultiplicity=define
    useperlio=define, d_sfio=undef, uselargefiles=define, usesocks=undef
    use64bitint=undef, use64bitall=undef, uselongdouble=undef
    usemymalloc=n, bincompat5005=undef
  Compiler:
    cc='cc', ccflags ='-DHAS_FPSETMASK -DHAS_FLOATINGPOINT_H -DNO_POSIX_2008_LOCALE -fno-strict-aliasing -pipe -fstack-protector -I/usr/local/include',
    optimize='-O2',
    cppflags='-DHAS_FPSETMASK -DHAS_FLOATINGPOINT_H -DNO_POSIX_2008_LOCALE -fno-strict-aliasing -pipe -fstack-protector -I/usr/local/include'
    ccversion='', gccversion='FreeBSD Clang 18.1.5 (https://github.com/llvm/llvm-project.git llvmorg-18.1.5-0-g617a15a9eac9)', gccosandvers=''
    intsize=4, longsize=4, ptrsize=4, doublesize=8, byteorder=1234
    d_longlong=define, longlongsize=8, d_longdbl=define, longdblsize=12
    ivtype='long', ivsize=4, nvtype='double', nvsize=8, Off_t='off_t', lseeksize=8
    alignbytes=4, prototype=define
  Linker and Libraries:
    ld='cc', ldflags ='-pthread -Wl,-E  -fstack-protector -L/usr/local/lib'
    libpth=/usr/lib /usr/local/lib
    libs=-lgdbm -ldl -lm -lcrypt -lutil
    perllibs=-ldl -lm -lcrypt -lutil
    libc=, so=so, useshrplib=false, libperl=libperl.a
    gnulibc_version=''
  Dynamic Linking:
    dlsrc=dl_dlopen.xs, dlext=so, d_dlsymun=undef, ccdlflags=' '
    cccdlflags='-DPIC -fPIC', lddlflags='-shared  -L/usr/local/lib -fstack-protector'


Characteristics of this binary (from libperl): 
  Compile-time options: MULTIPLICITY PERL_DONT_CREATE_GVSV
                        PERL_IMPLICIT_CONTEXT PERL_MALLOC_WRAP
                        PERL_PRESERVE_IVUV USE_ITHREADS USE_LARGE_FILES
                        USE_PERLIO USE_PERL_ATOF USE_REENTRANT_API
  Locally applied patches:
	Devel::PatchPerl 2.09
  Built under freebsd
  Compiled at Jun 23 2024 01:35:00
  %ENV:
    PERL5LIB="/home/cpan/pit/jail/FcJDhzWXpm/lib/perl5:/home/cpan/pit/thr/conf/perl-5.14.3/.cpanplus/5.14.3/build/Wim8njjW3o/HTML-T5-0.014/blib/lib:/home/cpan/pit/thr/conf/perl-5.14.3/.cpanplus/5.14.3/build/Wim8njjW3o/HTML-T5-0.014/blib/arch"
    PERL5_CPANPLUS_IS_RUNNING="11085"
    PERL5_CPANPLUS_IS_VERSION="0.9914"
    PERL5_MINISMOKEBOX="0.68"
    PERL5_YACSMOKE_BASE="/home/cpan/pit/thr/conf/perl-5.14.3"
    PERL_EXTUTILS_AUTOINSTALL="--defaultdeps"
    PERL_LOCAL_LIB_ROOT="/home/cpan/pit/jail/FcJDhzWXpm"
    PERL_MB_OPT="--install_base "/home/cpan/pit/jail/FcJDhzWXpm""
    PERL_MM_OPT="INSTALL_BASE=/home/cpan/pit/jail/FcJDhzWXpm"
    PERL_MM_USE_DEFAULT="1"
  @INC:
    /home/cpan/pit/jail/FcJDhzWXpm/lib/perl5/5.14.3/i386-freebsd-thread-multi
    /home/cpan/pit/jail/FcJDhzWXpm/lib/perl5/5.14.3
    /home/cpan/pit/jail/FcJDhzWXpm/lib/perl5/i386-freebsd-thread-multi
    /home/cpan/pit/jail/FcJDhzWXpm/lib/perl5
    /home/cpan/pit/thr/conf/perl-5.14.3/.cpanplus/5.14.3/build/Wim8njjW3o/HTML-T5-0.014/blib/lib
    /home/cpan/pit/thr/conf/perl-5.14.3/.cpanplus/5.14.3/build/Wim8njjW3o/HTML-T5-0.014/blib/arch
    /home/cpan/pit/thr/perl-5.14.3/lib/site_perl/5.14.3/i386-freebsd-thread-multi
    /home/cpan/pit/thr/perl-5.14.3/lib/site_perl/5.14.3
    /home/cpan/pit/thr/perl-5.14.3/lib/5.14.3/i386-freebsd-thread-multi
    /home/cpan/pit/thr/perl-5.14.3/lib/5.14.3
    .