Back
From: metabase:user:30977d10-2aae-11df-837a-5e0a49663a4f
Subject: FAIL MooseX-Error-Exception-Class-0.099 v5.12.4 GNU/Linux
Date: 2011-07-09T21:45:58Z
This distribution has been tested as part of the CPAN Testers
project, supporting the Perl programming language. See
http://wiki.cpantesters.org/ for more information or email
questions to cpan-testers-discuss@perl.org
--
Dear Curtis Jewell,
This is a computer-generated report for MooseX-Error-Exception-Class-0.099
on perl 5.12.4, created by CPAN-Reporter-1.1902.
Thank you for uploading your work to CPAN. However, there was a problem
testing your distribution.
If you think this report is invalid, please consult the CPAN Testers Wiki
for suggestions on how to avoid getting FAIL reports for missing library
or binary dependencies, unsupported operating systems, and so on:
http://wiki.cpantesters.org/wiki/CPANAuthorNotes
Sections of this report:
* Tester comments
* Program output
* Prerequisites
* Environment and other context
------------------------------
TESTER COMMENTS
------------------------------
Additional comments from tester:
this report is from an automated smoke testing program
and was not reviewed by a human for accuracy
------------------------------
PROGRAM OUTPUT
------------------------------
Output from './Build test':
# Testing MooseX::Error::Exception::Class 0.099
t/000_load.t ............ ok
Can't locate object method "_can_be_made_compatible_with" via package "MooseX::Error::Exception::Class" at /home/trushel/perl/perl5124th/lib/site_perl/5.12.4/x86_64-linux-thread-multi/Class/MOP/Class.pm line 364.
BEGIN failed--compilation aborted at t/001_test.t line 17.
# No tests run!
# Looks like your test exited with 255 before it could output anything.
t/001_test.t ............
Dubious, test returned 255 (wstat 65280, 0xff00)
Failed 5/5 subtests
# Failed test 'Test::Perl::Critic for "blib/lib/MooseX/Error/Exception/Class.pm"'
# at /home/trushel/perl/perl5124th/lib/site_perl/5.12.4/Test/Perl/Critic.pm line 110.
#
# Perl::Critic found these violations in "blib/lib/MooseX/Error/Exception/Class.pm":
# blib/lib/MooseX/Error/Exception/Class.pm:1:1:
# Documentation::PodSpelling: Check the spelling in your POD: metaclass CPAN LICENCE
# blib/lib/MooseX/Error/Exception/Class.pm:8:1:
# ValuesAndExpressions::RequireConstantVersion: $VERSION value must be a constant
# blib/lib/MooseX/Error/Exception/Class.pm:22:38:
# Miscellanea::ProhibitUselessNoCritic: Useless '## no critic' annotation
# blib/lib/MooseX/Error/Exception/Class.pm:40:3:
# Miscellanea::ProhibitUselessNoCritic: Useless '## no critic' annotation
# blib/lib/MooseX/Error/Exception/Class.pm:74:15:
# RegularExpressions::ProhibitComplexRegexes: Split long regexps into smaller qr// chunks
# blib/lib/MooseX/Error/Exception/Class.pm:74:15:
# RegularExpressions::ProhibitEscapedMetacharacters: Use character classes for literal metachars instead of escapes
# blib/lib/MooseX/Error/Exception/Class.pm:110:1:
# Documentation::RequirePodLinksIncludeText: Link L<perlartistic> on line 235 does not specify text
# blib/lib/MooseX/Error/Exception/Class.pm:110:1:
# Documentation::RequirePodLinksIncludeText: Link L<perlgpl> on line 235 does not specify text
# 1 test of 1 failed.
t/800_perlcritic.t ......
Dubious, test returned 1 (wstat 256, 0x100)
Failed 1/1 subtests
t/801_pod.t ............. ok
t/802_minimumversion.t .. ok
# Distribution files are missing in MANIFEST:
# MYMETA.json
# MYMETA.yml
# Failed test 'All files are listed in MANIFEST or skipped'
# at t/803_manifest.t line 38.
# 1 test of 4 failed.
t/803_manifest.t ........
Dubious, test returned 1 (wstat 256, 0x100)
Failed 1/4 subtests
t/804_meta.t ............ ok
Test Summary Report
-------------------
t/001_test.t (Wstat: 65280 Tests: 0 Failed: 0)
Non-zero exit status: 255
Parse errors: Bad plan. You planned 5 tests but ran 0.
t/800_perlcritic.t (Wstat: 256 Tests: 1 Failed: 1)
Failed test: 1
Non-zero exit status: 1
t/803_manifest.t (Wstat: 256 Tests: 4 Failed: 1)
Failed test: 2
Non-zero exit status: 1
Files=7, Tests=20, 3 wallclock secs ( 0.04 usr 0.04 sys + 2.80 cusr 0.19 csys = 3.07 CPU)
Result: FAIL
Failed 3/7 test programs. 2/20 subtests failed.
------------------------------
PREREQUISITES
------------------------------
Prerequisite modules loaded:
requires:
Module Need Have
---------------- -------- --------
Exception::Class 1.29 1.32
Moose 0.88 2.0010
perl 5.008001 5.012004
build_requires:
Module Need Have
---------------- -------- --------
Test::More 0.61 2.00_07
configure_requires:
Module Need Have
---------------- -------- --------
Module::Build 0.33 0.3800
------------------------------
ENVIRONMENT AND OTHER CONTEXT
------------------------------
Environment variables:
AUTOMATED_TESTING = 1
LANG = en_US.UTF-8
LANGUAGE = en
LC_COLLATE = C
LC_MONETARY = C
LC_NUMERIC = C
LC_TIME = C
PATH = /usr/local/sbin:/usr/local/bin:/usr/sbin:/usr/bin:/sbin:/bin
PERL5LIB =
PERL5OPT =
PERL5_CPANPLUS_IS_RUNNING = 10236
PERL5_CPAN_IS_RUNNING = 10236
PERL5_CPAN_IS_RUNNING_IN_RECURSION = 2436,10236
PERL_CR_SMOKER_CURRENT = MooseX-Error-Exception-Class-0.099
PERL_EXTUTILS_AUTOINSTALL = --defaultdeps
PERL_MM_USE_DEFAULT = 1
SHELL = /bin/bash
TERM = xterm
Perl special variables (and OS-specific diagnostics, for MSWin32):
$^X = /home/trushel/perl/perl5124th/bin/perl
$UID/$EUID = 138375 / 138375
$GID = 5762 4 20 21 24 25 26 30 44 46 104 105 119 122 431 5762
$EGID = 5762 4 20 21 24 25 26 30 44 46 104 105 119 122 431 5762
Perl module toolchain versions installed:
Module Have
------------------- -------
CPAN 1.9600
Cwd 3.33
ExtUtils::CBuilder 0.27
ExtUtils::Command 1.17
ExtUtils::Install 1.54
ExtUtils::MakeMaker 6.57_11
ExtUtils::Manifest 1.58
ExtUtils::ParseXS 2.2206
File::Spec 3.33
Module::Build 0.3800
Module::Signature 0.68
Test::Harness 3.23
Test::More 2.00_07
YAML 0.73
YAML::Syck 1.17
version 0.91
--
Summary of my perl5 (revision 5 version 12 subversion 4) configuration:
Platform:
osname=linux, osvers=2.6.32-32-generic, archname=x86_64-linux-thread-multi
uname='linux trushel-glaptop 2.6.32-32-generic #62-ubuntu smp wed apr 20 21:52:38 utc 2011 x86_64 gnulinux '
config_args=''
hint=recommended, useposix=true, d_sigaction=define
useithreads=define, usemultiplicity=define
useperlio=define, d_sfio=undef, uselargefiles=define, usesocks=undef
use64bitint=define, use64bitall=define, uselongdouble=undef
usemymalloc=n, bincompat5005=undef
Compiler:
cc='cc', ccflags ='-D_REENTRANT -D_GNU_SOURCE -fno-strict-aliasing -pipe -fstack-protector -I/usr/local/include -D_LARGEFILE_SOURCE -D_FILE_OFFSET_BITS=64',
optimize='-O2',
cppflags='-D_REENTRANT -D_GNU_SOURCE -fno-strict-aliasing -pipe -fstack-protector -I/usr/local/include'
ccversion='', gccversion='4.4.3', gccosandvers=''
intsize=4, longsize=8, ptrsize=8, doublesize=8, byteorder=12345678
d_longlong=define, longlongsize=8, d_longdbl=define, longdblsize=16
ivtype='long', ivsize=8, nvtype='double', nvsize=8, Off_t='off_t', lseeksize=8
alignbytes=8, prototype=define
Linker and Libraries:
ld='cc', ldflags =' -fstack-protector -L/usr/local/lib'
libpth=/usr/local/lib /lib/../lib /usr/lib/../lib /lib /usr/lib /usr/lib/x86_64-linux-gnu /lib64 /usr/lib64
libs=-lnsl -ldl -lm -lcrypt -lutil -lpthread -lc
perllibs=-lnsl -ldl -lm -lcrypt -lutil -lpthread -lc
libc=/lib/libc-2.11.1.so, so=so, useshrplib=false, libperl=libperl.a
gnulibc_version='2.11.1'
Dynamic Linking:
dlsrc=dl_dlopen.xs, dlext=so, d_dlsymun=undef, ccdlflags='-Wl,-E'
cccdlflags='-fPIC', lddlflags='-shared -O2 -L/usr/local/lib -fstack-protector'
Characteristics of this binary (from libperl):
Compile-time options: MULTIPLICITY PERL_DONT_CREATE_GVSV
PERL_IMPLICIT_CONTEXT PERL_MALLOC_WRAP USE_64_BIT_ALL
USE_64_BIT_INT USE_ITHREADS USE_LARGE_FILES
USE_PERLIO USE_PERL_ATOF USE_REENTRANT_API
Built under linux
Compiled at Jun 23 2011 00:40:16
%ENV:
PERL5LIB=""
PERL5OPT=""
PERL5_CPANPLUS_IS_RUNNING="10236"
PERL5_CPAN_IS_RUNNING="10236"
PERL5_CPAN_IS_RUNNING_IN_RECURSION="2436,10236"
PERL_CR_SMOKER_CURRENT="MooseX-Error-Exception-Class-0.099"
PERL_EXTUTILS_AUTOINSTALL="--defaultdeps"
PERL_MM_USE_DEFAULT="1"
@INC:
/home/trushel/perl/perl5124th/lib/site_perl/5.12.4/x86_64-linux-thread-multi
/home/trushel/perl/perl5124th/lib/site_perl/5.12.4
/home/trushel/perl/perl5124th/lib/5.12.4/x86_64-linux-thread-multi
/home/trushel/perl/perl5124th/lib/5.12.4
.