Back
From: metabase:user:30f0bd62-2aae-11df-837a-5e0a49663a4f
Subject: FAIL Vtiger-1.0 v5.12.3 MirOS BSD
Date: 2011-05-17T06:56:46Z
This distribution has been tested as part of the CPAN Testers
project, supporting the Perl programming language. See
http://wiki.cpantesters.org/ for more information or email
questions to cpan-testers-discuss@perl.org
--
Dear Ricardo Luiz Filipo,
This is a computer-generated report for Vtiger-1.0
on perl 5.12.3, created by CPAN-Reporter-1.1902.
Thank you for uploading your work to CPAN. However, there was a problem
testing your distribution.
If you think this report is invalid, please consult the CPAN Testers Wiki
for suggestions on how to avoid getting FAIL reports for missing library
or binary dependencies, unsupported operating systems, and so on:
http://wiki.cpantesters.org/wiki/CPANAuthorNotes
Sections of this report:
* Tester comments
* Program output
* Prerequisites
* Environment and other context
------------------------------
TESTER COMMENTS
------------------------------
Additional comments from tester:
this report is from an automated smoke testing program
and was not reviewed by a human for accuracy
------------------------------
PROGRAM OUTPUT
------------------------------
Output from './Build test':
# Testing Vtiger 1.0, Perl 5.012003, /home/sts/cpansmoke/perl-5.12.3/bin/perl
t/00-load.t ....... ok
t/01-basic.t ...... skipped: Can't test vtiger server
t/02-crud.t ....... skipped: Can't test vtiger server
t/03-query.t ...... skipped: Can't test vtiger server
t/04-wx.t ......... skipped: Can't test vtiger server
t/boilerplate.t ... ok
t/manifest.t ...... skipped: Author tests not required for installation
# Failed test 'Pod coverage on Vtiger::Wx::ObjEditor'
# at /home/sts/cpansmoke/perl-5.12.3/lib/site_perl/5.12.3/Test/Pod/Coverage.pm line 126.
# Vtiger::Wx::ObjEditor: couldn't find pod
# Failed test 'Pod coverage on Vtiger::Wx::vtObjEditor'
# at /home/sts/cpansmoke/perl-5.12.3/lib/site_perl/5.12.3/Test/Pod/Coverage.pm line 126.
# Vtiger::Wx::vtObjEditor: couldn't find pod
# Looks like you failed 2 tests of 7.
t/pod-coverage.t ..
Dubious, test returned 2 (wstat 512, 0x200)
Failed 2/7 subtests
t/pod.t ........... ok
Test Summary Report
-------------------
t/boilerplate.t (Wstat: 0 Tests: 3 Failed: 0)
TODO passed: 1, 3
t/pod-coverage.t (Wstat: 512 Tests: 7 Failed: 2)
Failed tests: 4, 7
Non-zero exit status: 2
Files=9, Tests=18, 2 wallclock secs ( 0.10 usr 0.05 sys + 1.04 cusr 0.18 csys = 1.37 CPU)
Result: FAIL
Failed 1/9 test programs. 2/18 subtests failed.
------------------------------
PREREQUISITES
------------------------------
Prerequisite modules loaded:
build_requires:
Module Need Have
------------- ---- ------
Test::More 0 0.94
configure_requires:
Module Need Have
------------- ---- ------
Module::Build 0.36 0.3603
------------------------------
ENVIRONMENT AND OTHER CONTEXT
------------------------------
Environment variables:
AUTOMATED_TESTING = 1
LC_CTYPE = en_US.UTF-8
PATH = /home/sts/.etc/bin:/usr/local/bin:/usr/mpkg/bin:/usr/bin:/bin:/usr/X11R6/bin:/usr/sbin:/sbin:/usr/mpkg/sbin:/usr/games
PERL5LIB =
PERL5OPT =
PERL5_CPANPLUS_IS_RUNNING = 24781
PERL5_CPAN_IS_RUNNING = 24781
PERL5_CPAN_IS_RUNNING_IN_RECURSION = 23889,24781
PERL_CR_SMOKER_CURRENT = Vtiger-1.0
PERL_EXTUTILS_AUTOINSTALL = --defaultdeps
PERL_MM_USE_DEFAULT = 1
SHELL = /bin/mksh
TERM = screen
TMPDIR = /home/sts/cpansmoke/tmp
Perl special variables (and OS-specific diagnostics, for MSWin32):
$^X = /home/sts/cpansmoke/perl-5.12.3/bin/perl
$UID/$EUID = 3000 / 3000
$GID = 3000 3000 0 9 20
$EGID = 3000 3000 0 9 20
Perl module toolchain versions installed:
Module Have
------------------- -------
CPAN 1.9600
Cwd 3.31
ExtUtils::CBuilder 0.27
ExtUtils::Command 1.16
ExtUtils::Install 1.55
ExtUtils::MakeMaker 6.56
ExtUtils::Manifest 1.57
ExtUtils::ParseXS 2.21
File::Spec 3.31_01
Module::Build 0.3603
Module::Signature n/a
Test::Harness 3.17
Test::More 0.94
YAML 0.72
YAML::Syck n/a
version 0.82
--
Summary of my perl5 (revision 5 version 12 subversion 3) configuration:
Platform:
osname=mirbsd, osvers=10, archname=MirBSD.i386-mirbsd-thread-multi
uname='mirbsd cpansmoke4 10 kv#10uae-20110123 generic#1308 i386 '
config_args='-des -Dusethreads -Dprefix=/home/sts/cpansmoke/perl-5.12.3'
hint=recommended, useposix=true, d_sigaction=define
useithreads=define, usemultiplicity=define
useperlio=define, d_sfio=undef, uselargefiles=define, usesocks=undef
use64bitint=undef, use64bitall=undef, uselongdouble=undef
usemymalloc=n, bincompat5005=undef
Compiler:
cc='mgcc', ccflags ='-pthread -fhonour-copts -I/usr/mpkg/include -I/usr/local/include',
optimize='-O2',
cppflags='-fhonour-copts -I/usr/mpkg/include -pthread -fhonour-copts -I/usr/mpkg/include -I/usr/local/include'
ccversion='', gccversion='3.4.6 (propolice; gpc; MirOS 0AAB)', gccosandvers='mirbsd10'
intsize=4, longsize=4, ptrsize=4, doublesize=8, byteorder=1234
d_longlong=define, longlongsize=8, d_longdbl=define, longdblsize=12
ivtype='long', ivsize=4, nvtype='double', nvsize=8, Off_t='off_t', lseeksize=8
alignbytes=4, prototype=define
Linker and Libraries:
ld='mgcc', ldflags ='-pthread -Wl,-E -L/usr/mpkg/lib -L/usr/local/lib'
libpth=/usr/mpkg/lib /usr/local/lib /usr/lib
libs=-lm -lutil -lc
perllibs=-lm -lutil -lc
libc=/usr/lib/libc.so.41.9, so=so, useshrplib=false, libperl=libperl.a
gnulibc_version=''
Dynamic Linking:
dlsrc=dl_dlopen.xs, dlext=so, d_dlsymun=undef, ccdlflags=' '
cccdlflags='-DPIC -fPIC ', lddlflags='-shared -fPIC -L/usr/mpkg/lib -L/usr/local/lib'
Characteristics of this binary (from libperl):
Compile-time options: MULTIPLICITY PERL_DONT_CREATE_GVSV
PERL_IMPLICIT_CONTEXT PERL_MALLOC_WRAP USE_ITHREADS
USE_LARGE_FILES USE_PERLIO USE_PERL_ATOF
USE_REENTRANT_API
Built under mirbsd
Compiled at Mar 30 2011 17:29:16
%ENV:
PERL5LIB=""
PERL5OPT=""
PERL5_CPANPLUS_IS_RUNNING="24781"
PERL5_CPAN_IS_RUNNING="24781"
PERL5_CPAN_IS_RUNNING_IN_RECURSION="23889,24781"
PERL_CR_SMOKER_CURRENT="Vtiger-1.0"
PERL_EXTUTILS_AUTOINSTALL="--defaultdeps"
PERL_MM_USE_DEFAULT="1"
@INC:
/home/sts/cpansmoke/perl-5.12.3/lib/site_perl/5.12.3/MirBSD.i386-mirbsd-thread-multi
/home/sts/cpansmoke/perl-5.12.3/lib/site_perl/5.12.3
/home/sts/cpansmoke/perl-5.12.3/lib/5.12.3/MirBSD.i386-mirbsd-thread-multi
/home/sts/cpansmoke/perl-5.12.3/lib/5.12.3
.