Validate-Simple v0.01 Perl 5 v5.14.1 i86pc-solaris-thread-multi

Status
Fail
From
Nigel Horne
Dist
Validate-Simple v0.01
Platform
Perl 5 v5.14.1 i86pc-solaris-thread-multi
Date
2019-12-31 14:57:14
ID
d4f94e66-2bdd-11ea-bea1-883b4c49479c
This distribution has been tested as part of the CPAN Testers
project, supporting the Perl programming language.  See
http://wiki.cpantesters.org/ for more information or email
questions to cpan-testers-discuss@perl.org


--
Dear Andrei Pratasavitski,

This is a computer-generated report for Validate-Simple-0.01
on perl 5.14.1, created by CPAN-Reporter-1.2018.

Thank you for uploading your work to CPAN.  However, there was a problem
testing your distribution.

If you think this report is invalid, please consult the CPAN Testers Wiki
for suggestions on how to avoid getting FAIL reports for missing library
or binary dependencies, unsupported operating systems, and so on:

http://wiki.cpantesters.org/wiki/CPANAuthorNotes

Sections of this report:

    * Tester comments
    * Program output
    * Prerequisites
    * Environment and other context

------------------------------
TESTER COMMENTS
------------------------------

Additional comments from tester:

this report is from an automated smoke testing program
and was not reviewed by a human for accuracy

------------------------------
PROGRAM OUTPUT
------------------------------

Output from '/usr/bin/make test':

PERL_DL_NONLAZY=1 "/export/home/njh/perl5/perlbrew/perls/perl-5.14.1-thread/bin/perl5.14.1" "-MExtUtils::Command::MM" "-MTest::Harness" "-e" "undef *Test::Harness::Switches; test_harness(0, 'blib/lib', 'blib/arch')" t/*.t
Warning: Use of "defined" without parentheses is ambiguous at t/010_validate.t line 220.
Use of ?PATTERN? without explicit operator is deprecated at t/010_validate.t line 220.
Bareword found where operator expected at t/010_validate.t line 223, near "? ok"
  (Might be a runaway multi-line ?? string starting on line 220)
	(Missing operator before ok?)
syntax error at t/010_validate.t line 223, near "? ok"
syntax error at t/010_validate.t line 226, near "}"
Missing right curly or square bracket at t/010_validate.t line 228, at end of line
syntax error at t/010_validate.t line 228, at EOF
Execution of t/010_validate.t aborted due to compilation errors.
t/010_validate.t ............... 
Dubious, test returned 255 (wstat 65280, 0xff00)
No subtests run 
t/011_validate_spec.t .......... ok
t/012_validate_against_spec.t .. ok

Test Summary Report
-------------------
t/010_validate.t             (Wstat: 65280 Tests: 0 Failed: 0)
  Non-zero exit status: 255
  Parse errors: No plan found in TAP output
Files=3, Tests=1474,  0 wallclock secs ( 0.11 usr  0.01 sys +  0.49 cusr  0.06 csys =  0.67 CPU)
Result: FAIL
Failed 1/3 test programs. 0/1474 subtests failed.
*** Error code 255
make: Fatal error: Command failed for target `test_dynamic'

------------------------------
PREREQUISITES
------------------------------

Prerequisite modules loaded:

requires:

    Module              Need     Have    
    ------------------- -------- --------
    Carp                0        1.50    
    Data::Dumper        0        2.130_02
    Data::Types         0        0.17    
    perl                5.010000 5.014001
    Scalar::Util        0        1.52    

build_requires:

    Module              Need     Have    
    ------------------- -------- --------
    ExtUtils::MakeMaker 0        7.34    
    Test::More          0        1.302169

configure_requires:

    Module              Need     Have    
    ------------------- -------- --------
    ExtUtils::MakeMaker 0        7.34    


------------------------------
ENVIRONMENT AND OTHER CONTEXT
------------------------------

Environment variables:

    AUTOMATED_TESTING = 1
    NONINTERACTIVE_TESTING = 1
    PATH = /export/home/njh/perl5/perlbrew/bin:/export/home/njh/perl5/perlbrew/perls/perl-5.14.1-thread/bin:/export/home/njh/src/njh/smoker/bin:/usr/bin
    PERL5LIB = /export/home/njh/.cpan/build/Data-Types-0.17-0/blib/arch:/export/home/njh/.cpan/build/Data-Types-0.17-0/blib/lib:/export/home/njh/.cpan/build/MySQL-Hi-0.03-0/blib/arch:/export/home/njh/.cpan/build/MySQL-Hi-0.03-0/blib/lib:/export/home/njh/.cpan/build/Config-Simple-4.58-0/blib/arch:/export/home/njh/.cpan/build/Config-Simple-4.58-0/blib/lib
    PERL5OPT = 
    PERL5_CPANPLUS_IS_RUNNING = 26768
    PERL5_CPAN_IS_RUNNING = 26768
    PERL5_CPAN_IS_RUNNING_IN_RECURSION = 26749,26768
    PERLBREW_HOME = /export/home/njh/.perlbrew
    PERLBREW_MANPATH = /export/home/njh/perl5/perlbrew/perls/perl-5.14.1-thread/man
    PERLBREW_PATH = /export/home/njh/perl5/perlbrew/bin:/export/home/njh/perl5/perlbrew/perls/perl-5.14.1-thread/bin
    PERLBREW_PERL = perl-5.14.1-thread
    PERLBREW_ROOT = /export/home/njh/perl5/perlbrew
    PERLBREW_SHELLRC_VERSION = 0.87
    PERLBREW_VERSION = 0.87
    PERL_MM_USE_DEFAULT = 1
    PERL_USE_UNSAFE_INC = 1
    SHELL = /usr/bin/bash
    TERM = dumb
    TMPDIR = /tmp/testwrapper.26754

Perl special variables (and OS-specific diagnostics, for MSWin32):

    $^X = /export/home/njh/perl5/perlbrew/perls/perl-5.14.1-thread/bin/perl5.14.1
    $UID/$EUID = 101 / 101
    $GID = 10 10
    $EGID = 10 10

Perl module toolchain versions installed:

    Module              Have    
    ------------------- --------
    CPAN                2.26    
    CPAN::Meta          2.143240
    Cwd                 3.75    
    ExtUtils::CBuilder  0.280230
    ExtUtils::Command   7.34    
    ExtUtils::Install   2.06    
    ExtUtils::MakeMaker 7.34    
    ExtUtils::Manifest  1.70    
    ExtUtils::ParseXS   2.2210  
    File::Spec          3.75    
    JSON                4.02    
    JSON::PP            4.04    
    Module::Build       0.4229  
    Module::Signature   n/a     
    Parse::CPAN::Meta   1.4414  
    Test::Harness       3.42    
    Test::More          1.302169
    YAML                1.29    
    YAML::Syck          1.31    
    version             0.88    


--

Summary of my perl5 (revision 5 version 14 subversion 1) configuration:
   
  Platform:
    osname=solaris, osvers=2.11, archname=i86pc-solaris-thread-multi
    uname='sunos vultr1.bandsman.co.uk 5.11 illumos-b075503f22 i86pc i386 i86pc '
    config_args='-de -Dprefix=/export/home/njh/perl5/perlbrew/perls/perl-5.14.1-thread -Dusedevel -Dusethreads -Accflags= -Aeval:scriptdir=/export/home/njh/perl5/perlbrew/perls/perl-5.14.1-thread/bin'
    hint=recommended, useposix=true, d_sigaction=define
    useithreads=define, usemultiplicity=define
    useperlio=define, d_sfio=undef, uselargefiles=define, usesocks=undef
    use64bitint=undef, use64bitall=undef, uselongdouble=undef
    usemymalloc=n, bincompat5005=undef
  Compiler:
    cc='/opt/SUNWspro/bin/cc', ccflags ='-D_REENTRANT -I/usr/gnu/include -D_LARGEFILE_SOURCE -D_FILE_OFFSET_BITS=64 -DPERL_USE_SAFE_PUTENV',
    optimize='-O',
    cppflags='-D_REENTRANT -I/usr/gnu/include'
    ccversion='Sun C 5.10 SunOS_i386 2009/06/03', gccversion='', gccosandvers=''
    intsize=4, longsize=4, ptrsize=4, doublesize=8, byteorder=1234
    d_longlong=define, longlongsize=8, d_longdbl=define, longdblsize=12
    ivtype='long', ivsize=4, nvtype='double', nvsize=8, Off_t='off_t', lseeksize=8
    alignbytes=4, prototype=define
  Linker and Libraries:
    ld='/opt/SUNWspro/bin/cc', ldflags =' -L/usr/lib -L/usr/ccs/lib -L/opt/sunstudio12.1/prod/lib -L/lib -L/usr/gnu/lib '
    libpth=/usr/lib /usr/ccs/lib /opt/sunstudio12.1/prod/lib /lib /usr/gnu/lib
    libs=-lsocket -lnsl -lgdbm -ldb -ldl -lm -lpthread -lc
    perllibs=-lsocket -lnsl -ldl -lm -lpthread -lc
    libc=/lib/libc.so, so=so, useshrplib=true, libperl=libperl.so
    gnulibc_version=''
  Dynamic Linking:
    dlsrc=dl_dlopen.xs, dlext=so, d_dlsymun=undef, ccdlflags='  -R /export/home/njh/perl5/perlbrew/perls/perl-5.14.1-thread/lib/5.14.1/i86pc-solaris-thread-multi/CORE'
    cccdlflags='-KPIC', lddlflags='-G -L/usr/lib -L/usr/ccs/lib -L/opt/sunstudio12.1/prod/lib -L/lib -L/usr/gnu/lib'


Characteristics of this binary (from libperl): 
  Compile-time options: MULTIPLICITY PERL_DONT_CREATE_GVSV
                        PERL_IMPLICIT_CONTEXT PERL_MALLOC_WRAP
                        PERL_PRESERVE_IVUV PERL_USE_DEVEL
                        PERL_USE_SAFE_PUTENV USE_ITHREADS USE_LARGE_FILES
                        USE_PERLIO USE_PERL_ATOF USE_REENTRANT_API
  Locally applied patches:
	Devel::PatchPerl 1.52
  Built under solaris
  Compiled at Sep 15 2018 00:41:40
  %ENV:
    PERL5LIB="/export/home/njh/.cpan/build/Data-Types-0.17-0/blib/arch:/export/home/njh/.cpan/build/Data-Types-0.17-0/blib/lib:/export/home/njh/.cpan/build/MySQL-Hi-0.03-0/blib/arch:/export/home/njh/.cpan/build/MySQL-Hi-0.03-0/blib/lib:/export/home/njh/.cpan/build/Config-Simple-4.58-0/blib/arch:/export/home/njh/.cpan/build/Config-Simple-4.58-0/blib/lib"
    PERL5OPT=""
    PERL5_CPANPLUS_IS_RUNNING="26768"
    PERL5_CPAN_IS_RUNNING="26768"
    PERL5_CPAN_IS_RUNNING_IN_RECURSION="26749,26768"
    PERLBREW_HOME="/export/home/njh/.perlbrew"
    PERLBREW_MANPATH="/export/home/njh/perl5/perlbrew/perls/perl-5.14.1-thread/man"
    PERLBREW_PATH="/export/home/njh/perl5/perlbrew/bin:/export/home/njh/perl5/perlbrew/perls/perl-5.14.1-thread/bin"
    PERLBREW_PERL="perl-5.14.1-thread"
    PERLBREW_ROOT="/export/home/njh/perl5/perlbrew"
    PERLBREW_SHELLRC_VERSION="0.87"
    PERLBREW_VERSION="0.87"
    PERL_MM_USE_DEFAULT="1"
    PERL_USE_UNSAFE_INC="1"
  @INC:
    /export/home/njh/.cpan/build/Data-Types-0.17-0/blib/arch
    /export/home/njh/.cpan/build/Data-Types-0.17-0/blib/lib
    /export/home/njh/.cpan/build/MySQL-Hi-0.03-0/blib/arch
    /export/home/njh/.cpan/build/MySQL-Hi-0.03-0/blib/lib
    /export/home/njh/.cpan/build/Config-Simple-4.58-0/blib/arch
    /export/home/njh/.cpan/build/Config-Simple-4.58-0/blib/lib
    /export/home/njh/perl5/perlbrew/perls/perl-5.14.1-thread/lib/site_perl/5.14.1/i86pc-solaris-thread-multi
    /export/home/njh/perl5/perlbrew/perls/perl-5.14.1-thread/lib/site_perl/5.14.1
    /export/home/njh/perl5/perlbrew/perls/perl-5.14.1-thread/lib/5.14.1/i86pc-solaris-thread-multi
    /export/home/njh/perl5/perlbrew/perls/perl-5.14.1-thread/lib/5.14.1
    .