Back
From: metabase:user:fb19509c-17e3-11e3-a14d-fdb79081a995
Subject: FAIL Dist-Zilla-Plugin-CheckIssues-0.008 v5.23.2 Mac OS X
Date: 2015-08-20T17:21:02Z
This distribution has been tested as part of the CPAN Testers
project, supporting the Perl programming language. See
http://wiki.cpantesters.org/ for more information or email
questions to cpan-testers-discuss@perl.org
--
Dear ETHER,
This is a computer-generated report for Dist-Zilla-Plugin-CheckIssues-0.008
on perl 5.23.2, created by App::cpanminus::reporter 0.12 (1.7039).
Thank you for uploading your work to CPAN. However, there was a problem
testing your distribution.
If you think this report is invalid, please consult the CPAN Testers Wiki
for suggestions on how to avoid getting FAIL reports for missing library
or binary dependencies, unsupported operating systems, and so on:
http://wiki.cpantesters.org/wiki/CPANAuthorNotes
Sections of this report:
* Tester comments
* Program output
* Prerequisites
* Environment and other context
------------------------------
TESTER COMMENTS
------------------------------
Additional comments from tester:
none provided
------------------------------
PROGRAM OUTPUT
------------------------------
Output from '':
Building and testing Dist-Zilla-Plugin-CheckIssues-0.008
#
# Versions for all modules listed in MYMETA.json (including optional ones):
#
# === Configure Requires ===
#
# Module Want Have
# ------------------- ----- -----
# Module::Build::Tiny 0.039 0.039
#
# === Test Requires ===
#
# Module Want Have
# ------------------------------- ---- --------
# Dist::Zilla::App::Tester any 5.039
# Dist::Zilla::Role::MetaProvider any 5.039
# ExtUtils::MakeMaker any 7.05_28
# File::Spec any 3.57
# File::pushd any 1.009
# Moose::Util any 2.1602
# Path::Tiny any 0.072
# Test::DZil any 5.039
# Test::Deep any 0.117
# Test::Fatal any 0.014
# Test::More 0.88 1.001014
# if any 0.0604
# lib any 0.63
#
# === Test Recommends ===
#
# Module Want Have
# ---------- -------- --------
# CPAN::Meta 2.120900 2.150005
#
# === Runtime Requires ===
#
# Module Want Have
# -------------------------------- -------- --------
# Dist::Zilla::App any 5.039
# Dist::Zilla::Role::BeforeRelease any 5.039
# Encode any 2.76
# HTTP::Headers any 6.10
# HTTP::Tiny any 0.056
# JSON::MaybeXS 1.001000 1.003005
# List::Util 1.33 1.42_01
# Moose any 2.1602
# Term::ANSIColor 3.00 4.03
# namespace::autoclean any 0.26
# strict any 1.09
# warnings any 1.33
#
# === Other Modules ===
#
# Module Have
# ------------- ----
# Pod::Coverage 0.23
#
t/00-report-prereqs.t .. ok
t/zzz-check-breaks.t ... ok
t/02-no-rt.t ........... ok
t/03-no-repo.t ......... ok
t/01-basic.t ........... ok
# Failed test 'RT and github issues printed'
# at t/04-command.t line 68.
# got: ''
# expected: 'Issues on RT (https://rt.cpan.org/Public/Dist/Display.html?Name=DZT-Sample):
# open: 48 stalled: 4
# Issues on github (https://github.com/dude/project):
# open: 3
# '
# got result: bless( {
# 'app' => bless( {
# 'Dist::Zilla::App' => 'HASH(0x7fd65e377110)',
# '__chrome__' => 'Dist::Zilla::Chrome::Term=HASH(0x7fd65e2f04f8)',
# 'arg0' => '04-command.t',
# 'command' => 'HASH(0x7fd65dadf638)',
# 'full_arg0' => 't/04-command.t',
# 'global_options' => 'Getopt::Long::Descriptive::Opts::__OPT__::1=HASH(0x7fd65e2f0c90)',
# 'usage' => '04-command.t <command> [-Iv] [long options...]
# -v[=STR...] --verbose[=STR...] log additional output
# -I STR... --lib-inc STR... additional @INC dirs
# '
# }, 'Dist::Zilla::App' ),
# 'error' => undef,
# 'exit_code' => 0,
# 'output' => '',
# 'run_rv' => '',
# 'stderr' => '',
# 'stdout' => '',
# 'tempdir' => '/var/folders/kx/9dgyhhpn2yb7v2mggnr385fr0000gn/T/FN2LH_5lHm'
# }, 'Dist::Zilla::App::Tester::Result' )
# Failed test 'RT and github issues printed'
# at t/04-command.t line 115.
# got: ''
# expected: 'Issues on RT (https://rt.cpan.org/Public/Dist/Display.html?Name=DZT-Sample):
# open: 48 stalled: 4
# Issues on github (https://github.com/anonymous/junk):
# open: 5
# '
# got result: bless( {
# 'app' => bless( {
# 'Dist::Zilla::App' => 'HASH(0x7fd65f0f9b68)',
# '__chrome__' => 'Dist::Zilla::Chrome::Term=HASH(0x7fd65f0a7ea8)',
# 'arg0' => '04-command.t',
# 'command' => 'HASH(0x7fd65de27750)',
# 'full_arg0' => 't/04-command.t',
# 'global_options' => 'Getopt::Long::Descriptive::Opts::__OPT__::3=HASH(0x7fd65f0a8dd8)',
# 'usage' => '04-command.t <command> [-Iv] [long options...]
# -v[=STR...] --verbose[=STR...] log additional output
# -I STR... --lib-inc STR... additional @INC dirs
# '
# }, 'Dist::Zilla::App' ),
# 'error' => undef,
# 'exit_code' => 0,
# 'output' => '',
# 'run_rv' => '',
# 'stderr' => '',
# 'stdout' => '',
# 'tempdir' => '/var/folders/kx/9dgyhhpn2yb7v2mggnr385fr0000gn/T/chKH2lPMCJ'
# }, 'Dist::Zilla::App::Tester::Result' )
# Looks like you failed 2 tests of 10.
t/04-command.t .........
Dubious, test returned 2 (wstat 512, 0x200)
Failed 2/10 subtests
Test Summary Report
-------------------
t/04-command.t (Wstat: 512 Tests: 10 Failed: 2)
Failed tests: 5, 10
Non-zero exit status: 2
Files=6, Tests=19, 2 wallclock secs ( 0.04 usr 0.01 sys + 6.53 cusr 0.37 csys = 6.95 CPU)
Result: FAIL
------------------------------
PREREQUISITES
------------------------------
Prerequisite modules loaded:
No requirements found
------------------------------
ENVIRONMENT AND OTHER CONTEXT
------------------------------
Environment variables:
LANG = en_CA.UTF-8
PATH = /Users/ether/.perlbrew/libs/23.2@std/bin:/Users/ether/perl5/perlbrew/bin:/Users/ether/perl5/perlbrew/perls/23.2/bin:/Users/ether/bin:/Users/ether/git/misc/install/bourbon/bin:/Users/ether/git/misc/install/generic/bin:/opt/local/bin:/opt/local/sbin:/Users/ether/git/git-hub/lib:/Users/ether/src/CE/devtools:/Users/ether/git/CE/devtools:/Users/ether/src/CE/bin:/Users/ether/git/CE/bin:/usr/bin:/bin:/usr/sbin:/sbin:/usr/local/bin:/opt/local/share/git-core/contrib/workdir
PERL5LIB = /Users/ether/.perlbrew/libs/23.2@std/lib/perl5
PERLBREW_BASHRC_VERSION = 0.73
PERLBREW_HOME = /Users/ether/.perlbrew
PERLBREW_LIB = std
PERLBREW_MANPATH = /Users/ether/.perlbrew/libs/23.2@std/man:/Users/ether/perl5/perlbrew/perls/23.2/man
PERLBREW_PATH = /Users/ether/.perlbrew/libs/23.2@std/bin:/Users/ether/perl5/perlbrew/bin:/Users/ether/perl5/perlbrew/perls/23.2/bin
PERLBREW_PERL = 23.2
PERLBREW_ROOT = /Users/ether/perl5/perlbrew
PERLBREW_VERSION = 0.73
PERLDOC_PAGER = less -sicMr
PERL_AUTOINSTALL_PREFER_CPAN = 1
PERL_INSTALL_QUIET = 1
PERL_LOCAL_LIB_ROOT = /Users/ether/.perlbrew/libs/23.2@std
PERL_MB_OPT = --install_base /Users/ether/.perlbrew/libs/23.2@std
PERL_MM_OPT = INSTALL_BASE=/Users/ether/.perlbrew/libs/23.2@std
SHELL = /bin/bash
TERM = xterm-color
TMPDIR = /var/folders/kx/9dgyhhpn2yb7v2mggnr385fr0000gn/T/
Perl special variables (and OS-specific diagnostics, for MSWin32):
EGID = 20 20 402 401 12 33 61 79 80 81 98 100 204
EUID = 501
EXECUTABLE_NAME = /Users/ether/perl5/perlbrew/perls/23.2/bin/perl5.23.2
GID = 20 20 402 401 12 33 61 79 80 81 98 100 204
UID = 501
Perl module toolchain versions installed:
Module Have
------------------- --------
CPAN 2.11
CPAN::Meta 2.150005
Cwd 3.57
ExtUtils::CBuilder 0.280223
ExtUtils::Command 7.05_28
ExtUtils::Install 2.04
ExtUtils::MakeMaker 7.05_28
ExtUtils::Manifest 1.70
ExtUtils::ParseXS 3.29
File::Spec 3.57
JSON 2.90
JSON::PP 2.27300
Module::Build 0.4214
Module::Signature n/a
Parse::CPAN::Meta 1.4417
Test::Harness 3.35
Test::More 1.001014
YAML 1.15
YAML::Syck 1.29
version 0.9909
--
Summary of my perl5 (revision 5 version 23 subversion 2) configuration:
Platform:
osname=darwin, osvers=12.6.0, archname=darwin-2level
uname='darwin bourbon 12.6.0 darwin kernel version 12.6.0: wed mar 18 16:23:48 pdt 2015; root:xnu-2050.48.19~1release_x86_64 x86_64 '
config_args='-de -Dprefix=/Users/ether/perl5/perlbrew/perls/23.2 -Dman1dir=none -Dman3dir=none -Dusedevel -Aeval:scriptdir=/Users/ether/perl5/perlbrew/perls/23.2/bin'
hint=recommended, useposix=true, d_sigaction=define
useithreads=undef, usemultiplicity=undef
use64bitint=define, use64bitall=define, uselongdouble=undef
usemymalloc=n, bincompat5005=undef
Compiler:
cc='cc', ccflags ='-fno-common -DPERL_DARWIN -fno-strict-aliasing -pipe -fstack-protector -I/opt/local/include',
optimize='-O3',
cppflags='-fno-common -DPERL_DARWIN -fno-strict-aliasing -pipe -fstack-protector -I/opt/local/include'
ccversion='', gccversion='4.2.1 Compatible Apple LLVM 4.2 (clang-425.0.28)', gccosandvers=''
intsize=4, longsize=8, ptrsize=8, doublesize=8, byteorder=12345678, doublekind=3
d_longlong=define, longlongsize=8, d_longdbl=define, longdblsize=16, longdblkind=3
ivtype='long', ivsize=8, nvtype='double', nvsize=8, Off_t='off_t', lseeksize=8
alignbytes=8, prototype=define
Linker and Libraries:
ld='env MACOSX_DEPLOYMENT_TARGET=10.3 cc', ldflags =' -fstack-protector -L/opt/local/lib'
libpth=/usr/bin/../lib/clang/4.2/lib /usr/lib /opt/local/lib
libs=-lpthread -lgdbm -ldbm -ldl -lm -lutil -lc
perllibs=-lpthread -ldl -lm -lutil -lc
libc=, so=dylib, useshrplib=false, libperl=libperl.a
gnulibc_version=''
Dynamic Linking:
dlsrc=dl_dlopen.xs, dlext=bundle, d_dlsymun=undef, ccdlflags=' '
cccdlflags=' ', lddlflags=' -bundle -undefined dynamic_lookup -L/opt/local/lib -fstack-protector'
Characteristics of this binary (from libperl):
Compile-time options: HAS_TIMES PERLIO_LAYERS PERL_COPY_ON_WRITE
PERL_DONT_CREATE_GVSV
PERL_HASH_FUNC_ONE_AT_A_TIME_HARD PERL_MALLOC_WRAP
PERL_PRESERVE_IVUV PERL_USE_DEVEL USE_64_BIT_ALL
USE_64_BIT_INT USE_LARGE_FILES USE_LOCALE
USE_LOCALE_COLLATE USE_LOCALE_CTYPE
USE_LOCALE_NUMERIC USE_LOCALE_TIME USE_PERLIO
USE_PERL_ATOF
Locally applied patches:
Devel::PatchPerl 1.34
Built under darwin
Compiled at Aug 20 2015 09:33:28
%ENV:
PERL5LIB="/Users/ether/.perlbrew/libs/23.2@std/lib/perl5"
PERLBREW_BASHRC_VERSION="0.73"
PERLBREW_HOME="/Users/ether/.perlbrew"
PERLBREW_LIB="std"
PERLBREW_MANPATH="/Users/ether/.perlbrew/libs/23.2@std/man:/Users/ether/perl5/perlbrew/perls/23.2/man"
PERLBREW_PATH="/Users/ether/.perlbrew/libs/23.2@std/bin:/Users/ether/perl5/perlbrew/bin:/Users/ether/perl5/perlbrew/perls/23.2/bin"
PERLBREW_PERL="23.2"
PERLBREW_ROOT="/Users/ether/perl5/perlbrew"
PERLBREW_VERSION="0.73"
PERLDOC_PAGER="less -sicMr"
PERL_AUTOINSTALL_PREFER_CPAN="1"
PERL_INSTALL_QUIET="1"
PERL_LOCAL_LIB_ROOT="/Users/ether/.perlbrew/libs/23.2@std"
PERL_MB_OPT="--install_base /Users/ether/.perlbrew/libs/23.2@std"
PERL_MM_OPT="INSTALL_BASE=/Users/ether/.perlbrew/libs/23.2@std"
@INC:
/Users/ether/.perlbrew/libs/23.2@std/lib/perl5/darwin-2level
/Users/ether/.perlbrew/libs/23.2@std/lib/perl5
/Users/ether/perl5/perlbrew/perls/23.2/lib/site_perl/5.23.2/darwin-2level
/Users/ether/perl5/perlbrew/perls/23.2/lib/site_perl/5.23.2
/Users/ether/perl5/perlbrew/perls/23.2/lib/5.23.2/darwin-2level
/Users/ether/perl5/perlbrew/perls/23.2/lib/5.23.2
.