ETL-Yertl v0.044 Perl 5 v5.16.3 amd64-freebsd-thread-multi

Status
Fail
From
Slaven Rezić
Dist
ETL-Yertl v0.044
Platform
Perl 5 v5.16.3 amd64-freebsd-thread-multi
Date
2022-10-16 18:39:15
ID
d5d32a00-4d81-11ed-9da0-82f76d8775ea
This distribution has been tested as part of the CPAN Testers
project, supporting the Perl programming language.  See
http://wiki.cpantesters.org/ for more information or email
questions to cpan-testers-discuss@perl.org


--
Dear Doug Bell,

This is a computer-generated report for ETL-Yertl-0.044
on perl 5.16.3, created by CPAN-Reporter-1.2018.

Thank you for uploading your work to CPAN.  However, there was a problem
testing your distribution.

If you think this report is invalid, please consult the CPAN Testers Wiki
for suggestions on how to avoid getting FAIL reports for missing library
or binary dependencies, unsupported operating systems, and so on:

http://wiki.cpantesters.org/wiki/CPANAuthorNotes

Sections of this report:

    * Tester comments
    * Program output
    * Prerequisites
    * Environment and other context

------------------------------
TESTER COMMENTS
------------------------------

Additional comments from tester:

none provided

------------------------------
PROGRAM OUTPUT
------------------------------

Output from '/usr/bin/make test':

PERL_DL_NONLAZY=1 "/usr/perl5.16.3t/bin/perl" "-MExtUtils::Command::MM" "-MTest::Harness" "-e" "undef *Test::Harness::Switches; test_harness(0, 'blib/lib', 'blib/arch')" t/*.t t/adapter/*.t t/bin/*.t t/command/ygrok/*.t t/command/ygrok/pattern/*.t t/command/yq/*.t t/format/*.t t/integration/*.t
t/00-compile.t ........................... ok
# 
# Versions for all modules listed in MYMETA.json (including optional ones):
# 
# === Configure Requires ===
# 
#     Module              Want Have
#     ------------------- ---- ----
#     ExtUtils::MakeMaker  any 7.64
# 
# === Build Requires ===
# 
#     Module              Want Have
#     ------------------- ---- ----
#     ExtUtils::MakeMaker  any 7.64
# 
# === Test Requires ===
# 
#     Module                  Want     Have
#     ------------------- -------- --------
#     Capture::Tiny            any     0.48
#     Dir::Self                any     0.11
#     ExtUtils::MakeMaker      any     7.64
#     File::Spec               any     3.75
#     Future                   any     0.48
#     IO::Handle               any     1.45
#     IPC::Open3               any     1.12
#     JSON::PP                 any     4.12
#     Mock::MonkeyPatch        any     0.03
#     Test::Deep               any    1.130
#     Test::Differences        any     0.69
#     Test::Exception          any     0.43
#     Test::Lib                any    0.003
#     Test::More          1.001005 1.302191
# 
# === Test Recommends ===
# 
#     Module         Want     Have
#     ---------- -------- --------
#     CPAN::Meta 2.120900 2.150010
# 
# === Runtime Requires ===
# 
#     Module                    Want       Have
#     ------------------- ---------- ----------
#     File::HomeDir              any      1.006
#     File::Spec                 any       3.75
#     Getopt::Long              2.36       2.52
#     Hash::Merge::Simple        any      0.051
#     IO::Async                 0.77      0.802
#     IO::Interactive            any      1.022
#     Import::Base             0.010      1.003
#     JSON::MaybeXS              any   1.004003
#     List::Util                 any       1.63
#     Module::Runtime            any      0.016
#     Net::Async::HTTP           any       0.48
#     Path::Tiny               0.072      0.122
#     Pod::Usage::Return         any      0.003
#     Regexp::Common      2013031301 2017060201
#     SQL::Abstract              any   2.000000
#     Time::Local                any       1.30
#     Time::Piece                any     1.3401
#     URI                        any       5.16
#     YAML::Tiny                 any       1.73
#     boolean                    any       0.46
# 
# === Runtime Recommends ===
# 
#     Module       Want  Have
#     ------------ ---- -----
#     DBD::SQLite   any  1.70
#     DBI           any 1.643
#     JSON::PP      any  4.12
#     JSON::XS      any  4.03
#     Text::CSV     any  2.02
#     Text::CSV_XS  any  1.48
#     YAML::Syck    any  1.34
#     YAML::XS      any  0.85
# 
t/00-report-prereqs.t .................... ok
t/adapter/graphite.t ..................... ok
t/adapter/influxdb.t ..................... ok
t/bin/yfrom.t ............................ ok
t/bin/ygrok.t ............................ ok
t/bin/yq.t ............................... ok

                #   Failed test at t/bin/ysql.t line 516.
                # Comparing $data as a Bag
                # Missing: 1 reference
                # Looks like you failed 1 test of 3.

            #   Failed test '--where'
            #   at t/bin/ysql.t line 524.
            # Looks like you failed 1 test of 5.

        #   Failed test '--select'
        #   at t/bin/ysql.t line 575.

                #   Failed test at t/bin/ysql.t line 600.
                # Comparing $data as a Bag
                # Missing: 1 reference
                # Extra: 1 reference
                # Looks like you failed 1 test of 3.

            #   Failed test '--where'
            #   at t/bin/ysql.t line 605.
            # Looks like you failed 1 test of 4.

        #   Failed test '--count'
        #   at t/bin/ysql.t line 606.

                #   Failed test at t/bin/ysql.t line 667.
                # Comparing $data as a Bag
                # Extra: 1 reference
                # Looks like you failed 1 test of 4.

            #   Failed test '--where'
            #   at t/bin/ysql.t line 672.
            # Looks like you failed 1 test of 5.

        #   Failed test '--delete'
        #   at t/bin/ysql.t line 674.
        # Looks like you failed 3 tests of 4.

    #   Failed test 'sql helper options'
    #   at t/bin/ysql.t line 675.
    # Looks like you failed 1 test of 6.

#   Failed test 'query'
#   at t/bin/ysql.t line 928.
# Looks like you failed 1 test of 4.
t/bin/ysql.t ............................. 
Dubious, test returned 1 (wstat 256, 0x100)
Failed 1/4 subtests 
t/bin/yto.t .............................. ok
t/bin/yts.t .............................. ok
t/command/ygrok/edit_patterns.t .......... ok
t/command/ygrok/pattern/http_combined.t .. ok
t/command/ygrok/pattern/http_common.t .... ok
t/command/ygrok/pattern/linux_proc.t ..... ok
t/command/ygrok/pattern/ls-l.t ........... ok
t/command/ygrok/pattern/ps-u.t ........... ok
t/command/ygrok/pattern/ps-x.t ........... ok
t/command/ygrok/pattern/ps.t ............. ok
t/command/ygrok/pattern/syslog.t ......... ok
t/command/yq/combinator.t ................ ok
t/command/yq/comparison.t ................ ok
t/command/yq/conditional.t ............... ok
t/command/yq/filter.t .................... ok
t/command/yq/functions.t ................. ok
t/command/yq/regression.t ................ ok
t/command/yq/values.t .................... ok
t/format.t ............................... ok
t/format/csv.t ........................... ok
Prototype mismatch: sub main::decode_json ($) vs none at /usr/perl5.16.3t/lib/site_perl/5.16.3/Exporter.pm line 66.
 at (eval 40) line 1.
t/format/json.t .......................... ok
t/format/yaml.t .......................... ok
t/format_stream.t ........................ ok
t/helpers.t .............................. ok
t/input_series.t ......................... ok
t/integration/parse_apache_log.t ......... ok
t/transform.t ............................ ok

Test Summary Report
-------------------
t/bin/ysql.t                           (Wstat: 256 (exited 1) Tests: 4 Failed: 1)
  Failed test:  4
  Non-zero exit status: 1
Files=35, Tests=124, 27 wallclock secs ( 0.16 usr  0.12 sys +  7.52 cusr  1.05 csys =  8.84 CPU)
Result: FAIL
Failed 1/35 test programs. 1/124 subtests failed.
*** [test_dynamic] Error code 255

Stop in /usr/home/cpansand/.cpan/build/2022101620/ETL-Yertl-0.044-2.

------------------------------
PREREQUISITES
------------------------------

Prerequisite modules loaded:

requires:

    Module              Need       Have      
    ------------------- ---------- ----------
    boolean             0          0.46      
    File::HomeDir       0          1.006     
    File::Spec          0          3.75      
    Getopt::Long        2.36       2.52      
    Hash::Merge::Simple 0          0.051     
    Import::Base        0.010      1.003     
    IO::Async           0.77       0.802     
    IO::Interactive     0          1.022     
    JSON::MaybeXS       0          1.004003  
    List::Util          0          1.63      
    Module::Runtime     0          0.016     
    Net::Async::HTTP    0          0.48      
    Path::Tiny          0.072      0.122     
    perl                5.010      5.016003  
    Pod::Usage::Return  0          0.003     
    Regexp::Common      2013031301 2017060201
    SQL::Abstract       0          2.000000  
    Time::Local         0          1.30      
    Time::Piece         0          1.3401    
    URI                 0          5.16      
    YAML::Tiny          0          1.73      

build_requires:

    Module              Need       Have      
    ------------------- ---------- ----------
    Capture::Tiny       0          0.48      
    Dir::Self           0          0.11      
    ExtUtils::MakeMaker 0          7.64      
    File::Spec          0          3.75      
    Future              0          0.48      
    IO::Handle          0          1.45      
    IPC::Open3          0          1.12      
    JSON::PP            0          4.12      
    Mock::MonkeyPatch   0          0.03      
    Test::Deep          0          1.130     
    Test::Differences   0          0.69      
    Test::Exception     0          0.43      
    Test::Lib           0          0.003     
    Test::More          1.001005   1.302191  

configure_requires:

    Module              Need       Have      
    ------------------- ---------- ----------
    ExtUtils::MakeMaker 0          7.64      

opt_requires:

    Module              Need       Have      
    ------------------- ---------- ----------
    DBD::SQLite         0          1.70      
    DBI                 0          1.643     
    JSON::PP            0          4.12      
    JSON::XS            0          4.03      
    Text::CSV           0          2.02      
    Text::CSV_XS        0          1.48      
    YAML::Syck          0          1.34      
    YAML::XS            0          0.85      

opt_build_requires:

    Module              Need       Have      
    ------------------- ---------- ----------
    CPAN::Meta          2.120900   2.150010  


------------------------------
ENVIRONMENT AND OTHER CONTEXT
------------------------------

Environment variables:

    LC_ALL = de_DE.ISO8859-1
    PATH = /usr/local/bin:/usr/bin:/bin:/usr/local/sbin:/usr/sbin:/sbin:/home/cpansand/bin/freebsd9.3:/home/cpansand/bin/sh:/home/cpansand/bin:/usr/games:/home/cpansand/devel:/usr/home/eserte/src/srezic-misc/scripts
    PERL5LIB = 
    PERL5OPT = 
    PERL5_CPANPLUS_IS_RUNNING = 92803
    PERL5_CPAN_IS_RUNNING = 92803
    PERL5_CPAN_IS_RUNNING_IN_RECURSION = 89079,92803
    PERLDOC = -MPod::Perldoc::ToTextOverstrike
    PERL_BATCH = yes
    PERL_CANARY_STABILITY_NOPROMPT = 1
    PERL_CPAN_REPORTER_CONFIG = /var/tmp/cpansmoker-1023/2022101619/cpanreporter_001_config.ini
    PERL_EXTUTILS_AUTOINSTALL = --defaultdeps
    PERL_USE_UNSAFE_INC = 1
    SHELL = /usr/local/bin/zsh
    TERM = screen
    TMPDIR = /var/tmp/cpansmoker-1023/2022101619

Perl special variables (and OS-specific diagnostics, for MSWin32):

    $^X = /usr/perl5.16.3t/bin/perl
    $UID/$EUID = 1023 / 1023
    $GID = 1023 1023
    $EGID = 1023 1023

Perl module toolchain versions installed:

    Module              Have    
    ------------------- --------
    CPAN                2.34    
    CPAN::Meta          2.150010
    Cwd                 3.75    
    ExtUtils::CBuilder  0.280236
    ExtUtils::Command   7.64    
    ExtUtils::Install   2.20    
    ExtUtils::MakeMaker 7.64    
    ExtUtils::Manifest  1.73    
    ExtUtils::ParseXS   3.35    
    File::Spec          3.75    
    JSON                4.10    
    JSON::PP            4.12    
    Module::Build       0.4231  
    Module::Signature   0.88    
    Parse::CPAN::Meta   2.150010
    Test::Harness       3.44    
    Test::More          1.302191
    YAML                1.30    
    YAML::Syck          1.34    
    version             0.9929  


--

Summary of my perl5 (revision 5 version 16 subversion 3) configuration:
   
  Platform:
    osname=freebsd, osvers=9.2-release-p4, archname=amd64-freebsd-thread-multi
    uname='freebsd cvrsnica-freebsd-92 9.2-release-p4 freebsd 9.2-release-p4 #0: tue apr 8 18:08:22 utc 2014 root@amd64-builder.daemonology.net:usrobjusrsrcsysgeneric amd64 '
    config_args='-ds -e -Dprefix=/usr/perl5.16.3t -Dusethreads'
    hint=recommended, useposix=true, d_sigaction=define
    useithreads=define, usemultiplicity=define
    useperlio=define, d_sfio=undef, uselargefiles=define, usesocks=undef
    use64bitint=define, use64bitall=define, uselongdouble=undef
    usemymalloc=n, bincompat5005=undef
  Compiler:
    cc='cc', ccflags ='-DHAS_FPSETMASK -DHAS_FLOATINGPOINT_H -fno-strict-aliasing -pipe -fstack-protector -I/usr/local/include',
    optimize='-O',
    cppflags='-DHAS_FPSETMASK -DHAS_FLOATINGPOINT_H -fno-strict-aliasing -pipe -fstack-protector -I/usr/local/include'
    ccversion='', gccversion='4.2.1 20070831 patched [FreeBSD]', gccosandvers=''
    intsize=4, longsize=8, ptrsize=8, doublesize=8, byteorder=12345678
    d_longlong=define, longlongsize=8, d_longdbl=define, longdblsize=16
    ivtype='long', ivsize=8, nvtype='double', nvsize=8, Off_t='off_t', lseeksize=8
    alignbytes=8, prototype=define
  Linker and Libraries:
    ld='cc', ldflags ='-pthread -Wl,-E  -fstack-protector -L/usr/local/lib'
    libpth=/usr/lib /usr/local/lib
    libs=-lgdbm -lm -lcrypt
    perllibs=-lm -lcrypt
    libc=, so=so, useshrplib=false, libperl=libperl.a
    gnulibc_version=''
  Dynamic Linking:
    dlsrc=dl_dlopen.xs, dlext=so, d_dlsymun=undef, ccdlflags=' '
    cccdlflags='-DPIC -fPIC', lddlflags='-shared  -L/usr/local/lib -fstack-protector'


Characteristics of this binary (from libperl): 
  Compile-time options: HAS_TIMES MULTIPLICITY PERLIO_LAYERS
                        PERL_DONT_CREATE_GVSV PERL_IMPLICIT_CONTEXT
                        PERL_MALLOC_WRAP PERL_PRESERVE_IVUV USE_64_BIT_ALL
                        USE_64_BIT_INT USE_ITHREADS USE_LARGE_FILES
                        USE_LOCALE USE_LOCALE_COLLATE USE_LOCALE_CTYPE
                        USE_LOCALE_NUMERIC USE_PERLIO USE_PERL_ATOF
                        USE_REENTRANT_API
  Built under freebsd
  Compiled at May 16 2014 07:49:48
  %ENV:
    PERL5LIB=""
    PERL5OPT=""
    PERL5_CPANPLUS_IS_RUNNING="92803"
    PERL5_CPAN_IS_RUNNING="92803"
    PERL5_CPAN_IS_RUNNING_IN_RECURSION="89079,92803"
    PERLDOC="-MPod::Perldoc::ToTextOverstrike"
    PERL_BATCH="yes"
    PERL_CANARY_STABILITY_NOPROMPT="1"
    PERL_CPAN_REPORTER_CONFIG="/var/tmp/cpansmoker-1023/2022101619/cpanreporter_001_config.ini"
    PERL_EXTUTILS_AUTOINSTALL="--defaultdeps"
    PERL_USE_UNSAFE_INC="1"
  @INC:
    /usr/perl5.16.3t/lib/site_perl/5.16.3/amd64-freebsd-thread-multi
    /usr/perl5.16.3t/lib/site_perl/5.16.3
    /usr/perl5.16.3t/lib/5.16.3/amd64-freebsd-thread-multi
    /usr/perl5.16.3t/lib/5.16.3
    .