Back
From: metabase:user:320bfe00-2aae-11df-837a-5e0a49663a4f
Subject: FAIL WWW-IRail-API-0.003 v5.21.9 GNU/Linux
Date: 2015-02-14T06:43:52Z
This distribution has been tested as part of the CPAN Testers
project, supporting the Perl programming language. See
http://wiki.cpantesters.org/ for more information or email
questions to cpan-testers-discuss@perl.org
--
Dear Tim Esselens,
This is a computer-generated report for WWW-IRail-API-0.003
on perl 5.21.9, created by CPAN-Reporter-1.2011.
Thank you for uploading your work to CPAN. However, there was a problem
testing your distribution.
If you think this report is invalid, please consult the CPAN Testers Wiki
for suggestions on how to avoid getting FAIL reports for missing library
or binary dependencies, unsupported operating systems, and so on:
http://wiki.cpantesters.org/wiki/CPANAuthorNotes
Sections of this report:
* Tester comments
* Program output
* Prerequisites
* Environment and other context
------------------------------
TESTER COMMENTS
------------------------------
Additional comments from tester:
this report is from an automated smoke testing program
and was not reviewed by a human for accuracy
------------------------------
PROGRAM OUTPUT
------------------------------
Output from '/usr/bin/make test':
PERL_DL_NONLAZY=1 "/tmp/basesmoker-reloperl-MSDw/bin/perl" "-MExtUtils::Command::MM" "-MTest::Harness" "-e" "undef *Test::Harness::Switches; test_harness(0, 'blib/lib', 'blib/arch')" t/*.t
t/00_use.t .............. ok
Entity: line 1: parser error : Space required after the Public Identifier
<!DOCTYPE HTML PUBLIC "-//IETF//DTD HTML 2.0//EN">
^
Entity: line 1: parser error : SystemLiteral " or ' expected
<!DOCTYPE HTML PUBLIC "-//IETF//DTD HTML 2.0//EN">
^
Entity: line 1: parser error : SYSTEM or PUBLIC, the URI is missing
<!DOCTYPE HTML PUBLIC "-//IETF//DTD HTML 2.0//EN">
^
Entity: line 9: parser error : Opening and ending tag mismatch: hr line 7 and body
</body></html>
^
Entity: line 9: parser error : Opening and ending tag mismatch: body line 4 and html
</body></html>
^
Entity: line 10: parser error : Premature end of data in tag html line 2
^
# Tests were run but no plan was declared and done_testing() was not seen.
# Looks like your test exited with 255 just after 3.
t/10_stations.t .........
Dubious, test returned 255 (wstat 65280, 0xff00)
All 3 subtests passed
t/release-pod-syntax.t .. skipped: these tests are for release candidate testing
Test Summary Report
-------------------
t/10_stations.t (Wstat: 65280 Tests: 3 Failed: 0)
Non-zero exit status: 255
Parse errors: No plan found in TAP output
Files=3, Tests=15, 0 wallclock secs ( 0.02 usr 0.00 sys + 0.46 cusr 0.04 csys = 0.52 CPU)
Result: FAIL
Failed 1/3 test programs. 0/15 subtests failed.
Makefile:900: recipe for target 'test_dynamic' failed
make: *** [test_dynamic] Error 255
------------------------------
PREREQUISITES
------------------------------
Prerequisite modules loaded:
requires:
Module Need Have
------------------------- ---- -----
Carp 0 1.35
common::sense 0 3.73
Date::Format 0 2.24
DateTime::Format::Natural 0 1.02
FindBin 0 1.51
HTTP::Request 0 6.00
HTTP::Request::Common 0 6.04
HTTP::Response 0 6.04
JSON::XS 0 3.01
LWP 0 6.10
LWP::UserAgent 0 6.10
parent 0 0.228
Test::Deep 0 0.115
Test::Most 0 0.34
XML::Simple 0 2.20
YAML 0 1.14
configure_requires:
Module Need Have
------------------------- ---- -----
ExtUtils::MakeMaker 6.31 7.04
------------------------------
ENVIRONMENT AND OTHER CONTEXT
------------------------------
Environment variables:
AUTOMATED_TESTING = 1
LANG = en_US.UTF-8
LANGUAGE = en_US:en
PATH = /home/sand/bin:/usr/local/bin:/usr/bin:/bin:/usr/games:/usr/local/perl/bin:/usr/X11/bin:/sbin:/usr/sbin
PERL5LIB =
PERL5OPT =
PERL5_CPANPLUS_IS_RUNNING = 11114
PERL5_CPAN_IS_RUNNING = 11114
PERL_MM_USE_DEFAULT = 1
SHELL = /usr/bin/zsh
TERM = screen
Perl special variables (and OS-specific diagnostics, for MSWin32):
$^X = /tmp/basesmoker-reloperl-MSDw/bin/perl
$UID/$EUID = 1005 / 1005
$GID = 1005 1005
$EGID = 1005 1005
Perl module toolchain versions installed:
Module Have
------------------- ------------
CPAN 2.05
CPAN::Meta 2.143240
Cwd 3.54
ExtUtils::CBuilder 0.280221
ExtUtils::Command 1.20
ExtUtils::Install 2.04
ExtUtils::MakeMaker 7.04
ExtUtils::Manifest 1.70
ExtUtils::ParseXS 3.27
File::Spec 3.53
JSON 2.90
JSON::PP 2.27300
Module::Build 0.4211
Module::Signature 0.73
Parse::CPAN::Meta 1.4414
Test::Harness 3.35
Test::More 1.301001_098
YAML 1.14
YAML::Syck 1.29
version 0.9909
--
Summary of my perl5 (revision 5 version 21 subversion 9) configuration:
Commit id: 65f0b1c95d7bf215dbc4072208126d472133a852
Platform:
osname=linux, osvers=3.16.0-4-amd64, archname=x86_64-linux-ld
uname='linux k83 3.16.0-4-amd64 #1 smp debian 3.16.7-ckt2-1 (2014-12-08) x86_64 gnulinux '
config_args='-Dprefix=/home/sand/src/perl/repoperls/installed-perls/perl/v5.21.8-294-g65f0b1c/127e -Dmyhostname=k83 -Dinstallusrbinperl=n -Uversiononly -Dusedevel -des -Ui_db -Uuseithreads -Duselongdouble -DDEBUGGING=-g'
hint=recommended, useposix=true, d_sigaction=define
useithreads=undef, usemultiplicity=undef
use64bitint=define, use64bitall=define, uselongdouble=define
usemymalloc=n, bincompat5005=undef
Compiler:
cc='cc', ccflags ='-fwrapv -fno-strict-aliasing -pipe -fstack-protector-strong -I/usr/local/include -D_LARGEFILE_SOURCE -D_FILE_OFFSET_BITS=64 -D_FORTIFY_SOURCE=2',
optimize='-O2 -g',
cppflags='-fwrapv -fno-strict-aliasing -pipe -fstack-protector-strong -I/usr/local/include'
ccversion='', gccversion='4.9.2', gccosandvers=''
intsize=4, longsize=8, ptrsize=8, doublesize=8, byteorder=12345678, doublekind=3
d_longlong=define, longlongsize=8, d_longdbl=define, longdblsize=16, longdblkind=3
ivtype='long', ivsize=8, nvtype='long double', nvsize=16, Off_t='off_t', lseeksize=8
alignbytes=16, prototype=define
Linker and Libraries:
ld='cc', ldflags =' -fstack-protector-strong -L/usr/local/lib'
libpth=/usr/local/lib /usr/lib/gcc/x86_64-linux-gnu/4.9/include-fixed /usr/include/x86_64-linux-gnu /usr/lib /lib/x86_64-linux-gnu /lib/../lib /usr/lib/x86_64-linux-gnu /usr/lib/../lib /lib
libs=-lpthread -lnsl -lgdbm -ldb -ldl -lm -lcrypt -lutil -lc -lgdbm_compat
perllibs=-lpthread -lnsl -ldl -lm -lcrypt -lutil -lc
libc=libc-2.19.so, so=so, useshrplib=false, libperl=libperl.a
gnulibc_version='2.19'
Dynamic Linking:
dlsrc=dl_dlopen.xs, dlext=so, d_dlsymun=undef, ccdlflags='-Wl,-E'
cccdlflags='-fPIC', lddlflags='-shared -O2 -g -L/usr/local/lib -fstack-protector-strong'
Characteristics of this binary (from libperl):
Compile-time options: HAS_TIMES PERLIO_LAYERS PERL_DONT_CREATE_GVSV
PERL_HASH_FUNC_ONE_AT_A_TIME_HARD PERL_MALLOC_WRAP
PERL_NEW_COPY_ON_WRITE PERL_PRESERVE_IVUV
PERL_USE_DEVEL USE_64_BIT_ALL USE_64_BIT_INT
USE_LARGE_FILES USE_LOCALE USE_LOCALE_COLLATE
USE_LOCALE_CTYPE USE_LOCALE_NUMERIC USE_LOCALE_TIME
USE_LONG_DOUBLE USE_PERLIO USE_PERL_ATOF
Built under linux
Compiled at Feb 13 2015 14:10:46
%ENV:
PERL5LIB=""
PERL5OPT=""
PERL5_CPANPLUS_IS_RUNNING="11114"
PERL5_CPAN_IS_RUNNING="11114"
PERL_MM_USE_DEFAULT="1"
@INC:
/home/sand/src/perl/repoperls/installed-perls/perl/v5.21.8-294-g65f0b1c/127e/lib/site_perl/5.21.9/x86_64-linux-ld
/home/sand/src/perl/repoperls/installed-perls/perl/v5.21.8-294-g65f0b1c/127e/lib/site_perl/5.21.9
/home/sand/src/perl/repoperls/installed-perls/perl/v5.21.8-294-g65f0b1c/127e/lib/5.21.9/x86_64-linux-ld
/home/sand/src/perl/repoperls/installed-perls/perl/v5.21.8-294-g65f0b1c/127e/lib/5.21.9
.