MariaDB-NonBlocking v0.31 Perl 5 v5.34.0 x86_64-linux

Status
Fail
From
Slaven Rezić
Dist
MariaDB-NonBlocking v0.31
Platform
Perl 5 v5.34.0 x86_64-linux
Date
2022-02-23 20:33:21
ID
d735ff7e-94e7-11ec-9b5c-67261f24ea8f
This distribution has been tested as part of the CPAN Testers
project, supporting the Perl programming language.  See
http://wiki.cpantesters.org/ for more information or email
questions to cpan-testers-discuss@perl.org


--
Dear B Fraser,

This is a computer-generated report for MariaDB-NonBlocking-0.31
on perl 5.34.0, created by CPAN-Reporter-1.2018.

Thank you for uploading your work to CPAN.  However, there was a problem
testing your distribution.

If you think this report is invalid, please consult the CPAN Testers Wiki
for suggestions on how to avoid getting FAIL reports for missing library
or binary dependencies, unsupported operating systems, and so on:

http://wiki.cpantesters.org/wiki/CPANAuthorNotes

Sections of this report:

    * Tester comments
    * Program output
    * Prerequisites
    * Environment and other context

------------------------------
TESTER COMMENTS
------------------------------

Additional comments from tester:

none provided

------------------------------
PROGRAM OUTPUT
------------------------------

Output from '/usr/bin/make test':

"/opt/perl-5.34.0/bin/perl" -MExtUtils::Command::MM -e 'cp_nonempty' -- NonBlocking.bs blib/arch/auto/MariaDB/NonBlocking/NonBlocking.bs 644
PERL_DL_NONLAZY=1 "/opt/perl-5.34.0/bin/perl" "-MExtUtils::Command::MM" "-MTest::Harness" "-e" "undef *Test::Harness::Switches; test_harness(0, 'blib/lib', 'blib/arch')" t/*.t
# Testing MariaDB::NonBlocking 0.31, Perl 5.034000, /opt/perl-5.34.0/bin/perl
t/00-load.t .................. ok

#   Failed test 'Could not connect -- wrong credentials given to Makefile.PL?'
#   at t/01-connect-event.t line 50.
#                   'Can't connect to MySQL server on '127.0.0.1' (111) at /home/cpansand/.cpan/build/2022022316/MariaDB-NonBlocking-0.31-3/blib/lib/MariaDB/NonBlocking.pm line 171.
#  at t/01-connect-event.t line 44.
# '
#     doesn't match '(?^:Access denied)'
# Looks like you failed 1 test of 4.
t/01-connect-event.t ......... 
Dubious, test returned 1 (wstat 256, 0x100)
Failed 1/4 subtests 

#   Failed test 'Could not connect -- wrong credentials given to Makefile.PL?'
#   at t/01-connect-promise.t line 37.
#                   'Can't connect to MySQL server on '127.0.0.1' (111) at /home/cpansand/.cpan/build/2022022316/MariaDB-NonBlocking-0.31-3/blib/lib/MariaDB/NonBlocking.pm line 171.
# '
#     doesn't match '(?^:Access denied)'
# Looks like you failed 1 test of 4.
t/01-connect-promise.t ....... 
Dubious, test returned 1 (wstat 256, 0x100)
Failed 1/4 subtests 

#   Failed test 'Can't connect to MySQL server on '127.0.0.1' (111) at /home/cpansand/.cpan/build/2022022316/MariaDB-NonBlocking-0.31-3/blib/lib/MariaDB/NonBlocking.pm line 171.
# '
#   at t/02-select-event.t line 43.

#   Failed test 'SELECT ? bind 2 failed: Cannot start query; not connected at /home/cpansand/.cpan/build/2022022316/MariaDB-NonBlocking-0.31-3/blib/lib/MariaDB/NonBlocking.pm line 85.
# '
#   at t/02-select-event.t line 57.

#   Failed test 'Query in flight failed'
#   at t/02-select-event.t line 75.
# Cannot start query; not connected at /home/cpansand/.cpan/build/2022022316/MariaDB-NonBlocking-0.31-3/blib/lib/MariaDB/NonBlocking.pm line 85.

#   Failed test 'query started when another is in flight failed'
#   at t/02-select-event.t line 89.
#                   'Cannot start query; not connected at /home/cpansand/.cpan/build/2022022316/MariaDB-NonBlocking-0.31-3/blib/lib/MariaDB/NonBlocking.pm line 85.
# '
#     doesn't match '(?^:Attempted to )'

#   Failed test 'SEEEELECT 1 failed as expected'
#   at t/02-select-event.t line 145.
#                   'Cannot start query; not connected at /home/cpansand/.cpan/build/2022022316/MariaDB-NonBlocking-0.31-3/blib/lib/MariaDB/NonBlocking.pm line 85.
# '
#     doesn't match '(?^:\AYou have an error in your SQL syntax)'

#   Failed test 'SELECT ? failed as expected'
#   at t/02-select-event.t line 145.
#                   'Cannot start query; not connected at /home/cpansand/.cpan/build/2022022316/MariaDB-NonBlocking-0.31-3/blib/lib/MariaDB/NonBlocking.pm line 85.
# '
#     doesn't match '(?^:\AYou have an error in your SQL syntax)'

#   Failed test 'SELECT ? failed as expected'
#   at t/02-select-event.t line 145.
#                   'Cannot start query; not connected at /home/cpansand/.cpan/build/2022022316/MariaDB-NonBlocking-0.31-3/blib/lib/MariaDB/NonBlocking.pm line 85.
# '
#     doesn't match '(?^:\ANot enough bind params given)'

#   Failed test 'SELECT ? failed as expected'
#   at t/02-select-event.t line 145.
#                   'Cannot start query; not connected at /home/cpansand/.cpan/build/2022022316/MariaDB-NonBlocking-0.31-3/blib/lib/MariaDB/NonBlocking.pm line 85.
# '
#     doesn't match '(?^:\AToo many bind params given for query! Got 2, query needed 1)'

#   Failed test 'SELECT ?, ? failed as expected'
#   at t/02-select-event.t line 145.
#                   'Cannot start query; not connected at /home/cpansand/.cpan/build/2022022316/MariaDB-NonBlocking-0.31-3/blib/lib/MariaDB/NonBlocking.pm line 85.
# '
#     doesn't match '(?^:\ANot enough bind params given)'

#   Failed test 'SEEEELECT 1 failed as expected'
#   at t/02-select-event.t line 145.
#                   'Cannot start query; not connected at /home/cpansand/.cpan/build/2022022316/MariaDB-NonBlocking-0.31-3/blib/lib/MariaDB/NonBlocking.pm line 85.
# '
#     doesn't match '(?^:\AYou have an error in your SQL syntax)'

#   Failed test 'SELECT ? failed as expected'
#   at t/02-select-event.t line 145.
#                   'Cannot start query; not connected at /home/cpansand/.cpan/build/2022022316/MariaDB-NonBlocking-0.31-3/blib/lib/MariaDB/NonBlocking.pm line 85.
# '
#     doesn't match '(?^:\AYou have an error in your SQL syntax)'

#   Failed test 'SELECT ? failed as expected'
#   at t/02-select-event.t line 145.
#                   'Cannot start query; not connected at /home/cpansand/.cpan/build/2022022316/MariaDB-NonBlocking-0.31-3/blib/lib/MariaDB/NonBlocking.pm line 85.
# '
#     doesn't match '(?^:\ANot enough bind params given)'

#   Failed test 'SELECT ? failed as expected'
#   at t/02-select-event.t line 145.
#                   'Cannot start query; not connected at /home/cpansand/.cpan/build/2022022316/MariaDB-NonBlocking-0.31-3/blib/lib/MariaDB/NonBlocking.pm line 85.
# '
#     doesn't match '(?^:\AToo many bind params given for query! Got 2, query needed 1)'

#   Failed test 'SELECT ?, ? failed as expected'
#   at t/02-select-event.t line 145.
#                   'Cannot start query; not connected at /home/cpansand/.cpan/build/2022022316/MariaDB-NonBlocking-0.31-3/blib/lib/MariaDB/NonBlocking.pm line 85.
# '
#     doesn't match '(?^:\ANot enough bind params given)'
# Looks like you failed 14 tests of 15.
t/02-select-event.t .......... 
Dubious, test returned 14 (wstat 3584, 0xe00)
Failed 14/15 subtests 
Can't connect to MySQL server on '127.0.0.1' (111) at /home/cpansand/.cpan/build/2022022316/MariaDB-NonBlocking-0.31-3/blib/lib/MariaDB/NonBlocking.pm line 171.
 at t/02-select-promise.t line 24.
t/02-select-promise.t ........ 
Dubious, test returned 255 (wstat 65280, 0xff00)
No subtests run 

#   Failed test 'Can't connect to MySQL server on '127.0.0.1' (111) at /home/cpansand/.cpan/build/2022022316/MariaDB-NonBlocking-0.31-3/blib/lib/MariaDB/NonBlocking.pm line 171.
#  at t/02-select-select.t line 22.
# '
#   at t/02-select-select.t line 26.

#   Failed test 'Cannot start query; not connected at /home/cpansand/.cpan/build/2022022316/MariaDB-NonBlocking-0.31-3/blib/lib/MariaDB/NonBlocking.pm line 85.
#  at t/02-select-select.t line 33.
# '
#   at t/02-select-select.t line 38.

#   Failed test 'SELECT ? bind 2 failed: Cannot start query; not connected at /home/cpansand/.cpan/build/2022022316/MariaDB-NonBlocking-0.31-3/blib/lib/MariaDB/NonBlocking.pm line 85.
#  at t/02-select-select.t line 42.
# '
#   at t/02-select-select.t line 47.

#   Failed test 'SEEEELECT 1 failed as expected'
#   at t/02-select-select.t line 69.
#                   'Cannot start query; not connected at /home/cpansand/.cpan/build/2022022316/MariaDB-NonBlocking-0.31-3/blib/lib/MariaDB/NonBlocking.pm line 85.
#  at t/02-select-select.t line 64.
# '
#     doesn't match '(?^:\AYou have an error in your SQL syntax)'

#   Failed test 'SELECT ? failed as expected'
#   at t/02-select-select.t line 69.
#                   'Cannot start query; not connected at /home/cpansand/.cpan/build/2022022316/MariaDB-NonBlocking-0.31-3/blib/lib/MariaDB/NonBlocking.pm line 85.
#  at t/02-select-select.t line 64.
# '
#     doesn't match '(?^:\AYou have an error in your SQL syntax)'

#   Failed test 'SELECT ? failed as expected'
#   at t/02-select-select.t line 69.
#                   'Cannot start query; not connected at /home/cpansand/.cpan/build/2022022316/MariaDB-NonBlocking-0.31-3/blib/lib/MariaDB/NonBlocking.pm line 85.
#  at t/02-select-select.t line 64.
# '
#     doesn't match '(?^:\ANot enough bind params given)'

#   Failed test 'SELECT ? failed as expected'
#   at t/02-select-select.t line 69.
#                   'Cannot start query; not connected at /home/cpansand/.cpan/build/2022022316/MariaDB-NonBlocking-0.31-3/blib/lib/MariaDB/NonBlocking.pm line 85.
#  at t/02-select-select.t line 64.
# '
#     doesn't match '(?^:\AToo many bind params given for query! Got 2, query needed 1)'

#   Failed test 'SELECT ?, ? failed as expected'
#   at t/02-select-select.t line 69.
#                   'Cannot start query; not connected at /home/cpansand/.cpan/build/2022022316/MariaDB-NonBlocking-0.31-3/blib/lib/MariaDB/NonBlocking.pm line 85.
#  at t/02-select-select.t line 64.
# '
#     doesn't match '(?^:\ANot enough bind params given)'
# Looks like you failed 8 tests of 10.
t/02-select-select.t ......... 
Dubious, test returned 8 (wstat 2048, 0x800)
Failed 8/10 subtests 

#   Failed test 'Failed to connect: Can't connect to MySQL server on '127.0.0.1' (111) at /home/cpansand/.cpan/build/2022022316/MariaDB-NonBlocking-0.31-3/blib/lib/MariaDB/NonBlocking.pm line 171.
# '
#   at t/03-create-table-promise.t line 60.
# Looks like you failed 1 test of 1.
t/03-create-table-promise.t .. 
Dubious, test returned 1 (wstat 256, 0x100)
Failed 1/1 subtests 

#   Failed test 'thrown exceptions work as expected'
#   at t/04-insert-promise.t line 93.
#                   'Can't connect to MySQL server on '127.0.0.1' (111) at /home/cpansand/.cpan/build/2022022316/MariaDB-NonBlocking-0.31-3/blib/lib/MariaDB/NonBlocking.pm line 171.
# '
#     doesn't match '(?^:\AException test)'
# Looks like you failed 1 test of 1.
t/04-insert-promise.t ........ 
Dubious, test returned 1 (wstat 256, 0x100)
Failed 1/1 subtests 

#   Failed test 'thrown exceptions work as expected'
#   at t/05-update-promise.t line 89.
#                   'Can't connect to MySQL server on '127.0.0.1' (111) at /home/cpansand/.cpan/build/2022022316/MariaDB-NonBlocking-0.31-3/blib/lib/MariaDB/NonBlocking.pm line 171.
# '
#     doesn't match '(?^:\AException test)'
# Looks like you failed 1 test of 1.
t/05-update-promise.t ........ 
Dubious, test returned 1 (wstat 256, 0x100)
Failed 1/1 subtests 

#   Failed test 'sleep(1) failed'
#   at t/06-cyclic-refs.t line 45.

#   Failed test at t/06-cyclic-refs.t line 52.
#                   'Cannot start query; not connected at /home/cpansand/.cpan/build/2022022316/MariaDB-NonBlocking-0.31-3/blib/lib/MariaDB/NonBlocking.pm line 85.
# '
#     doesn't match '(?^:DISCONNECTED)'

#   Failed test 'sleep(1) failed'
#   at t/06-cyclic-refs.t line 64.

#   Failed test at t/06-cyclic-refs.t line 72.
#                   'Cannot start query; not connected at /home/cpansand/.cpan/build/2022022316/MariaDB-NonBlocking-0.31-3/blib/lib/MariaDB/NonBlocking.pm line 85.
# '
#     doesn't match '(?^:Connection object released before pending query was finished)'
# Looks like you failed 4 tests of 6.
t/06-cyclic-refs.t ........... 
Dubious, test returned 4 (wstat 1024, 0x400)
Failed 4/6 subtests 

#   Failed test 'Connection pool for foo-ro is empty and we failed to extend it.  All pending queries will be marked as failed. Error: Can't connect to MySQL server on '127.0.0.1' (111) at /home/cpansand/.cpan/build/2022022316/MariaDB-NonBlocking-0.31-3/blib/lib/MariaDB/NonBlocking.pm line 171.
# '
#   at /home/cpansand/.cpan/build/2022022316/AnyEvent-XSPromises-0.005-1/blib/lib/AnyEvent/XSPromises/Loader.pm line 54.

#   Failed test 'Connection pool for bar-ro is empty and we failed to extend it.  All pending queries will be marked as failed. Error: Can't connect to MySQL server on '127.0.0.1' (111) at /home/cpansand/.cpan/build/2022022316/MariaDB-NonBlocking-0.31-3/blib/lib/MariaDB/NonBlocking.pm line 171.
# '
#   at /home/cpansand/.cpan/build/2022022316/AnyEvent-XSPromises-0.005-1/blib/lib/AnyEvent/XSPromises/Loader.pm line 54.

#   Failed test 'Connection pool for foo-ro is empty and we failed to extend it.  All pending queries will be marked as failed. Error: Can't connect to MySQL server on '127.0.0.1' (111) at /home/cpansand/.cpan/build/2022022316/MariaDB-NonBlocking-0.31-3/blib/lib/MariaDB/NonBlocking.pm line 171.
# '
#   at /home/cpansand/.cpan/build/2022022316/AnyEvent-XSPromises-0.005-1/blib/lib/AnyEvent/XSPromises/Loader.pm line 54.

#   Failed test 'failing a query works'
#   at t/07-pool.t line 64.
#                   'Connection pool for bar-ro is empty and we failed to extend it.  All pending queries will be marked as failed. Error: Can't connect to MySQL server on '127.0.0.1' (111) at /home/cpansand/.cpan/build/2022022316/MariaDB-NonBlocking-0.31-3/blib/lib/MariaDB/NonBlocking.pm line 171.
# '
#     doesn't match '(?^u:You have an error)'

#   Failed test 'Connection pool for bar-ro is empty and we failed to extend it.  All pending queries will be marked as failed. Error: Can't connect to MySQL server on '127.0.0.1' (111) at /home/cpansand/.cpan/build/2022022316/MariaDB-NonBlocking-0.31-3/blib/lib/MariaDB/NonBlocking.pm line 171.
# '
#   at /home/cpansand/.cpan/build/2022022316/AnyEvent-XSPromises-0.005-1/blib/lib/AnyEvent/XSPromises/Loader.pm line 54.
# Looks like you failed 5 tests of 6.
t/07-pool.t .................. 
Dubious, test returned 5 (wstat 1280, 0x500)
Failed 5/6 subtests 

Test Summary Report
-------------------
t/01-connect-event.t       (Wstat: 256 Tests: 4 Failed: 1)
  Failed test:  2
  Non-zero exit status: 1
t/01-connect-promise.t     (Wstat: 256 Tests: 4 Failed: 1)
  Failed test:  4
  Non-zero exit status: 1
t/02-select-event.t        (Wstat: 3584 Tests: 15 Failed: 14)
  Failed tests:  1-4, 6-15
  Non-zero exit status: 14
t/02-select-promise.t      (Wstat: 65280 Tests: 0 Failed: 0)
  Non-zero exit status: 255
  Parse errors: No plan found in TAP output
t/02-select-select.t       (Wstat: 2048 Tests: 10 Failed: 8)
  Failed tests:  1, 3-4, 6-10
  Non-zero exit status: 8
t/03-create-table-promise.t (Wstat: 256 Tests: 1 Failed: 1)
  Failed test:  1
  Non-zero exit status: 1
t/04-insert-promise.t      (Wstat: 256 Tests: 1 Failed: 1)
  Failed test:  1
  Non-zero exit status: 1
t/05-update-promise.t      (Wstat: 256 Tests: 1 Failed: 1)
  Failed test:  1
  Non-zero exit status: 1
t/06-cyclic-refs.t         (Wstat: 1024 Tests: 6 Failed: 4)
  Failed tests:  1, 3-4, 6
  Non-zero exit status: 4
t/07-pool.t                (Wstat: 1280 Tests: 6 Failed: 5)
  Failed tests:  1-5
  Non-zero exit status: 5
Files=11, Tests=49,  1 wallclock secs ( 0.05 usr  0.02 sys +  0.82 cusr  0.15 csys =  1.04 CPU)
Result: FAIL
Failed 10/11 test programs. 36/49 subtests failed.
make: *** [test_dynamic] Error 5

------------------------------
PREREQUISITES
------------------------------

Prerequisite modules loaded:

requires:

    Module                  Need  Have    
    ----------------------- ----- --------
    Alien::libmariadbclient 0.01  0.01    
    AnyEvent                0     7.17    
    AnyEvent::XSPromises    0     0       
    perl                    5.006 5.034000
    Ref::Util               0     0.204   
    Sub::StrictDecl         0     0.005   

build_requires:

    Module                  Need  Have    
    ----------------------- ----- --------
    Alien::libmariadbclient 0.01  0.01    
    Test::More              0     1.302188

configure_requires:

    Module                  Need  Have    
    ----------------------- ----- --------
    Alien::libmariadbclient 0.01  0.01    
    ExtUtils::MakeMaker     0     7.62    


------------------------------
ENVIRONMENT AND OTHER CONTEXT
------------------------------

Environment variables:

    LANG = en_US.UTF-8
    PATH = /usr/local/bin:/usr/bin:/bin:/usr/local/sbin:/usr/sbin:/sbin:/home/cpansand/bin/linux-gnu:/home/cpansand/bin/sh:/home/cpansand/bin:/usr/games:/home/cpansand/devel:/home/eserte/src/srezic-misc/scripts
    PERL5LIB = /home/cpansand/.cpan/build/2022022316/Sub-StrictDecl-0.005-1/blib/arch:/home/cpansand/.cpan/build/2022022316/Sub-StrictDecl-0.005-1/blib/lib:/home/cpansand/.cpan/build/2022022316/Lexical-SealRequireHints-0.011-0/blib/arch:/home/cpansand/.cpan/build/2022022316/Lexical-SealRequireHints-0.011-0/blib/lib:/home/cpansand/.cpan/build/2022022316/AnyEvent-XSPromises-0.005-1/blib/arch:/home/cpansand/.cpan/build/2022022316/AnyEvent-XSPromises-0.005-1/blib/lib:/home/cpansand/.cpan/build/2022022316/Alien-libmariadbclient-0.01-3/blib/arch:/home/cpansand/.cpan/build/2022022316/Alien-libmariadbclient-0.01-3/blib/lib
    PERL5OPT = 
    PERL5_CPANPLUS_IS_RUNNING = 31100
    PERL5_CPAN_IS_RUNNING = 31100
    PERL5_CPAN_IS_RUNNING_IN_RECURSION = 28300,31100
    PERLDOC = -MPod::Perldoc::ToTextOverstrike
    PERL_BATCH = yes
    PERL_CANARY_STABILITY_NOPROMPT = 1
    PERL_CPAN_REPORTER_CONFIG = /var/tmp/cpansmoker-1023/2022022316/cpanreporter_000_config.ini
    PERL_EXTUTILS_AUTOINSTALL = --defaultdeps
    PERL_USE_UNSAFE_INC = 1
    SHELL = /usr/bin/zsh
    TERM = screen
    TMPDIR = /var/tmp/cpansmoker-1023/2022022316

Perl special variables (and OS-specific diagnostics, for MSWin32):

    $^X = /opt/perl-5.34.0/bin/perl
    $UID/$EUID = 1023 / 1023
    $GID = 1023 1023
    $EGID = 1023 1023

Perl module toolchain versions installed:

    Module              Have    
    ------------------- --------
    CPAN                2.28    
    CPAN::Meta          2.150010
    Cwd                 3.80    
    ExtUtils::CBuilder  0.280236
    ExtUtils::Command   7.62    
    ExtUtils::Install   2.20    
    ExtUtils::MakeMaker 7.62    
    ExtUtils::Manifest  1.73    
    ExtUtils::ParseXS   3.43    
    File::Spec          3.80    
    JSON                4.05    
    JSON::PP            4.06    
    Module::Build       0.4231  
    Module::Signature   n/a     
    Parse::CPAN::Meta   2.150010
    Test::Harness       3.43    
    Test::More          1.302188
    YAML                1.30    
    YAML::Syck          1.34    
    version             0.9928  


--

Summary of my perl5 (revision 5 version 34 subversion 0) configuration:
   
  Platform:
    osname=linux
    osvers=3.10.0-1160.25.1.el7.x86_64
    archname=x86_64-linux
    uname='linux cloud3.bbbike.org 3.10.0-1160.25.1.el7.x86_64 #1 smp wed apr 28 21:49:45 utc 2021 x86_64 x86_64 x86_64 gnulinux '
    config_args='-ds -e -Dprefix=/opt/perl-5.34.0 -Dcf_email=srezic@cpan.org'
    hint=recommended
    useposix=true
    d_sigaction=define
    useithreads=undef
    usemultiplicity=undef
    use64bitint=define
    use64bitall=define
    uselongdouble=undef
    usemymalloc=n
    default_inc_excludes_dot=define
  Compiler:
    cc='cc'
    ccflags ='-fwrapv -fno-strict-aliasing -pipe -fstack-protector-strong -I/usr/local/include -D_LARGEFILE_SOURCE -D_FILE_OFFSET_BITS=64 -D_FORTIFY_SOURCE=2'
    optimize='-O2'
    cppflags='-fwrapv -fno-strict-aliasing -pipe -fstack-protector-strong -I/usr/local/include'
    ccversion=''
    gccversion='4.8.5 20150623 (Red Hat 4.8.5-44)'
    gccosandvers=''
    intsize=4
    longsize=8
    ptrsize=8
    doublesize=8
    byteorder=12345678
    doublekind=3
    d_longlong=define
    longlongsize=8
    d_longdbl=define
    longdblsize=16
    longdblkind=3
    ivtype='long'
    ivsize=8
    nvtype='double'
    nvsize=8
    Off_t='off_t'
    lseeksize=8
    alignbytes=8
    prototype=define
  Linker and Libraries:
    ld='cc'
    ldflags =' -fstack-protector-strong -L/usr/local/lib'
    libpth=/usr/local/lib /usr/lib /usr/lib64 /usr/local/lib64
    libs=-lpthread -lnsl -lgdbm -ldb -ldl -lm -lcrypt -lutil -lc -lgdbm_compat
    perllibs=-lpthread -lnsl -ldl -lm -lcrypt -lutil -lc
    libc=libc-2.17.so
    so=so
    useshrplib=false
    libperl=libperl.a
    gnulibc_version='2.17'
  Dynamic Linking:
    dlsrc=dl_dlopen.xs
    dlext=so
    d_dlsymun=undef
    ccdlflags='-Wl,-E'
    cccdlflags='-fPIC'
    lddlflags='-shared -O2 -L/usr/local/lib -fstack-protector-strong'


Characteristics of this binary (from libperl): 
  Compile-time options:
    HAS_TIMES
    PERLIO_LAYERS
    PERL_COPY_ON_WRITE
    PERL_DONT_CREATE_GVSV
    PERL_MALLOC_WRAP
    PERL_OP_PARENT
    PERL_PRESERVE_IVUV
    USE_64_BIT_ALL
    USE_64_BIT_INT
    USE_LARGE_FILES
    USE_LOCALE
    USE_LOCALE_COLLATE
    USE_LOCALE_CTYPE
    USE_LOCALE_NUMERIC
    USE_LOCALE_TIME
    USE_PERLIO
    USE_PERL_ATOF
  Built under linux
  Compiled at May 25 2021 18:34:40
  %ENV:
    PERL5LIB="/home/cpansand/.cpan/build/2022022316/Sub-StrictDecl-0.005-1/blib/arch:/home/cpansand/.cpan/build/2022022316/Sub-StrictDecl-0.005-1/blib/lib:/home/cpansand/.cpan/build/2022022316/Lexical-SealRequireHints-0.011-0/blib/arch:/home/cpansand/.cpan/build/2022022316/Lexical-SealRequireHints-0.011-0/blib/lib:/home/cpansand/.cpan/build/2022022316/AnyEvent-XSPromises-0.005-1/blib/arch:/home/cpansand/.cpan/build/2022022316/AnyEvent-XSPromises-0.005-1/blib/lib:/home/cpansand/.cpan/build/2022022316/Alien-libmariadbclient-0.01-3/blib/arch:/home/cpansand/.cpan/build/2022022316/Alien-libmariadbclient-0.01-3/blib/lib"
    PERL5OPT=""
    PERL5_CPANPLUS_IS_RUNNING="31100"
    PERL5_CPAN_IS_RUNNING="31100"
    PERL5_CPAN_IS_RUNNING_IN_RECURSION="28300,31100"
    PERLDOC="-MPod::Perldoc::ToTextOverstrike"
    PERL_BATCH="yes"
    PERL_CANARY_STABILITY_NOPROMPT="1"
    PERL_CPAN_REPORTER_CONFIG="/var/tmp/cpansmoker-1023/2022022316/cpanreporter_000_config.ini"
    PERL_EXTUTILS_AUTOINSTALL="--defaultdeps"
    PERL_USE_UNSAFE_INC="1"
  @INC:
    /home/cpansand/.cpan/build/2022022316/Sub-StrictDecl-0.005-1/blib/arch
    /home/cpansand/.cpan/build/2022022316/Sub-StrictDecl-0.005-1/blib/lib
    /home/cpansand/.cpan/build/2022022316/Lexical-SealRequireHints-0.011-0/blib/arch
    /home/cpansand/.cpan/build/2022022316/Lexical-SealRequireHints-0.011-0/blib/lib
    /home/cpansand/.cpan/build/2022022316/AnyEvent-XSPromises-0.005-1/blib/arch
    /home/cpansand/.cpan/build/2022022316/AnyEvent-XSPromises-0.005-1/blib/lib
    /home/cpansand/.cpan/build/2022022316/Alien-libmariadbclient-0.01-3/blib/arch
    /home/cpansand/.cpan/build/2022022316/Alien-libmariadbclient-0.01-3/blib/lib
    /opt/perl-5.34.0/lib/site_perl/5.34.0/x86_64-linux
    /opt/perl-5.34.0/lib/site_perl/5.34.0
    /opt/perl-5.34.0/lib/5.34.0/x86_64-linux
    /opt/perl-5.34.0/lib/5.34.0
    .