Report for Net-Server-Framework-1.2

Back
From: metabase:user:d2c9f356-b46f-11df-9a90-20a83c0b7757
Subject: FAIL Net-Server-Framework-1.2 v5.14.3 SunOS/Solaris
Date: 2012-12-19T19:03:57Z

This distribution has been tested as part of the CPAN Testers
project, supporting the Perl programming language.  See
http://wiki.cpantesters.org/ for more information or email
questions to cpan-testers-discuss@perl.org


--
Dear Lenz Gschwendtner,

This is a computer-generated report for Net-Server-Framework-1.2
on perl 5.14.3, created by CPAN-Reporter-1.2008.

Thank you for uploading your work to CPAN.  However, there was a problem
testing your distribution.

If you think this report is invalid, please consult the CPAN Testers Wiki
for suggestions on how to avoid getting FAIL reports for missing library
or binary dependencies, unsupported operating systems, and so on:

http://wiki.cpantesters.org/wiki/CPANAuthorNotes

Sections of this report:

    * Tester comments
    * Program output
    * Prerequisites
    * Environment and other context

------------------------------
TESTER COMMENTS
------------------------------

Additional comments from tester:

this report is from an automated smoke testing program
and was not reviewed by a human for accuracy

------------------------------
PROGRAM OUTPUT
------------------------------

Output from '/usr/local/bin/make test':

PERL_DL_NONLAZY=1 /export/home/cpant2/perl5/perlbrew/perls/perl-5.14.3/bin/perl5.14.3 "-MExtUtils::Command::MM" "-e" "test_harness(0, 'blib/lib', 'blib/arch')" t/*.t

#   Failed test 'use Net::Server::Framework;'
#   at t/00-load.t line 6.
#     Tried to use 'Net::Server::Framework'.
#     Error:  Can't locate Net/Server/Framework.pm in @INC (@INC contains: /export/home/cpant2/.cpan/build/Net-Server-Framework-1.2-sT0aLp/blib/lib /export/home/cpant2/.cpan/build/Net-Server-Framework-1.2-sT0aLp/blib/arch /export/home/cpant2/.cpan/build/Data-FormValidator-4.80-wA2Pol/blib/arch /export/home/cpant2/.cpan/build/Data-FormValidator-4.80-wA2Pol/blib/lib /export/home/cpant2/.cpan/build/Email-Valid-0.190-DqBLh6/blib/arch /export/home/cpant2/.cpan/build/Email-Valid-0.190-DqBLh6/blib/lib /export/home/cpant2/.cpan/build/Net-DNS-0.71-zDJ0eX/blib/arch /export/home/cpant2/.cpan/build/Net-DNS-0.71-zDJ0eX/blib/lib /export/home/cpant2/.cpan/build/Net-Server-2.006-HEebLm/blib/arch /export/home/cpant2/.cpan/build/Net-Server-2.006-HEebLm/blib/lib /export/home/cpant2/perl5/perlbrew/perls/perl-5.14.3/lib/site_perl/5.14.3/i86pc-solaris-64int /export/home/cpant2/perl5/perlbrew/perls/perl-5.14.3/lib/site_perl/5.14.3 /export/home/cpant2/perl5/perlbrew/perls/perl-5.14.3/lib/5.14.3/i86pc-solaris-64int /export/home/cpant2/perl5/perlbrew/perls/perl-5.14.3/lib/5.14.3) at (eval 4) line 2.
# BEGIN failed--compilation aborted at (eval 4) line 2.
# Testing Net::Server::Framework , Perl 5.014003, /export/home/cpant2/perl5/perlbrew/perls/perl-5.14.3/bin/perl5.14.3
# Looks like you failed 1 test of 1.
t/00-load.t ....... 
Dubious, test returned 1 (wstat 256, 0x100)
Failed 1/1 subtests 
t/boilerplate.t ... ok
t/pod-coverage.t .. ok
t/pod.t ........... ok

Test Summary Report
-------------------
t/00-load.t     (Wstat: 256 Tests: 1 Failed: 1)
  Failed test:  1
  Non-zero exit status: 1
t/boilerplate.t (Wstat: 0 Tests: 3 Failed: 0)
  TODO passed:   1-3
Files=4, Tests=24,  1 wallclock secs ( 0.06 usr  0.03 sys +  0.33 cusr  0.08 csys =  0.50 CPU)
Result: FAIL
Failed 1/4 test programs. 1/24 subtests failed.
make: *** [test_dynamic] Error 255

------------------------------
PREREQUISITES
------------------------------

Prerequisite modules loaded:

requires:

    Module              Need Have 
    ------------------- ---- -----
    Crypt::CBC          0    2.32 
    Data::FormValidator 0    4.80 
    Data::Serializer    0    0.59 
    DBI                 0    1.622
    Digest::MD5         0    2.52 
    MIME::Base64        0    3.13 
    Net::Server         0    2.006
    Test::More          0    0.98 

build_requires:

    Module              Need Have 
    ------------------- ---- -----
    ExtUtils::MakeMaker 0    6.64 


------------------------------
ENVIRONMENT AND OTHER CONTEXT
------------------------------

Environment variables:

    AUTOMATED_TESTING = 1
    LANG = C
    LD_LIBRARY_PATH = /usr/local/lib:
    MANPATH_WITHOUT_PERLBREW = 
    PATH = /export/home/cpant2/perl5/perlbrew/bin:/export/home/cpant2/perl5/perlbrew/perls/perl-5.14.3/bin:/export/home/cpant2/perl5/bin:/usr/local/bin:/usr/bin
    PATH_WITHOUT_PERLBREW = /export/home/cpant2/perl5/bin:/usr/local/bin:/usr/bin
    PERL5LIB = /export/home/cpant2/.cpan/build/Data-FormValidator-4.80-wA2Pol/blib/arch:/export/home/cpant2/.cpan/build/Data-FormValidator-4.80-wA2Pol/blib/lib:/export/home/cpant2/.cpan/build/Email-Valid-0.190-DqBLh6/blib/arch:/export/home/cpant2/.cpan/build/Email-Valid-0.190-DqBLh6/blib/lib:/export/home/cpant2/.cpan/build/Net-DNS-0.71-zDJ0eX/blib/arch:/export/home/cpant2/.cpan/build/Net-DNS-0.71-zDJ0eX/blib/lib:/export/home/cpant2/.cpan/build/Net-Server-2.006-HEebLm/blib/arch:/export/home/cpant2/.cpan/build/Net-Server-2.006-HEebLm/blib/lib
    PERL5OPT = 
    PERL5_CPANPLUS_IS_RUNNING = 21782
    PERL5_CPAN_IS_RUNNING = 21782
    PERL5_CPAN_IS_RUNNING_IN_RECURSION = 16194,21782
    PERLBREW_BASHRC_VERSION = 0.44
    PERLBREW_HOME = /export/home/cpant2/.perlbrew
    PERLBREW_MANPATH = /export/home/cpant2/perl5/perlbrew/perls/perl-5.14.3/man
    PERLBREW_PATH = /export/home/cpant2/perl5/perlbrew/bin:/export/home/cpant2/perl5/perlbrew/perls/perl-5.14.3/bin
    PERLBREW_PERL = perl-5.14.3
    PERLBREW_ROOT = /export/home/cpant2/perl5/perlbrew
    PERLBREW_VERSION = 0.44
    PERL_CR_SMOKER_CURRENT = Net-Server-Framework-1.2
    PERL_EXTUTILS_AUTOINSTALL = --defaultdeps
    PERL_MM_USE_DEFAULT = 1
    SHELL = /usr/bin/bash
    TERM = xterm

Perl special variables (and OS-specific diagnostics, for MSWin32):

    $^X = /export/home/cpant2/perl5/perlbrew/perls/perl-5.14.3/bin/perl5.14.3
    $UID/$EUID = 101 / 101
    $GID = 1 1
    $EGID = 1 1

Perl module toolchain versions installed:

    Module              Have    
    ------------------- --------
    CPAN                1.9800  
    CPAN::Meta          2.120921
    Cwd                 3.36    
    ExtUtils::CBuilder  0.280205
    ExtUtils::Command   1.17    
    ExtUtils::Install   1.56    
    ExtUtils::MakeMaker 6.64    
    ExtUtils::Manifest  1.61    
    ExtUtils::ParseXS   3.18    
    File::Spec          3.33    
    JSON                2.53    
    JSON::PP            2.27200 
    Module::Build       0.4003  
    Module::Signature   n/a     
    Parse::CPAN::Meta   1.4404  
    Test::Harness       3.25    
    Test::More          0.98    
    YAML                0.84    
    YAML::Syck          1.22    
    version             0.9901  


--

Summary of my perl5 (revision 5 version 14 subversion 3) configuration:
   
  Platform:
    osname=solaris, osvers=2.10, archname=i86pc-solaris-64int
    uname='sunos vmrz0046 5.10 generic_141445-09 i86pc i386 i86pc solaris '
    config_args='-de -Dprefix=/export/home/cpant2/perl5/perlbrew/perls/perl-5.14.3 -Dcc=gcc -Duse64bitint -Dusedevel -Aeval:scriptdir=/export/home/cpant2/perl5/perlbrew/perls/perl-5.14.3/bin'
    hint=recommended, useposix=true, d_sigaction=define
    useithreads=undef, usemultiplicity=undef
    useperlio=define, d_sfio=undef, uselargefiles=define, usesocks=undef
    use64bitint=define, use64bitall=undef, uselongdouble=undef
    usemymalloc=n, bincompat5005=undef
  Compiler:
    cc='gcc', ccflags ='-DPTR_IS_LONG -fno-strict-aliasing -pipe -I/usr/local/include -D_LARGEFILE_SOURCE -D_FILE_OFFSET_BITS=64 -DPERL_USE_SAFE_PUTENV -DPERL_USE_SAFE_PUTENV',
    optimize='-O',
    cppflags='-DPTR_IS_LONG -fno-strict-aliasing -pipe -I/usr/local/include'
    ccversion='', gccversion='3.4.6', gccosandvers='solaris2.10'
    intsize=4, longsize=4, ptrsize=4, doublesize=8, byteorder=12345678
    d_longlong=define, longlongsize=8, d_longdbl=define, longdblsize=12
    ivtype='long long', ivsize=8, nvtype='double', nvsize=8, Off_t='off_t', lseeksize=8
    alignbytes=4, prototype=define
  Linker and Libraries:
    ld='gcc', ldflags =' -L/usr/local/lib '
    libpth=/usr/local/lib /usr/lib /usr/ccs/lib
    libs=-lsocket -lnsl -lgdbm -ldl -lm -lc
    perllibs=-lsocket -lnsl -ldl -lm -lc
    libc=/lib/libc.so, so=so, useshrplib=false, libperl=libperl.a
    gnulibc_version=''
  Dynamic Linking:
    dlsrc=dl_dlopen.xs, dlext=so, d_dlsymun=undef, ccdlflags=' '
    cccdlflags='-fPIC', lddlflags='-G -L/usr/local/lib'


Characteristics of this binary (from libperl): 
  Compile-time options: PERL_DONT_CREATE_GVSV PERL_MALLOC_WRAP
                        PERL_PRESERVE_IVUV PERL_USE_DEVEL
                        PERL_USE_SAFE_PUTENV USE_64_BIT_INT USE_LARGE_FILES
                        USE_PERLIO USE_PERL_ATOF
  Built under solaris
  Compiled at Nov 12 2012 19:03:18
  %ENV:
    PERL5LIB="/export/home/cpant2/.cpan/build/Data-FormValidator-4.80-wA2Pol/blib/arch:/export/home/cpant2/.cpan/build/Data-FormValidator-4.80-wA2Pol/blib/lib:/export/home/cpant2/.cpan/build/Email-Valid-0.190-DqBLh6/blib/arch:/export/home/cpant2/.cpan/build/Email-Valid-0.190-DqBLh6/blib/lib:/export/home/cpant2/.cpan/build/Net-DNS-0.71-zDJ0eX/blib/arch:/export/home/cpant2/.cpan/build/Net-DNS-0.71-zDJ0eX/blib/lib:/export/home/cpant2/.cpan/build/Net-Server-2.006-HEebLm/blib/arch:/export/home/cpant2/.cpan/build/Net-Server-2.006-HEebLm/blib/lib"
    PERL5OPT=""
    PERL5_CPANPLUS_IS_RUNNING="21782"
    PERL5_CPAN_IS_RUNNING="21782"
    PERL5_CPAN_IS_RUNNING_IN_RECURSION="16194,21782"
    PERLBREW_BASHRC_VERSION="0.44"
    PERLBREW_HOME="/export/home/cpant2/.perlbrew"
    PERLBREW_MANPATH="/export/home/cpant2/perl5/perlbrew/perls/perl-5.14.3/man"
    PERLBREW_PATH="/export/home/cpant2/perl5/perlbrew/bin:/export/home/cpant2/perl5/perlbrew/perls/perl-5.14.3/bin"
    PERLBREW_PERL="perl-5.14.3"
    PERLBREW_ROOT="/export/home/cpant2/perl5/perlbrew"
    PERLBREW_VERSION="0.44"
    PERL_CR_SMOKER_CURRENT="Net-Server-Framework-1.2"
    PERL_EXTUTILS_AUTOINSTALL="--defaultdeps"
    PERL_MM_USE_DEFAULT="1"
  @INC:
    /export/home/cpant2/.cpan/build/Data-FormValidator-4.80-wA2Pol/blib/arch
    /export/home/cpant2/.cpan/build/Data-FormValidator-4.80-wA2Pol/blib/lib
    /export/home/cpant2/.cpan/build/Email-Valid-0.190-DqBLh6/blib/arch
    /export/home/cpant2/.cpan/build/Email-Valid-0.190-DqBLh6/blib/lib
    /export/home/cpant2/.cpan/build/Net-DNS-0.71-zDJ0eX/blib/arch
    /export/home/cpant2/.cpan/build/Net-DNS-0.71-zDJ0eX/blib/lib
    /export/home/cpant2/.cpan/build/Net-Server-2.006-HEebLm/blib/arch
    /export/home/cpant2/.cpan/build/Net-Server-2.006-HEebLm/blib/lib
    /export/home/cpant2/perl5/perlbrew/perls/perl-5.14.3/lib/site_perl/5.14.3/i86pc-solaris-64int
    /export/home/cpant2/perl5/perlbrew/perls/perl-5.14.3/lib/site_perl/5.14.3
    /export/home/cpant2/perl5/perlbrew/perls/perl-5.14.3/lib/5.14.3/i86pc-solaris-64int
    /export/home/cpant2/perl5/perlbrew/perls/perl-5.14.3/lib/5.14.3
    .