CGI-Application-Plugin-ViewCode v1.02 Perl 5 v5.38.2 MSWin32-x64-multi-thread

Status
Fail
From
LNATION
Dist
CGI-Application-Plugin-ViewCode v1.02
Platform
Perl 5 v5.38.2 MSWin32-x64-multi-thread
Date
2025-05-25 19:14:41
ID
d78d135c-7400-1014-8029-a0850b2972ac
This distribution has been tested as part of the CPAN Testers
project, supporting the Perl programming language.  See
http://wiki.cpantesters.org/ for more information or email
questions to cpan-testers-discuss@perl.org


--
Dear Michael Peters,

This is a computer-generated report for CGI-Application-Plugin-ViewCode-1.02
on perl 5.38.2, created by CPAN-Reporter-1.2020.

Thank you for uploading your work to CPAN.  However, there was a problem
testing your distribution.

If you think this report is invalid, please consult the CPAN Testers Wiki
for suggestions on how to avoid getting FAIL reports for missing library
or binary dependencies, unsupported operating systems, and so on:

http://wiki.cpantesters.org/wiki/CPANAuthorNotes

Sections of this report:

    * Tester comments
    * Program output
    * Prerequisites
    * Environment and other context

------------------------------
TESTER COMMENTS
------------------------------

Additional comments from tester:

this report is from an automated smoke testing program
and was not reviewed by a human for accuracy

------------------------------
PROGRAM OUTPUT
------------------------------

Output from 'C:\Strawberry\perl\bin\perl.exe ./Build test':

t\00-pod.t ........... ok

#   Failed test 'Pod coverage on CGI::Application::Plugin::ViewCode'
#   at C:/Strawberry/perl/vendor/lib/Test/Pod/Coverage.pm line 133.
# CGI::Application::Plugin::ViewCode: requiring 'CGI::Application::Plugin::ViewCode' failed
# Looks like you failed 1 test of 1.
t\01-pod-coverage.t .. 
Dubious, test returned 1 (wstat 256, 0x100)
Failed 1/1 subtests 
syntax error at C:\STRAWB~1\cpan\build\CGI-Application-Plugin-ViewCode-1.02-0\blib\lib/CGI/Application/Plugin/ViewCode.pm line 179, near "$opt qw(highlight line_no pod)"
Execution of C:\STRAWB~1\cpan\build\CGI-Application-Plugin-ViewCode-1.02-0\blib\lib/CGI/Application/Plugin/ViewCode.pm aborted due to compilation errors.
Compilation failed in require at t/lib/MyBase/MyApp.pm line 4.
BEGIN failed--compilation aborted at t/lib/MyBase/MyApp.pm line 4.
Compilation failed in require at t\02-view_code.t line 4.
BEGIN failed--compilation aborted at t\02-view_code.t line 4.
t\02-view_code.t ..... 
Dubious, test returned 25 (wstat 6400, 0x1900)
No subtests run 
syntax error at C:\STRAWB~1\cpan\build\CGI-Application-Plugin-ViewCode-1.02-0\blib\lib/CGI/Application/Plugin/ViewCode.pm line 179, near "$opt qw(highlight line_no pod)"
Execution of C:\STRAWB~1\cpan\build\CGI-Application-Plugin-ViewCode-1.02-0\blib\lib/CGI/Application/Plugin/ViewCode.pm aborted due to compilation errors.
Compilation failed in require at t/lib/MyBase/MyApp.pm line 4.
BEGIN failed--compilation aborted at t/lib/MyBase/MyApp.pm line 4.
Compilation failed in require at t\03-view_pod.t line 5.
BEGIN failed--compilation aborted at t\03-view_pod.t line 5.
t\03-view_pod.t ...... 
Dubious, test returned 25 (wstat 6400, 0x1900)
No subtests run 
syntax error at C:\STRAWB~1\cpan\build\CGI-Application-Plugin-ViewCode-1.02-0\blib\lib/CGI/Application/Plugin/ViewCode.pm line 179, near "$opt qw(highlight line_no pod)"
Execution of C:\STRAWB~1\cpan\build\CGI-Application-Plugin-ViewCode-1.02-0\blib\lib/CGI/Application/Plugin/ViewCode.pm aborted due to compilation errors.
Compilation failed in require at t/lib/MyBase/MyApp.pm line 4.
BEGIN failed--compilation aborted at t/lib/MyBase/MyApp.pm line 4.
Compilation failed in require at t\04-errors.t line 4.
BEGIN failed--compilation aborted at t\04-errors.t line 4.
t\04-errors.t ........ 
Dubious, test returned 25 (wstat 6400, 0x1900)
No subtests run 

Test Summary Report
-------------------
t\01-pod-coverage.t (Wstat: 256 (exited 1) Tests: 1 Failed: 1)
  Failed test:  1
  Non-zero exit status: 1
t\02-view_code.t   (Wstat: 6400 (exited 25) Tests: 0 Failed: 0)
  Non-zero exit status: 25
  Parse errors: No plan found in TAP output
t\03-view_pod.t    (Wstat: 6400 (exited 25) Tests: 0 Failed: 0)
  Non-zero exit status: 25
  Parse errors: No plan found in TAP output
t\04-errors.t      (Wstat: 6400 (exited 25) Tests: 0 Failed: 0)
  Non-zero exit status: 25
  Parse errors: No plan found in TAP output
Files=5, Tests=2,  1 wallclock secs ( 0.06 usr +  0.00 sys =  0.06 CPU)
Result: FAIL
Failed 4/5 test programs. 1/2 subtests failed.

------------------------------
PREREQUISITES
------------------------------

Prerequisite modules loaded:

requires:

    Module                            Need Have    
    --------------------------------- ---- --------
    CGI::Application                  4    4.61    
    Pod::Xhtml                        1    1.61    
    Syntax::Highlight::Perl::Improved 1    1.01    
    Test::LongString                  0    0.17    
    Test::More                        0    1.302214


------------------------------
ENVIRONMENT AND OTHER CONTEXT
------------------------------

Environment variables:

    AUTOMATED_TESTING = 1
    COMSPEC = C:\Windows\system32\cmd.exe
    NUMBER_OF_PROCESSORS = 2
    PATH = C:\Windows\system32;C:\Windows;C:\Windows\System32\Wbem;C:\Windows\System32\WindowsPowerShell\v1.0\;C:\Windows\System32\OpenSSH\;C:\Program Files\Amazon\cfn-bootstrap\;C:\Strawberry\c\bin;C:\Strawberry\perl\site\bin;C:\Strawberry\perl\bin;C:\Users\Administrator\AppData\Local\Microsoft\WindowsApps;C:\Users\Administrator\AppData\Local\Microsoft\WinGet\Links;
    PERL5LIB = 
    PERL5OPT = 
    PERL5_CPANPLUS_IS_RUNNING = 7836
    PERL5_CPAN_IS_RUNNING = 7836
    PERL5_CPAN_IS_RUNNING_IN_RECURSION = 5920,7836
    PERL_CR_SMOKER_CURRENT = CGI-Application-Plugin-ViewCode-1.02
    PERL_EXTUTILS_AUTOINSTALL = --defaultdeps
    PERL_MM_USE_DEFAULT = 1
    PERL_USE_UNSAFE_INC = 1
    PROCESSOR_IDENTIFIER = Intel64 Family 6 Model 85 Stepping 7, GenuineIntel
    TEMP = C:\Users\ADMINI~1\AppData\Local\Temp\2

Perl special variables (and OS-specific diagnostics, for MSWin32):

    $^X = C:\Strawberry\perl\bin\perl.exe
    $UID/$EUID = 0 / 0
    $GID = 0
    $EGID = 0
    Win32::GetOSName = WinServer
    Win32::GetOSVersion = , 10, 0, 26100, 2, 0, 0, 400, 3
    Win32::FsType = NTFS
    Win32::IsAdminUser = 1

Perl module toolchain versions installed:

    Module              Have    
    ------------------- --------
    CPAN                2.36    
    CPAN::Meta          2.150010
    Cwd                 3.89    
    ExtUtils::CBuilder  0.280238
    ExtUtils::Command   7.76    
    ExtUtils::Install   2.22    
    ExtUtils::MakeMaker 7.76    
    ExtUtils::Manifest  1.75    
    ExtUtils::ParseXS   3.57    
    File::Spec          3.88    
    JSON                4.10    
    JSON::PP            4.16    
    Module::Build       0.4234  
    Module::Signature   0.89    
    Parse::CPAN::Meta   2.150010
    Test2               1.302214
    Test::Harness       3.52    
    Test::More          1.302214
    YAML                1.31    
    YAML::Syck          1.34    
    version             0.9930  


--

Summary of my perl5 (revision 5 version 38 subversion 2) configuration:
   
  Platform:
    osname=MSWin32
    osvers=10.0.19045.3693
    archname=MSWin32-x64-multi-thread
    uname='Win32 strawberry-perl 5.38.2.2 # 06:03:00 Mon December 11 2023 x64'
    config_args='undef'
    hint=recommended
    useposix=true
    d_sigaction=undef
    useithreads=define
    usemultiplicity=define
    use64bitint=define
    use64bitall=undef
    uselongdouble=undef
    usemymalloc=n
    default_inc_excludes_dot=define
  Compiler:
    cc='gcc'
    ccflags =' -DWIN32 -DWIN64 -DPERL_TEXTMODE_SCRIPTS -DMULTIPLICITY -DPERL_IMPLICIT_SYS -DUSE_PERLIO -D__USE_MINGW_ANSI_STDIO -fwrapv -fno-strict-aliasing -mms-bitfields'
    optimize='-Os -falign-functions -falign-jumps -falign-labels -falign-loops -freorder-blocks -freorder-blocks-algorithm=stc -freorder-blocks-and-partition'
    cppflags='-DWIN32'
    ccversion=''
    gccversion='13.1.0'
    gccosandvers=''
    intsize=4
    longsize=4
    ptrsize=8
    doublesize=8
    byteorder=12345678
    doublekind=3
    d_longlong=define
    longlongsize=8
    d_longdbl=define
    longdblsize=16
    longdblkind=3
    ivtype='long long'
    ivsize=8
    nvtype='double'
    nvsize=8
    Off_t='long long'
    lseeksize=8
    alignbytes=8
    prototype=define
  Linker and Libraries:
    ld='g++'
    ldflags ='-s -L"C:\STRAWB~1\perl\lib\CORE" -L"C:\STRAWB~1\c\lib" -L"C:\STRAWB~1\c\x86_64-w64-mingw32\lib" -L"C:\STRAWB~1\c\lib\gcc\x86_64-w64-mingw32\13.1.0"'
    libpth=C:\STRAWB~1\c\lib C:\STRAWB~1\c\x86_64-w64-mingw32\lib C:\STRAWB~1\c\lib\gcc\x86_64-w64-mingw32\13.1.0 C:\STRAWB~1\c\x86_64-w64-mingw32\lib C:\STRAWB~1\c\lib\gcc\x86_64-w64-mingw32\13.1.0
    libs= -lmoldname -lkernel32 -luser32 -lgdi32 -lwinspool -lcomdlg32 -ladvapi32 -lshell32 -lole32 -loleaut32 -lnetapi32 -luuid -lws2_32 -lmpr -lwinmm -lversion -lodbc32 -lodbccp32 -lcomctl32
    perllibs= -lmoldname -lkernel32 -luser32 -lgdi32 -lwinspool -lcomdlg32 -ladvapi32 -lshell32 -lole32 -loleaut32 -lnetapi32 -luuid -lws2_32 -lmpr -lwinmm -lversion -lodbc32 -lodbccp32 -lcomctl32
    libc=
    so=dll
    useshrplib=true
    libperl=libperl538.a
    gnulibc_version=''
  Dynamic Linking:
    dlsrc=dl_win32.xs
    dlext=xs.dll
    d_dlsymun=undef
    ccdlflags=' '
    cccdlflags=' '
    lddlflags='-shared -s -L"C:\STRAWB~1\perl\lib\CORE" -L"C:\STRAWB~1\c\lib" -L"C:\STRAWB~1\c\x86_64-w64-mingw32\lib" -L"C:\STRAWB~1\c\lib\gcc\x86_64-w64-mingw32\13.1.0"'


Characteristics of this binary (from libperl): 
  Compile-time options:
    HAS_LONG_DOUBLE
    HAS_TIMES
    HAVE_INTERP_INTERN
    MULTIPLICITY
    PERLIO_LAYERS
    PERL_COPY_ON_WRITE
    PERL_DONT_CREATE_GVSV
    PERL_HASH_FUNC_SIPHASH13
    PERL_HASH_USE_SBOX32
    PERL_IMPLICIT_SYS
    PERL_MALLOC_WRAP
    PERL_OP_PARENT
    PERL_PRESERVE_IVUV
    PERL_USE_SAFE_PUTENV
    USE_64_BIT_INT
    USE_ITHREADS
    USE_LARGE_FILES
    USE_LOCALE
    USE_LOCALE_COLLATE
    USE_LOCALE_CTYPE
    USE_LOCALE_NUMERIC
    USE_LOCALE_TIME
    USE_PERLIO
    USE_PERL_ATOF
  Built under MSWin32
  Compiled at Dec 11 2023 17:03:26
  %ENV:
    PERL5_CPANPLUS_IS_RUNNING="7836"
    PERL5_CPAN_IS_RUNNING="7836"
    PERL5_CPAN_IS_RUNNING_IN_RECURSION="5920,7836"
    PERL_CR_SMOKER_CURRENT="CGI-Application-Plugin-ViewCode-1.02"
    PERL_EXTUTILS_AUTOINSTALL="--defaultdeps"
    PERL_MM_USE_DEFAULT="1"
    PERL_USE_UNSAFE_INC="1"
  @INC:
    C:/Strawberry/perl/site/lib
    C:/Strawberry/perl/vendor/lib
    C:/Strawberry/perl/lib
    .