Report for Lingua-FR-Ladl-v0.0.4

Back
From: metabase:user:30ae4450-2aae-11df-837a-5e0a49663a4f
Subject: FAIL Lingua-FR-Ladl-v0.0.4 v5.18.1 GNU/Linux
Date: 2014-03-29T13:20:05Z

This distribution has been tested as part of the CPAN Testers
project, supporting the Perl programming language.  See
http://wiki.cpantesters.org/ for more information or email
questions to cpan-testers-discuss@perl.org


--
Dear Ingrid Falk,

This is a computer-generated report for Lingua-FR-Ladl-v0.0.4
on perl 5.18.1, created by CPAN-Reporter-1.2010.

Thank you for uploading your work to CPAN.  However, there was a problem
testing your distribution.

If you think this report is invalid, please consult the CPAN Testers Wiki
for suggestions on how to avoid getting FAIL reports for missing library
or binary dependencies, unsupported operating systems, and so on:

http://wiki.cpantesters.org/wiki/CPANAuthorNotes

Sections of this report:

    * Tester comments
    * Program output
    * Prerequisites
    * Environment and other context

------------------------------
TESTER COMMENTS
------------------------------

Additional comments from tester:

this report is from an automated smoke testing program
and was not reviewed by a human for accuracy

------------------------------
PROGRAM OUTPUT
------------------------------

Output from './Build test':


#   Failed test 'use Lingua::FR::Ladl::Table;'
#   at t/00.load.t line 5.
#     Tried to use 'Lingua::FR::Ladl::Table'.
#     Error:  Can't locate Class/Std.pm in @INC (you may need to install the Class::Std module) (@INC contains: /home/c/.cpan/build/Lingua-FR-Ladl-v0.0.4-OAhsIW/blib/lib /home/c/.cpan/build/Lingua-FR-Ladl-v0.0.4-OAhsIW/blib/arch /home/c/perl5/perlbrew/perls/18.1i/lib/site_perl/5.18.1/i686-linux-thread-multi /home/c/perl5/perlbrew/perls/18.1i/lib/site_perl/5.18.1 /home/c/perl5/perlbrew/perls/18.1i/lib/5.18.1/i686-linux-thread-multi /home/c/perl5/perlbrew/perls/18.1i/lib/5.18.1 .) at /home/c/.cpan/build/Lingua-FR-Ladl-v0.0.4-OAhsIW/blib/lib/Lingua/FR/Ladl/Parametrizer.pm line 10.
# BEGIN failed--compilation aborted at /home/c/.cpan/build/Lingua-FR-Ladl-v0.0.4-OAhsIW/blib/lib/Lingua/FR/Ladl/Parametrizer.pm line 10.
# Compilation failed in require at /home/c/.cpan/build/Lingua-FR-Ladl-v0.0.4-OAhsIW/blib/lib/Lingua/FR/Ladl/Table.pm line 17.
# BEGIN failed--compilation aborted at /home/c/.cpan/build/Lingua-FR-Ladl-v0.0.4-OAhsIW/blib/lib/Lingua/FR/Ladl/Table.pm line 17.
# Compilation failed in require at t/00.load.t line 5.
# BEGIN failed--compilation aborted at t/00.load.t line 5.

#   Failed test 'use Lingua::FR::Ladl::Parametrizer;'
#   at t/00.load.t line 6.
#     Tried to use 'Lingua::FR::Ladl::Parametrizer'.
#     Error:  Attempt to reload Lingua/FR/Ladl/Parametrizer.pm aborted.
# Compilation failed in require at t/00.load.t line 6.
# BEGIN failed--compilation aborted at t/00.load.t line 6.
# Testing Lingua::FR::Ladl 0.0.4
# Looks like you failed 2 tests of 4.
t/00.load.t ....... 
Dubious, test returned 2 (wstat 512, 0x200)
Failed 2/4 subtests 

#   Failed test 'Test::Perl::Critic for "blib/lib/Lingua/FR/Ladl/Graph.pm"'
#   at /home/c/perl5/perlbrew/perls/18.1i/lib/site_perl/5.18.1/Test/Perl/Critic.pm line 110.
# 
# Perl::Critic found these violations in "blib/lib/Lingua/FR/Ladl/Graph.pm":
# Private Member Data shouldn't be accessed directly at line 69, column 18.  Accessing an objects data directly breaks encapsulation and should be avoided.  Example: $object->{ some_key }.  (Severity: 5)
# Private Member Data shouldn't be accessed directly at line 70, column 21.  Accessing an objects data directly breaks encapsulation and should be avoided.  Example: $object->{ some_key }.  (Severity: 5)

#   Failed test 'Test::Perl::Critic for "blib/lib/Lingua/FR/Ladl/Table.pm"'
#   at /home/c/perl5/perlbrew/perls/18.1i/lib/site_perl/5.18.1/Test/Perl/Critic.pm line 110.
# 
# Perl::Critic found these violations in "blib/lib/Lingua/FR/Ladl/Table.pm":
# Private Member Data shouldn't be accessed directly at line 102, column 17.  Accessing an objects data directly breaks encapsulation and should be avoided.  Example: $object->{ some_key }.  (Severity: 5)
# Private Member Data shouldn't be accessed directly at line 103, column 5.  Accessing an objects data directly breaks encapsulation and should be avoided.  Example: $object->{ some_key }.  (Severity: 5)
# Private Member Data shouldn't be accessed directly at line 103, column 26.  Accessing an objects data directly breaks encapsulation and should be avoided.  Example: $object->{ some_key }.  (Severity: 5)
# Private Member Data shouldn't be accessed directly at line 104, column 13.  Accessing an objects data directly breaks encapsulation and should be avoided.  Example: $object->{ some_key }.  (Severity: 5)
# Private Member Data shouldn't be accessed directly at line 107, column 22.  Accessing an objects data directly breaks encapsulation and should be avoided.  Example: $object->{ some_key }.  (Severity: 5)
# Private Member Data shouldn't be accessed directly at line 107, column 42.  Accessing an objects data directly breaks encapsulation and should be avoided.  Example: $object->{ some_key }.  (Severity: 5)
# Private Member Data shouldn't be accessed directly at line 108, column 7.  Accessing an objects data directly breaks encapsulation and should be avoided.  Example: $object->{ some_key }.  (Severity: 5)
# Private Member Data shouldn't be accessed directly at line 108, column 28.  Accessing an objects data directly breaks encapsulation and should be avoided.  Example: $object->{ some_key }.  (Severity: 5)
# Private Member Data shouldn't be accessed directly at line 109, column 24.  Accessing an objects data directly breaks encapsulation and should be avoided.  Example: $object->{ some_key }.  (Severity: 5)
# Private Member Data shouldn't be accessed directly at line 109, column 45.  Accessing an objects data directly breaks encapsulation and should be avoided.  Example: $object->{ some_key }.  (Severity: 5)
# Private Member Data shouldn't be accessed directly at line 110, column 20.  Accessing an objects data directly breaks encapsulation and should be avoided.  Example: $object->{ some_key }.  (Severity: 5)
# Private Member Data shouldn't be accessed directly at line 112, column 11.  Accessing an objects data directly breaks encapsulation and should be avoided.  Example: $object->{ some_key }.  (Severity: 5)
# Private Member Data shouldn't be accessed directly at line 112, column 40.  Accessing an objects data directly breaks encapsulation and should be avoided.  Example: $object->{ some_key }.  (Severity: 5)
# Private Member Data shouldn't be accessed directly at line 116, column 25.  Accessing an objects data directly breaks encapsulation and should be avoided.  Example: $object->{ some_key }.  (Severity: 5)
# Private Member Data shouldn't be accessed directly at line 116, column 43.  Accessing an objects data directly breaks encapsulation and should be avoided.  Example: $object->{ some_key }.  (Severity: 5)
# Private Member Data shouldn't be accessed directly at line 138, column 7.  Accessing an objects data directly breaks encapsulation and should be avoided.  Example: $object->{ some_key }.  (Severity: 5)
# Private Member Data shouldn't be accessed directly at line 163, column 18.  Accessing an objects data directly breaks encapsulation and should be avoided.  Example: $object->{ some_key }.  (Severity: 5)
# Private Member Data shouldn't be accessed directly at line 164, column 21.  Accessing an objects data directly breaks encapsulation and should be avoided.  Example: $object->{ some_key }.  (Severity: 5)
# Private Member Data shouldn't be accessed directly at line 240, column 16.  Accessing an objects data directly breaks encapsulation and should be avoided.  Example: $object->{ some_key }.  (Severity: 5)
# Private Member Data shouldn't be accessed directly at line 241, column 14.  Accessing an objects data directly breaks encapsulation and should be avoided.  Example: $object->{ some_key }.  (Severity: 5)
# Private Member Data shouldn't be accessed directly at line 379, column 12.  Accessing an objects data directly breaks encapsulation and should be avoided.  Example: $object->{ some_key }.  (Severity: 5)
# Private Member Data shouldn't be accessed directly at line 404, column 79.  Accessing an objects data directly breaks encapsulation and should be avoided.  Example: $object->{ some_key }.  (Severity: 5)
# Private Member Data shouldn't be accessed directly at line 455, column 9.  Accessing an objects data directly breaks encapsulation and should be avoided.  Example: $object->{ some_key }.  (Severity: 5)
# Private Member Data shouldn't be accessed directly at line 497, column 27.  Accessing an objects data directly breaks encapsulation and should be avoided.  Example: $object->{ some_key }.  (Severity: 5)
# Looks like you failed 2 tests of 6.
t/perlcritic.t .... 
Dubious, test returned 2 (wstat 512, 0x200)
Failed 2/6 subtests 

#   Failed test 'with all-caps functions as privates'
#   at /home/c/perl5/perlbrew/perls/18.1i/lib/site_perl/5.18.1/Test/Pod/Coverage.pm line 126.
# Lingua::FR::Ladl::Parametrizer: requiring 'Lingua::FR::Ladl::Parametrizer' failed

#   Failed test 'with all-caps functions as privates'
#   at /home/c/perl5/perlbrew/perls/18.1i/lib/site_perl/5.18.1/Test/Pod/Coverage.pm line 126.
# Lingua::FR::Ladl::Graph: requiring 'Lingua::FR::Ladl::Graph' failed

#   Failed test 'with all-caps functions as privates'
#   at /home/c/perl5/perlbrew/perls/18.1i/lib/site_perl/5.18.1/Test/Pod/Coverage.pm line 126.
# Lingua::FR::Ladl::Table: requiring 'Lingua::FR::Ladl::Table' failed
# Looks like you failed 3 tests of 6.
t/pod-coverage.t .. 
Dubious, test returned 3 (wstat 768, 0x300)
Failed 3/6 subtests 

#   Failed test 'POD test for blib/lib/Lingua/FR/Ladl/Parametrizer.pm'
#   at /home/c/perl5/perlbrew/perls/18.1i/lib/site_perl/5.18.1/Test/Pod.pm line 186.
# blib/lib/Lingua/FR/Ladl/Parametrizer.pm (98): Non-ASCII character seen before =encoding in '"Nég"'. Assuming UTF-8
# Looks like you failed 1 test of 6.
t/pod.t ........... 
Dubious, test returned 1 (wstat 256, 0x100)
Failed 1/6 subtests 

Test Summary Report
-------------------
t/00.load.t     (Wstat: 512 Tests: 4 Failed: 2)
  Failed tests:  2-3
  Non-zero exit status: 2
t/perlcritic.t  (Wstat: 512 Tests: 6 Failed: 2)
  Failed tests:  3, 5
  Non-zero exit status: 2
t/pod-coverage.t (Wstat: 768 Tests: 6 Failed: 3)
  Failed tests:  3-5
  Non-zero exit status: 3
t/pod.t         (Wstat: 256 Tests: 6 Failed: 1)
  Failed test:  3
  Non-zero exit status: 1
Files=4, Tests=22,  5 wallclock secs ( 0.04 usr  0.03 sys +  3.28 cusr  0.26 csys =  3.61 CPU)
Result: FAIL
Failed 4/4 test programs. 8/22 subtests failed.

------------------------------
PREREQUISITES
------------------------------

Prerequisite modules loaded:

requires:

    Module     Need Have    
    ---------- ---- --------
    Test::More 0    1.001002
    version    0    0.9907  


------------------------------
ENVIRONMENT AND OTHER CONTEXT
------------------------------

Environment variables:

    AUTOMATED_TESTING = 1
    LANG = ru_RU.utf8
    PATH = /home/c/perl5/perlbrew/bin:/home/c/perl5/perlbrew/perls/18.1i/bin:/usr/local/bin:/usr/bin:/bin:/usr/local/games:/usr/games
    PERL5LIB = 
    PERL5OPT = 
    PERL5_CPANPLUS_IS_RUNNING = 11313
    PERL5_CPAN_IS_RUNNING = 11313
    PERL5_CPAN_IS_RUNNING_IN_RECURSION = 3309,11313
    PERLBREW_MANPATH = /home/c/perl5/perlbrew/perls/18.1i/man
    PERLBREW_PATH = /home/c/perl5/perlbrew/bin:/home/c/perl5/perlbrew/perls/18.1i/bin
    PERLBREW_PERL = 18.1i
    PERLBREW_ROOT = /home/c/perl5/perlbrew
    PERLBREW_SKIP_INIT = 1
    PERLBREW_VERSION = 0.67
    PERL_CR_SMOKER_CURRENT = Lingua-FR-Ladl-v0.0.4
    PERL_EXTUTILS_AUTOINSTALL = --defaultdeps
    PERL_MM_USE_DEFAULT = 1
    SHELL = /bin/bash
    TERM = xterm

Perl special variables (and OS-specific diagnostics, for MSWin32):

    $^X = /home/c/perl5/perlbrew/perls/18.1i/bin/perl
    $UID/$EUID = 1000 / 1000
    $GID = 1000 24 25 29 30 44 46 103 105 108 110 1000
    $EGID = 1000 24 25 29 30 44 46 103 105 108 110 1000

Perl module toolchain versions installed:

    Module              Have    
    ------------------- --------
    CPAN                2.00    
    CPAN::Meta          2.133380
    Cwd                 3.40    
    ExtUtils::CBuilder  0.280210
    ExtUtils::Command   1.17    
    ExtUtils::Install   1.59    
    ExtUtils::MakeMaker 6.86    
    ExtUtils::Manifest  1.63    
    ExtUtils::ParseXS   3.22    
    File::Spec          3.40    
    JSON                2.90    
    JSON::PP            2.27203 
    Module::Build       0.4204  
    Module::Signature   n/a     
    Parse::CPAN::Meta   1.4405  
    Test::Harness       3.30    
    Test::More          1.001002
    YAML                0.88    
    YAML::Syck          1.27    
    version             0.9907  


--

Summary of my perl5 (revision 5 version 18 subversion 1) configuration:
   
  Platform:
    osname=linux, osvers=3.2.0-4-486, archname=i686-linux-thread-multi
    uname='linux deb7 3.2.0-4-486 #1 debian 3.2.51-1 i686 gnulinux '
    config_args='-de -Dprefix=/home/c/perl5/perlbrew/perls/18.1i -Dusethreads -Aeval:scriptdir=/home/c/perl5/perlbrew/perls/18.1i/bin'
    hint=recommended, useposix=true, d_sigaction=define
    useithreads=define, usemultiplicity=define
    useperlio=define, d_sfio=undef, uselargefiles=define, usesocks=undef
    use64bitint=undef, use64bitall=undef, uselongdouble=undef
    usemymalloc=n, bincompat5005=undef
  Compiler:
    cc='cc', ccflags ='-D_REENTRANT -D_GNU_SOURCE -fno-strict-aliasing -pipe -fstack-protector -I/usr/local/include -D_LARGEFILE_SOURCE -D_FILE_OFFSET_BITS=64',
    optimize='-O2',
    cppflags='-D_REENTRANT -D_GNU_SOURCE -fno-strict-aliasing -pipe -fstack-protector -I/usr/local/include'
    ccversion='', gccversion='4.7.2', gccosandvers=''
    intsize=4, longsize=4, ptrsize=4, doublesize=8, byteorder=1234
    d_longlong=define, longlongsize=8, d_longdbl=define, longdblsize=12
    ivtype='long', ivsize=4, nvtype='double', nvsize=8, Off_t='off_t', lseeksize=8
    alignbytes=4, prototype=define
  Linker and Libraries:
    ld='cc', ldflags =' -fstack-protector -L/usr/local/lib'
    libpth=/usr/local/lib /lib/i386-linux-gnu /lib/../lib /usr/lib/i386-linux-gnu /usr/lib/../lib /lib /usr/lib
    libs=-lnsl -lgdbm -ldb -ldl -lm -lcrypt -lutil -lpthread -lc -lgdbm_compat
    perllibs=-lnsl -ldl -lm -lcrypt -lutil -lpthread -lc
    libc=, so=so, useshrplib=false, libperl=libperl.a
    gnulibc_version='2.13'
  Dynamic Linking:
    dlsrc=dl_dlopen.xs, dlext=so, d_dlsymun=undef, ccdlflags='-Wl,-E'
    cccdlflags='-fPIC', lddlflags='-shared -O2 -L/usr/local/lib -fstack-protector'


Characteristics of this binary (from libperl): 
  Compile-time options: HAS_TIMES MULTIPLICITY PERLIO_LAYERS
                        PERL_DONT_CREATE_GVSV
                        PERL_HASH_FUNC_ONE_AT_A_TIME_HARD
                        PERL_IMPLICIT_CONTEXT PERL_MALLOC_WRAP
                        PERL_PRESERVE_IVUV PERL_SAWAMPERSAND USE_ITHREADS
                        USE_LARGE_FILES USE_LOCALE USE_LOCALE_COLLATE
                        USE_LOCALE_CTYPE USE_LOCALE_NUMERIC USE_PERLIO
                        USE_PERL_ATOF USE_REENTRANT_API
  Built under linux
  Compiled at Jan 14 2014 14:37:40
  %ENV:
    PERL5LIB=""
    PERL5OPT=""
    PERL5_CPANPLUS_IS_RUNNING="11313"
    PERL5_CPAN_IS_RUNNING="11313"
    PERL5_CPAN_IS_RUNNING_IN_RECURSION="3309,11313"
    PERLBREW_MANPATH="/home/c/perl5/perlbrew/perls/18.1i/man"
    PERLBREW_PATH="/home/c/perl5/perlbrew/bin:/home/c/perl5/perlbrew/perls/18.1i/bin"
    PERLBREW_PERL="18.1i"
    PERLBREW_ROOT="/home/c/perl5/perlbrew"
    PERLBREW_SKIP_INIT="1"
    PERLBREW_VERSION="0.67"
    PERL_CR_SMOKER_CURRENT="Lingua-FR-Ladl-v0.0.4"
    PERL_EXTUTILS_AUTOINSTALL="--defaultdeps"
    PERL_MM_USE_DEFAULT="1"
  @INC:
    /home/c/perl5/perlbrew/perls/18.1i/lib/site_perl/5.18.1/i686-linux-thread-multi
    /home/c/perl5/perlbrew/perls/18.1i/lib/site_perl/5.18.1
    /home/c/perl5/perlbrew/perls/18.1i/lib/5.18.1/i686-linux-thread-multi
    /home/c/perl5/perlbrew/perls/18.1i/lib/5.18.1
    .