DataLoader v0.02 Perl 5 v5.41.12 x86_64-linux-thread-multi

Status
Fail
From
Andreas J. König (ANDK)
Dist
DataLoader v0.02
Platform
Perl 5 v5.41.12 x86_64-linux-thread-multi
Date
2025-05-08 04:49:37
ID
d81700a8-2bc7-11f0-b37c-e56720fa954b
This distribution has been tested as part of the CPAN Testers
project, supporting the Perl programming language.  See
http://wiki.cpantesters.org/ for more information or email
questions to cpan-testers-discuss@perl.org


--
Dear Richard Harris,

This is a computer-generated report for DataLoader-0.02
on perl 5.41.12, created by CPAN-Reporter-1.2020.

Thank you for uploading your work to CPAN.  However, there was a problem
testing your distribution.

If you think this report is invalid, please consult the CPAN Testers Wiki
for suggestions on how to avoid getting FAIL reports for missing library
or binary dependencies, unsupported operating systems, and so on:

http://wiki.cpantesters.org/wiki/CPANAuthorNotes

Sections of this report:

    * Tester comments
    * Program output
    * Prerequisites
    * Environment and other context

------------------------------
TESTER COMMENTS
------------------------------

Additional comments from tester:

this report is from an automated smoke testing program
and was not reviewed by a human for accuracy

------------------------------
PROGRAM OUTPUT
------------------------------

Output from '/usr/bin/make test':

PERL_DL_NONLAZY=1 "/tmp/basesmoker-reloperl-w77x/bin/perl" "-MExtUtils::Command::MM" "-MTest::Harness" "-e" "undef *Test::Harness::Switches; test_harness(0, 'blib/lib', 'blib/arch')" t/*.t
t/00-load.t ............. ok
timed out at /home/sand/src/perl/repoperls/installed-perls/host/k93focal/v5.41.12/d119/lib/site_perl/5.41.12/x86_64-linux-thread-multi/AnyEvent.pm line 2035.
	AnyEvent::CondVar::Base::recv(AnyEvent::CondVar=HASH(0x564bc78f21d0)) called at /tmp/loop_over_bdir-98215-lOufUo/DataLoader-0.02-0/t/lib/DataLoader/Test.pm line 66
	DataLoader::Test::await(Mojo::Promise=HASH(0x564bc72ce568)) called at t/abuse.t line 47
	main::__ANON__() called at /home/sand/src/perl/repoperls/installed-perls/host/k93focal/v5.41.12/d119/lib/5.41.12/Test/Builder.pm line 368
	eval {...} called at /home/sand/src/perl/repoperls/installed-perls/host/k93focal/v5.41.12/d119/lib/5.41.12/Test/Builder.pm line 368
	Test::Builder::subtest(Test::Builder=HASH(0x564bc724a270), "Allow an empty list", CODE(0x564bc8e10cc0)) called at /home/sand/src/perl/repoperls/installed-perls/host/k93focal/v5.41.12/d119/lib/5.41.12/Test/More.pm line 831
	Test::More::subtest("Allow an empty list", CODE(0x564bc8e10cc0)) called at t/abuse.t line 48
	main::__ANON__() called at /home/sand/src/perl/repoperls/installed-perls/host/k93focal/v5.41.12/d119/lib/5.41.12/Test/Builder.pm line 368
	eval {...} called at /home/sand/src/perl/repoperls/installed-perls/host/k93focal/v5.41.12/d119/lib/5.41.12/Test/Builder.pm line 368
	Test::Builder::subtest(Test::Builder=HASH(0x564bc724a270), "load_many function requires a list of keys", CODE(0x564bc78f2608)) called at /home/sand/src/perl/repoperls/installed-perls/host/k93focal/v5.41.12/d119/lib/5.41.12/Test/More.pm line 831
	Test::More::subtest("load_many function requires a list of keys", CODE(0x564bc78f2608)) called at t/abuse.t line 49
# Tests were run but no plan was declared and done_testing() was not seen.
# Looks like your test exited with 255 just after 3.
t/abuse.t ............... 
Dubious, test returned 255 (wstat 65280, 0xff00)
All 3 subtests passed 
timed out at /tmp/loop_over_bdir-98215-lOufUo/DataLoader-0.02-0/t/lib/DataLoader/Test.pm line 66.
# Tests were run but no plan was declared and done_testing() was not seen.
# Looks like your test exited with 255 just after 1.
t/all.t ................. 
Dubious, test returned 255 (wstat 65280, 0xff00)
All 1 subtests passed 
timed out at /home/sand/src/perl/repoperls/installed-perls/host/k93focal/v5.41.12/d119/lib/site_perl/5.41.12/x86_64-linux-thread-multi/AnyEvent.pm line 2035.
	AnyEvent::CondVar::Base::recv(AnyEvent::CondVar=HASH(0x5628fc848868)) called at /tmp/loop_over_bdir-98215-lOufUo/DataLoader-0.02-0/t/lib/DataLoader/Test.pm line 66
	DataLoader::Test::await(Mojo::Promise=HASH(0x5628fcada7a0)) called at t/basic.t line 24
	main::__ANON__() called at /home/sand/src/perl/repoperls/installed-perls/host/k93focal/v5.41.12/d119/lib/5.41.12/Test/Builder.pm line 368
	eval {...} called at /home/sand/src/perl/repoperls/installed-perls/host/k93focal/v5.41.12/d119/lib/5.41.12/Test/Builder.pm line 368
	Test::Builder::subtest(Test::Builder=HASH(0x5628fc254b10), "simple data loader", CODE(0x5628fc7bdd60)) called at /home/sand/src/perl/repoperls/installed-perls/host/k93focal/v5.41.12/d119/lib/5.41.12/Test/More.pm line 831
	Test::More::subtest("simple data loader", CODE(0x5628fc7bdd60)) called at t/basic.t line 25
# Tests were run but no plan was declared and done_testing() was not seen.
# Looks like your test exited with 255 just after 1.
t/basic.t ............... 
Dubious, test returned 255 (wstat 65280, 0xff00)
All 1 subtests passed 
    # No tests run!

#   Failed test 'No tests run for subtest "Complex cache behaviour via clear_all()"'
#   at t/cache-clear-all.t line 37.
timed out at /tmp/loop_over_bdir-98215-lOufUo/DataLoader-0.02-0/t/lib/DataLoader/Test.pm line 66.
# Tests were run but no plan was declared and done_testing() was not seen.
# Looks like your test exited with 255 just after 1.
t/cache-clear-all.t ..... 
Dubious, test returned 255 (wstat 65280, 0xff00)
Failed 1/1 subtests 
t/error-class.t ......... ok

    #   Failed test 'threw Regexp ((?^u:Odd: 1))'
    #   at t/errors.t line 31.
    # expecting: Regexp ((?^u:Odd: 1))
    # found: timed out at /home/sand/src/perl/repoperls/installed-perls/host/k93focal/v5.41.12/d119/lib/site_perl/5.41.12/x86_64-linux-thread-multi/AnyEvent.pm line 2035.
    # 	AnyEvent::CondVar::Base::recv() called at /tmp/loop_over_bdir-98215-lOufUo/DataLoader-0.02-0/t/lib/DataLoader/Test.pm line 66
    # 	DataLoader::Test::await() called at t/errors.t line 31
    # 	Test::Exception::throws_ok() called at t/errors.t line 31
    # 	main::__ANON__() called at /home/sand/src/perl/repoperls/installed-perls/host/k93focal/v5.41.12/d119/lib/5.41.12/Test/Builder.pm line 368
    # 	eval {...} called at /home/sand/src/perl/repoperls/installed-perls/host/k93focal/v5.41.12/d119/lib/5.41.12/Test/Builder.pm line 368
    # 	Test::Builder::subtest() called at /home/sand/src/perl/repoperls/installed-perls/host/k93focal/v5.41.12/d119/lib/5.41.12/Test/More.pm line 831
    # 	Test::More::subtest() called at t/errors.t line 34
    # Looks like you failed 1 test of 1.

#   Failed test 'Resolves to error to indicate failure'
#   at t/errors.t line 34.
timed out at /home/sand/src/perl/repoperls/installed-perls/host/k93focal/v5.41.12/d119/lib/site_perl/5.41.12/x86_64-linux-thread-multi/AnyEvent.pm line 2035.
	AnyEvent::CondVar::Base::recv(AnyEvent::CondVar=HASH(0x560b30c85b90)) called at /tmp/loop_over_bdir-98215-lOufUo/DataLoader-0.02-0/t/lib/DataLoader/Test.pm line 66
	DataLoader::Test::await(Mojo::Promise=HASH(0x560b30cc2f10)) called at t/errors.t line 32
	main::__ANON__() called at /home/sand/src/perl/repoperls/installed-perls/host/k93focal/v5.41.12/d119/lib/5.41.12/Test/Builder.pm line 368
	eval {...} called at /home/sand/src/perl/repoperls/installed-perls/host/k93focal/v5.41.12/d119/lib/5.41.12/Test/Builder.pm line 368
	Test::Builder::subtest(Test::Builder=HASH(0x560b3061ad00), "Resolves to error to indicate failure", CODE(0x560b30c6b158)) called at /home/sand/src/perl/repoperls/installed-perls/host/k93focal/v5.41.12/d119/lib/5.41.12/Test/More.pm line 831
	Test::More::subtest("Resolves to error to indicate failure", CODE(0x560b30c6b158)) called at t/errors.t line 34
# Tests were run but no plan was declared and done_testing() was not seen.
# Looks like your test exited with 255 just after 1.
t/errors.t .............. 
Dubious, test returned 255 (wstat 65280, 0xff00)
Failed 1/1 subtests 
    # No tests run!

#   Failed test 'No tests run for subtest "batches loads occuring within promises"'
#   at t/job-queue-ordering.t line 38.
timed out at /tmp/loop_over_bdir-98215-lOufUo/DataLoader-0.02-0/t/lib/DataLoader/Test.pm line 66.
# Tests were run but no plan was declared and done_testing() was not seen.
# Looks like your test exited with 255 just after 1.
t/job-queue-ordering.t .. 
Dubious, test returned 255 (wstat 65280, 0xff00)
Failed 1/1 subtests 
    # No tests run!

#   Failed test 'No tests run for subtest "May disable batching"'
#   at t/options.t line 27.
timed out at /home/sand/src/perl/repoperls/installed-perls/host/k93focal/v5.41.12/d119/lib/site_perl/5.41.12/x86_64-linux-thread-multi/AnyEvent.pm line 2035.
	AnyEvent::CondVar::Base::recv(AnyEvent::CondVar=HASH(0x563941e357d8)) called at /tmp/loop_over_bdir-98215-lOufUo/DataLoader-0.02-0/t/lib/DataLoader/Test.pm line 66
	DataLoader::Test::await(Mojo::Promise=HASH(0x5639433d5440)) called at t/options.t line 23
	main::__ANON__() called at /home/sand/src/perl/repoperls/installed-perls/host/k93focal/v5.41.12/d119/lib/5.41.12/Test/Builder.pm line 368
	eval {...} called at /home/sand/src/perl/repoperls/installed-perls/host/k93focal/v5.41.12/d119/lib/5.41.12/Test/Builder.pm line 368
	Test::Builder::subtest(Test::Builder=HASH(0x563941840920), "May disable batching", CODE(0x563941daac00)) called at /home/sand/src/perl/repoperls/installed-perls/host/k93focal/v5.41.12/d119/lib/5.41.12/Test/More.pm line 831
	Test::More::subtest("May disable batching", CODE(0x563941daac00)) called at t/options.t line 27
# Tests were run but no plan was declared and done_testing() was not seen.
# Looks like your test exited with 255 just after 1.
t/options.t ............. 
Dubious, test returned 255 (wstat 65280, 0xff00)
Failed 1/1 subtests 
t/poll-backend.t ........ ok
    # No tests run!

#   Failed test 'No tests run for subtest "await"'
#   at t/test-libs.t line 17.
timed out at /tmp/loop_over_bdir-98215-lOufUo/DataLoader-0.02-0/t/lib/DataLoader/Test.pm line 66.
# Tests were run but no plan was declared and done_testing() was not seen.
# Looks like your test exited with 255 just after 1.
t/test-libs.t ........... 
Dubious, test returned 255 (wstat 65280, 0xff00)
Failed 1/1 subtests 

Test Summary Report
-------------------
t/abuse.t             (Wstat: 65280 (exited 255) Tests: 3 Failed: 0)
  Non-zero exit status: 255
  Parse errors: No plan found in TAP output
t/all.t               (Wstat: 65280 (exited 255) Tests: 1 Failed: 0)
  Non-zero exit status: 255
  Parse errors: No plan found in TAP output
t/basic.t             (Wstat: 65280 (exited 255) Tests: 1 Failed: 0)
  Non-zero exit status: 255
  Parse errors: No plan found in TAP output
t/cache-clear-all.t   (Wstat: 65280 (exited 255) Tests: 1 Failed: 1)
  Failed test:  1
  Non-zero exit status: 255
  Parse errors: No plan found in TAP output
t/errors.t            (Wstat: 65280 (exited 255) Tests: 1 Failed: 1)
  Failed test:  1
  Non-zero exit status: 255
  Parse errors: No plan found in TAP output
t/job-queue-ordering.t (Wstat: 65280 (exited 255) Tests: 1 Failed: 1)
  Failed test:  1
  Non-zero exit status: 255
  Parse errors: No plan found in TAP output
t/options.t           (Wstat: 65280 (exited 255) Tests: 1 Failed: 1)
  Failed test:  1
  Non-zero exit status: 255
  Parse errors: No plan found in TAP output
t/test-libs.t         (Wstat: 65280 (exited 255) Tests: 1 Failed: 1)
  Failed test:  1
  Non-zero exit status: 255
  Parse errors: No plan found in TAP output
Files=11, Tests=16, 15 wallclock secs ( 0.05 usr  0.01 sys +  4.72 cusr  0.51 csys =  5.29 CPU)
Result: FAIL
Failed 8/11 test programs. 5/16 subtests failed.
make: *** [Makefile:866: test_dynamic] Error 255

------------------------------
PREREQUISITES
------------------------------

Prerequisite modules loaded:

requires:

    Module              Need Have    
    ------------------- ---- --------
    AnyEvent            0    7.17    
    Carp                0    1.54    
    Data::Dump          0    1.25    
    FindBin             0    1.54    
    Mojolicious         8.0  9.39    
    Scalar::Util        0    1.68_01 
    Test::Deep          0    1.205   
    Test::Exception     0    0.43    
    Test::More          0.96 1.302210

build_requires:

    Module              Need Have    
    ------------------- ---- --------
    ExtUtils::MakeMaker 0    7.74    

configure_requires:

    Module              Need Have    
    ------------------- ---- --------
    ExtUtils::MakeMaker 0    7.74    


------------------------------
ENVIRONMENT AND OTHER CONTEXT
------------------------------

Environment variables:

    AUTOMATED_TESTING = 1
    LANG = en_US.UTF-8
    PATH = /home/sand/bin:/usr/local/bin:/usr/local/sbin:/usr/sbin:/usr/bin:/sbin:/bin:/usr/games:/usr/local/games:/snap/bin:/usr/local/perl/bin:/usr/X11/bin
    PERL = /tmp/basesmoker-reloperl-w77x/bin/perl
    PERL5LIB = /tmp/loop_over_bdir-98215-lOufUo/triceps-2.1.0-0/blib/arch:/tmp/loop_over_bdir-98215-lOufUo/triceps-2.1.0-0/blib/lib:/tmp/loop_over_bdir-98215-lOufUo/Simulation-Automate-1.0.1-0/blib/arch:/tmp/loop_over_bdir-98215-lOufUo/Simulation-Automate-1.0.1-0/blib/lib:/tmp/loop_over_bdir-98215-lOufUo/Captive-Portal-4.10-0/blib/arch:/tmp/loop_over_bdir-98215-lOufUo/Captive-Portal-4.10-0/blib/lib:/tmp/loop_over_bdir-98215-lOufUo/Devel-Required-0.17-0/blib/arch:/tmp/loop_over_bdir-98215-lOufUo/Devel-Required-0.17-0/blib/lib:/tmp/loop_over_bdir-98215-lOufUo/Linux-InitFS-0.2-0/blib/arch:/tmp/loop_over_bdir-98215-lOufUo/Linux-InitFS-0.2-0/blib/lib
    PERL5OPT = 
    PERL5_CPANPLUS_IS_RUNNING = 98224
    PERL5_CPAN_IS_RUNNING = 98224
    PERL_CANARY_STABILITY_NOPROMPT = 1
    PERL_MM_USE_DEFAULT = 1
    PERL_USE_UNSAFE_INC = 1
    SHELL = /usr/bin/zsh
    TERM = screen

Perl special variables (and OS-specific diagnostics, for MSWin32):

    $^X = /tmp/basesmoker-reloperl-w77x/bin/perl
    $UID/$EUID = 1005 / 1005
    $GID = 1005 1005
    $EGID = 1005 1005

Perl module toolchain versions installed:

    Module              Have    
    ------------------- --------
    CPAN                2.38    
    CPAN::Meta          2.150010
    Cwd                 3.94    
    ExtUtils::CBuilder  0.280240
    ExtUtils::Command   7.74    
    ExtUtils::Install   2.22    
    ExtUtils::MakeMaker 7.74    
    ExtUtils::Manifest  1.75    
    ExtUtils::ParseXS   3.57    
    File::Spec          3.94    
    JSON                4.10    
    JSON::PP            4.16    
    Module::Build       0.4234  
    Module::Signature   0.89    
    Parse::CPAN::Meta   2.150010
    Test2               1.302210
    Test::Harness       3.50    
    Test::More          1.302210
    YAML                1.31    
    YAML::Syck          1.34    
    version             0.9933  


--

Summary of my perl5 (revision 5 version 41 subversion 12) configuration:
  Commit id: bc4cd0b708bd15e68ef7f85105f7edb5be1f0f58
  Platform:
    osname=linux
    osvers=5.4.0-208-generic
    archname=x86_64-linux-thread-multi
    uname='linux k93focal 5.4.0-208-generic #228-ubuntu smp fri feb 7 19:41:33 utc 2025 x86_64 x86_64 x86_64 gnulinux '
    config_args='-Dprefix=/home/sand/src/perl/repoperls/installed-perls/host/k93focal/v5.41.12/d119 -Dmyhostname=k93focal -Dinstallusrbinperl=n -Uversiononly -Dusedevel -des -Ui_db -Dlibswanted=cl pthread socket inet nsl gdbm dbm malloc dl ld sun m crypt sec util c cposix posix ucb BSD gdbm_compat -Duseithreads -Uuselongdouble -DEBUGGING=both'
    hint=recommended
    useposix=true
    d_sigaction=define
    useithreads=define
    usemultiplicity=define
    use64bitint=define
    use64bitall=define
    uselongdouble=undef
    usemymalloc=n
    default_inc_excludes_dot=define
  Compiler:
    cc='cc'
    ccflags ='-D_REENTRANT -D_GNU_SOURCE -fwrapv -DDEBUGGING -fno-strict-aliasing -pipe -fstack-protector-strong -I/usr/local/include -D_LARGEFILE_SOURCE -D_FILE_OFFSET_BITS=64'
    optimize='-O2 -g'
    cppflags='-D_REENTRANT -D_GNU_SOURCE -fwrapv -DDEBUGGING -fno-strict-aliasing -pipe -fstack-protector-strong -I/usr/local/include'
    ccversion=''
    gccversion='9.4.0'
    gccosandvers=''
    intsize=4
    longsize=8
    ptrsize=8
    doublesize=8
    byteorder=12345678
    doublekind=3
    d_longlong=define
    longlongsize=8
    d_longdbl=define
    longdblsize=16
    longdblkind=3
    ivtype='long'
    ivsize=8
    nvtype='double'
    nvsize=8
    Off_t='off_t'
    lseeksize=8
    alignbytes=8
    prototype=define
  Linker and Libraries:
    ld='cc'
    ldflags =' -fstack-protector-strong -L/usr/local/lib'
    libpth=/usr/local/lib /usr/lib/x86_64-linux-gnu /usr/lib /usr/lib64
    libs=-lpthread -lnsl -ldl -lm -lcrypt -lutil -lc
    perllibs=-lpthread -lnsl -ldl -lm -lcrypt -lutil -lc
    libc=libc-2.31.so
    so=so
    useshrplib=false
    libperl=libperl.a
    gnulibc_version='2.31'
  Dynamic Linking:
    dlsrc=dl_dlopen.xs
    dlext=so
    d_dlsymun=undef
    ccdlflags='-Wl,-E'
    cccdlflags='-fPIC'
    lddlflags='-shared -O2 -g -L/usr/local/lib -fstack-protector-strong'


Characteristics of this binary (from libperl): 
  Compile-time options:
    DEBUGGING
    HAS_LONG_DOUBLE
    HAS_STRTOLD
    HAS_TIMES
    MULTIPLICITY
    PERLIO_LAYERS
    PERL_COPY_ON_WRITE
    PERL_DONT_CREATE_GVSV
    PERL_HASH_FUNC_SIPHASH13
    PERL_HASH_USE_SBOX32
    PERL_MALLOC_WRAP
    PERL_OP_PARENT
    PERL_PRESERVE_IVUV
    PERL_TRACK_MEMPOOL
    PERL_USE_DEVEL
    PERL_USE_SAFE_PUTENV
    USE_64_BIT_ALL
    USE_64_BIT_INT
    USE_ITHREADS
    USE_LARGE_FILES
    USE_LOCALE
    USE_LOCALE_COLLATE
    USE_LOCALE_CTYPE
    USE_LOCALE_NUMERIC
    USE_LOCALE_TIME
    USE_PERLIO
    USE_PERL_ATOF
    USE_REENTRANT_API
    USE_THREAD_SAFE_LOCALE
  Built under linux
  Compiled at Apr 22 2025 00:22:08
  %ENV:
    PERL="/tmp/basesmoker-reloperl-w77x/bin/perl"
    PERL5LIB="/tmp/loop_over_bdir-98215-lOufUo/triceps-2.1.0-0/blib/arch:/tmp/loop_over_bdir-98215-lOufUo/triceps-2.1.0-0/blib/lib:/tmp/loop_over_bdir-98215-lOufUo/Simulation-Automate-1.0.1-0/blib/arch:/tmp/loop_over_bdir-98215-lOufUo/Simulation-Automate-1.0.1-0/blib/lib:/tmp/loop_over_bdir-98215-lOufUo/Captive-Portal-4.10-0/blib/arch:/tmp/loop_over_bdir-98215-lOufUo/Captive-Portal-4.10-0/blib/lib:/tmp/loop_over_bdir-98215-lOufUo/Devel-Required-0.17-0/blib/arch:/tmp/loop_over_bdir-98215-lOufUo/Devel-Required-0.17-0/blib/lib:/tmp/loop_over_bdir-98215-lOufUo/Linux-InitFS-0.2-0/blib/arch:/tmp/loop_over_bdir-98215-lOufUo/Linux-InitFS-0.2-0/blib/lib"
    PERL5OPT=""
    PERL5_CPANPLUS_IS_RUNNING="98224"
    PERL5_CPAN_IS_RUNNING="98224"
    PERL_CANARY_STABILITY_NOPROMPT="1"
    PERL_MM_USE_DEFAULT="1"
    PERL_USE_UNSAFE_INC="1"
  @INC:
    /tmp/loop_over_bdir-98215-lOufUo/triceps-2.1.0-0/blib/arch
    /tmp/loop_over_bdir-98215-lOufUo/triceps-2.1.0-0/blib/lib
    /tmp/loop_over_bdir-98215-lOufUo/Simulation-Automate-1.0.1-0/blib/arch
    /tmp/loop_over_bdir-98215-lOufUo/Simulation-Automate-1.0.1-0/blib/lib
    /tmp/loop_over_bdir-98215-lOufUo/Captive-Portal-4.10-0/blib/arch
    /tmp/loop_over_bdir-98215-lOufUo/Captive-Portal-4.10-0/blib/lib
    /tmp/loop_over_bdir-98215-lOufUo/Devel-Required-0.17-0/blib/arch
    /tmp/loop_over_bdir-98215-lOufUo/Devel-Required-0.17-0/blib/lib
    /tmp/loop_over_bdir-98215-lOufUo/Linux-InitFS-0.2-0/blib/arch
    /tmp/loop_over_bdir-98215-lOufUo/Linux-InitFS-0.2-0/blib/lib
    /home/sand/src/perl/repoperls/installed-perls/host/k93focal/v5.41.12/d119/lib/site_perl/5.41.12/x86_64-linux-thread-multi
    /home/sand/src/perl/repoperls/installed-perls/host/k93focal/v5.41.12/d119/lib/site_perl/5.41.12
    /home/sand/src/perl/repoperls/installed-perls/host/k93focal/v5.41.12/d119/lib/5.41.12/x86_64-linux-thread-multi
    /home/sand/src/perl/repoperls/installed-perls/host/k93focal/v5.41.12/d119/lib/5.41.12
    .