Back
From: metabase:user:7298ebcc-b357-11e4-8d18-8eca7e4756b9
Subject: FAIL MangoX-Queue-0.16 v5.10.1 GNU/Linux
Date: 2015-05-21T11:38:05Z
This distribution has been tested as part of the CPAN Testers
project, supporting the Perl programming language. See
http://wiki.cpantesters.org/ for more information or email
questions to cpan-testers-discuss@perl.org
--
Dear IANKENT,
This is a computer-generated report for MangoX-Queue-0.16
on perl 5.10.1, created by App::cpanminus::reporter 0.12 (1.7027).
Thank you for uploading your work to CPAN. However, there was a problem
testing your distribution.
If you think this report is invalid, please consult the CPAN Testers Wiki
for suggestions on how to avoid getting FAIL reports for missing library
or binary dependencies, unsupported operating systems, and so on:
http://wiki.cpantesters.org/wiki/CPANAuthorNotes
Sections of this report:
* Tester comments
* Program output
* Prerequisites
* Environment and other context
------------------------------
TESTER COMMENTS
------------------------------
Additional comments from tester:
none provided
------------------------------
PROGRAM OUTPUT
------------------------------
Output from '':
Building and testing MangoX-Queue-0.16
cp lib/MangoX/Queue/Tutorial.pod blib/lib/MangoX/Queue/Tutorial.pod
cp lib/MangoX/Queue/Plugin/Statsd.pm blib/lib/MangoX/Queue/Plugin/Statsd.pm
cp lib/MangoX/Queue/Job.pm blib/lib/MangoX/Queue/Job.pm
cp lib/MangoX/Queue.pm blib/lib/MangoX/Queue.pm
cp README.pod blib/lib/MangoX/README.pod
cp lib/MangoX/Queue/Delay.pm blib/lib/MangoX/Queue/Delay.pm
Manifying 4 pod documents
PERL_DL_NONLAZY=1 "/home/mojolicious/perl5/perlbrew/perls/perl-5.10.1/bin/perl" "-MExtUtils::Command::MM" "-MTest::Harness" "-e" "undef *Test::Harness::Switches; test_harness(0, 'blib/lib', 'blib/arch')" t/*.t
Connection refused at /tmp/q0BvMBq_Bl/lib/perl5/Mango/Database.pm line 65
t/capped.t ...
Dubious, test returned 111 (wstat 28416, 0x6f00)
No subtests run
Connection refused at /tmp/q0BvMBq_Bl/lib/perl5/Mango/Database.pm line 65
t/consume.t ..
Dubious, test returned 111 (wstat 28416, 0x6f00)
No subtests run
Connection refused at /tmp/q0BvMBq_Bl/lib/perl5/Mango/Database.pm line 65
t/dequeue.t ..
Dubious, test returned 111 (wstat 28416, 0x6f00)
No subtests run
Connection refused at /tmp/q0BvMBq_Bl/lib/perl5/Mango/Database.pm line 65
t/enqueue.t ..
Dubious, test returned 111 (wstat 28416, 0x6f00)
No subtests run
Connection refused at /tmp/q0BvMBq_Bl/lib/perl5/Mango/Database.pm line 65
t/events.t ...
Dubious, test returned 111 (wstat 28416, 0x6f00)
No subtests run
Connection refused at /tmp/q0BvMBq_Bl/lib/perl5/Mango/Database.pm line 65
t/fetch.t ....
Dubious, test returned 111 (wstat 28416, 0x6f00)
No subtests run
Connection refused at /tmp/q0BvMBq_Bl/lib/perl5/Mango/Database.pm line 65
t/plugin.t ...
Dubious, test returned 111 (wstat 28416, 0x6f00)
No subtests run
Connection refused at /tmp/q0BvMBq_Bl/lib/perl5/Mango/Database.pm line 65
t/requeue.t ..
Dubious, test returned 111 (wstat 28416, 0x6f00)
No subtests run
Connection refused at /tmp/q0BvMBq_Bl/lib/perl5/Mango/Database.pm line 65
t/retries.t ..
Dubious, test returned 111 (wstat 28416, 0x6f00)
No subtests run
t/statsd.t ... ok
Connection refused at /tmp/q0BvMBq_Bl/lib/perl5/Mango/Database.pm line 65
t/update.t ...
Dubious, test returned 111 (wstat 28416, 0x6f00)
No subtests run
Connection refused at /tmp/q0BvMBq_Bl/lib/perl5/Mango/Database.pm line 65
t/watch.t ....
Dubious, test returned 111 (wstat 28416, 0x6f00)
No subtests run
Test Summary Report
-------------------
t/capped.t (Wstat: 28416 Tests: 0 Failed: 0)
Non-zero exit status: 111
Parse errors: No plan found in TAP output
t/consume.t (Wstat: 28416 Tests: 0 Failed: 0)
Non-zero exit status: 111
Parse errors: No plan found in TAP output
t/dequeue.t (Wstat: 28416 Tests: 0 Failed: 0)
Non-zero exit status: 111
Parse errors: No plan found in TAP output
t/enqueue.t (Wstat: 28416 Tests: 0 Failed: 0)
Non-zero exit status: 111
Parse errors: No plan found in TAP output
t/events.t (Wstat: 28416 Tests: 0 Failed: 0)
Non-zero exit status: 111
Parse errors: No plan found in TAP output
t/fetch.t (Wstat: 28416 Tests: 0 Failed: 0)
Non-zero exit status: 111
Parse errors: No plan found in TAP output
t/plugin.t (Wstat: 28416 Tests: 0 Failed: 0)
Non-zero exit status: 111
Parse errors: No plan found in TAP output
t/requeue.t (Wstat: 28416 Tests: 0 Failed: 0)
Non-zero exit status: 111
Parse errors: No plan found in TAP output
t/retries.t (Wstat: 28416 Tests: 0 Failed: 0)
Non-zero exit status: 111
Parse errors: No plan found in TAP output
t/update.t (Wstat: 28416 Tests: 0 Failed: 0)
Non-zero exit status: 111
Parse errors: No plan found in TAP output
t/watch.t (Wstat: 28416 Tests: 0 Failed: 0)
Non-zero exit status: 111
Parse errors: No plan found in TAP output
Files=12, Tests=1, 2 wallclock secs ( 0.02 usr 0.02 sys + 1.62 cusr 0.22 csys = 1.88 CPU)
Result: FAIL
------------------------------
PREREQUISITES
------------------------------
Prerequisite modules loaded:
runtime:
Module Need Have
------------------- ---- ----
! Mango 0.43 n/a
build:
Module Need Have
------------------- ---- ----
ExtUtils::MakeMaker 0 7.04
configure:
Module Need Have
------------------- ---- ----
ExtUtils::MakeMaker 0 7.04
------------------------------
ENVIRONMENT AND OTHER CONTEXT
------------------------------
Environment variables:
PATH = /home/mojolicious/perl5/perlbrew/bin:/home/mojolicious/perl5/perlbrew/perls/perl-5.20.1/bin:/usr/local/bin:/usr/bin:/bin:/usr/local/games:/usr/games:/home/mojolicious/mojolib/5.10.1/6.10/bin
PERLBREW_BASHRC_VERSION = 0.73
PERLBREW_HOME = /home/mojolicious/.perlbrew
PERLBREW_MANPATH = /home/mojolicious/perl5/perlbrew/perls/perl-5.20.1/man
PERLBREW_PATH = /home/mojolicious/perl5/perlbrew/bin:/home/mojolicious/perl5/perlbrew/perls/perl-5.20.1/bin
PERLBREW_PERL = perl-5.20.1
PERLBREW_ROOT = /home/mojolicious/perl5/perlbrew
PERLBREW_VERSION = 0.73
SHELL = /bin/bash
TERM = xterm
Perl special variables (and OS-specific diagnostics, for MSWin32):
EGID = 1003 1003
EUID = 1003
EXECUTABLE_NAME = /home/mojolicious/perl5/perlbrew/perls/perl-5.10.1/bin/perl
GID = 1003 1003
UID = 1003
Perl module toolchain versions installed:
Module Have
------------------- --------
CPAN 1.9402
CPAN::Meta 2.143240
Cwd 3.30
ExtUtils::CBuilder 0.280220
ExtUtils::Command 1.16
ExtUtils::Install 1.54
ExtUtils::MakeMaker 7.04
ExtUtils::Manifest 1.65
ExtUtils::ParseXS 3.24
File::Spec 3.30
JSON 2.90
JSON::PP 2.27203
Module::Build 0.4211
Module::Signature n/a
Parse::CPAN::Meta 1.4414
Test::Harness 3.17
Test::More 1.001014
YAML n/a
YAML::Syck n/a
version 0.9912
--
Summary of my perl5 (revision 5 version 10 subversion 1) configuration:
Platform:
osname=linux, osvers=3.13.0-042stab094.8, archname=x86_64-linux
uname='linux lvps92-51-161-142.dedicated.hosteurope.de 3.13.0-042stab094.8 #1 smp tue dec 16 20:36:56 msk 2014 x86_64 x86_64 x86_64 gnulinux '
config_args='-de -Dprefix=/home/mojolicious/perl5/perlbrew/perls/perl-5.10.1 -Aeval:scriptdir=/home/mojolicious/perl5/perlbrew/perls/perl-5.10.1/bin'
hint=recommended, useposix=true, d_sigaction=define
useithreads=undef, usemultiplicity=undef
useperlio=define, d_sfio=undef, uselargefiles=define, usesocks=undef
use64bitint=define, use64bitall=define, uselongdouble=undef
usemymalloc=n, bincompat5005=undef
Compiler:
cc='cc', ccflags ='-fno-strict-aliasing -pipe -fstack-protector -I/usr/local/include -D_LARGEFILE_SOURCE -D_FILE_OFFSET_BITS=64',
optimize='-O2',
cppflags='-fno-strict-aliasing -pipe -fstack-protector -I/usr/local/include'
ccversion='', gccversion='4.8.2', gccosandvers=''
intsize=4, longsize=8, ptrsize=8, doublesize=8, byteorder=12345678
d_longlong=define, longlongsize=8, d_longdbl=define, longdblsize=16
ivtype='long', ivsize=8, nvtype='double', nvsize=8, Off_t='off_t', lseeksize=8
alignbytes=8, prototype=define
Linker and Libraries:
ld='cc', ldflags =' -fstack-protector -L/usr/local/lib'
libpth=/usr/local/lib /lib/x86_64-linux-gnu /lib/../lib /usr/lib/x86_64-linux-gnu /usr/lib/../lib /lib /usr/lib
libs=-lnsl -ldl -lm -lcrypt -lutil -lc
perllibs=-lnsl -ldl -lm -lcrypt -lutil -lc
libc=libc-2.19.so, so=so, useshrplib=false, libperl=libperl.a
gnulibc_version='2.19'
Dynamic Linking:
dlsrc=dl_dlopen.xs, dlext=so, d_dlsymun=undef, ccdlflags='-Wl,-E'
cccdlflags='-fPIC', lddlflags='-shared -O2 -L/usr/local/lib -fstack-protector'
Characteristics of this binary (from libperl):
Compile-time options: PERL_DONT_CREATE_GVSV PERL_MALLOC_WRAP USE_64_BIT_ALL
USE_64_BIT_INT USE_LARGE_FILES USE_PERLIO
Locally applied patches:
Devel::PatchPerl 1.30
Built under linux
Compiled at Mar 5 2015 11:33:38
%ENV:
PERLBREW_BASHRC_VERSION="0.73"
PERLBREW_HOME="/home/mojolicious/.perlbrew"
PERLBREW_MANPATH="/home/mojolicious/perl5/perlbrew/perls/perl-5.20.1/man"
PERLBREW_PATH="/home/mojolicious/perl5/perlbrew/bin:/home/mojolicious/perl5/perlbrew/perls/perl-5.20.1/bin"
PERLBREW_PERL="perl-5.20.1"
PERLBREW_ROOT="/home/mojolicious/perl5/perlbrew"
PERLBREW_VERSION="0.73"
@INC:
/home/mojolicious/perl5/perlbrew/perls/perl-5.10.1/lib/5.10.1/x86_64-linux
/home/mojolicious/perl5/perlbrew/perls/perl-5.10.1/lib/5.10.1
/home/mojolicious/perl5/perlbrew/perls/perl-5.10.1/lib/site_perl/5.10.1/x86_64-linux
/home/mojolicious/perl5/perlbrew/perls/perl-5.10.1/lib/site_perl/5.10.1
.