Text-Table-Boxed v1.002 Perl 5 v5.22.2 MSWin32-x86-multi-thread-64int

Status
Fail
From
NONAME
Dist
Text-Table-Boxed v1.002
Platform
Perl 5 v5.22.2 MSWin32-x86-multi-thread-64int
Date
2024-12-14 05:38:34
ID
d89b86d9-7cfa-1014-918d-add007c19ce6
This distribution has been tested as part of the CPAN Testers
project, supporting the Perl programming language.  See
http://wiki.cpantesters.org/ for more information or email
questions to cpan-testers-discuss@perl.org


--
Dear Jim Avera,

This is a computer-generated report for Text-Table-Boxed-1.002
on perl 5.22.2, created by CPAN-Reporter-1.2020.

Thank you for uploading your work to CPAN.  However, there was a problem
testing your distribution.

If you think this report is invalid, please consult the CPAN Testers Wiki
for suggestions on how to avoid getting FAIL reports for missing library
or binary dependencies, unsupported operating systems, and so on:

http://wiki.cpantesters.org/wiki/CPANAuthorNotes

Sections of this report:

    * Tester comments
    * Program output
    * Prerequisites
    * Environment and other context

------------------------------
TESTER COMMENTS
------------------------------

Additional comments from tester:

none provided

------------------------------
PROGRAM OUTPUT
------------------------------

Output from 'C:\Strawberry\c\bin\dmake.exe test':

C:\"Strawberry\perl\bin\perl.exe" "-MExtUtils::Command::MM" "-MTest::Harness" "-e" "undef *Test::Harness::Switches; test_harness(0, 'blib\lib', 'blib\arch')" t/*.t
Experimental "my" subs not enabled at C:/strawberry/cpan/build/Text-Table-Boxed-1.002-0/t/../lib/Text/Table/Boxed.pm line 90.
Compilation failed in require at C:/strawberry/cpan/build/Text-Table-Boxed-1.002-0/t/t_TTBUtils.pm line 12.
BEGIN failed--compilation aborted at C:/strawberry/cpan/build/Text-Table-Boxed-1.002-0/t/t_TTBUtils.pm line 12.
Compilation failed in require at t/10_Basic.t line 8.
BEGIN failed--compilation aborted at t/10_Basic.t line 8.
t/10_Basic.t ............. 
Dubious, test returned 255 (wstat 65280, 0xff00)
No subtests run 
Experimental "my" subs not enabled at C:/strawberry/cpan/build/Text-Table-Boxed-1.002-0/t/../lib/Text/Table/Boxed.pm line 90.
Compilation failed in require at C:/strawberry/cpan/build/Text-Table-Boxed-1.002-0/t/t_TTBUtils.pm line 12.
BEGIN failed--compilation aborted at C:/strawberry/cpan/build/Text-Table-Boxed-1.002-0/t/t_TTBUtils.pm line 12.
Compilation failed in require at t/90_Pager.t line 8.
BEGIN failed--compilation aborted at t/90_Pager.t line 8.
t/90_Pager.t ............. 
Dubious, test returned 255 (wstat 65280, 0xff00)
No subtests run 
t/author-pod-coverage.t .. skipped: these tests are for testing by the author
t/author-pod-syntax.t .... skipped: these tests are for testing by the author

Test Summary Report
-------------------
t/10_Basic.t           (Wstat: 65280 (exited 255) Tests: 0 Failed: 0)
  Non-zero exit status: 255
  Parse errors: No plan found in TAP output
t/90_Pager.t           (Wstat: 65280 (exited 255) Tests: 0 Failed: 0)
  Non-zero exit status: 255
  Parse errors: No plan found in TAP output
Files=4, Tests=0, 11 wallclock secs ( 0.06 usr +  0.11 sys =  0.17 CPU)
Result: FAIL
Failed 2/4 test programs. 0/0 subtests failed.
dmake.exe:  Error code 255, while making 'test_dynamic'

------------------------------
PREREQUISITES
------------------------------

Prerequisite modules loaded:

requires:

    Module                    Need     Have     
    ------------------------- -------- ---------
    base                      0        2.23     
    Carp                      0        1.50     
    constant                  0        1.33     
    Data::Dumper::Interp      6.006    7.009    
    Exporter                  0        5.78     
    List::MoreUtils           0        0.430    
    List::Util                0        1.68     
    overload                  0        1.26     
    parent                    0        0.243    
    perl                      5.010000 5.022002 
    Scalar::Util              0        1.68     
    strict                    0        1.09     
    Text::Table               0        1.135    
    utf8                      0        1.17     
    warnings                  0        1.34     
    warnings::register        0        1.04     
    Win32API::Net             0        0.18     

build_requires:

    Module                    Need     Have     
    ------------------------- -------- ---------
    autovivification          0        0.16     
    Capture::Tiny             0        0.48     
    Carp::Always              0        0.16     
    Cwd                       0        3.75     
    Data::Dumper              0        2.183    
    Data::Dumper::Interp      6.006    7.009    
    Encode                    0        3.21     
    English                   0        1.09     
    Env                       0        1.04     
    ExtUtils::MakeMaker       0        7.71_02  
    feature                   0        1.40     
    File::Basename            0        2.85     
    File::Path                0        2.18     
    File::Spec                0        3.75     
    File::Spec::Functions     0        3.75     
    File::Temp                0.23     0.2311   
    FindBin                   0        1.54     
    Getopt::Long              0        2.57     
    Guard                     0        1.023    
    Import::Into              0        1.002005 
    indirect                  0        0.37     
    JSON                      0        4.10     
    lib                       0        0.63     
    multidimensional          0        0.014    
    Path::Tiny                0        0.146    
    POSIX                     0        1.53_01  
    Test2::Plugin::BailOnFail 0        1.302204 
    Test2::V0                 0        1.302204 
    Time::HiRes               0        1.9764_02

configure_requires:

    Module                    Need     Have     
    ------------------------- -------- ---------
    ExtUtils::MakeMaker       0        7.71_02  


------------------------------
ENVIRONMENT AND OTHER CONTEXT
------------------------------

Environment variables:

    COMSPEC = C:\windows\system32\cmd.exe
    NONINTERACTIVE_TESTING = 1
    NUMBER_OF_PROCESSORS = 4
    PATH = C:\home\wind\perl5\bin;C:\windows\system32;C:\windows;C:\windows\System32\Wbem;C:\windows\System32\WindowsPowerShell\v1.0\;C:\Strawberry\c\bin;C:\Strawberry\perl\site\bin;C:\Strawberry\perl\bin
    PERL5LIB = C:\home\wind\perl5\lib\perl5
    PERL5OPT = 
    PERL5_CPANPLUS_IS_RUNNING = 8796
    PERL5_CPAN_IS_RUNNING = 8796
    PERL_LOCAL_LIB_ROOT = C:\home\wind\perl5
    PERL_MB_OPT = --install_base "C:\\home\\wind\\perl5"
    PERL_MM_OPT = INSTALL_BASE=C:\\home\\wind\\perl5
    PERL_MM_USE_DEFAULT = 1
    PERL_USE_UNSAFE_INC = 1
    PROCESSOR_IDENTIFIER = x86 Family 6 Model 37 Stepping 5, GenuineIntel
    TEMP = C:\Users\user\AppData\Local\Temp
    TERM = dumb

Perl special variables (and OS-specific diagnostics, for MSWin32):

    $^X = C:\Strawberry\perl\bin\perl.exe
    $UID/$EUID = 0 / 0
    $GID = 0
    $EGID = 0
    Win32::GetOSName = Win7
    Win32::GetOSVersion = Service Pack 1, 6, 1, 7601, 2, 1, 0, 256, 1
    Win32::FsType = NTFS
    Win32::IsAdminUser = 0

Perl module toolchain versions installed:

    Module              Have    
    ------------------- --------
    CPAN                2.34    
    CPAN::Meta          2.150010
    Cwd                 3.75    
    ExtUtils::CBuilder  0.280236
    ExtUtils::Command   7.71_02 
    ExtUtils::Install   2.22    
    ExtUtils::MakeMaker 7.71_02 
    ExtUtils::Manifest  1.75    
    ExtUtils::ParseXS   3.51    
    File::Spec          3.75    
    JSON                4.10    
    JSON::PP            4.17_01 
    Module::Build       0.4234  
    Module::Signature   0.89    
    Parse::CPAN::Meta   2.150010
    Test2               1.302204
    Test::Harness       3.50    
    Test::More          1.302204
    YAML                1.31    
    YAML::Syck          1.34    
    version             0.9933  


--

Summary of my perl5 (revision 5 version 22 subversion 2) configuration:
   
  Platform:
    osname=MSWin32, osvers=6.3, archname=MSWin32-x86-multi-thread-64int
    uname='Win32 strawberry-perl 5.22.2.1 #1 Sat Apr 30 11:51:13 2016 i386'
    config_args='undef'
    hint=recommended, useposix=true, d_sigaction=undef
    useithreads=define, usemultiplicity=define
    use64bitint=define, use64bitall=undef, uselongdouble=undef
    usemymalloc=n, bincompat5005=undef
  Compiler:
    cc='gcc', ccflags =' -s -O2 -DWIN32  -DPERL_TEXTMODE_SCRIPTS -DPERL_IMPLICIT_CONTEXT -DPERL_IMPLICIT_SYS -fwrapv -fno-strict-aliasing -mms-bitfields',
    optimize='-s -O2',
    cppflags='-DWIN32'
    ccversion='', gccversion='4.9.2', gccosandvers=''
    intsize=4, longsize=4, ptrsize=4, doublesize=8, byteorder=12345678, doublekind=3
    d_longlong=define, longlongsize=8, d_longdbl=define, longdblsize=12, longdblkind=3
    ivtype='long long', ivsize=8, nvtype='double', nvsize=8, Off_t='long long', lseeksize=8
    alignbytes=8, prototype=define
  Linker and Libraries:
    ld='g++', ldflags ='-s -L"C:\Strawberry\perl\lib\CORE" -L"C:\Strawberry\c\lib"'
    libpth=C:\Strawberry\c\lib C:\Strawberry\c\i686-w64-mingw32\lib C:\Strawberry\c\lib\gcc\i686-w64-mingw32\4.9.2
    libs=-lmoldname -lkernel32 -luser32 -lgdi32 -lwinspool -lcomdlg32 -ladvapi32 -lshell32 -lole32 -loleaut32 -lnetapi32 -luuid -lws2_32 -lmpr -lwinmm -lversion -lodbc32 -lodbccp32 -lcomctl32
    perllibs=-lmoldname -lkernel32 -luser32 -lgdi32 -lwinspool -lcomdlg32 -ladvapi32 -lshell32 -lole32 -loleaut32 -lnetapi32 -luuid -lws2_32 -lmpr -lwinmm -lversion -lodbc32 -lodbccp32 -lcomctl32
    libc=, so=dll, useshrplib=true, libperl=libperl522.a
    gnulibc_version=''
  Dynamic Linking:
    dlsrc=dl_win32.xs, dlext=xs.dll, d_dlsymun=undef, ccdlflags=' '
    cccdlflags=' ', lddlflags='-mdll -s -L"C:\Strawberry\perl\lib\CORE" -L"C:\Strawberry\c\lib"'


Characteristics of this binary (from libperl): 
  Compile-time options: HAS_TIMES HAVE_INTERP_INTERN MULTIPLICITY
                        PERLIO_LAYERS PERL_DONT_CREATE_GVSV
                        PERL_HASH_FUNC_ONE_AT_A_TIME_HARD
                        PERL_IMPLICIT_CONTEXT PERL_IMPLICIT_SYS
                        PERL_MALLOC_WRAP PERL_NEW_COPY_ON_WRITE
                        PERL_PRESERVE_IVUV USE_64_BIT_INT USE_ITHREADS
                        USE_LARGE_FILES USE_LOCALE USE_LOCALE_COLLATE
                        USE_LOCALE_CTYPE USE_LOCALE_NUMERIC USE_LOCALE_TIME
                        USE_PERLIO USE_PERL_ATOF
  Built under MSWin32
  Compiled at Apr 30 2016 11:56:07
  %ENV:
    PERL5LIB="C:\home\wind\perl5\lib\perl5"
    PERL5_CPANPLUS_IS_RUNNING="8796"
    PERL5_CPAN_IS_RUNNING="8796"
    PERL_LOCAL_LIB_ROOT="C:\home\wind\perl5"
    PERL_MB_OPT="--install_base "C:\\home\\wind\\perl5""
    PERL_MM_OPT="INSTALL_BASE=C:\\home\\wind\\perl5"
    PERL_MM_USE_DEFAULT="1"
    PERL_USE_UNSAFE_INC="1"
  @INC:
    C:\home\wind\perl5\lib\perl5/MSWin32-x86-multi-thread-64int
    C:\home\wind\perl5\lib\perl5
    C:/Strawberry/perl/site/lib
    C:/Strawberry/perl/vendor/lib
    C:/Strawberry/perl/lib
    .