Back
From: metabase:user:31d414ea-2aae-11df-837a-5e0a49663a4f
Subject: FAIL HTTP-Server-Simple-0.50 v5.20.0 GNU/Linux
Date: 2015-02-02T18:25:21Z
This distribution has been tested as part of the CPAN Testers
project, supporting the Perl programming language. See
http://wiki.cpantesters.org/ for more information or email
questions to cpan-testers-discuss@perl.org
--
Dear Kevin Falcone,
This is a computer-generated report for HTTP-Server-Simple-0.50
on perl 5.20.0, created by CPAN-Reporter-1.2011.
Thank you for uploading your work to CPAN. However, there was a problem
testing your distribution.
If you think this report is invalid, please consult the CPAN Testers Wiki
for suggestions on how to avoid getting FAIL reports for missing library
or binary dependencies, unsupported operating systems, and so on:
http://wiki.cpantesters.org/wiki/CPANAuthorNotes
Sections of this report:
* Tester comments
* Program output
* Prerequisites
* Environment and other context
------------------------------
TESTER COMMENTS
------------------------------
Additional comments from tester:
this report is from an automated smoke testing program
and was not reviewed by a human for accuracy
------------------------------
PROGRAM OUTPUT
------------------------------
Output from '/usr/bin/make test':
PERL_DL_NONLAZY=1 /home/david/cpantesting/perl-5.20.0/bin/perl "-MExtUtils::Command::MM" "-MTest::Harness" "-e" "undef *Test::Harness::Switches; test_harness(0, 'inc', 'blib/lib', 'blib/arch')" t/*.t
t/00smoke.t ........ ok
# Name or service not known
Name or service not known! at /home/david/cpantesting/perl-5.20.0/.cpan/build/HTTP-Server-Simple-0.50-jhvhXN/blib/lib/HTTP/Server/Simple.pm line 712, <DATA> line 16.
Use of uninitialized value $sockaddr in bind at /home/david/cpantesting/perl-5.20.0/.cpan/build/HTTP-Server-Simple-0.50-jhvhXN/blib/lib/HTTP/Server/Simple.pm line 731, <DATA> line 16.
bind to localhost:47330: Invalid argument at t/01live.t line 157.
# Failed test 'Returns a page'
# at t/01live.t line 166.
# '[ERROR] getaddrinfo: Name or service not known operating on [localhost] [47330] [10] [1] [6] at t/01live.t line 109, <DATA> line 16.
# '
# doesn't match '/Congratulations/'
Name or service not known! at /home/david/cpantesting/perl-5.20.0/.cpan/build/HTTP-Server-Simple-0.50-jhvhXN/blib/lib/HTTP/Server/Simple.pm line 712, <DATA> line 16.
Use of uninitialized value $sockaddr in bind at /home/david/cpantesting/perl-5.20.0/.cpan/build/HTTP-Server-Simple-0.50-jhvhXN/blib/lib/HTTP/Server/Simple.pm line 731, <DATA> line 16.
bind to localhost:47331: Invalid argument at t/01live.t line 157.
# Failed test 'Returns a page'
# at t/01live.t line 166.
# '[ERROR] getaddrinfo: Name or service not known operating on [localhost] [47331] [10] [1] [6] at t/01live.t line 109, <DATA> line 16.
# '
# doesn't match '/Congratulations/'
Name or service not known! at /home/david/cpantesting/perl-5.20.0/.cpan/build/HTTP-Server-Simple-0.50-jhvhXN/blib/lib/HTTP/Server/Simple.pm line 712, <DATA> line 16.
Use of uninitialized value $sockaddr in bind at /home/david/cpantesting/perl-5.20.0/.cpan/build/HTTP-Server-Simple-0.50-jhvhXN/blib/lib/HTTP/Server/Simple.pm line 731, <DATA> line 16.
bind to localhost:47332: Invalid argument at t/01live.t line 61.
# Failed test 'Returns a page'
# at t/01live.t line 68.
# '[ERROR] getaddrinfo: Name or service not known operating on [localhost] [47332] [10] [1] [6] at t/01live.t line 109, <DATA> line 16.
# '
# doesn't match '/Congratulations/'
# Failed test 'knows what a request isn't'
# at t/01live.t line 71.
# '[ERROR] getaddrinfo: Name or service not known operating on [localhost] [47332] [10] [1] [6] at t/01live.t line 109, <DATA> line 16.
# '
# doesn't match '/bad request/i'
# Failed test 'HTTP/1.1 request'
# at t/01live.t line 77.
# '[ERROR] getaddrinfo: Name or service not known operating on [localhost] [47332] [10] [1] [6] at t/01live.t line 109, <DATA> line 16.
# '
# doesn't match '/Congratulations/'
# Failed test 'HTTP/0.9 request'
# at t/01live.t line 80.
# '[ERROR] getaddrinfo: Name or service not known operating on [localhost] [47332] [10] [1] [6] at t/01live.t line 109, <DATA> line 16.
# '
# doesn't match '/Congratulations/'
# Looks like you failed 6 tests of 34.
t/01live.t .........
Dubious, test returned 6 (wstat 1536, 0x600)
Failed 6/34 subtests
t/02pod.t .......... skipped: Test::Pod 1.14 required for testing POD
t/03podcoverage.t .. skipped: Test::Pod::Coverage 1.04 required for testing POD coverage
t/04cgi.t .......... ok
Test Summary Report
-------------------
t/01live.t (Wstat: 1536 Tests: 34 Failed: 6)
Failed tests: 8, 16, 26-29
Non-zero exit status: 6
Files=5, Tests=102, 18 wallclock secs ( 0.04 usr 0.02 sys + 0.21 cusr 0.08 csys = 0.35 CPU)
Result: FAIL
Failed 1/5 test programs. 6/102 subtests failed.
make: *** [test_dynamic] Error 255
------------------------------
PREREQUISITES
------------------------------
Prerequisite modules loaded:
requires:
Module Need Have
------------------- ---- --------
CGI 0 4.13
Socket 1.94 2.013
Test::More 0 1.001014
build_requires:
Module Need Have
------------------- ---- --------
ExtUtils::MakeMaker 6.36 6.98
configure_requires:
Module Need Have
------------------- ---- --------
ExtUtils::MakeMaker 6.36 6.98
------------------------------
ENVIRONMENT AND OTHER CONTEXT
------------------------------
Environment variables:
AUTOMATED_TESTING = 1
NONINTERACTIVE_TESTING = 1
PATH = /usr/local/bin:/usr/bin:/bin:/usr/games
PERL = 5.20.0
PERL5LIB =
PERL5OPT =
PERL5_CPANPLUS_IS_RUNNING = 12655
PERL5_CPAN_IS_RUNNING = 12655
PERLVER = 5.20.0
PERL_INLINE_DIRECTORY = /home/david/.Inline-5.20.0
PERL_MM_USE_DEFAULT = 1
SHELL = /bin/bash
TERM = screen
Perl special variables (and OS-specific diagnostics, for MSWin32):
$^X = /home/david/cpantesting/perl-5.20.0/bin/perl
$UID/$EUID = 1000 / 1000
$GID = 1000 1000
$EGID = 1000 1000
Perl module toolchain versions installed:
Module Have
------------------- --------
CPAN 2.05
CPAN::Meta 2.140640
Cwd 3.47
ExtUtils::CBuilder 0.280216
ExtUtils::Command 1.18
ExtUtils::Install 1.67
ExtUtils::MakeMaker 6.98
ExtUtils::Manifest 1.63
ExtUtils::ParseXS 3.24
File::Spec 3.47
JSON 2.90
JSON::PP 2.27203
Module::Build 0.4205
Module::Signature n/a
Parse::CPAN::Meta 1.4414
Test::Harness 3.30
Test::More 1.001014
YAML n/a
YAML::Syck n/a
version 0.9908
--
Summary of my perl5 (revision 5 version 20 subversion 0) configuration:
Platform:
osname=linux, osvers=3.2.0-4-amd64, archname=x86_64-linux-thread-multi
uname='linux pigsty.barnyard.co.uk 3.2.0-4-amd64 #1 smp debian 3.2.35-2 x86_64 gnulinux '
config_args='-de -Dprefix=/home/david/cpantesting/perl-5.20.0 -Dusethreads -Duse64bitall'
hint=recommended, useposix=true, d_sigaction=define
useithreads=define, usemultiplicity=define
use64bitint=define, use64bitall=define, uselongdouble=undef
usemymalloc=n, bincompat5005=undef
Compiler:
cc='cc', ccflags ='-D_REENTRANT -D_GNU_SOURCE -fno-strict-aliasing -pipe -fstack-protector -I/usr/local/include -D_LARGEFILE_SOURCE -D_FILE_OFFSET_BITS=64',
optimize='-O2',
cppflags='-D_REENTRANT -D_GNU_SOURCE -fno-strict-aliasing -pipe -fstack-protector -I/usr/local/include'
ccversion='', gccversion='4.1.2 20061115 (prerelease) (Debian 4.1.1-21)', gccosandvers=''
intsize=4, longsize=8, ptrsize=8, doublesize=8, byteorder=12345678
d_longlong=define, longlongsize=8, d_longdbl=define, longdblsize=16
ivtype='long', ivsize=8, nvtype='double', nvsize=8, Off_t='off_t', lseeksize=8
alignbytes=8, prototype=define
Linker and Libraries:
ld='cc', ldflags =' -fstack-protector -L/usr/local/lib'
libpth=/usr/local/lib /usr/lib /lib /lib64 /usr/lib64
libs=-lnsl -lgdbm -ldb -ldl -lm -lcrypt -lutil -lpthread -lc -lgdbm_compat
perllibs=-lnsl -ldl -lm -lcrypt -lutil -lpthread -lc
libc=libc-2.3.6.so, so=so, useshrplib=false, libperl=libperl.a
gnulibc_version='2.3.6'
Dynamic Linking:
dlsrc=dl_dlopen.xs, dlext=so, d_dlsymun=undef, ccdlflags='-Wl,-E'
cccdlflags='-fPIC', lddlflags='-shared -O2 -L/usr/local/lib -fstack-protector'
Characteristics of this binary (from libperl):
Compile-time options: HAS_TIMES MULTIPLICITY PERLIO_LAYERS
PERL_DONT_CREATE_GVSV
PERL_HASH_FUNC_ONE_AT_A_TIME_HARD
PERL_IMPLICIT_CONTEXT PERL_MALLOC_WRAP
PERL_NEW_COPY_ON_WRITE PERL_PRESERVE_IVUV
USE_64_BIT_ALL USE_64_BIT_INT USE_ITHREADS
USE_LARGE_FILES USE_LOCALE USE_LOCALE_COLLATE
USE_LOCALE_CTYPE USE_LOCALE_NUMERIC USE_PERLIO
USE_PERL_ATOF USE_REENTRANT_API
Built under linux
Compiled at May 27 2014 16:06:22
%ENV:
PERL="5.20.0"
PERL5LIB=""
PERL5OPT=""
PERL5_CPANPLUS_IS_RUNNING="12655"
PERL5_CPAN_IS_RUNNING="12655"
PERLVER="5.20.0"
PERL_INLINE_DIRECTORY="/home/david/.Inline-5.20.0"
PERL_MM_USE_DEFAULT="1"
@INC:
/home/david/cpantesting/perl-5.20.0/lib/site_perl/5.20.0/x86_64-linux-thread-multi
/home/david/cpantesting/perl-5.20.0/lib/site_perl/5.20.0
/home/david/cpantesting/perl-5.20.0/lib/5.20.0/x86_64-linux-thread-multi
/home/david/cpantesting/perl-5.20.0/lib/5.20.0
.