Memcached-Server v0.03 Perl 5 v5.8.4 i86pc-solaris-thread-multi-64int
- Status
- Fail
- From
- Chris Williams (BINGOS)
- Dist
-
Memcached-Server v0.03
- Platform
- Perl 5 v5.8.4 i86pc-solaris-thread-multi-64int
- Date
- 2010-08-25 11:42:33
- ID
- d989f49c-b03d-11df-9ebc-c4a68065c34d
This distribution has been tested as part of the CPAN Testers
project, supporting the Perl programming language. See
http://wiki.cpantesters.org/ for more information or email
questions to cpan-testers-discuss@perl.org
--
Dear CINDY,
This is a computer-generated error report created automatically by
CPANPLUS, version 0.9007. Testers personal comments may appear
at the end of this report.
Thank you for uploading your work to CPAN. However, it appears that
there were some problems testing your distribution.
TEST RESULTS:
Below is the error stack from stage 'make test':
[MSG] [Wed Aug 25 12:20:35 2010] Trying to get 'http://cpan.mirror.local/CPAN/authors/id/R/RO/ROBIN/CHECKSUMS'
[MSG] [Wed Aug 25 12:20:36 2010] Checksum matches for 'PadWalker-1.92.tar.gz'
[MSG] [Wed Aug 25 12:20:42 2010] Extracted 'PadWalker' to '/export/home/cpan/pit/rel/conf/perl-5.8.4/.cpanplus/5.8.4/build/PadWalker-1.92'
[MSG] [Wed Aug 25 12:20:42 2010] CPANPLUS is prefering Build.PL
[MSG] [Wed Aug 25 12:20:44 2010] Checking if your kit is complete...
Looks good
Writing Makefile for PadWalker
[MSG] [Wed Aug 25 12:20:44 2010] DEFAULT 'filter_prereqs' HANDLER RETURNING 'sub return value'
[MSG] [Wed Aug 25 12:20:44 2010] Checking for previous PASS result for "PadWalker-1.92"
[MSG] [Wed Aug 25 12:20:44 2010] Found previous PASS result for "PadWalker-1.92" skipping tests.
[MSG] [Wed Aug 25 12:20:54 2010] cp PadWalker.pm blib/lib/PadWalker.pm
/export/home/cpan/pit/rel/perl-5.8.4/bin/perl /export/home/cpan/pit/rel/perl-5.8.4/lib/5.8.4/ExtUtils/xsubpp -typemap /export/home/cpan/pit/rel/perl-5.8.4/lib/5.8.4/ExtUtils/typemap PadWalker.xs > PadWalker.xsc && mv PadWalker.xsc PadWalker.c
/opt/SUNWspro/bin/cc -c -D_REENTRANT -I/usr/local/include -D_LARGEFILE_SOURCE -D_FILE_OFFSET_BITS=64 -O -DVERSION=\"1.92\" -DXS_VERSION=\"1.92\" -KPIC "-I/export/home/cpan/pit/rel/perl-5.8.4/lib/5.8.4/i86pc-solaris-thread-multi-64int/CORE" PadWalker.c
Running Mkbootstrap for PadWalker ()
chmod 644 PadWalker.bs
rm -f blib/arch/auto/PadWalker/PadWalker.so
/opt/SUNWspro/bin/cc -G -L/usr/lib -L/usr/ccs/lib -L/opt/SUNWspro/prod/lib -L/lib -L/usr/local/lib PadWalker.o -o blib/arch/auto/PadWalker/PadWalker.so \
\
chmod 755 blib/arch/auto/PadWalker/PadWalker.so
cp PadWalker.bs blib/arch/auto/PadWalker/PadWalker.bs
chmod 644 blib/arch/auto/PadWalker/PadWalker.bs
Manifying blib/man3/PadWalker.3
[MSG] [Wed Aug 25 12:20:54 2010] Sending test report for 'PadWalker-1.92'
[MSG] [Wed Aug 25 12:20:54 2010] Ok, not sending test report
[MSG] [Wed Aug 25 12:21:03 2010] cp lib/Devel/Caller.pm blib/lib/Devel/Caller.pm
/export/home/cpan/pit/rel/perl-5.8.4/bin/perl /export/home/cpan/pit/rel/perl-5.8.4/lib/5.8.4/ExtUtils/xsubpp -typemap /export/home/cpan/pit/rel/perl-5.8.4/lib/5.8.4/ExtUtils/typemap Caller.xs > Caller.xsc && mv Caller.xsc Caller.c
Please specify prototyping behavior for Caller.xs (see perlxs manual)
/opt/SUNWspro/bin/cc -c -D_REENTRANT -I/usr/local/include -D_LARGEFILE_SOURCE -D_FILE_OFFSET_BITS=64 -O -DVERSION=\"2.05\" -DXS_VERSION=\"2.05\" -KPIC "-I/export/home/cpan/pit/rel/perl-5.8.4/lib/5.8.4/i86pc-solaris-thread-multi-64int/CORE" Caller.c
Running Mkbootstrap for Devel::Caller ()
chmod 644 Caller.bs
rm -f blib/arch/auto/Devel/Caller/Caller.so
/opt/SUNWspro/bin/cc -G -L/usr/lib -L/usr/ccs/lib -L/opt/SUNWspro/prod/lib -L/lib -L/usr/local/lib Caller.o -o blib/arch/auto/Devel/Caller/Caller.so \
\
chmod 755 blib/arch/auto/Devel/Caller/Caller.so
cp Caller.bs blib/arch/auto/Devel/Caller/Caller.bs
chmod 644 blib/arch/auto/Devel/Caller/Caller.bs
Manifying blib/man3/Devel::Caller.3
[MSG] [Wed Aug 25 12:21:06 2010] MAKE TEST passed: PERL_DL_NONLAZY=1 /export/home/cpan/pit/rel/perl-5.8.4/bin/perl "-MExtUtils::Command::MM" "-e" "test_harness(0, 'blib/lib', 'blib/arch')" t/*.t
t/Devel-Caller.t .. ok
All tests successful.
Files=1, Tests=72, 1 wallclock secs ( 0.15 usr 0.22 sys + 0.23 cusr 0.36 csys = 0.96 CPU)
Result: PASS
[MSG] [Wed Aug 25 12:21:06 2010] Sending test report for 'Devel-Caller-2.05'
[MSG] [Wed Aug 25 12:21:06 2010] Successfully sent 'pass' report for 'Devel-Caller-2.05'
[MSG] [Wed Aug 25 12:21:12 2010] cp lib/callee.pm blib/lib/callee.pm
Manifying blib/man3/callee.3
[MSG] [Wed Aug 25 12:21:22 2010] MAKE TEST passed: PERL_DL_NONLAZY=1 /export/home/cpan/pit/rel/perl-5.8.4/bin/perl "-MExtUtils::Command::MM" "-e" "test_harness(0, 'blib/lib', 'blib/arch')" t/*.t
t/00-compile.t ............... ok
# Testing with Perl 5.008004, /export/home/cpan/pit/rel/perl-5.8.4/bin/perl
# Carp version is 1.02
# Devel::Caller version is 2.05
# English version is 1.01
# Exporter version is 5.58
# ExtUtils::MakeMaker version is 6.56
# File::Find version is 1.07
# File::Temp version is 0.22
# Scalar::Util version is 1.13
# Test::More version is 0.96
t/000-report-versions.t ...... ok
t/author-critic.t ............ skipped: these tests are for testing by the author
t/countdown.t ................ ok
t/factorial.t ................ ok
t/fibonacci.t ................ ok
t/release-check-changes.t .... skipped: these tests are for release candidate testing
t/release-dist-manifest.t .... skipped: these tests are for release candidate testing
t/release-has-version.t ...... skipped: these tests are for release candidate testing
t/release-kwalitee.t ......... skipped: these tests are for release candidate testing
t/release-meta-yaml.t ........ skipped: these tests are for release candidate testing
t/release-minimum-version.t .. skipped: these tests are for release candidate testing
t/release-pod-coverage.t ..... skipped: these tests are for release candidate testing
t/release-pod-spell.t ........ skipped: these tests are for release candidate testing
t/release-pod-syntax.t ....... skipped: these tests are for release candidate testing
t/release-portability.t ...... skipped: these tests are for release candidate testing
t/release-synopsis.t ......... skipped: these tests are for release candidate testing
All tests successful.
Files=17, Tests=24, 9 wallclock secs ( 0.59 usr 1.44 sys + 2.27 cusr 3.82 csys = 8.12 CPU)
Result: PASS
[MSG] [Wed Aug 25 12:21:22 2010] Sending test report for 'callee-1.100820'
[MSG] [Wed Aug 25 12:21:23 2010] Successfully sent 'pass' report for 'callee-1.100820'
[MSG] [Wed Aug 25 12:21:28 2010] cp lib/Memcached/Server.pm blib/lib/Memcached/Server.pm
cp lib/Memcached/Server/Default.pm blib/lib/Memcached/Server/Default.pm
Manifying blib/man3/Memcached::Server.3
Manifying blib/man3/Memcached::Server::Default.3
[ERROR] [Wed Aug 25 12:21:33 2010] MAKE TEST failed: No such file or directory PERL_DL_NONLAZY=1 /export/home/cpan/pit/rel/perl-5.8.4/bin/perl "-MExtUtils::Command::MM" "-e" "test_harness(0, 'blib/lib', 'blib/arch')" t/*.t
# Testing Memcached::Server 0.03, Perl 5.008004, /export/home/cpan/pit/rel/perl-5.8.4/bin/perl
t/00-load.t ... ok
# Looks like you planned 58 tests but ran 64.
t/01-basic.t ..
Dubious, test returned 255 (wstat 65280, 0xff00)
All 58 subtests passed
t/manifest.t .. skipped: Author tests not required for installation
t/pod.t ....... skipped: Test::Pod 1.22 required for testing POD
Test Summary Report
-------------------
t/01-basic.t (Wstat: 65280 Tests: 64 Failed: 6)
Failed tests: 59-64
Non-zero exit status: 255
Parse errors: Bad plan. You planned 58 tests but ran 64.
Files=4, Tests=65, 3 wallclock secs ( 0.22 usr 0.52 sys + 0.80 cusr 1.10 csys = 2.64 CPU)
Result: FAIL
Failed 1/4 test programs. 6/65 subtests failed.
*** Error code 29
make: Fatal error: Command failed for target `test_dynamic'
[MSG] [Wed Aug 25 12:21:33 2010] DEFAULT 'proceed_on_test_failure' HANDLER RETURNING 'sub return value'
PREREQUISITES:
Here is a list of prerequisites you specified and versions we
managed to load:
Module Name Have Want
AnyEvent::Handle 0.0 0
AnyEvent::Socket 0.0 0
Hash::Identity 0.01 0
Test::More 0.96 0
callee 1.100820 0
Perl module toolchain versions installed:
Module Name Have
CPANPLUS 0.9007
CPANPLUS::Dist::Build 0.46
Cwd 3.31
ExtUtils::CBuilder 0.2703
ExtUtils::Command 1.16
ExtUtils::Install 1.54
ExtUtils::MakeMaker 6.56
ExtUtils::Manifest 1.58
ExtUtils::ParseXS 2.2206
File::Spec 3.31
Module::Build 0.3607
Test::Harness 3.21
Test::More 0.96
version 0.76
******************************** NOTE ********************************
The comments above are created mechanically, possibly without manual
checking by the sender. As there are many people performing automatic
tests on each upload to CPAN, it is likely that you will receive
identical messages about the same problem.
If you believe that the message is mistaken, please reply to the first
one with correction and/or additional informations, and do not take
it personally. We appreciate your patience. :)
**********************************************************************
Additional comments:
This report was machine-generated by CPANPLUS::Dist::YACSmoke 0.58.
Powered by minismokebox version 0.26
------------------------------
ENVIRONMENT AND OTHER CONTEXT
------------------------------
Environment variables:
AUTOMATED_TESTING = 1
LC_COLLATE = en_GB.UTF-8
LC_CTYPE = en_GB.UTF-8
LC_MESSAGES = C
LC_MONETARY = en_GB.UTF-8
LC_NUMERIC = en_GB.UTF-8
LC_TIME = en_GB.UTF-8
PATH = /opt/SUNWspro/bin:/usr/ccs/bin:/usr/perl5/bin:/usr/local/bin:/usr/local/sbin:/usr/bin::/usr/sfw/bin
PERL5LIB = :/export/home/cpan/pit/rel/conf/perl-5.8.4/.cpanplus/5.8.4/build/AnyEvent-5.271/blib/lib:/export/home/cpan/pit/rel/conf/perl-5.8.4/.cpanplus/5.8.4/build/AnyEvent-5.271/blib/arch:/export/home/cpan/pit/rel/conf/perl-5.8.4/.cpanplus/5.8.4/build/Tie-Hash-Identity-0.01/blib/lib:/export/home/cpan/pit/rel/conf/perl-5.8.4/.cpanplus/5.8.4/build/Tie-Hash-Identity-0.01/blib/arch:/export/home/cpan/pit/rel/conf/perl-5.8.4/.cpanplus/5.8.4/build/Hash-Identity-0.01/blib/lib:/export/home/cpan/pit/rel/conf/perl-5.8.4/.cpanplus/5.8.4/build/Hash-Identity-0.01/blib/arch:/export/home/cpan/pit/rel/conf/perl-5.8.4/.cpanplus/5.8.4/build/PadWalker-1.92/blib/lib:/export/home/cpan/pit/rel/conf/perl-5.8.4/.cpanplus/5.8.4/build/PadWalker-1.92/blib/arch:/export/home/cpan/pit/rel/conf/perl-5.8.4/.cpanplus/5.8.4/build/Devel-Caller-2.05/blib/lib:/export/home/cpan/pit/rel/conf/perl-5.8.4/.cpanplus/5.8.4/build/Devel-Caller-2.05/blib/arch:/export/home/cpan/pit/rel/conf/perl-5.8.4/.cpanplus/5.8.4/build/callee-1.100820/blib/lib:/export/home/cpan/pit/rel/conf/perl-5.8.4/.cpanplus/5.8.4/build/callee-1.100820/blib/arch:/export/home/cpan/pit/rel/conf/perl-5.8.4/.cpanplus/5.8.4/build/Memcached-Server-0.03/blib/lib:/export/home/cpan/pit/rel/conf/perl-5.8.4/.cpanplus/5.8.4/build/Memcached-Server-0.03/blib/arch
PERL5_CPANPLUS_IS_RUNNING = 16608
PERL5_CPANPLUS_IS_VERSION = 0.9007
PERL5_MINISMOKEBOX = 0.26
PERL5_YACSMOKE_BASE = /export/home/cpan/pit/rel/conf/perl-5.8.4
PERL_EXTUTILS_AUTOINSTALL = --defaultdeps
PERL_MM_USE_DEFAULT = 1
SHELL = /usr/bin/bash
TERM = vt100
Perl special variables (and OS-specific diagnostics, for MSWin32):
Perl: $^X = /export/home/cpan/pit/rel/perl-5.8.4/bin/perl
UID: $< = 100
EUID: $> = 100
GID: $( = 100 100
EGID: $) = 100 100
-------------------------------
--
Summary of my perl5 (revision 5 version 8 subversion 4) configuration:
Platform:
osname=solaris, osvers=2.10, archname=i86pc-solaris-thread-multi-64int
uname='sunos solarity 5.10 generic_118855-33 i86pc i386 i86pc '
config_args='-e -Dprefix=/export/home/cpan/pit/rel/perl-5.8.4 -Dusethreads -Duse64bitint'
hint=recommended, useposix=true, d_sigaction=define
usethreads=define use5005threads=undef useithreads=define usemultiplicity=define
useperlio=define d_sfio=undef uselargefiles=define usesocks=undef
use64bitint=define use64bitall=undef uselongdouble=undef
usemymalloc=n, bincompat5005=undef
Compiler:
cc='/opt/SUNWspro/bin/cc', ccflags ='-D_REENTRANT -I/usr/local/include -D_LARGEFILE_SOURCE -D_FILE_OFFSET_BITS=64',
optimize='-O',
cppflags='-D_REENTRANT -I/usr/local/include'
ccversion='Sun C 5.8 2005/10/13', gccversion='', gccosandvers=''
intsize=4, longsize=4, ptrsize=4, doublesize=8, byteorder=12345678
d_longlong=define, longlongsize=8, d_longdbl=define, longdblsize=12
ivtype='long long', ivsize=8, nvtype='double', nvsize=8, Off_t='off_t', lseeksize=8
alignbytes=4, prototype=define
Linker and Libraries:
ld='/opt/SUNWspro/bin/cc', ldflags =' -L/usr/lib -L/usr/ccs/lib -L/opt/SUNWspro/prod/lib -L/lib -L/usr/local/lib '
libpth=/usr/lib /usr/ccs/lib /opt/SUNWspro/prod/lib /lib /usr/local/lib
libs=-lsocket -lnsl -ldl -lm -lpthread -lc
perllibs=-lsocket -lnsl -ldl -lm -lpthread -lc
libc=/lib/libc.so, so=so, useshrplib=false, libperl=libperl.a
gnulibc_version=''
Dynamic Linking:
dlsrc=dl_dlopen.xs, dlext=so, d_dlsymun=undef, ccdlflags=' '
cccdlflags='-KPIC', lddlflags='-G -L/usr/lib -L/usr/ccs/lib -L/opt/SUNWspro/prod/lib -L/lib -L/usr/local/lib'
Characteristics of this binary (from libperl):
Compile-time options: MULTIPLICITY USE_ITHREADS USE_64_BIT_INT USE_LARGE_FILES PERL_IMPLICIT_CONTEXT
Built under solaris
Compiled at Oct 20 2008 09:41:11
%ENV:
PERL5LIB=":/export/home/cpan/pit/rel/conf/perl-5.8.4/.cpanplus/5.8.4/build/AnyEvent-5.271/blib/lib:/export/home/cpan/pit/rel/conf/perl-5.8.4/.cpanplus/5.8.4/build/AnyEvent-5.271/blib/arch:/export/home/cpan/pit/rel/conf/perl-5.8.4/.cpanplus/5.8.4/build/Tie-Hash-Identity-0.01/blib/lib:/export/home/cpan/pit/rel/conf/perl-5.8.4/.cpanplus/5.8.4/build/Tie-Hash-Identity-0.01/blib/arch:/export/home/cpan/pit/rel/conf/perl-5.8.4/.cpanplus/5.8.4/build/Hash-Identity-0.01/blib/lib:/export/home/cpan/pit/rel/conf/perl-5.8.4/.cpanplus/5.8.4/build/Hash-Identity-0.01/blib/arch:/export/home/cpan/pit/rel/conf/perl-5.8.4/.cpanplus/5.8.4/build/PadWalker-1.92/blib/lib:/export/home/cpan/pit/rel/conf/perl-5.8.4/.cpanplus/5.8.4/build/PadWalker-1.92/blib/arch:/export/home/cpan/pit/rel/conf/perl-5.8.4/.cpanplus/5.8.4/build/Devel-Caller-2.05/blib/lib:/export/home/cpan/pit/rel/conf/perl-5.8.4/.cpanplus/5.8.4/build/Devel-Caller-2.05/blib/arch:/export/home/cpan/pit/rel/conf/perl-5.8.4/.cpanplus/5.8.4/build/callee-1.100820/blib/lib:/export/home/cpan/pit/rel/conf/perl-5.8.4/.cpanplus/5.8.4/build/callee-1.100820/blib/arch:/export/home/cpan/pit/rel/conf/perl-5.8.4/.cpanplus/5.8.4/build/Memcached-Server-0.03/blib/lib:/export/home/cpan/pit/rel/conf/perl-5.8.4/.cpanplus/5.8.4/build/Memcached-Server-0.03/blib/arch"
PERL5_CPANPLUS_IS_RUNNING="16608"
PERL5_CPANPLUS_IS_VERSION="0.9007"
PERL5_MINISMOKEBOX="0.26"
PERL5_YACSMOKE_BASE="/export/home/cpan/pit/rel/conf/perl-5.8.4"
PERL_EXTUTILS_AUTOINSTALL="--defaultdeps"
PERL_MM_USE_DEFAULT="1"
@INC:
/export/home/cpan/pit/rel/conf/perl-5.8.4/.cpanplus/5.8.4/build/AnyEvent-5.271/blib/lib
/export/home/cpan/pit/rel/conf/perl-5.8.4/.cpanplus/5.8.4/build/AnyEvent-5.271/blib/arch
/export/home/cpan/pit/rel/conf/perl-5.8.4/.cpanplus/5.8.4/build/Tie-Hash-Identity-0.01/blib/lib
/export/home/cpan/pit/rel/conf/perl-5.8.4/.cpanplus/5.8.4/build/Tie-Hash-Identity-0.01/blib/arch
/export/home/cpan/pit/rel/conf/perl-5.8.4/.cpanplus/5.8.4/build/Hash-Identity-0.01/blib/lib
/export/home/cpan/pit/rel/conf/perl-5.8.4/.cpanplus/5.8.4/build/Hash-Identity-0.01/blib/arch
/export/home/cpan/pit/rel/conf/perl-5.8.4/.cpanplus/5.8.4/build/PadWalker-1.92/blib/lib
/export/home/cpan/pit/rel/conf/perl-5.8.4/.cpanplus/5.8.4/build/PadWalker-1.92/blib/arch
/export/home/cpan/pit/rel/conf/perl-5.8.4/.cpanplus/5.8.4/build/Devel-Caller-2.05/blib/lib
/export/home/cpan/pit/rel/conf/perl-5.8.4/.cpanplus/5.8.4/build/Devel-Caller-2.05/blib/arch
/export/home/cpan/pit/rel/conf/perl-5.8.4/.cpanplus/5.8.4/build/callee-1.100820/blib/lib
/export/home/cpan/pit/rel/conf/perl-5.8.4/.cpanplus/5.8.4/build/callee-1.100820/blib/arch
/export/home/cpan/pit/rel/conf/perl-5.8.4/.cpanplus/5.8.4/build/Memcached-Server-0.03/blib/lib
/export/home/cpan/pit/rel/conf/perl-5.8.4/.cpanplus/5.8.4/build/Memcached-Server-0.03/blib/arch
/export/home/cpan/pit/rel/perl-5.8.4/lib/5.8.4/i86pc-solaris-thread-multi-64int
/export/home/cpan/pit/rel/perl-5.8.4/lib/5.8.4
/export/home/cpan/pit/rel/perl-5.8.4/lib/site_perl/5.8.4/i86pc-solaris-thread-multi-64int
/export/home/cpan/pit/rel/perl-5.8.4/lib/site_perl/5.8.4
/export/home/cpan/pit/rel/perl-5.8.4/lib/site_perl
.