Report for Text-Diff-1.40

Back
From: metabase:user:322078bc-2aae-11df-837a-5e0a49663a4f
Subject: FAIL Text-Diff-1.40 v5.12.2 FreeBSD
Date: 2011-04-17T21:51:29Z

This distribution has been tested as part of the CPAN Testers
project, supporting the Perl programming language.  See
http://wiki.cpantesters.org/ for more information or email
questions to cpan-testers-discuss@perl.org


--

Dear OVID,
    
This is a computer-generated error report created automatically by
CPANPLUS, version 0.9103. Testers personal comments may appear 
at the end of this report.


Thank you for uploading your work to CPAN.  However, it appears that
there were some problems testing your distribution.

TEST RESULTS:

Below is the error stack from stage 'make test':

[MSG] [Sun Apr 17 22:51:23 2011] Checking if your kit is complete...
Looks good
Warning: prerequisite Algorithm::Diff 1.19 not found.
Writing Makefile for Text::Diff

[MSG] [Sun Apr 17 22:51:23 2011] DEFAULT 'filter_prereqs' HANDLER RETURNING 'sub return value'
[MSG] [Sun Apr 17 22:51:23 2011] Checking for previous PASS result for "Text-Diff-1.40"
[MSG] [Sun Apr 17 22:51:24 2011] Module 'Text::Diff' requires 'Algorithm::Diff' version '1.19' to be installed 
[MSG] [Sun Apr 17 22:51:24 2011] cp lib/Text/Diff/Table.pm blib/lib/Text/Diff/Table.pm
cp lib/Text/Diff.pm blib/lib/Text/Diff.pm
Manifying blib/man3/Text::Diff::Table.3
Manifying blib/man3/Text::Diff.3

[ERROR] [Sun Apr 17 22:51:25 2011] MAKE TEST failed: PERL_DL_NONLAZY=1 /usr/home/cpan/pit/bare/perl-5.12.2/bin/perl "-MExtUtils::Command::MM" "-e" "test_harness(0, 'blib/lib', 'blib/arch')" t/*.t
t/97_meta.t ..... skipped: Test::CPAN::Meta 0.12 not available for testing
t/98_pod.t ...... skipped: Test::Pod 1.26 not available for testing
t/99_pmv.t ...... skipped: Perl::MinimumVersion 1.20 not available for testing
t/ext_format.t .. ok
t/general.t ..... ok
t/inputs.t ...... ok
t/keygen.t ...... ok
Can't locate Text/Diff/Config.pm in @INC (@INC contains: /usr/home/cpan/pit/bare/conf/perl-5.12.2/.cpanplus/5.12.2/build/Text-Diff-1.40/blib/lib /usr/home/cpan/pit/bare/conf/perl-5.12.2/.cpanplus/5.12.2/build/Text-Diff-1.40/blib/arch /usr/home/cpan/pit/bare/conf/perl-5.12.2/.cpanplus/5.12.2/build/Algorithm-Diff-1.1902/blib/lib /usr/home/cpan/pit/bare/conf/perl-5.12.2/.cpanplus/5.12.2/build/Algorithm-Diff-1.1902/blib/arch /usr/home/cpan/pit/bare/conf/perl-5.12.2/.cpanplus/5.12.2/build/Algorithm-Diff-1.1902/blib/lib /usr/home/cpan/pit/bare/conf/perl-5.12.2/.cpanplus/5.12.2/build/Algorithm-Diff-1.1902/blib/arch /usr/home/cpan/pit/bare/conf/perl-5.12.2/.cpanplus/5.12.2/build/Text-Diff-1.40/blib/lib /usr/home/cpan/pit/bare/conf/perl-5.12.2/.cpanplus/5.12.2/build/Text-Diff-1.40/blib/arch /usr/home/cpan/pit/bare/perl-5.12.2/lib/site_perl/5.12.2/i386-freebsd /usr/home/cpan/pit/bare/perl-5.12.2/lib/site_perl/5.12.2 /usr/home/cpan/pit/bare/perl-5.12.2/lib/5.12.2/i386-freebsd /usr/home/cpan/pit/bare/perl-5.12.2/lib/5.12.2 .) at /usr/home/cpan/pit/bare/conf/perl-5.12.2/.cpanplus/5.12.2/build/Text-Diff-1.40/blib/lib/Text/Diff/Table.pm line 7.
BEGIN failed--compilation aborted at /usr/home/cpan/pit/bare/conf/perl-5.12.2/.cpanplus/5.12.2/build/Text-Diff-1.40/blib/lib/Text/Diff/Table.pm line 7.
Compilation failed in require at (eval 5) line 1.
t/outputs.t ..... 
Dubious, test returned 2 (wstat 512, 0x200)
Failed 3/8 subtests 
Can't locate Text/Diff/Config.pm in @INC (@INC contains: /usr/home/cpan/pit/bare/conf/perl-5.12.2/.cpanplus/5.12.2/build/Text-Diff-1.40/blib/lib /usr/home/cpan/pit/bare/conf/perl-5.12.2/.cpanplus/5.12.2/build/Text-Diff-1.40/blib/arch /usr/home/cpan/pit/bare/conf/perl-5.12.2/.cpanplus/5.12.2/build/Algorithm-Diff-1.1902/blib/lib /usr/home/cpan/pit/bare/conf/perl-5.12.2/.cpanplus/5.12.2/build/Algorithm-Diff-1.1902/blib/arch /usr/home/cpan/pit/bare/conf/perl-5.12.2/.cpanplus/5.12.2/build/Algorithm-Diff-1.1902/blib/lib /usr/home/cpan/pit/bare/conf/perl-5.12.2/.cpanplus/5.12.2/build/Algorithm-Diff-1.1902/blib/arch /usr/home/cpan/pit/bare/conf/perl-5.12.2/.cpanplus/5.12.2/build/Text-Diff-1.40/blib/lib /usr/home/cpan/pit/bare/conf/perl-5.12.2/.cpanplus/5.12.2/build/Text-Diff-1.40/blib/arch /usr/home/cpan/pit/bare/perl-5.12.2/lib/site_perl/5.12.2/i386-freebsd /usr/home/cpan/pit/bare/perl-5.12.2/lib/site_perl/5.12.2 /usr/home/cpan/pit/bare/perl-5.12.2/lib/5.12.2/i386-freebsd /usr/home/cpan/pit/bare/perl-5.12.2/lib/5.12.2 .) at /usr/home/cpan/pit/bare/conf/perl-5.12.2/.cpanplus/5.12.2/build/Text-Diff-1.40/blib/lib/Text/Diff/Table.pm line 7.
BEGIN failed--compilation aborted at /usr/home/cpan/pit/bare/conf/perl-5.12.2/.cpanplus/5.12.2/build/Text-Diff-1.40/blib/lib/Text/Diff/Table.pm line 7.
Compilation failed in require at (eval 1) line 1.
t/table.t ....... 
Dubious, test returned 2 (wstat 512, 0x200)
Failed 7/7 subtests 

Test Summary Report
-------------------
t/outputs.t   (Wstat: 512 Tests: 5 Failed: 0)
  Non-zero exit status: 2
  Parse errors: Bad plan.  You planned 8 tests but ran 5.
t/table.t     (Wstat: 512 Tests: 0 Failed: 0)
  Non-zero exit status: 2
  Parse errors: Bad plan.  You planned 7 tests but ran 0.
Files=9, Tests=23,  0 wallclock secs ( 0.03 usr  0.13 sys +  0.05 cusr  0.50 csys =  0.71 CPU)
Result: FAIL
Failed 2/9 test programs. 0/23 subtests failed.
*** Error code 2

Stop in /usr/home/cpan/pit/bare/conf/perl-5.12.2/.cpanplus/5.12.2/build/Text-Diff-1.40.

[MSG] [Sun Apr 17 22:51:25 2011] DEFAULT 'proceed_on_test_failure' HANDLER RETURNING 'sub return value'


MISSING PREREQUISITES:

It was observed that the test suite seem to fail without these modules:

Text::Diff::Config

As such, adding the prerequisite module(s) to 'PREREQ_PM' in your
Makefile.PL should solve this problem.  For example:

WriteMakefile(
    AUTHOR      => 'OVID (cpanplus-info@lists.sf.net)',
    ... # other information
    PREREQ_PM   => {
	'Text::Diff::Config'	=> '0', # or a minimum working version
    }
);

Thanks! :-)

PREREQUISITES:

Here is a list of prerequisites you specified and versions we 
managed to load:
                                
	  Module Name                        Have     Want
	  Algorithm::Diff                  1.1902     1.19
	  Exporter                        5.64_01        0

Perl module toolchain versions installed:
	Module Name                        Have
	CPANPLUS                         0.9103
	CPANPLUS::Dist::Build              0.54
	Cwd                                3.33
	ExtUtils::CBuilder             0.280202
	ExtUtils::Command                  1.16
	ExtUtils::Install                  1.55
	ExtUtils::MakeMaker                6.56
	ExtUtils::Manifest                 1.58
	ExtUtils::ParseXS                2.2206
	File::Spec                         3.33
	Module::Build                    0.3800
	Test::Harness                      3.23
	Test::More                         0.98
	version                            0.88

******************************** NOTE ********************************
The comments above are created mechanically, possibly without manual
checking by the sender.  As there are many people performing automatic
tests on each upload to CPAN, it is likely that you will receive 
identical messages about the same problem.

If you believe that the message is mistaken, please reply to the first
one with correction and/or additional informations, and do not take
it personally.  We appreciate your patience. :)
**********************************************************************

Additional comments:
 

This report was machine-generated by CPANPLUS::Dist::YACSmoke 0.62.
Powered by minismokebox version 0.44

------------------------------
ENVIRONMENT AND OTHER CONTEXT
------------------------------

Environment variables:

    AUTOMATED_TESTING = 1
    PATH = /sbin:/bin:/usr/sbin:/usr/bin:/usr/games:/usr/local/sbin:/usr/local/bin:/home/cpan/bin
    PERL5LIB = :/usr/home/cpan/pit/bare/conf/perl-5.12.2/.cpanplus/5.12.2/build/Algorithm-Diff-1.1902/blib/lib:/usr/home/cpan/pit/bare/conf/perl-5.12.2/.cpanplus/5.12.2/build/Algorithm-Diff-1.1902/blib/arch:/usr/home/cpan/pit/bare/conf/perl-5.12.2/.cpanplus/5.12.2/build/Text-Diff-1.40/blib/lib:/usr/home/cpan/pit/bare/conf/perl-5.12.2/.cpanplus/5.12.2/build/Text-Diff-1.40/blib/arch
    PERL5_CPANPLUS_IS_RUNNING = 3238
    PERL5_CPANPLUS_IS_VERSION = 0.9103
    PERL5_MINISMOKEBOX = 0.44
    PERL5_YACSMOKE_BASE = /usr/home/cpan/pit/bare/conf/perl-5.12.2
    PERL_EXTUTILS_AUTOINSTALL = --defaultdeps
    PERL_MM_USE_DEFAULT = 1
    SHELL = /usr/local/bin/bash
    TERM = screen

Perl special variables (and OS-specific diagnostics, for MSWin32):

    Perl: $^X = /usr/home/cpan/pit/bare/perl-5.12.2/bin/perl
    UID:  $<  = 1001
    EUID: $>  = 1001
    GID:  $(  = 1001 1001
    EGID: $)  = 1001 1001


-------------------------------


--

Summary of my perl5 (revision 5 version 12 subversion 2) configuration:
   
  Platform:
    osname=freebsd, osvers=8.1-release, archname=i386-freebsd
    uname='freebsd snooze.bingosnet.co.uk 8.1-release freebsd 8.1-release #0: mon jul 19 02:55:53 utc 2010 root@almeida.cse.buffalo.edu:usrobjusrsrcsysgeneric i386 '
    config_args='-des -Dprefix=/usr/home/cpan/pit/bare/perl-5.12.2'
    hint=recommended, useposix=true, d_sigaction=define
    useithreads=undef, usemultiplicity=undef
    useperlio=define, d_sfio=undef, uselargefiles=define, usesocks=undef
    use64bitint=undef, use64bitall=undef, uselongdouble=undef
    usemymalloc=n, bincompat5005=undef
  Compiler:
    cc='cc', ccflags ='-DHAS_FPSETMASK -DHAS_FLOATINGPOINT_H -fno-strict-aliasing -pipe -fstack-protector -I/usr/local/include',
    optimize='-O',
    cppflags='-DHAS_FPSETMASK -DHAS_FLOATINGPOINT_H -fno-strict-aliasing -pipe -fstack-protector -I/usr/local/include'
    ccversion='', gccversion='4.2.1 20070719  [FreeBSD]', gccosandvers=''
    intsize=4, longsize=4, ptrsize=4, doublesize=8, byteorder=1234
    d_longlong=define, longlongsize=8, d_longdbl=define, longdblsize=12
    ivtype='long', ivsize=4, nvtype='double', nvsize=8, Off_t='off_t', lseeksize=8
    alignbytes=4, prototype=define
  Linker and Libraries:
    ld='cc', ldflags ='-Wl,-E  -fstack-protector -L/usr/local/lib'
    libpth=/usr/lib /usr/local/lib
    libs=-lgdbm -lm -lcrypt -lutil -lc
    perllibs=-lm -lcrypt -lutil -lc
    libc=, so=so, useshrplib=false, libperl=libperl.a
    gnulibc_version=''
  Dynamic Linking:
    dlsrc=dl_dlopen.xs, dlext=so, d_dlsymun=undef, ccdlflags=' '
    cccdlflags='-DPIC -fPIC', lddlflags='-shared  -L/usr/local/lib -fstack-protector'


Characteristics of this binary (from libperl): 
  Compile-time options: PERL_DONT_CREATE_GVSV PERL_MALLOC_WRAP
                        USE_LARGE_FILES USE_PERLIO USE_PERL_ATOF
  Built under freebsd
  Compiled at Sep 17 2010 20:17:02
  %ENV:
    PERL5LIB=":/usr/home/cpan/pit/bare/conf/perl-5.12.2/.cpanplus/5.12.2/build/Algorithm-Diff-1.1902/blib/lib:/usr/home/cpan/pit/bare/conf/perl-5.12.2/.cpanplus/5.12.2/build/Algorithm-Diff-1.1902/blib/arch:/usr/home/cpan/pit/bare/conf/perl-5.12.2/.cpanplus/5.12.2/build/Text-Diff-1.40/blib/lib:/usr/home/cpan/pit/bare/conf/perl-5.12.2/.cpanplus/5.12.2/build/Text-Diff-1.40/blib/arch"
    PERL5_CPANPLUS_IS_RUNNING="3238"
    PERL5_CPANPLUS_IS_VERSION="0.9103"
    PERL5_MINISMOKEBOX="0.44"
    PERL5_YACSMOKE_BASE="/usr/home/cpan/pit/bare/conf/perl-5.12.2"
    PERL_EXTUTILS_AUTOINSTALL="--defaultdeps"
    PERL_MM_USE_DEFAULT="1"
  @INC:
    /usr/home/cpan/pit/bare/conf/perl-5.12.2/.cpanplus/5.12.2/build/Algorithm-Diff-1.1902/blib/lib
    /usr/home/cpan/pit/bare/conf/perl-5.12.2/.cpanplus/5.12.2/build/Algorithm-Diff-1.1902/blib/arch
    /usr/home/cpan/pit/bare/conf/perl-5.12.2/.cpanplus/5.12.2/build/Text-Diff-1.40/blib/lib
    /usr/home/cpan/pit/bare/conf/perl-5.12.2/.cpanplus/5.12.2/build/Text-Diff-1.40/blib/arch
    /usr/home/cpan/pit/bare/perl-5.12.2/lib/site_perl/5.12.2/i386-freebsd
    /usr/home/cpan/pit/bare/perl-5.12.2/lib/site_perl/5.12.2
    /usr/home/cpan/pit/bare/perl-5.12.2/lib/5.12.2/i386-freebsd
    /usr/home/cpan/pit/bare/perl-5.12.2/lib/5.12.2
    .