Back
From: metabase:user:314402c4-2aae-11df-837a-5e0a49663a4f
Subject: FAIL Mojolicious-Plugin-InstallablePaths-0.03 v5.21.4 FreeBSD
Date: 2014-12-22T20:55:26Z
This distribution has been tested as part of the CPAN Testers
project, supporting the Perl programming language. See
http://wiki.cpantesters.org/ for more information or email
questions to cpan-testers-discuss@perl.org
--
Dear Joel Berger,
This is a computer-generated report for Mojolicious-Plugin-InstallablePaths-0.03
on perl 5.21.4, created by CPAN-Reporter-1.2011.
Thank you for uploading your work to CPAN. However, there was a problem
testing your distribution.
If you think this report is invalid, please consult the CPAN Testers Wiki
for suggestions on how to avoid getting FAIL reports for missing library
or binary dependencies, unsupported operating systems, and so on:
http://wiki.cpantesters.org/wiki/CPANAuthorNotes
Sections of this report:
* Tester comments
* Program output
* Prerequisites
* Environment and other context
------------------------------
TESTER COMMENTS
------------------------------
Additional comments from tester:
none provided
------------------------------
PROGRAM OUTPUT
------------------------------
Output from './Build test':
t/build.t ..................... ok
t/plugin.t .................... ok
t/plugin_module_not_loaded.t .. ok
t/plugin_myblib.t ............. ok
# Failed test '200 OK'
# at t/test_app.t line 13.
# got: '500'
# expected: '200'
# Failed test 'exact match for selector "p"'
# at t/test_app.t line 13.
# got: ''
# expected: 'Hello World'
# Looks like you failed 2 tests of 3.
t/test_app.t ..................
Dubious, test returned 2 (wstat 512, 0x200)
Failed 2/3 subtests
# Failed test '200 OK'
# at t/test_app_myblib.t line 13.
# got: '500'
# expected: '200'
# Failed test 'exact match for selector "p"'
# at t/test_app_myblib.t line 13.
# got: ''
# expected: 'Hello World'
# Looks like you failed 2 tests of 3.
t/test_app_myblib.t ...........
Dubious, test returned 2 (wstat 512, 0x200)
Failed 2/3 subtests
Test Summary Report
-------------------
t/test_app.t (Wstat: 512 Tests: 3 Failed: 2)
Failed tests: 2-3
Non-zero exit status: 2
t/test_app_myblib.t (Wstat: 512 Tests: 3 Failed: 2)
Failed tests: 2-3
Non-zero exit status: 2
Files=6, Tests=22, 6 wallclock secs ( 0.09 usr 0.04 sys + 4.16 cusr 0.67 csys = 4.96 CPU)
Result: FAIL
Failed 2/6 test programs. 4/22 subtests failed.
------------------------------
PREREQUISITES
------------------------------
Prerequisite modules loaded:
requires:
Module Need Have
--------------------------- ---- ------
File::ShareDir 1 1.102
Module::Build 0.38 0.4210
Module::Build::CleanInstall 0.05 0.05
Mojolicious 3 5.70
configure_requires:
Module Need Have
--------------------------- ---- ------
Module::Build 0.38 0.4210
------------------------------
ENVIRONMENT AND OTHER CONTEXT
------------------------------
Environment variables:
DBIC_NO_WARN_BAD_PERL = 1
PATH = /usr/local/bin:/usr/bin:/bin:/usr/local/sbin:/usr/sbin:/sbin:/home/e/eserte/bin/freebsd9.1:/home/e/eserte/bin/sh:/home/e/eserte/bin:/usr/games:/home/e/eserte/devel:/home/e/eserte/src/srezic-misc/scripts
PERL5LIB = /usr/local/src/CPAN/build/Module-Build-CleanInstall-0.05-xeuGkW/blib/arch:/usr/local/src/CPAN/build/Module-Build-CleanInstall-0.05-xeuGkW/blib/lib:/usr/local/src/CPAN/build/Mojolicious-5.70-8_vRvC/blib/arch:/usr/local/src/CPAN/build/Mojolicious-5.70-8_vRvC/blib/lib
PERL5OPT =
PERL5_CPANPLUS_IS_RUNNING = 89760
PERL5_CPAN_IS_RUNNING = 89760
PERL5_CPAN_IS_RUNNING_IN_RECURSION = 83004,89760
PERLDOC = -MPod::Perldoc::ToTextOverstrike
PERL_BATCH = yes
PERL_CPAN_REPORTER_CONFIG = /var/tmp/cpansmoker-1000/IDLWCZfJ9R_config.ini
PERL_EXTUTILS_AUTOINSTALL = --defaultdeps
PERL_HTML_DISPLAY_CLASS = HTML::Display::Mozilla
SHELL = /usr/local/bin/zsh
TERM = screen
TMPDIR = /var/tmp/cpansmoker-1000
Perl special variables (and OS-specific diagnostics, for MSWin32):
$^X = /usr/perl5.21.4/bin/perl5.21.4
$UID/$EUID = 1000 / 1000
$GID = 1000 1000 0 5 1023 1024
$EGID = 1000 1000 0 5 1023 1024
Perl module toolchain versions installed:
Module Have
------------------- --------
CPAN 2.05
CPAN::Meta 2.142060
Cwd 3.50
ExtUtils::CBuilder 0.280219
ExtUtils::Command 1.18
ExtUtils::Install 2.04
ExtUtils::MakeMaker 6.98
ExtUtils::Manifest 1.68
ExtUtils::ParseXS 3.25
File::Spec 3.50
JSON 2.90
JSON::PP 2.27203
Module::Build 0.4210
Module::Signature n/a
Parse::CPAN::Meta 1.4414
Test::Harness 3.33
Test::More 1.001006
YAML 1.11
YAML::Syck 1.27
version 0.9909
--
Summary of my perl5 (revision 5 version 21 subversion 4) configuration:
Platform:
osname=freebsd, osvers=9.2-release, archname=amd64-freebsd
uname='freebsd cvrsnica.herceg.de 9.2-release freebsd 9.2-release #0 r255898: thu sep 26 22:50:31 utc 2013 root@bake.isc.freebsd.org:usrobjusrsrcsysgeneric amd64 '
config_args='-D useshrplib=true -Dprefix=/usr/perl5.21.4 -Dusemymalloc=n -D cc=ccache cc -D usedevel=define -Dgccansipedantic -de'
hint=recommended, useposix=true, d_sigaction=define
useithreads=undef, usemultiplicity=undef
use64bitint=define, use64bitall=define, uselongdouble=undef
usemymalloc=n, bincompat5005=undef
Compiler:
cc='ccache cc', ccflags ='-DHAS_FPSETMASK -DHAS_FLOATINGPOINT_H -fno-strict-aliasing -pipe -fstack-protector -I/usr/local/include -D_FORTIFY_SOURCE=2',
optimize='-O2 -pipe',
cppflags='-DHAS_FPSETMASK -DHAS_FLOATINGPOINT_H -fno-strict-aliasing -pipe -fstack-protector -I/usr/local/include'
ccversion='', gccversion='4.2.1 20070831 patched [FreeBSD]', gccosandvers=''
intsize=4, longsize=8, ptrsize=8, doublesize=8, byteorder=12345678
d_longlong=define, longlongsize=8, d_longdbl=define, longdblsize=16, longdblkind=3
ivtype='long', ivsize=8, nvtype='double', nvsize=8, Off_t='off_t', lseeksize=8
alignbytes=8, prototype=define
Linker and Libraries:
ld='ccache cc', ldflags ='-Wl,-E -fstack-protector -L/usr/local/lib'
libpth=/usr/lib /usr/local/lib /usr/include/gcc/4.2 /usr/lib
libs=-lgdbm -lm -lcrypt -lutil -lc
perllibs=-lm -lcrypt -lutil -lc
libc=, so=so, useshrplib=true, libperl=libperl.so
gnulibc_version=''
Dynamic Linking:
dlsrc=dl_dlopen.xs, dlext=so, d_dlsymun=undef, ccdlflags=' -Wl,-R/usr/perl5.21.4/lib/5.21.4/amd64-freebsd/CORE'
cccdlflags='-DPIC -fPIC', lddlflags='-shared -L/usr/local/lib -fstack-protector'
Characteristics of this binary (from libperl):
Compile-time options: HAS_TIMES PERLIO_LAYERS PERL_DONT_CREATE_GVSV
PERL_HASH_FUNC_ONE_AT_A_TIME_HARD PERL_MALLOC_WRAP
PERL_NEW_COPY_ON_WRITE PERL_PRESERVE_IVUV
PERL_USE_DEVEL USE_64_BIT_ALL USE_64_BIT_INT
USE_LARGE_FILES USE_LOCALE USE_LOCALE_COLLATE
USE_LOCALE_CTYPE USE_LOCALE_NUMERIC USE_LOCALE_TIME
USE_PERLIO USE_PERL_ATOF
Built under freebsd
Compiled at Sep 20 2014 18:32:18
%ENV:
PERL5LIB="/usr/local/src/CPAN/build/Module-Build-CleanInstall-0.05-xeuGkW/blib/arch:/usr/local/src/CPAN/build/Module-Build-CleanInstall-0.05-xeuGkW/blib/lib:/usr/local/src/CPAN/build/Mojolicious-5.70-8_vRvC/blib/arch:/usr/local/src/CPAN/build/Mojolicious-5.70-8_vRvC/blib/lib"
PERL5OPT=""
PERL5_CPANPLUS_IS_RUNNING="89760"
PERL5_CPAN_IS_RUNNING="89760"
PERL5_CPAN_IS_RUNNING_IN_RECURSION="83004,89760"
PERLDOC="-MPod::Perldoc::ToTextOverstrike"
PERL_BATCH="yes"
PERL_CPAN_REPORTER_CONFIG="/var/tmp/cpansmoker-1000/IDLWCZfJ9R_config.ini"
PERL_EXTUTILS_AUTOINSTALL="--defaultdeps"
PERL_HTML_DISPLAY_CLASS="HTML::Display::Mozilla"
@INC:
/usr/local/src/CPAN/build/Module-Build-CleanInstall-0.05-xeuGkW/blib/arch
/usr/local/src/CPAN/build/Module-Build-CleanInstall-0.05-xeuGkW/blib/lib
/usr/local/src/CPAN/build/Mojolicious-5.70-8_vRvC/blib/arch
/usr/local/src/CPAN/build/Mojolicious-5.70-8_vRvC/blib/lib
/usr/perl5.21.4/lib/site_perl/5.21.4/amd64-freebsd
/usr/perl5.21.4/lib/site_perl/5.21.4
/usr/perl5.21.4/lib/5.21.4/amd64-freebsd
/usr/perl5.21.4/lib/5.21.4
.