Back
From: metabase:user:30f4dfbe-2aae-11df-837a-5e0a49663a4f
Subject: FAIL GraphViz-Graph-0.02 v5.8.7 GNU/Linux
Date: 2017-07-12T16:40:46Z
This distribution has been tested as part of the CPAN Testers
project, supporting the Perl programming language. See
http://wiki.cpantesters.org/ for more information or email
questions to cpan-testers-discuss@perl.org
--
Dear Rene Nyffenegger,
This is a computer-generated report for GraphViz-Graph-0.02
on perl 5.8.7, created by CPAN-Reporter-1.2017.
Thank you for uploading your work to CPAN. However, there was a problem
testing your distribution.
If you think this report is invalid, please consult the CPAN Testers Wiki
for suggestions on how to avoid getting FAIL reports for missing library
or binary dependencies, unsupported operating systems, and so on:
http://wiki.cpantesters.org/wiki/CPANAuthorNotes
Sections of this report:
* Tester comments
* Program output
* Prerequisites
* Environment and other context
------------------------------
TESTER COMMENTS
------------------------------
Additional comments from tester:
this report is from an automated smoke testing program
and was not reviewed by a human for accuracy
------------------------------
PROGRAM OUTPUT
------------------------------
Output from '/usr/bin/make test':
PERL_DL_NONLAZY=1 "/home/njh/perl5/perlbrew/perls/perl-5.8.7/bin/perl" "-MExtUtils::Command::MM" "-MTest::Harness" "-e" "undef *Test::Harness::Switches; test_harness(0, 'blib/lib', 'blib/arch')" t/*.t
Global symbol "$arrow_tail" requires explicit package name at /home/njh/.cpan/build/GraphViz-Graph-0.02-tiw3ap/blib/lib/GraphViz/Graph/Edge.pm line 92.
Global symbol "$arrow_tail" requires explicit package name at /home/njh/.cpan/build/GraphViz-Graph-0.02-tiw3ap/blib/lib/GraphViz/Graph/Edge.pm line 98.
Global symbol "$arrow_tail" requires explicit package name at /home/njh/.cpan/build/GraphViz-Graph-0.02-tiw3ap/blib/lib/GraphViz/Graph/Edge.pm line 100.
Global symbol "$arrow_tail" requires explicit package name at /home/njh/.cpan/build/GraphViz-Graph-0.02-tiw3ap/blib/lib/GraphViz/Graph/Edge.pm line 100.
Compilation failed in require at /home/njh/.cpan/build/GraphViz-Graph-0.02-tiw3ap/blib/lib/GraphViz/Graph.pm line 46.
BEGIN failed--compilation aborted at /home/njh/.cpan/build/GraphViz-Graph-0.02-tiw3ap/blib/lib/GraphViz/Graph.pm line 46.
Compilation failed in require at t/005-label-graph-html.t line 5.
BEGIN failed--compilation aborted at t/005-label-graph-html.t line 5.
t/005-label-graph-html.t .....
Dubious, test returned 255 (wstat 65280, 0xff00)
No subtests run
Global symbol "$arrow_tail" requires explicit package name at /home/njh/.cpan/build/GraphViz-Graph-0.02-tiw3ap/blib/lib/GraphViz/Graph/Edge.pm line 92.
Global symbol "$arrow_tail" requires explicit package name at /home/njh/.cpan/build/GraphViz-Graph-0.02-tiw3ap/blib/lib/GraphViz/Graph/Edge.pm line 98.
Global symbol "$arrow_tail" requires explicit package name at /home/njh/.cpan/build/GraphViz-Graph-0.02-tiw3ap/blib/lib/GraphViz/Graph/Edge.pm line 100.
Global symbol "$arrow_tail" requires explicit package name at /home/njh/.cpan/build/GraphViz-Graph-0.02-tiw3ap/blib/lib/GraphViz/Graph/Edge.pm line 100.
Compilation failed in require at /home/njh/.cpan/build/GraphViz-Graph-0.02-tiw3ap/blib/lib/GraphViz/Graph.pm line 46.
BEGIN failed--compilation aborted at /home/njh/.cpan/build/GraphViz-Graph-0.02-tiw3ap/blib/lib/GraphViz/Graph.pm line 46.
Compilation failed in require at t/004-label-graph.t line 5.
BEGIN failed--compilation aborted at t/004-label-graph.t line 5.
t/004-label-graph.t ..........
Dubious, test returned 255 (wstat 65280, 0xff00)
No subtests run
Global symbol "$arrow_tail" requires explicit package name at /home/njh/.cpan/build/GraphViz-Graph-0.02-tiw3ap/blib/lib/GraphViz/Graph/Edge.pm line 92.
Global symbol "$arrow_tail" requires explicit package name at /home/njh/.cpan/build/GraphViz-Graph-0.02-tiw3ap/blib/lib/GraphViz/Graph/Edge.pm line 98.
Global symbol "$arrow_tail" requires explicit package name at /home/njh/.cpan/build/GraphViz-Graph-0.02-tiw3ap/blib/lib/GraphViz/Graph/Edge.pm line 100.
Global symbol "$arrow_tail" requires explicit package name at /home/njh/.cpan/build/GraphViz-Graph-0.02-tiw3ap/blib/lib/GraphViz/Graph/Edge.pm line 100.
Compilation failed in require at /home/njh/.cpan/build/GraphViz-Graph-0.02-tiw3ap/blib/lib/GraphViz/Graph.pm line 46.
BEGIN failed--compilation aborted at /home/njh/.cpan/build/GraphViz-Graph-0.02-tiw3ap/blib/lib/GraphViz/Graph.pm line 46.
Compilation failed in require at t/000-load.t line 6.
BEGIN failed--compilation aborted at t/000-load.t line 6.
# Looks like your test exited with 255 before it could output anything.
t/000-load.t .................
Dubious, test returned 255 (wstat 65280, 0xff00)
Failed 1/1 subtests
Global symbol "$arrow_tail" requires explicit package name at /home/njh/.cpan/build/GraphViz-Graph-0.02-tiw3ap/blib/lib/GraphViz/Graph/Edge.pm line 92.
Global symbol "$arrow_tail" requires explicit package name at /home/njh/.cpan/build/GraphViz-Graph-0.02-tiw3ap/blib/lib/GraphViz/Graph/Edge.pm line 98.
Global symbol "$arrow_tail" requires explicit package name at /home/njh/.cpan/build/GraphViz-Graph-0.02-tiw3ap/blib/lib/GraphViz/Graph/Edge.pm line 100.
Global symbol "$arrow_tail" requires explicit package name at /home/njh/.cpan/build/GraphViz-Graph-0.02-tiw3ap/blib/lib/GraphViz/Graph/Edge.pm line 100.
Compilation failed in require at /home/njh/.cpan/build/GraphViz-Graph-0.02-tiw3ap/blib/lib/GraphViz/Graph.pm line 46.
BEGIN failed--compilation aborted at /home/njh/.cpan/build/GraphViz-Graph-0.02-tiw3ap/blib/lib/GraphViz/Graph.pm line 46.
Compilation failed in require at t/001-new.t line 8.
BEGIN failed--compilation aborted at t/001-new.t line 8.
# Looks like your test exited with 255 before it could output anything.
t/001-new.t ..................
Dubious, test returned 255 (wstat 65280, 0xff00)
Failed 4/4 subtests
Global symbol "$arrow_tail" requires explicit package name at /home/njh/.cpan/build/GraphViz-Graph-0.02-tiw3ap/blib/lib/GraphViz/Graph/Edge.pm line 92.
Global symbol "$arrow_tail" requires explicit package name at /home/njh/.cpan/build/GraphViz-Graph-0.02-tiw3ap/blib/lib/GraphViz/Graph/Edge.pm line 98.
Global symbol "$arrow_tail" requires explicit package name at /home/njh/.cpan/build/GraphViz-Graph-0.02-tiw3ap/blib/lib/GraphViz/Graph/Edge.pm line 100.
Global symbol "$arrow_tail" requires explicit package name at /home/njh/.cpan/build/GraphViz-Graph-0.02-tiw3ap/blib/lib/GraphViz/Graph/Edge.pm line 100.
Compilation failed in require at /home/njh/.cpan/build/GraphViz-Graph-0.02-tiw3ap/blib/lib/GraphViz/Graph.pm line 46.
BEGIN failed--compilation aborted at /home/njh/.cpan/build/GraphViz-Graph-0.02-tiw3ap/blib/lib/GraphViz/Graph.pm line 46.
Compilation failed in require at t/007-label-graph-top.t line 5.
BEGIN failed--compilation aborted at t/007-label-graph-top.t line 5.
t/007-label-graph-top.t ......
Dubious, test returned 255 (wstat 65280, 0xff00)
No subtests run
Global symbol "$arrow_tail" requires explicit package name at /home/njh/.cpan/build/GraphViz-Graph-0.02-tiw3ap/blib/lib/GraphViz/Graph/Edge.pm line 92.
Global symbol "$arrow_tail" requires explicit package name at /home/njh/.cpan/build/GraphViz-Graph-0.02-tiw3ap/blib/lib/GraphViz/Graph/Edge.pm line 98.
Global symbol "$arrow_tail" requires explicit package name at /home/njh/.cpan/build/GraphViz-Graph-0.02-tiw3ap/blib/lib/GraphViz/Graph/Edge.pm line 100.
Global symbol "$arrow_tail" requires explicit package name at /home/njh/.cpan/build/GraphViz-Graph-0.02-tiw3ap/blib/lib/GraphViz/Graph/Edge.pm line 100.
Compilation failed in require at /home/njh/.cpan/build/GraphViz-Graph-0.02-tiw3ap/blib/lib/GraphViz/Graph.pm line 46.
BEGIN failed--compilation aborted at /home/njh/.cpan/build/GraphViz-Graph-0.02-tiw3ap/blib/lib/GraphViz/Graph.pm line 46.
Compilation failed in require at t/006-nodes.t line 5.
BEGIN failed--compilation aborted at t/006-nodes.t line 5.
t/006-nodes.t ................
Dubious, test returned 255 (wstat 65280, 0xff00)
No subtests run
Can't locate Test/Files.pm in @INC (@INC contains: /home/njh/.cpan/build/GraphViz-Graph-0.02-tiw3ap/blib/lib /home/njh/.cpan/build/GraphViz-Graph-0.02-tiw3ap/blib/arch /home/njh/.cpan/build/GraphViz-Graph-0.02-tiw3ap/blib/lib /home/njh/.cpan/build/GraphViz-Graph-0.02-tiw3ap/blib/arch /home/njh/.cpan/build/GraphViz-Graph-0.02-tiw3ap/blib/lib /home/njh/.cpan/build/GraphViz-Graph-0.02-tiw3ap/blib/arch /home/njh/perl5/perlbrew/perls/perl-5.8.7/lib/5.8.7/armv7l-linux-thread-multi /home/njh/perl5/perlbrew/perls/perl-5.8.7/lib/5.8.7 /home/njh/perl5/perlbrew/perls/perl-5.8.7/lib/site_perl/5.8.7/armv7l-linux-thread-multi /home/njh/perl5/perlbrew/perls/perl-5.8.7/lib/site_perl/5.8.7 /home/njh/perl5/perlbrew/perls/perl-5.8.7/lib/site_perl .) at t/002-write_dot.t line 6.
BEGIN failed--compilation aborted at t/002-write_dot.t line 6.
# Looks like your test exited with 2 before it could output anything.
t/002-write_dot.t ............
Dubious, test returned 2 (wstat 512, 0x200)
Failed 2/2 subtests
Global symbol "$arrow_tail" requires explicit package name at /home/njh/.cpan/build/GraphViz-Graph-0.02-tiw3ap/blib/lib/GraphViz/Graph/Edge.pm line 92.
Global symbol "$arrow_tail" requires explicit package name at /home/njh/.cpan/build/GraphViz-Graph-0.02-tiw3ap/blib/lib/GraphViz/Graph/Edge.pm line 98.
Global symbol "$arrow_tail" requires explicit package name at /home/njh/.cpan/build/GraphViz-Graph-0.02-tiw3ap/blib/lib/GraphViz/Graph/Edge.pm line 100.
Global symbol "$arrow_tail" requires explicit package name at /home/njh/.cpan/build/GraphViz-Graph-0.02-tiw3ap/blib/lib/GraphViz/Graph/Edge.pm line 100.
Compilation failed in require at /home/njh/.cpan/build/GraphViz-Graph-0.02-tiw3ap/blib/lib/GraphViz/Graph.pm line 46.
BEGIN failed--compilation aborted at /home/njh/.cpan/build/GraphViz-Graph-0.02-tiw3ap/blib/lib/GraphViz/Graph.pm line 46.
Compilation failed in require at t/008-edge.t line 5.
BEGIN failed--compilation aborted at t/008-edge.t line 5.
t/008-edge.t .................
Dubious, test returned 255 (wstat 65280, 0xff00)
No subtests run
Global symbol "$arrow_tail" requires explicit package name at /home/njh/.cpan/build/GraphViz-Graph-0.02-tiw3ap/blib/lib/GraphViz/Graph/Edge.pm line 92.
Global symbol "$arrow_tail" requires explicit package name at /home/njh/.cpan/build/GraphViz-Graph-0.02-tiw3ap/blib/lib/GraphViz/Graph/Edge.pm line 98.
Global symbol "$arrow_tail" requires explicit package name at /home/njh/.cpan/build/GraphViz-Graph-0.02-tiw3ap/blib/lib/GraphViz/Graph/Edge.pm line 100.
Global symbol "$arrow_tail" requires explicit package name at /home/njh/.cpan/build/GraphViz-Graph-0.02-tiw3ap/blib/lib/GraphViz/Graph/Edge.pm line 100.
Compilation failed in require at /home/njh/.cpan/build/GraphViz-Graph-0.02-tiw3ap/blib/lib/GraphViz/Graph.pm line 46.
BEGIN failed--compilation aborted at /home/njh/.cpan/build/GraphViz-Graph-0.02-tiw3ap/blib/lib/GraphViz/Graph.pm line 46.
Compilation failed in require at t/009-edge-arrowhead-tail.t line 5.
BEGIN failed--compilation aborted at t/009-edge-arrowhead-tail.t line 5.
t/009-edge-arrowhead-tail.t ..
Dubious, test returned 255 (wstat 65280, 0xff00)
No subtests run
Global symbol "$arrow_tail" requires explicit package name at /home/njh/.cpan/build/GraphViz-Graph-0.02-tiw3ap/blib/lib/GraphViz/Graph/Edge.pm line 92.
Global symbol "$arrow_tail" requires explicit package name at /home/njh/.cpan/build/GraphViz-Graph-0.02-tiw3ap/blib/lib/GraphViz/Graph/Edge.pm line 98.
Global symbol "$arrow_tail" requires explicit package name at /home/njh/.cpan/build/GraphViz-Graph-0.02-tiw3ap/blib/lib/GraphViz/Graph/Edge.pm line 100.
Global symbol "$arrow_tail" requires explicit package name at /home/njh/.cpan/build/GraphViz-Graph-0.02-tiw3ap/blib/lib/GraphViz/Graph/Edge.pm line 100.
Compilation failed in require at /home/njh/.cpan/build/GraphViz-Graph-0.02-tiw3ap/blib/lib/GraphViz/Graph.pm line 46.
BEGIN failed--compilation aborted at /home/njh/.cpan/build/GraphViz-Graph-0.02-tiw3ap/blib/lib/GraphViz/Graph.pm line 46.
Compilation failed in require at t/003-create.t line 7.
BEGIN failed--compilation aborted at t/003-create.t line 7.
# Looks like your test exited with 255 before it could output anything.
t/003-create.t ...............
Dubious, test returned 255 (wstat 65280, 0xff00)
Failed 2/2 subtests
Test Summary Report
-------------------
t/005-label-graph-html.t (Wstat: 65280 Tests: 0 Failed: 0)
Non-zero exit status: 255
Parse errors: No plan found in TAP output
t/004-label-graph.t (Wstat: 65280 Tests: 0 Failed: 0)
Non-zero exit status: 255
Parse errors: No plan found in TAP output
t/000-load.t (Wstat: 65280 Tests: 0 Failed: 0)
Non-zero exit status: 255
Parse errors: Bad plan. You planned 1 tests but ran 0.
t/001-new.t (Wstat: 65280 Tests: 0 Failed: 0)
Non-zero exit status: 255
Parse errors: Bad plan. You planned 4 tests but ran 0.
t/007-label-graph-top.t (Wstat: 65280 Tests: 0 Failed: 0)
Non-zero exit status: 255
Parse errors: No plan found in TAP output
t/006-nodes.t (Wstat: 65280 Tests: 0 Failed: 0)
Non-zero exit status: 255
Parse errors: No plan found in TAP output
t/002-write_dot.t (Wstat: 512 Tests: 0 Failed: 0)
Non-zero exit status: 2
Parse errors: Bad plan. You planned 2 tests but ran 0.
t/008-edge.t (Wstat: 65280 Tests: 0 Failed: 0)
Non-zero exit status: 255
Parse errors: No plan found in TAP output
t/009-edge-arrowhead-tail.t (Wstat: 65280 Tests: 0 Failed: 0)
Non-zero exit status: 255
Parse errors: No plan found in TAP output
t/003-create.t (Wstat: 65280 Tests: 0 Failed: 0)
Non-zero exit status: 255
Parse errors: Bad plan. You planned 2 tests but ran 0.
Files=10, Tests=0, 0 wallclock secs ( 0.23 usr 0.07 sys + 0.73 cusr 0.10 csys = 1.13 CPU)
Result: FAIL
Failed 10/10 test programs. 0/0 subtests failed.
make: *** [test_dynamic] Error 255
------------------------------
PREREQUISITES
------------------------------
Prerequisite modules loaded:
requires:
Module Need Have
------------------- ----- --------
perl 5.006 5.008007
build_requires:
Module Need Have
------------------- ----- --------
Test::Exception 0 0.32
Test::More 0 1.001014
Test::Simple 0 1.001014
configure_requires:
Module Need Have
------------------- ----- --------
ExtUtils::MakeMaker 0 7.18
------------------------------
ENVIRONMENT AND OTHER CONTEXT
------------------------------
Environment variables:
AUTOMATED_TESTING = 1
HARNESS_OPTIONS = j6
PATH = /home/njh/perl5/perlbrew/bin:/home/njh/perl5/perlbrew/perls/perl-5.8.7/bin:/home/njh/perl5/perlbrew/bin:/usr/bin:/bin
PERL5LIB =
PERL5OPT =
PERL5_CPANPLUS_IS_RUNNING = 13860
PERL5_CPAN_IS_RUNNING = 13860
PERLBREW_BASHRC_VERSION = 0.75
PERLBREW_HOME = /home/njh/.perlbrew
PERLBREW_LIB =
PERLBREW_MANPATH = /home/njh/perl5/perlbrew/perls/perl-5.8.7/man
PERLBREW_PATH = /home/njh/perl5/perlbrew/bin:/home/njh/perl5/perlbrew/perls/perl-5.8.7/bin
PERLBREW_PERL = perl-5.8.7
PERLBREW_ROOT = /home/njh/perl5/perlbrew
PERLBREW_VERSION = 0.75
PERL_LOCAL_LIB_ROOT =
SHELL = /bin/sh
Perl special variables (and OS-specific diagnostics, for MSWin32):
$^X = /home/njh/perl5/perlbrew/perls/perl-5.8.7/bin/perl
$UID/$EUID = 1000 / 1000
$GID = 1000 1000 4
$EGID = 1000 1000 4
Perl module toolchain versions installed:
Module Have
------------------- --------
CPAN 2.10
CPAN::Meta 2.150001
Cwd 3.47
ExtUtils::CBuilder 0.280220
ExtUtils::Command 7.18
ExtUtils::Install 2.04
ExtUtils::MakeMaker 7.18
ExtUtils::Manifest 1.70
ExtUtils::ParseXS 3.24
File::Spec 3.47
JSON 2.61
JSON::PP 2.27300
Module::Build 0.4005
Module::Signature n/a
Parse::CPAN::Meta 1.4414
Test::Harness 3.35
Test::More 1.001014
YAML n/a
YAML::Syck 1.29
version 0.9912
--
Summary of my perl5 (revision 5 version 8 subversion 7) configuration:
Platform:
osname=linux, osvers=3.0.35-cm-fx6-5.5, archname=armv7l-linux-thread-multi
uname='linux utilite 3.0.35-cm-fx6-5.5 #721 smp sun mar 23 14:12:17 ist 2014 armv7l armv7l armv7l gnulinux '
config_args='-de -Dprefix=/home/njh/perl5/perlbrew/perls/perl-5.8.7 -Duseithreads -Dusemultiplicity -Dusedevel -Accflags=-O2 -W -Wformat=2 -Wswitch -Wshadow -Wwrite-strings -Wuninitialized -Wall -pipe -fomit-frame-pointer -pedantic -D_FORTIFY_SOURCE=2 -Wpointer-arith -Wstrict-prototypes -fstack-protector -Wstack-protector -Wextra -Wbad-function-cast -Wcast-align -Wcast-qual -Wdisabled-optimization -Wendif-labels -Wfloat-equal -Wformat-nonliteral -Winline -Wmissing-declarations -Wmissing-prototypes -Wnested-externs -Wpointer-arith -Wundef -Wformat-security -march=native -Acc=gcc-4.7 -Aeval:scriptdir=/home/njh/perl5/perlbrew/perls/perl-5.8.7/bin'
hint=recommended, useposix=true, d_sigaction=define
usethreads=define use5005threads=undef useithreads=define usemultiplicity=define
useperlio=define d_sfio=undef uselargefiles=define usesocks=undef
use64bitint=undef use64bitall=undef uselongdouble=undef
usemymalloc=n, bincompat5005=undef
Compiler:
cc=' gcc-4.7', ccflags ='-D_REENTRANT -D_GNU_SOURCE -O2 -W -Wformat=2 -Wswitch -Wshadow -Wwrite-strings -Wuninitialized -Wall -pipe -fomit-frame-pointer -pedantic -D_FORTIFY_SOURCE=2 -Wpointer-arith -Wstrict-prototypes -fstack-protector -Wstack-protector -Wextra -Wbad-function-cast -Wcast-align -Wcast-qual -Wdisabled-optimization -Wendif-labels -Wfloat-equal -Wformat-nonliteral -Winline -Wmissing-declarations -Wmissing-prototypes -Wnested-externs -Wpointer-arith -Wundef -Wformat-security -march=native -fno-strict-aliasing -I/usr/local/include -D_LARGEFILE_SOURCE -D_FILE_OFFSET_BITS=64',
optimize='-O2',
cppflags='-D_REENTRANT -D_GNU_SOURCE -O2 -W -Wformat=2 -Wswitch -Wshadow -Wwrite-strings -Wuninitialized -Wall -pipe -fomit-frame-pointer -pedantic -D_FORTIFY_SOURCE=2 -Wpointer-arith -Wstrict-prototypes -fstack-protector -Wstack-protector -Wextra -Wbad-function-cast -Wcast-align -Wcast-qual -Wdisabled-optimization -Wendif-labels -Wfloat-equal -Wformat-nonliteral -Winline -Wmissing-declarations -Wmissing-prototypes -Wnested-externs -Wpointer-arith -Wundef -Wformat-security -march=native -fno-strict-aliasing -I/usr/local/include'
ccversion='', gccversion='4.7.2', gccosandvers=''
intsize=4, longsize=4, ptrsize=4, doublesize=8, byteorder=1234
d_longlong=define, longlongsize=8, d_longdbl=define, longdblsize=8
ivtype='long', ivsize=4, nvtype='double', nvsize=8, Off_t='off_t', lseeksize=8
alignbytes=8, prototype=define
Linker and Libraries:
ld=' gcc-4.7', ldflags =' -L/usr/local/lib'
libpth=/usr/local/lib /lib/arm-linux-gnueabi /lib/../lib /usr/lib/arm-linux-gnueabi /usr/lib/../lib /lib /usr/lib
libs=-lnsl -lgdbm -ldb -ldl -lm -lcrypt -lutil -lpthread -lc -lgdbm_compat
perllibs=-lnsl -ldl -lm -lcrypt -lutil -lpthread -lc -lgdbm_compat
libc=libc-2.15.so, so=so, useshrplib=false, libperl=libperl.a
gnulibc_version='2.15'
Dynamic Linking:
dlsrc=dl_dlopen.xs, dlext=so, d_dlsymun=undef, ccdlflags='-Wl,-E'
cccdlflags='-fpic', lddlflags='-shared -L/usr/local/lib'
Characteristics of this binary (from libperl):
Compile-time options: MULTIPLICITY USE_ITHREADS USE_LARGE_FILES
PERL_IMPLICIT_CONTEXT
Built under linux
Compiled at Jul 2 2014 20:44:13
%ENV:
PERL5LIB=""
PERL5OPT=""
PERL5_CPANPLUS_IS_RUNNING="13860"
PERL5_CPAN_IS_RUNNING="13860"
PERLBREW_BASHRC_VERSION="0.75"
PERLBREW_HOME="/home/njh/.perlbrew"
PERLBREW_LIB=""
PERLBREW_MANPATH="/home/njh/perl5/perlbrew/perls/perl-5.8.7/man"
PERLBREW_PATH="/home/njh/perl5/perlbrew/bin:/home/njh/perl5/perlbrew/perls/perl-5.8.7/bin"
PERLBREW_PERL="perl-5.8.7"
PERLBREW_ROOT="/home/njh/perl5/perlbrew"
PERLBREW_VERSION="0.75"
PERL_LOCAL_LIB_ROOT=""
@INC:
/home/njh/perl5/perlbrew/perls/perl-5.8.7/lib/5.8.7/armv7l-linux-thread-multi
/home/njh/perl5/perlbrew/perls/perl-5.8.7/lib/5.8.7
/home/njh/perl5/perlbrew/perls/perl-5.8.7/lib/site_perl/5.8.7/armv7l-linux-thread-multi
/home/njh/perl5/perlbrew/perls/perl-5.8.7/lib/site_perl/5.8.7
/home/njh/perl5/perlbrew/perls/perl-5.8.7/lib/site_perl
.