Report for CGI-Github-Webhook-0.06

Back
From: metabase:user:31d414ea-2aae-11df-837a-5e0a49663a4f
Subject: FAIL CGI-Github-Webhook-0.06 v5.18.4 GNU/Linux
Date: 2016-07-22T10:05:45Z

This distribution has been tested as part of the CPAN Testers
project, supporting the Perl programming language.  See
http://wiki.cpantesters.org/ for more information or email
questions to cpan-testers-discuss@perl.org


--
Dear Axel Beckert,

This is a computer-generated report for CGI-Github-Webhook-0.06
on perl 5.18.4, created by CPAN-Reporter-1.2014.

Thank you for uploading your work to CPAN.  However, there was a problem
testing your distribution.

If you think this report is invalid, please consult the CPAN Testers Wiki
for suggestions on how to avoid getting FAIL reports for missing library
or binary dependencies, unsupported operating systems, and so on:

http://wiki.cpantesters.org/wiki/CPANAuthorNotes

Sections of this report:

    * Tester comments
    * Program output
    * Prerequisites
    * Environment and other context

------------------------------
TESTER COMMENTS
------------------------------

Additional comments from tester:

this report is from an automated smoke testing program
and was not reviewed by a human for accuracy

------------------------------
PROGRAM OUTPUT
------------------------------

Output from '/usr/bin/make test':

Skip blib/lib/auto/share/module/CGI-Github-Webhook/errored.svg (unchanged)
Skip blib/lib/auto/share/module/CGI-Github-Webhook/success.png (unchanged)
Skip blib/lib/auto/share/module/CGI-Github-Webhook/failed.svg (unchanged)
Skip blib/lib/auto/share/module/CGI-Github-Webhook/failed.png (unchanged)
Skip blib/lib/auto/share/module/CGI-Github-Webhook/success.svg (unchanged)
Skip blib/lib/auto/share/module/CGI-Github-Webhook/errored.png (unchanged)
PERL_DL_NONLAZY=1 "/home/david/cpantesting/perl-5.18.4/bin/perl" "-MExtUtils::Command::MM" "-MTest::Harness" "-e" "undef *Test::Harness::Switches; test_harness(0, 'blib/lib', 'blib/arch')" t/*.t
t/auth-fail.t ............ ok
t/author-critic.t ........ skipped: these tests are for testing by the author
t/author-pod-coverage.t .. skipped: these tests are for testing by the author
t/author-pod-syntax.t .... skipped: these tests are for testing by the author
t/basic-functionality.t .. ok
Search pattern not terminated at /home/david/cpantesting/perl-5.18.4/lib/5.18.4/warnings.pm line 508.
Compilation failed in require at ./cgitest.pl line 4.
BEGIN failed--compilation aborted at ./cgitest.pl line 4.
script /cgi-bin/cgitest.pl generated no valid headers at /home/david/cpantesting/perl-5.18.4/lib/site_perl/5.18.4/CGI/Test.pm line 468.
Use of uninitialized value $in_fname in unlink at /home/david/cpantesting/perl-5.18.4/lib/site_perl/5.18.4/CGI/Test.pm line 469.
Use of uninitialized value $in_fname in concatenation (.) or string at /home/david/cpantesting/perl-5.18.4/lib/site_perl/5.18.4/CGI/Test.pm line 469.
can't unlink : No such file or directory at /home/david/cpantesting/perl-5.18.4/lib/site_perl/5.18.4/CGI/Test.pm line 469.

#   Failed test 'Content type'
#   at t/cgi-test-auth-fail.t line 23.
#                   'text/html'
#     doesn't match '(?^:text/plain\b)'

#   Failed test 'Simple request without payload doesn't succeed.'
#   at t/cgi-test-auth-fail.t line 24.
#                   undef
#     doesn't match '(?^:Authentication failed)'
# Looks like you failed 2 tests of 2.
t/cgi-test-auth-fail.t ... 
Dubious, test returned 2 (wstat 512, 0x200)
Failed 2/2 subtests 
Search pattern not terminated at /home/david/cpantesting/perl-5.18.4/lib/5.18.4/warnings.pm line 508.
Compilation failed in require at ./cgitest.pl line 4.
BEGIN failed--compilation aborted at ./cgitest.pl line 4.
script /cgi-bin/cgitest.pl generated no valid headers at /home/david/cpantesting/perl-5.18.4/lib/site_perl/5.18.4/CGI/Test.pm line 468.
Use of uninitialized value $in_fname in unlink at /home/david/cpantesting/perl-5.18.4/lib/site_perl/5.18.4/CGI/Test.pm line 469.
Use of uninitialized value $in_fname in concatenation (.) or string at /home/david/cpantesting/perl-5.18.4/lib/site_perl/5.18.4/CGI/Test.pm line 469.
can't unlink : No such file or directory at /home/david/cpantesting/perl-5.18.4/lib/site_perl/5.18.4/CGI/Test.pm line 469.

#   Failed test 'Content type'
#   at t/cgi-test.t line 30.
#                   'text/html'
#     doesn't match '(?^:text/plain\b)'

#   Failed test 'Successfully triggered'
#   at t/cgi-test.t line 31.
#                   undef
#     doesn't match '(?^:Successfully triggered)'
# Looks like you failed 2 tests of 2.
t/cgi-test.t ............. 
Dubious, test returned 2 (wstat 512, 0x200)
Failed 2/2 subtests 
t/methods-non-json.t ..... ok
t/methods.t .............. ok
t/release-kwalitee.t ..... skipped: these tests are for release candidate testing

Test Summary Report
-------------------
t/cgi-test-auth-fail.t (Wstat: 512 Tests: 2 Failed: 2)
  Failed tests:  1-2
  Non-zero exit status: 2
t/cgi-test.t           (Wstat: 512 Tests: 2 Failed: 2)
  Failed tests:  1-2
  Non-zero exit status: 2
Files=10, Tests=52,  2 wallclock secs ( 0.04 usr  0.03 sys +  0.56 cusr  0.11 csys =  0.74 CPU)
Result: FAIL
Failed 2/10 test programs. 4/52 subtests failed.
make: *** [test_dynamic] Error 255

------------------------------
PREREQUISITES
------------------------------

Prerequisite modules loaded:

requires:

    Module                  Need  Have    
    ----------------------- ----- --------
    CGI                     0     3.63    
    Data::Dumper            0     2.145   
    Digest::SHA             0     5.84_02 
    File::Basename          0     2.84    
    File::Copy              0     2.26    
    File::ShareDir          0     1.102   
    JSON                    0     2.90    
    Moo                     0     2.002004
    perl                    5.010 5.018004
    strict                  0     1.07    
    Try::Tiny               0     0.22    
    warnings                0     1.18    

build_requires:

    Module                  Need  Have    
    ----------------------- ----- --------
    CGI::Test               0     1.111   
    CGI::Test::Input::URL   0     0       
    ExtUtils::MakeMaker     0     7.04    
    File::Slurper           0     0.008   
    File::Temp              0     0.23    
    Test::File              0     1.44    
    Test::File::ShareDir    0     1.001001
    Test::More              0     1.001006

configure_requires:

    Module                  Need  Have    
    ----------------------- ----- --------
    ExtUtils::MakeMaker     0     7.04    
    File::ShareDir::Install 0.06  0.10    


------------------------------
ENVIRONMENT AND OTHER CONTEXT
------------------------------

Environment variables:

    AUTOMATED_TESTING = 1
    NONINTERACTIVE_TESTING = 1
    PATH = /usr/local/bin:/usr/bin:/bin:/usr/games
    PERL = 5.18.4
    PERL5LIB = 
    PERL5OPT = 
    PERL5_CPANPLUS_IS_RUNNING = 29961
    PERL5_CPAN_IS_RUNNING = 29961
    PERLVER = 5.18.4
    PERL_INLINE_DIRECTORY = /home/david/.Inline-5.18.4
    PERL_MM_USE_DEFAULT = 1
    SHELL = /bin/bash
    TERM = screen

Perl special variables (and OS-specific diagnostics, for MSWin32):

    $^X = /home/david/cpantesting/perl-5.18.4/bin/perl
    $UID/$EUID = 1000 / 1000
    $GID = 1000 1000
    $EGID = 1000 1000

Perl module toolchain versions installed:

    Module              Have    
    ------------------- --------
    CPAN                2.10    
    CPAN::Meta          2.120921
    Cwd                 3.40    
    ExtUtils::CBuilder  0.280210
    ExtUtils::Command   1.17    
    ExtUtils::Install   1.59    
    ExtUtils::MakeMaker 7.04    
    ExtUtils::Manifest  1.65    
    ExtUtils::ParseXS   3.18    
    File::Spec          3.40    
    JSON                2.90    
    JSON::PP            2.27203 
    Module::Build       0.4003  
    Module::Signature   n/a     
    Parse::CPAN::Meta   1.4405  
    Test::Harness       3.26    
    Test::More          1.001006
    YAML                n/a     
    YAML::Syck          n/a     
    version             0.9902  


--

Summary of my perl5 (revision 5 version 18 subversion 4) configuration:
   
  Platform:
    osname=linux, osvers=3.2.0-4-amd64, archname=x86_64-linux-thread-multi
    uname='linux pigsty.barnyard.co.uk 3.2.0-4-amd64 #1 smp debian 3.2.35-2 x86_64 gnulinux '
    config_args='-de -Dprefix=/home/david/cpantesting/perl-5.18.4 -Dusethreads -Duse64bitall'
    hint=recommended, useposix=true, d_sigaction=define
    useithreads=define, usemultiplicity=define
    useperlio=define, d_sfio=undef, uselargefiles=define, usesocks=undef
    use64bitint=define, use64bitall=define, uselongdouble=undef
    usemymalloc=n, bincompat5005=undef
  Compiler:
    cc='cc', ccflags ='-D_REENTRANT -D_GNU_SOURCE -fno-strict-aliasing -pipe -fstack-protector -I/usr/local/include -D_LARGEFILE_SOURCE -D_FILE_OFFSET_BITS=64',
    optimize='-O2',
    cppflags='-D_REENTRANT -D_GNU_SOURCE -fno-strict-aliasing -pipe -fstack-protector -I/usr/local/include'
    ccversion='', gccversion='4.1.2 20061115 (prerelease) (Debian 4.1.1-21)', gccosandvers=''
    intsize=4, longsize=8, ptrsize=8, doublesize=8, byteorder=12345678
    d_longlong=define, longlongsize=8, d_longdbl=define, longdblsize=16
    ivtype='long', ivsize=8, nvtype='double', nvsize=8, Off_t='off_t', lseeksize=8
    alignbytes=8, prototype=define
  Linker and Libraries:
    ld='cc', ldflags =' -fstack-protector -L/usr/local/lib'
    libpth=/usr/local/lib /lib /usr/lib /lib64 /usr/lib64
    libs=-lnsl -lgdbm -ldb -ldl -lm -lcrypt -lutil -lpthread -lc -lgdbm_compat
    perllibs=-lnsl -ldl -lm -lcrypt -lutil -lpthread -lc
    libc=/lib/libc-2.3.6.so, so=so, useshrplib=false, libperl=libperl.a
    gnulibc_version='2.3.6'
  Dynamic Linking:
    dlsrc=dl_dlopen.xs, dlext=so, d_dlsymun=undef, ccdlflags='-Wl,-E'
    cccdlflags='-fPIC', lddlflags='-shared -O2 -L/usr/local/lib -fstack-protector'


Characteristics of this binary (from libperl): 
  Compile-time options: HAS_TIMES MULTIPLICITY PERLIO_LAYERS
                        PERL_DONT_CREATE_GVSV
                        PERL_HASH_FUNC_ONE_AT_A_TIME_HARD
                        PERL_IMPLICIT_CONTEXT PERL_MALLOC_WRAP
                        PERL_PRESERVE_IVUV PERL_SAWAMPERSAND USE_64_BIT_ALL
                        USE_64_BIT_INT USE_ITHREADS USE_LARGE_FILES
                        USE_LOCALE USE_LOCALE_COLLATE USE_LOCALE_CTYPE
                        USE_LOCALE_NUMERIC USE_PERLIO USE_PERL_ATOF
                        USE_REENTRANT_API
  Built under linux
  Compiled at Oct  2 2014 15:24:56
  %ENV:
    PERL="5.18.4"
    PERL5LIB=""
    PERL5OPT=""
    PERL5_CPANPLUS_IS_RUNNING="29961"
    PERL5_CPAN_IS_RUNNING="29961"
    PERLVER="5.18.4"
    PERL_INLINE_DIRECTORY="/home/david/.Inline-5.18.4"
    PERL_MM_USE_DEFAULT="1"
  @INC:
    /home/david/cpantesting/perl-5.18.4/lib/site_perl/5.18.4/x86_64-linux-thread-multi
    /home/david/cpantesting/perl-5.18.4/lib/site_perl/5.18.4
    /home/david/cpantesting/perl-5.18.4/lib/5.18.4/x86_64-linux-thread-multi
    /home/david/cpantesting/perl-5.18.4/lib/5.18.4
    .