Report for Log-Log4perl-Appender-Chunk-0.002

Back
From: metabase:user:320bfe00-2aae-11df-837a-5e0a49663a4f
Subject: FAIL Log-Log4perl-Appender-Chunk-0.002 v5.10.0 GNU/Linux
Date: 2014-04-11T11:53:11Z

This distribution has been tested as part of the CPAN Testers
project, supporting the Perl programming language.  See
http://wiki.cpantesters.org/ for more information or email
questions to cpan-testers-discuss@perl.org


--
Dear Jerome Eteve,

This is a computer-generated report for Log-Log4perl-Appender-Chunk-0.002
on perl 5.10.0, created by CPAN-Reporter-1.2011.

Thank you for uploading your work to CPAN.  However, there was a problem
testing your distribution.

If you think this report is invalid, please consult the CPAN Testers Wiki
for suggestions on how to avoid getting FAIL reports for missing library
or binary dependencies, unsupported operating systems, and so on:

http://wiki.cpantesters.org/wiki/CPANAuthorNotes

Sections of this report:

    * Tester comments
    * Program output
    * Prerequisites
    * Environment and other context

------------------------------
TESTER COMMENTS
------------------------------

Additional comments from tester:

this report is from an automated smoke testing program
and was not reviewed by a human for accuracy

------------------------------
PROGRAM OUTPUT
------------------------------

Output from '/usr/bin/make test':

PERL_DL_NONLAZY=1 /home/sand/src/perl/repoperls/installed-perls/perl/perl-5.10.0/5da8/bin/perl "-MExtUtils::Command::MM" "-MTest::Harness" "-e" "undef *Test::Harness::Switches; test_harness(0, 'blib/lib', 'blib/arch')" t/*.t
t/00-load.t .......... ok
syntax error at /tmp/loop_over_bdir-20912-_GSNRA/Log-Log4perl-Appender-Chunk-0.002-xXnB7j/blib/lib/Log/Log4perl/Appender/Chunk/Store.pm line 9, near "..."
Compilation failed in require at /home/sand/src/perl/repoperls/installed-perls/perl/perl-5.10.0/5da8/lib/site_perl/5.10.0/Module/Runtime.pm line 317.
Compilation failed in require at t/01-basic.t line 23.
# Tests were run but no plan was declared and done_testing() was not seen.
# Looks like your test exited with 9 just after 1.
t/01-basic.t ......... 
Dubious, test returned 9 (wstat 2304, 0x900)
All 1 subtests passed 
syntax error at /tmp/loop_over_bdir-20912-_GSNRA/Log-Log4perl-Appender-Chunk-0.002-xXnB7j/blib/lib/Log/Log4perl/Appender/Chunk/Store.pm line 9, near "..."
Compilation failed in require at /home/sand/src/perl/repoperls/installed-perls/perl/perl-5.10.0/5da8/lib/site_perl/5.10.0/Module/Runtime.pm line 317.
t/02-store.t ......... 
Dubious, test returned 9 (wstat 2304, 0x900)
No subtests run 
Passing a list of values to enum is deprecated. Enum values should be wrapped in an arrayref. at /home/sand/src/perl/repoperls/installed-perls/perl/perl-5.10.0/5da8/lib/site_perl/5.10.0/x86_64-linux/Moose/Util/TypeConstraints.pm line 441.
	Moose::Util::TypeConstraints::enum("AclShort", "private", "public-read", "public-read-write", "authenticated-read") called at /home/sand/src/perl/repoperls/installed-perls/perl/perl-5.10.0/5da8/lib/site_perl/5.10.0/Net/Amazon/S3/Client/Object.pm line 18
	require Net/Amazon/S3/Client/Object.pm called at /home/sand/src/perl/repoperls/installed-perls/perl/perl-5.10.0/5da8/lib/site_perl/5.10.0/Net/Amazon/S3.pm line 17
	Net::Amazon::S3::BEGIN() called at /home/sand/src/perl/repoperls/installed-perls/perl/perl-5.10.0/5da8/lib/site_perl/5.10.0/Net/Amazon/S3/Client/Object.pm line 0
	eval {...} called at /home/sand/src/perl/repoperls/installed-perls/perl/perl-5.10.0/5da8/lib/site_perl/5.10.0/Net/Amazon/S3/Client/Object.pm line 0
	require Net/Amazon/S3.pm called at /tmp/loop_over_bdir-20912-_GSNRA/Log-Log4perl-Appender-Chunk-0.002-xXnB7j/blib/lib/Log/Log4perl/Appender/Chunk/Store/S3.pm line 12
	Log::Log4perl::Appender::Chunk::Store::S3::BEGIN() called at /home/sand/src/perl/repoperls/installed-perls/perl/perl-5.10.0/5da8/lib/site_perl/5.10.0/Net/Amazon/S3/Client/Object.pm line 0
	eval {...} called at /home/sand/src/perl/repoperls/installed-perls/perl/perl-5.10.0/5da8/lib/site_perl/5.10.0/Net/Amazon/S3/Client/Object.pm line 0
	require Log/Log4perl/Appender/Chunk/Store/S3.pm called at /home/sand/src/perl/repoperls/installed-perls/perl/perl-5.10.0/5da8/lib/site_perl/5.10.0/Module/Runtime.pm line 317
	Module::Runtime::require_module("Log::Log4perl::Appender::Chunk::Store::S3") called at /home/sand/src/perl/repoperls/installed-perls/perl/perl-5.10.0/5da8/lib/site_perl/5.10.0/Class/Load.pm line 179
	Class::Load::try {...} () called at /home/sand/src/perl/repoperls/installed-perls/perl/perl-5.10.0/5da8/lib/site_perl/5.10.0/Try/Tiny.pm line 77
	eval {...} called at /home/sand/src/perl/repoperls/installed-perls/perl/perl-5.10.0/5da8/lib/site_perl/5.10.0/Try/Tiny.pm line 72
	Try::Tiny::try(CODE(0x29fed10), Try::Tiny::Catch=REF(0x2a24250)) called at /home/sand/src/perl/repoperls/installed-perls/perl/perl-5.10.0/5da8/lib/site_perl/5.10.0/Class/Load.pm line 185
	Class::Load::try_load_class("Log::Log4perl::Appender::Chunk::Store::S3", undef) called at /home/sand/src/perl/repoperls/installed-perls/perl/perl-5.10.0/5da8/lib/site_perl/5.10.0/Class/Load.pm line 40
	Class::Load::load_class("Log::Log4perl::Appender::Chunk::Store::S3") called at /tmp/loop_over_bdir-20912-_GSNRA/Log-Log4perl-Appender-Chunk-0.002-xXnB7j/blib/lib/Log/Log4perl/Appender/Chunk.pm line 54
	Log::Log4perl::Appender::Chunk::_full_store_class(Log::Log4perl::Appender::Chunk=HASH(0x29d5310)) called at /tmp/loop_over_bdir-20912-_GSNRA/Log-Log4perl-Appender-Chunk-0.002-xXnB7j/blib/lib/Log/Log4perl/Appender/Chunk.pm line 37
	Log::Log4perl::Appender::Chunk::__ANON__() called at /tmp/loop_over_bdir-20912-_GSNRA/Log-Log4perl-Appender-Chunk-0.002-xXnB7j/blib/lib/Log/Log4perl/Appender/Chunk.pm line 43
	Log::Log4perl::Appender::Chunk::_build_store(Log::Log4perl::Appender::Chunk=HASH(0x29d5310)) called at reader Log::Log4perl::Appender::Chunk::store (defined at /tmp/loop_over_bdir-20912-_GSNRA/Log-Log4perl-Appender-Chunk-0.002-xXnB7j/blib/lib/Log/Log4perl/Appender/Chunk.pm line 29) line 8
	Log::Log4perl::Appender::Chunk::store(Log::Log4perl::Appender::Chunk=HASH(0x29d5310)) called at t/03-store-s3.t line 37
Passing a list of values to enum is deprecated. Enum values should be wrapped in an arrayref. at /home/sand/src/perl/repoperls/installed-perls/perl/perl-5.10.0/5da8/lib/site_perl/5.10.0/x86_64-linux/Moose/Util/TypeConstraints.pm line 441.
	Moose::Util::TypeConstraints::enum("HTTPMethod", "DELETE", "GET", "HEAD", "PUT", "POST") called at /home/sand/src/perl/repoperls/installed-perls/perl/perl-5.10.0/5da8/lib/site_perl/5.10.0/Net/Amazon/S3/HTTPRequest.pm line 19
	require Net/Amazon/S3/HTTPRequest.pm called at /home/sand/src/perl/repoperls/installed-perls/perl/perl-5.10.0/5da8/lib/site_perl/5.10.0/Net/Amazon/S3.pm line 18
	Net::Amazon::S3::BEGIN() called at /home/sand/src/perl/repoperls/installed-perls/perl/perl-5.10.0/5da8/lib/site_perl/5.10.0/Net/Amazon/S3/HTTPRequest.pm line 0
	eval {...} called at /home/sand/src/perl/repoperls/installed-perls/perl/perl-5.10.0/5da8/lib/site_perl/5.10.0/Net/Amazon/S3/HTTPRequest.pm line 0
	require Net/Amazon/S3.pm called at /tmp/loop_over_bdir-20912-_GSNRA/Log-Log4perl-Appender-Chunk-0.002-xXnB7j/blib/lib/Log/Log4perl/Appender/Chunk/Store/S3.pm line 12
	Log::Log4perl::Appender::Chunk::Store::S3::BEGIN() called at /home/sand/src/perl/repoperls/installed-perls/perl/perl-5.10.0/5da8/lib/site_perl/5.10.0/Net/Amazon/S3/HTTPRequest.pm line 0
	eval {...} called at /home/sand/src/perl/repoperls/installed-perls/perl/perl-5.10.0/5da8/lib/site_perl/5.10.0/Net/Amazon/S3/HTTPRequest.pm line 0
	require Log/Log4perl/Appender/Chunk/Store/S3.pm called at /home/sand/src/perl/repoperls/installed-perls/perl/perl-5.10.0/5da8/lib/site_perl/5.10.0/Module/Runtime.pm line 317
	Module::Runtime::require_module("Log::Log4perl::Appender::Chunk::Store::S3") called at /home/sand/src/perl/repoperls/installed-perls/perl/perl-5.10.0/5da8/lib/site_perl/5.10.0/Class/Load.pm line 179
	Class::Load::try {...} () called at /home/sand/src/perl/repoperls/installed-perls/perl/perl-5.10.0/5da8/lib/site_perl/5.10.0/Try/Tiny.pm line 77
	eval {...} called at /home/sand/src/perl/repoperls/installed-perls/perl/perl-5.10.0/5da8/lib/site_perl/5.10.0/Try/Tiny.pm line 72
	Try::Tiny::try(CODE(0x29fed10), Try::Tiny::Catch=REF(0x2a24250)) called at /home/sand/src/perl/repoperls/installed-perls/perl/perl-5.10.0/5da8/lib/site_perl/5.10.0/Class/Load.pm line 185
	Class::Load::try_load_class("Log::Log4perl::Appender::Chunk::Store::S3", undef) called at /home/sand/src/perl/repoperls/installed-perls/perl/perl-5.10.0/5da8/lib/site_perl/5.10.0/Class/Load.pm line 40
	Class::Load::load_class("Log::Log4perl::Appender::Chunk::Store::S3") called at /tmp/loop_over_bdir-20912-_GSNRA/Log-Log4perl-Appender-Chunk-0.002-xXnB7j/blib/lib/Log/Log4perl/Appender/Chunk.pm line 54
	Log::Log4perl::Appender::Chunk::_full_store_class(Log::Log4perl::Appender::Chunk=HASH(0x29d5310)) called at /tmp/loop_over_bdir-20912-_GSNRA/Log-Log4perl-Appender-Chunk-0.002-xXnB7j/blib/lib/Log/Log4perl/Appender/Chunk.pm line 37
	Log::Log4perl::Appender::Chunk::__ANON__() called at /tmp/loop_over_bdir-20912-_GSNRA/Log-Log4perl-Appender-Chunk-0.002-xXnB7j/blib/lib/Log/Log4perl/Appender/Chunk.pm line 43
	Log::Log4perl::Appender::Chunk::_build_store(Log::Log4perl::Appender::Chunk=HASH(0x29d5310)) called at reader Log::Log4perl::Appender::Chunk::store (defined at /tmp/loop_over_bdir-20912-_GSNRA/Log-Log4perl-Appender-Chunk-0.002-xXnB7j/blib/lib/Log/Log4perl/Appender/Chunk.pm line 29) line 8
	Log::Log4perl::Appender::Chunk::store(Log::Log4perl::Appender::Chunk=HASH(0x29d5310)) called at t/03-store-s3.t line 37
Passing a list of values to enum is deprecated. Enum values should be wrapped in an arrayref. at /home/sand/src/perl/repoperls/installed-perls/perl/perl-5.10.0/5da8/lib/site_perl/5.10.0/x86_64-linux/Moose/Util/TypeConstraints.pm line 441.
	Moose::Util::TypeConstraints::enum("AclShort", "private", "public-read", "public-read-write", "authenticated-read") called at /home/sand/src/perl/repoperls/installed-perls/perl/perl-5.10.0/5da8/lib/site_perl/5.10.0/Net/Amazon/S3/Request.pm line 12
	require Net/Amazon/S3/Request.pm called at /home/sand/src/perl/repoperls/installed-perls/perl/perl-5.10.0/5da8/lib/site_perl/5.10.0/Net/Amazon/S3.pm line 19
	Net::Amazon::S3::BEGIN() called at /home/sand/src/perl/repoperls/installed-perls/perl/perl-5.10.0/5da8/lib/site_perl/5.10.0/Net/Amazon/S3/Request.pm line 0
	eval {...} called at /home/sand/src/perl/repoperls/installed-perls/perl/perl-5.10.0/5da8/lib/site_perl/5.10.0/Net/Amazon/S3/Request.pm line 0
	require Net/Amazon/S3.pm called at /tmp/loop_over_bdir-20912-_GSNRA/Log-Log4perl-Appender-Chunk-0.002-xXnB7j/blib/lib/Log/Log4perl/Appender/Chunk/Store/S3.pm line 12
	Log::Log4perl::Appender::Chunk::Store::S3::BEGIN() called at /home/sand/src/perl/repoperls/installed-perls/perl/perl-5.10.0/5da8/lib/site_perl/5.10.0/Net/Amazon/S3/Request.pm line 0
	eval {...} called at /home/sand/src/perl/repoperls/installed-perls/perl/perl-5.10.0/5da8/lib/site_perl/5.10.0/Net/Amazon/S3/Request.pm line 0
	require Log/Log4perl/Appender/Chunk/Store/S3.pm called at /home/sand/src/perl/repoperls/installed-perls/perl/perl-5.10.0/5da8/lib/site_perl/5.10.0/Module/Runtime.pm line 317
	Module::Runtime::require_module("Log::Log4perl::Appender::Chunk::Store::S3") called at /home/sand/src/perl/repoperls/installed-perls/perl/perl-5.10.0/5da8/lib/site_perl/5.10.0/Class/Load.pm line 179
	Class::Load::try {...} () called at /home/sand/src/perl/repoperls/installed-perls/perl/perl-5.10.0/5da8/lib/site_perl/5.10.0/Try/Tiny.pm line 77
	eval {...} called at /home/sand/src/perl/repoperls/installed-perls/perl/perl-5.10.0/5da8/lib/site_perl/5.10.0/Try/Tiny.pm line 72
	Try::Tiny::try(CODE(0x29fed10), Try::Tiny::Catch=REF(0x2a24250)) called at /home/sand/src/perl/repoperls/installed-perls/perl/perl-5.10.0/5da8/lib/site_perl/5.10.0/Class/Load.pm line 185
	Class::Load::try_load_class("Log::Log4perl::Appender::Chunk::Store::S3", undef) called at /home/sand/src/perl/repoperls/installed-perls/perl/perl-5.10.0/5da8/lib/site_perl/5.10.0/Class/Load.pm line 40
	Class::Load::load_class("Log::Log4perl::Appender::Chunk::Store::S3") called at /tmp/loop_over_bdir-20912-_GSNRA/Log-Log4perl-Appender-Chunk-0.002-xXnB7j/blib/lib/Log/Log4perl/Appender/Chunk.pm line 54
	Log::Log4perl::Appender::Chunk::_full_store_class(Log::Log4perl::Appender::Chunk=HASH(0x29d5310)) called at /tmp/loop_over_bdir-20912-_GSNRA/Log-Log4perl-Appender-Chunk-0.002-xXnB7j/blib/lib/Log/Log4perl/Appender/Chunk.pm line 37
	Log::Log4perl::Appender::Chunk::__ANON__() called at /tmp/loop_over_bdir-20912-_GSNRA/Log-Log4perl-Appender-Chunk-0.002-xXnB7j/blib/lib/Log/Log4perl/Appender/Chunk.pm line 43
	Log::Log4perl::Appender::Chunk::_build_store(Log::Log4perl::Appender::Chunk=HASH(0x29d5310)) called at reader Log::Log4perl::Appender::Chunk::store (defined at /tmp/loop_over_bdir-20912-_GSNRA/Log-Log4perl-Appender-Chunk-0.002-xXnB7j/blib/lib/Log/Log4perl/Appender/Chunk.pm line 29) line 8
	Log::Log4perl::Appender::Chunk::store(Log::Log4perl::Appender::Chunk=HASH(0x29d5310)) called at t/03-store-s3.t line 37
syntax error at /tmp/loop_over_bdir-20912-_GSNRA/Log-Log4perl-Appender-Chunk-0.002-xXnB7j/blib/lib/Log/Log4perl/Appender/Chunk/Store.pm line 9, near "..."
Compilation failed in require at /home/sand/src/perl/repoperls/installed-perls/perl/perl-5.10.0/5da8/lib/site_perl/5.10.0/Module/Runtime.pm line 317.
Compilation failed in require at t/03-store-s3.t line 37.
# Tests were run but no plan was declared and done_testing() was not seen.
# Looks like your test exited with 9 just after 1.
t/03-store-s3.t ...... 
Dubious, test returned 9 (wstat 2304, 0x900)
All 1 subtests passed 
syntax error at /tmp/loop_over_bdir-20912-_GSNRA/Log-Log4perl-Appender-Chunk-0.002-xXnB7j/blib/lib/Log/Log4perl/Appender/Chunk/Store.pm line 9, near "..."
Compilation failed in require at /home/sand/src/perl/repoperls/installed-perls/perl/perl-5.10.0/5da8/lib/site_perl/5.10.0/Module/Runtime.pm line 317.
Compilation failed in require at t/04-store-memory.t line 22.
# Tests were run but no plan was declared and done_testing() was not seen.
# Looks like your test exited with 9 just after 1.
t/04-store-memory.t .. 
Dubious, test returned 9 (wstat 2304, 0x900)
All 1 subtests passed 

#   Failed test 'Pod coverage on Log::Log4perl::Appender::Chunk::Store'
#   at /home/sand/src/perl/repoperls/installed-perls/perl/perl-5.10.0/5da8/lib/site_perl/5.10.0/Test/Pod/Coverage.pm line 126.
# Log::Log4perl::Appender::Chunk::Store: requiring 'Log::Log4perl::Appender::Chunk::Store' failed

#   Failed test 'Pod coverage on Log::Log4perl::Appender::Chunk::Store::Memory'
#   at /home/sand/src/perl/repoperls/installed-perls/perl/perl-5.10.0/5da8/lib/site_perl/5.10.0/Test/Pod/Coverage.pm line 126.
# Log::Log4perl::Appender::Chunk::Store::Memory: requiring 'Log::Log4perl::Appender::Chunk::Store::Memory' failed

#   Failed test 'Pod coverage on Log::Log4perl::Appender::Chunk::Store::Null'
#   at /home/sand/src/perl/repoperls/installed-perls/perl/perl-5.10.0/5da8/lib/site_perl/5.10.0/Test/Pod/Coverage.pm line 126.
# Log::Log4perl::Appender::Chunk::Store::Null: requiring 'Log::Log4perl::Appender::Chunk::Store::Null' failed
Passing a list of values to enum is deprecated. Enum values should be wrapped in an arrayref. at /home/sand/src/perl/repoperls/installed-perls/perl/perl-5.10.0/5da8/lib/site_perl/5.10.0/x86_64-linux/Moose/Util/TypeConstraints.pm line 441.
	Moose::Util::TypeConstraints::enum("AclShort", "private", "public-read", "public-read-write", "authenticated-read") called at /home/sand/src/perl/repoperls/installed-perls/perl/perl-5.10.0/5da8/lib/site_perl/5.10.0/Net/Amazon/S3/Client/Object.pm line 18
	require Net/Amazon/S3/Client/Object.pm called at /home/sand/src/perl/repoperls/installed-perls/perl/perl-5.10.0/5da8/lib/site_perl/5.10.0/Net/Amazon/S3.pm line 17
	Net::Amazon::S3::BEGIN() called at /home/sand/src/perl/repoperls/installed-perls/perl/perl-5.10.0/5da8/lib/site_perl/5.10.0/Net/Amazon/S3/Client/Object.pm line 0
	eval {...} called at /home/sand/src/perl/repoperls/installed-perls/perl/perl-5.10.0/5da8/lib/site_perl/5.10.0/Net/Amazon/S3/Client/Object.pm line 0
	require Net/Amazon/S3.pm called at /tmp/loop_over_bdir-20912-_GSNRA/Log-Log4perl-Appender-Chunk-0.002-xXnB7j/blib/lib/Log/Log4perl/Appender/Chunk/Store/S3.pm line 12
	Log::Log4perl::Appender::Chunk::Store::S3::BEGIN() called at /home/sand/src/perl/repoperls/installed-perls/perl/perl-5.10.0/5da8/lib/site_perl/5.10.0/Net/Amazon/S3/Client/Object.pm line 0
	eval {...} called at /home/sand/src/perl/repoperls/installed-perls/perl/perl-5.10.0/5da8/lib/site_perl/5.10.0/Net/Amazon/S3/Client/Object.pm line 0
	require Log/Log4perl/Appender/Chunk/Store/S3.pm called at (eval 215) line 3
	eval ' require Log::Log4perl::Appender::Chunk::Store::S3 
;' called at /home/sand/src/perl/repoperls/installed-perls/perl/perl-5.10.0/5da8/lib/site_perl/5.10.0/Pod/Coverage.pm line 308
	Pod::Coverage::_get_syms(Pod::Coverage=HASH(0x2af75d8), "Log::Log4perl::Appender::Chunk::Store::S3") called at /home/sand/src/perl/repoperls/installed-perls/perl/perl-5.10.0/5da8/lib/site_perl/5.10.0/Pod/Coverage.pm line 152
	Pod::Coverage::coverage(Pod::Coverage=HASH(0x2af75d8)) called at /home/sand/src/perl/repoperls/installed-perls/perl/perl-5.10.0/5da8/lib/site_perl/5.10.0/Test/Pod/Coverage.pm line 162
	Test::Pod::Coverage::pod_coverage_ok("Log::Log4perl::Appender::Chunk::Store::S3", HASH(0x26ee2f0), "Pod coverage on Log::Log4perl::Appender::Chunk::Store::S3") called at /home/sand/src/perl/repoperls/installed-perls/perl/perl-5.10.0/5da8/lib/site_perl/5.10.0/Test/Pod/Coverage.pm line 126
	Test::Pod::Coverage::all_pod_coverage_ok() called at t/pod-coverage.t line 19
Passing a list of values to enum is deprecated. Enum values should be wrapped in an arrayref. at /home/sand/src/perl/repoperls/installed-perls/perl/perl-5.10.0/5da8/lib/site_perl/5.10.0/x86_64-linux/Moose/Util/TypeConstraints.pm line 441.
	Moose::Util::TypeConstraints::enum("HTTPMethod", "DELETE", "GET", "HEAD", "PUT", "POST") called at /home/sand/src/perl/repoperls/installed-perls/perl/perl-5.10.0/5da8/lib/site_perl/5.10.0/Net/Amazon/S3/HTTPRequest.pm line 19
	require Net/Amazon/S3/HTTPRequest.pm called at /home/sand/src/perl/repoperls/installed-perls/perl/perl-5.10.0/5da8/lib/site_perl/5.10.0/Net/Amazon/S3.pm line 18
	Net::Amazon::S3::BEGIN() called at /home/sand/src/perl/repoperls/installed-perls/perl/perl-5.10.0/5da8/lib/site_perl/5.10.0/Net/Amazon/S3/HTTPRequest.pm line 0
	eval {...} called at /home/sand/src/perl/repoperls/installed-perls/perl/perl-5.10.0/5da8/lib/site_perl/5.10.0/Net/Amazon/S3/HTTPRequest.pm line 0
	require Net/Amazon/S3.pm called at /tmp/loop_over_bdir-20912-_GSNRA/Log-Log4perl-Appender-Chunk-0.002-xXnB7j/blib/lib/Log/Log4perl/Appender/Chunk/Store/S3.pm line 12
	Log::Log4perl::Appender::Chunk::Store::S3::BEGIN() called at /home/sand/src/perl/repoperls/installed-perls/perl/perl-5.10.0/5da8/lib/site_perl/5.10.0/Net/Amazon/S3/HTTPRequest.pm line 0
	eval {...} called at /home/sand/src/perl/repoperls/installed-perls/perl/perl-5.10.0/5da8/lib/site_perl/5.10.0/Net/Amazon/S3/HTTPRequest.pm line 0
	require Log/Log4perl/Appender/Chunk/Store/S3.pm called at (eval 215) line 3
	eval ' require Log::Log4perl::Appender::Chunk::Store::S3 
;' called at /home/sand/src/perl/repoperls/installed-perls/perl/perl-5.10.0/5da8/lib/site_perl/5.10.0/Pod/Coverage.pm line 308
	Pod::Coverage::_get_syms(Pod::Coverage=HASH(0x2af75d8), "Log::Log4perl::Appender::Chunk::Store::S3") called at /home/sand/src/perl/repoperls/installed-perls/perl/perl-5.10.0/5da8/lib/site_perl/5.10.0/Pod/Coverage.pm line 152
	Pod::Coverage::coverage(Pod::Coverage=HASH(0x2af75d8)) called at /home/sand/src/perl/repoperls/installed-perls/perl/perl-5.10.0/5da8/lib/site_perl/5.10.0/Test/Pod/Coverage.pm line 162
	Test::Pod::Coverage::pod_coverage_ok("Log::Log4perl::Appender::Chunk::Store::S3", HASH(0x26ee2f0), "Pod coverage on Log::Log4perl::Appender::Chunk::Store::S3") called at /home/sand/src/perl/repoperls/installed-perls/perl/perl-5.10.0/5da8/lib/site_perl/5.10.0/Test/Pod/Coverage.pm line 126
	Test::Pod::Coverage::all_pod_coverage_ok() called at t/pod-coverage.t line 19
Passing a list of values to enum is deprecated. Enum values should be wrapped in an arrayref. at /home/sand/src/perl/repoperls/installed-perls/perl/perl-5.10.0/5da8/lib/site_perl/5.10.0/x86_64-linux/Moose/Util/TypeConstraints.pm line 441.
	Moose::Util::TypeConstraints::enum("AclShort", "private", "public-read", "public-read-write", "authenticated-read") called at /home/sand/src/perl/repoperls/installed-perls/perl/perl-5.10.0/5da8/lib/site_perl/5.10.0/Net/Amazon/S3/Request.pm line 12
	require Net/Amazon/S3/Request.pm called at /home/sand/src/perl/repoperls/installed-perls/perl/perl-5.10.0/5da8/lib/site_perl/5.10.0/Net/Amazon/S3.pm line 19
	Net::Amazon::S3::BEGIN() called at /home/sand/src/perl/repoperls/installed-perls/perl/perl-5.10.0/5da8/lib/site_perl/5.10.0/Net/Amazon/S3/Request.pm line 0
	eval {...} called at /home/sand/src/perl/repoperls/installed-perls/perl/perl-5.10.0/5da8/lib/site_perl/5.10.0/Net/Amazon/S3/Request.pm line 0
	require Net/Amazon/S3.pm called at /tmp/loop_over_bdir-20912-_GSNRA/Log-Log4perl-Appender-Chunk-0.002-xXnB7j/blib/lib/Log/Log4perl/Appender/Chunk/Store/S3.pm line 12
	Log::Log4perl::Appender::Chunk::Store::S3::BEGIN() called at /home/sand/src/perl/repoperls/installed-perls/perl/perl-5.10.0/5da8/lib/site_perl/5.10.0/Net/Amazon/S3/Request.pm line 0
	eval {...} called at /home/sand/src/perl/repoperls/installed-perls/perl/perl-5.10.0/5da8/lib/site_perl/5.10.0/Net/Amazon/S3/Request.pm line 0
	require Log/Log4perl/Appender/Chunk/Store/S3.pm called at (eval 215) line 3
	eval ' require Log::Log4perl::Appender::Chunk::Store::S3 
;' called at /home/sand/src/perl/repoperls/installed-perls/perl/perl-5.10.0/5da8/lib/site_perl/5.10.0/Pod/Coverage.pm line 308
	Pod::Coverage::_get_syms(Pod::Coverage=HASH(0x2af75d8), "Log::Log4perl::Appender::Chunk::Store::S3") called at /home/sand/src/perl/repoperls/installed-perls/perl/perl-5.10.0/5da8/lib/site_perl/5.10.0/Pod/Coverage.pm line 152
	Pod::Coverage::coverage(Pod::Coverage=HASH(0x2af75d8)) called at /home/sand/src/perl/repoperls/installed-perls/perl/perl-5.10.0/5da8/lib/site_perl/5.10.0/Test/Pod/Coverage.pm line 162
	Test::Pod::Coverage::pod_coverage_ok("Log::Log4perl::Appender::Chunk::Store::S3", HASH(0x26ee2f0), "Pod coverage on Log::Log4perl::Appender::Chunk::Store::S3") called at /home/sand/src/perl/repoperls/installed-perls/perl/perl-5.10.0/5da8/lib/site_perl/5.10.0/Test/Pod/Coverage.pm line 126
	Test::Pod::Coverage::all_pod_coverage_ok() called at t/pod-coverage.t line 19

#   Failed test 'Pod coverage on Log::Log4perl::Appender::Chunk::Store::S3'
#   at /home/sand/src/perl/repoperls/installed-perls/perl/perl-5.10.0/5da8/lib/site_perl/5.10.0/Test/Pod/Coverage.pm line 126.
# Log::Log4perl::Appender::Chunk::Store::S3: requiring 'Log::Log4perl::Appender::Chunk::Store::S3' failed
# Looks like you failed 4 tests of 5.
t/pod-coverage.t ..... 
Dubious, test returned 4 (wstat 1024, 0x400)
Failed 4/5 subtests 

Test Summary Report
-------------------
t/01-basic.t       (Wstat: 2304 Tests: 1 Failed: 0)
  Non-zero exit status: 9
  Parse errors: No plan found in TAP output
t/02-store.t       (Wstat: 2304 Tests: 0 Failed: 0)
  Non-zero exit status: 9
  Parse errors: No plan found in TAP output
t/03-store-s3.t    (Wstat: 2304 Tests: 1 Failed: 0)
  Non-zero exit status: 9
  Parse errors: No plan found in TAP output
t/04-store-memory.t (Wstat: 2304 Tests: 1 Failed: 0)
  Non-zero exit status: 9
  Parse errors: No plan found in TAP output
t/pod-coverage.t   (Wstat: 1024 Tests: 5 Failed: 4)
  Failed tests:  2-5
  Non-zero exit status: 4
Files=6, Tests=9,  7 wallclock secs ( 0.03 usr  0.01 sys +  2.57 cusr  0.22 csys =  2.83 CPU)
Result: FAIL
Failed 5/6 test programs. 4/9 subtests failed.
make: *** [test_dynamic] Error 4

------------------------------
PREREQUISITES
------------------------------

Prerequisite modules loaded:

requires:

    Module              Need   Have    
    ------------------- ------ --------
    Carp                0      1.3301  
    Class::Load         0.20   0.21    
    DateTime            0      1.08    
    Log::Log4perl       1.42   1.43    
    Moose               2.1005 2.1204  

build_requires:

    Module              Need   Have    
    ------------------- ------ --------
    Data::UUID          0      1.219   
    Net::Amazon::S3     0.59   0.59    
    Test::More          0      1.001003

configure_requires:

    Module              Need   Have    
    ------------------- ------ --------
    ExtUtils::MakeMaker 6.30   6.95_02 


------------------------------
ENVIRONMENT AND OTHER CONTEXT
------------------------------

Environment variables:

    AUTOMATED_TESTING = 1
    LANG = en_US.UTF-8
    LANGUAGE = en_US:en
    PATH = /usr/lib/ccache:/home/sand/bin:/usr/local/bin:/usr/bin:/bin:/usr/games:/usr/local/perl/bin:/usr/X11/bin:/sbin:/usr/sbin
    PERL5LIB = 
    PERL5OPT = 
    PERL5_CPANPLUS_IS_RUNNING = 20913
    PERL5_CPAN_IS_RUNNING = 20913
    PERL_MM_USE_DEFAULT = 1
    SHELL = /usr/bin/zsh
    TERM = screen

Perl special variables (and OS-specific diagnostics, for MSWin32):

    $^X = /home/sand/src/perl/repoperls/installed-perls/perl/perl-5.10.0/5da8/bin/perl
    $UID/$EUID = 1005 / 1005
    $GID = 1005 1005
    $EGID = 1005 1005

Perl module toolchain versions installed:

    Module              Have    
    ------------------- --------
    CPAN                2.05    
    CPAN::Meta          2.140640
    Cwd                 3.40    
    ExtUtils::CBuilder  0.280216
    ExtUtils::Command   1.16    
    ExtUtils::Install   1.54    
    ExtUtils::MakeMaker 6.95_02 
    ExtUtils::Manifest  1.60    
    ExtUtils::ParseXS   3.24    
    File::Spec          3.40    
    JSON                2.90    
    JSON::PP            2.27203 
    Module::Build       0.4205  
    Module::Signature   0.73    
    Parse::CPAN::Meta   1.4414  
    Test::Harness       3.30    
    Test::More          1.001003
    YAML                0.90    
    YAML::Syck          1.27    
    version             0.9908  


--

Summary of my perl5 (revision 5 version 10 subversion 0) configuration:
  Platform:
    osname=linux, osvers=3.13-1-amd64, archname=x86_64-linux
    uname='linux k83 3.13-1-amd64 #1 smp debian 3.13.7-1 (2014-03-25) x86_64 gnulinux '
    config_args='-Dprefix=/home/sand/src/perl/repoperls/installed-perls/perl/perl-5.10.0/5da8 -Dmyhostname=k83 -Dinstallusrbinperl=n -Uversiononly -Dusedevel -des -Ui_db -Uuseithreads -Uuselongdouble -DDEBUGGING=-g -Dusedl -Ddlsrc=dl_dlopen.xs -Dlibs=-lnsl -ldb -ldl -lm -lcrypt -lutil -lc -Dlibpth=/usr/lib/x86_64-linux-gnu /usr/local/lib /lib /usr/lib'
    hint=recommended, useposix=true, d_sigaction=define
    useithreads=undef, usemultiplicity=undef
    useperlio=define, d_sfio=undef, uselargefiles=define, usesocks=undef
    use64bitint=define, use64bitall=define, uselongdouble=undef
    usemymalloc=n, bincompat5005=undef
  Compiler:
    cc='cc', ccflags ='-fno-strict-aliasing -pipe -I/usr/local/include -D_LARGEFILE_SOURCE -D_FILE_OFFSET_BITS=64',
    optimize='-O2 -g',
    cppflags='-fno-strict-aliasing -pipe -I/usr/local/include'
    ccversion='', gccversion='4.8.2', gccosandvers=''
    intsize=4, longsize=8, ptrsize=8, doublesize=8, byteorder=12345678
    d_longlong=define, longlongsize=8, d_longdbl=define, longdblsize=16
    ivtype='long', ivsize=8, nvtype='double', nvsize=8, Off_t='off_t', lseeksize=8
    alignbytes=8, prototype=define
  Linker and Libraries:
    ld='cc', ldflags =' -L/usr/local/lib'
    libpth=/usr/lib/x86_64-linux-gnu /usr/local/lib /lib /usr/lib
    libs=-lnsl -ldb -ldl -lm -lcrypt -lutil -lc
    perllibs=-lnsl -ldl -lm -lcrypt -lutil -lc
    libc=, so=so, useshrplib=false, libperl=libperl.a
    gnulibc_version='2.18'
  Dynamic Linking:
    dlsrc=dl_dlopen.xs, dlext=so, d_dlsymun=undef, ccdlflags='-Wl,-E'
    cccdlflags='-fPIC', lddlflags='-shared -O2 -g -L/usr/local/lib'


Characteristics of this binary (from libperl): 
  Compile-time options: PERL_DONT_CREATE_GVSV PERL_MALLOC_WRAP USE_64_BIT_ALL
                        USE_64_BIT_INT USE_LARGE_FILES USE_PERLIO
  Built under linux
  Compiled at Apr  2 2014 20:39:41
  %ENV:
    PERL5LIB=""
    PERL5OPT=""
    PERL5_CPANPLUS_IS_RUNNING="20913"
    PERL5_CPAN_IS_RUNNING="20913"
    PERL_MM_USE_DEFAULT="1"
  @INC:
    /home/sand/src/perl/repoperls/installed-perls/perl/perl-5.10.0/5da8/lib/5.10.0/x86_64-linux
    /home/sand/src/perl/repoperls/installed-perls/perl/perl-5.10.0/5da8/lib/5.10.0
    /home/sand/src/perl/repoperls/installed-perls/perl/perl-5.10.0/5da8/lib/site_perl/5.10.0/x86_64-linux
    /home/sand/src/perl/repoperls/installed-perls/perl/perl-5.10.0/5da8/lib/site_perl/5.10.0
    .