Report for Alien-Judy-0.27

Back
From: metabase:user:320bfe00-2aae-11df-837a-5e0a49663a4f
Subject: NA Alien-Judy-0.27 v5.20.0 FreeBSD
Date: 2014-05-27T06:05:08Z

This distribution has been tested as part of the CPAN Testers
project, supporting the Perl programming language.  See
http://wiki.cpantesters.org/ for more information or email
questions to cpan-testers-discuss@perl.org


--
Dear Joshua ben Jore,

This is a computer-generated report for Alien-Judy-0.27
on perl 5.20.0, created by CPAN-Reporter-1.2011.

Thank you for uploading your work to CPAN.  While attempting to build or test
this distribution, the distribution signaled that support is not available
either for this operating system or this version of Perl.  Nevertheless, any
diagnostic output produced is provided below for reference.  If this is not
what you expect, you may wish to consult the CPAN Testers Wiki:

http://wiki.cpantesters.org/wiki/CPANAuthorNotes

Sections of this report:

    * Tester comments
    * Program output
    * Prerequisites
    * Environment and other context

------------------------------
TESTER COMMENTS
------------------------------

Additional comments from tester:

none provided

------------------------------
PROGRAM OUTPUT
------------------------------

Output from './Build test':

make: no target to make.

make: stopped in /usr/home/sand/.cpan/build/Alien-Judy-0.27-ICzeee/src/judy-1.0.5
building Judy failed at inc/My/Judy/Builder.pm line 248.
# Testing Alien::Judy 0.26, Perl 5.020000, /usr/home/sand/src/perl/repoperls/installed-perls/host/freebsd10/v5.20.0/632e/bin/perl
dl_findfile(-lJudy)
 checking in /usr/lib for libJudy.so
 checking in /usr/lib for libJudy.a
 checking in /usr/local/lib for libJudy.so
 checking in /usr/local/lib for libJudy.a
 checking in /usr/include/clang/3.3 for libJudy.so
 checking in /usr/include/clang/3.3 for libJudy.a
 checking in /usr/lib for libJudy.so
 checking in /usr/lib for libJudy.a
 checking in /home/sand/src/perl/repoperls/installed-perls/host/freebsd10/v5.20.0/632e/lib/site_perl/5.20.0/amd64-freebsd-thread-multi-ld for libJudy.so
 checking in /home/sand/src/perl/repoperls/installed-perls/host/freebsd10/v5.20.0/632e/lib/site_perl/5.20.0/amd64-freebsd-thread-multi-ld for libJudy.a
 checking in /usr/home/sand/.cpan/build/Alien-Judy-0.27-ICzeee/blib/lib for libJudy.so
 checking in /usr/home/sand/.cpan/build/Alien-Judy-0.27-ICzeee/blib/lib for libJudy.a
 checking in /usr/home/sand/.cpan/build/Alien-Judy-0.27-ICzeee/blib/arch for libJudy.so
 checking in /usr/home/sand/.cpan/build/Alien-Judy-0.27-ICzeee/blib/arch for libJudy.a
 checking in inc for libJudy.so
 checking in inc for libJudy.a
 checking in lib for libJudy.so
 checking in lib for libJudy.a
 checking in /home/sand/src/perl/repoperls/installed-perls/host/freebsd10/v5.20.0/632e/lib/site_perl/5.20.0 for libJudy.so
 checking in /home/sand/src/perl/repoperls/installed-perls/host/freebsd10/v5.20.0/632e/lib/site_perl/5.20.0 for libJudy.a
 checking in /home/sand/src/perl/repoperls/installed-perls/host/freebsd10/v5.20.0/632e/lib/5.20.0/amd64-freebsd-thread-multi-ld for libJudy.so
 checking in /home/sand/src/perl/repoperls/installed-perls/host/freebsd10/v5.20.0/632e/lib/5.20.0/amd64-freebsd-thread-multi-ld for libJudy.a
 checking in /home/sand/src/perl/repoperls/installed-perls/host/freebsd10/v5.20.0/632e/lib/5.20.0 for libJudy.so
 checking in /home/sand/src/perl/repoperls/installed-perls/host/freebsd10/v5.20.0/632e/lib/5.20.0 for libJudy.a
 checking in /usr/home/sand/.cpan/build/Alien-Judy-0.27-ICzeee for libJudy.so
 checking in /usr/home/sand/.cpan/build/Alien-Judy-0.27-ICzeee for libJudy.a
dl_findfile found: 
candidates= at /usr/home/sand/.cpan/build/Alien-Judy-0.27-ICzeee/blib/lib/Alien/Judy.pm line 78.

#   Failed test 'Loaded -lJudy'
#   at t/00-load.t line 13.

#   Failed test 'Found JudyHSGet'
#   at t/00-load.t line 17.
# Looks like you failed 2 tests of 3.
t/00-load.t ............... 
Dubious, test returned 2 (wstat 512, 0x200)
Failed 2/3 subtests 
t/release-pod-coverage.t .. skipped: these tests are for release candidate testing
t/release-pod-syntax.t .... skipped: these tests are for release candidate testing

Test Summary Report
-------------------
t/00-load.t             (Wstat: 512 Tests: 3 Failed: 2)
  Failed tests:  2-3
  Non-zero exit status: 2
Files=3, Tests=3,  0 wallclock secs ( 0.02 usr  0.02 sys +  0.09 cusr  0.01 csys =  0.14 CPU)
Result: FAIL
Failed 1/3 test programs. 2/3 subtests failed.

------------------------------
PREREQUISITES
------------------------------

Prerequisite modules loaded:

requires:

    Module              Need  Have    
    ------------------- ----- --------
  ! Cwd                 0             
  ! ExtUtils::CBuilder  0             
  ! ExtUtils::Liblist   0             
  ! File::Copy          0             
  ! File::Path          0             
  ! File::Spec          0             
  ! lib                 0             
  ! Module::Build       0             
  ! perl                5.005         
  ! Sub::Exporter       0             
  ! Test::More          0             
  ! vars                0             
  ! warnings            0             

build_requires:

    Module              Need  Have    
    ------------------- ----- --------
    Cwd                 0     3.47    
    ExtUtils::CBuilder  0     0.280216
    ExtUtils::Liblist   0     6.98    
    File::Copy          0     2.29    
    File::Path          0     2.09    
    File::Spec          0     3.47    
    lib                 0     0.63    
    Module::Build       0     0.4205  
    perl                5.005 5.020000
    Sub::Exporter       0     0.987   
    Test::More          0     1.001003
    vars                0     1.03    
    warnings            0     1.23    

configure_requires:

    Module              Need  Have    
    ------------------- ----- --------
    ExtUtils::MakeMaker 6.31  6.98    


------------------------------
ENVIRONMENT AND OTHER CONTEXT
------------------------------

Environment variables:

    PATH = /home/sand/bin:/usr/local/bin:/sbin:/bin:/usr/sbin:/usr/bin:/usr/games:/usr/local/sbin:/usr/local/perl/bin:/usr/X11/bin
    PERL5LIB = 
    PERL5OPT = 
    PERL5_CPANPLUS_IS_RUNNING = 41184
    PERL5_CPAN_IS_RUNNING = 41184
    SHELL = /usr/local/bin/zsh
    TERM = screen

Perl special variables (and OS-specific diagnostics, for MSWin32):

    $^X = /usr/home/sand/src/perl/repoperls/installed-perls/host/freebsd10/v5.20.0/632e/bin/perl
    $UID/$EUID = 1002 / 1002
    $GID = 1002 1002
    $EGID = 1002 1002

Perl module toolchain versions installed:

    Module              Have    
    ------------------- --------
    CPAN                2.05    
    CPAN::Meta          2.141170
    Cwd                 3.47    
    ExtUtils::CBuilder  0.280216
    ExtUtils::Command   1.18    
    ExtUtils::Install   1.67    
    ExtUtils::MakeMaker 6.98    
    ExtUtils::Manifest  1.63    
    ExtUtils::ParseXS   3.24    
    File::Spec          3.47    
    JSON                2.90    
    JSON::PP            2.27203 
    Module::Build       0.4205  
    Module::Signature   n/a     
    Parse::CPAN::Meta   1.4414  
    Test::Harness       3.30    
    Test::More          1.001003
    YAML                0.90    
    YAML::Syck          1.27    
    version             0.9908  


--

Summary of my perl5 (revision 5 version 20 subversion 0) configuration:
  Commit id: d7d4eceb184d8fc54797d661a6d5ff9a4a7048c3
  Platform:
    osname=freebsd, osvers=10.0-release, archname=amd64-freebsd-thread-multi-ld
    uname='freebsd freebsd10 10.0-release freebsd 10.0-release #0 r260789: thu jan 16 22:34:59 utc 2014 root@snap.freebsd.org:usrobjusrsrcsysgeneric amd64 '
    config_args='-Dprefix=/home/sand/src/perl/repoperls/installed-perls/host/freebsd10/v5.20.0/632e -Dmyhostname=freebsd10 -Dinstallusrbinperl=n -Uversiononly -Dusedevel -des -Ui_db -Duseithreads -Duselongdouble -DDEBUGGING=-g'
    hint=recommended, useposix=true, d_sigaction=define
    useithreads=define, usemultiplicity=define
    use64bitint=define, use64bitall=define, uselongdouble=define
    usemymalloc=n, bincompat5005=undef
  Compiler:
    cc='cc', ccflags ='-DHAS_FPSETMASK -DHAS_FLOATINGPOINT_H -fno-strict-aliasing -pipe -fstack-protector -I/usr/local/include',
    optimize='-O -g',
    cppflags='-DHAS_FPSETMASK -DHAS_FLOATINGPOINT_H -fno-strict-aliasing -pipe -fstack-protector -I/usr/local/include'
    ccversion='', gccversion='4.2.1 Compatible FreeBSD Clang 3.3 (tags/RELEASE_33/final 183502)', gccosandvers=''
    intsize=4, longsize=8, ptrsize=8, doublesize=8, byteorder=12345678
    d_longlong=define, longlongsize=8, d_longdbl=define, longdblsize=16
    ivtype='long', ivsize=8, nvtype='long double', nvsize=16, Off_t='off_t', lseeksize=8
    alignbytes=16, prototype=define
  Linker and Libraries:
    ld='cc', ldflags ='-pthread -Wl,-E  -fstack-protector -L/usr/local/lib'
    libpth=/usr/lib /usr/local/lib /usr/include/clang/3.3 /usr/lib
    libs=-lm -lcrypt -lutil
    perllibs=-lm -lcrypt -lutil
    libc=, so=so, useshrplib=false, libperl=libperl.a
    gnulibc_version=''
  Dynamic Linking:
    dlsrc=dl_dlopen.xs, dlext=so, d_dlsymun=undef, ccdlflags=' '
    cccdlflags='-DPIC -fPIC', lddlflags='-shared  -L/usr/local/lib -fstack-protector'


Characteristics of this binary (from libperl): 
  Compile-time options: HAS_TIMES MULTIPLICITY PERLIO_LAYERS
                        PERL_DONT_CREATE_GVSV
                        PERL_HASH_FUNC_ONE_AT_A_TIME_HARD
                        PERL_IMPLICIT_CONTEXT PERL_MALLOC_WRAP
                        PERL_NEW_COPY_ON_WRITE PERL_PRESERVE_IVUV
                        PERL_USE_DEVEL USE_64_BIT_ALL USE_64_BIT_INT
                        USE_ITHREADS USE_LARGE_FILES USE_LOCALE
                        USE_LOCALE_COLLATE USE_LOCALE_CTYPE
                        USE_LOCALE_NUMERIC USE_LONG_DOUBLE USE_PERLIO
                        USE_PERL_ATOF USE_REENTRANT_API
  Built under freebsd
  Compiled at May 27 2014 06:31:38
  %ENV:
    PERL5LIB=""
    PERL5OPT=""
    PERL5_CPANPLUS_IS_RUNNING="41184"
    PERL5_CPAN_IS_RUNNING="41184"
  @INC:
    /home/sand/src/perl/repoperls/installed-perls/host/freebsd10/v5.20.0/632e/lib/site_perl/5.20.0/amd64-freebsd-thread-multi-ld
    /home/sand/src/perl/repoperls/installed-perls/host/freebsd10/v5.20.0/632e/lib/site_perl/5.20.0
    /home/sand/src/perl/repoperls/installed-perls/host/freebsd10/v5.20.0/632e/lib/5.20.0/amd64-freebsd-thread-multi-ld
    /home/sand/src/perl/repoperls/installed-perls/host/freebsd10/v5.20.0/632e/lib/5.20.0
    .