Git-LowLevel v0.4 Perl 5 v5.29.8 OpenBSD.amd64-openbsd-thread-multi
- Status
- Fail
- From
- Alceu Rodrigues de Freitas Junior
- Dist
-
Git-LowLevel v0.4
- Platform
- Perl 5 v5.29.8 OpenBSD.amd64-openbsd-thread-multi
- Date
- 2019-02-09 02:03:12
- ID
- db27c4a4-2c0e-11e9-a40e-9d25b8c74ba8
This distribution has been tested as part of the CPAN Testers
project, supporting the Perl programming language. See
http://wiki.cpantesters.org/ for more information or email
questions to cpan-testers-discuss@perl.org
--
Dear Dominik Meyer,
This is a computer-generated report for Git-LowLevel-0.4
on perl 5.29.8, created by CPAN-Reporter-1.2018.
Thank you for uploading your work to CPAN. However, there was a problem
testing your distribution.
If you think this report is invalid, please consult the CPAN Testers Wiki
for suggestions on how to avoid getting FAIL reports for missing library
or binary dependencies, unsupported operating systems, and so on:
http://wiki.cpantesters.org/wiki/CPANAuthorNotes
Sections of this report:
* Tester comments
* Program output
* Prerequisites
* Environment and other context
------------------------------
TESTER COMMENTS
------------------------------
Additional comments from tester:
this report is from an automated smoke testing program
and was not reviewed by a human for accuracy
------------------------------
PROGRAM OUTPUT
------------------------------
Output from '/usr/bin/make test':
PERL_DL_NONLAZY=1 "/home/vegeta/perl5/perlbrew/perls/perl-blead/bin/perl5.29.8" "-MExtUtils::Command::MM" "-MTest::Harness" "-e" "undef *Test::Harness::Switches; test_harness(0, 'blib/lib', 'blib/arch')" t/*.t
t/00_git.t ........ ok
t/01_base.t ....... ok
fatal: input format error: -e 100644 blob 90bfcb510602aa11ae53a42dcec18ea39fbd8cec test
usage: git commit-tree [(-p <sha1>)...] [-S[<keyid>]] [-m <message>] [-F <file>] <sha1>
usage: git update-ref [<options>] -d <refname> [<old-val>]
or: git update-ref [<options>] <refname> <new-val> [<old-val>]
or: git update-ref [<options>] --stdin [-z]
-m <reason> reason of the update
-d delete the reference
--no-deref update <refname> not the one it points to
-z stdin has NUL-terminated arguments
--stdin read updates from stdin
--create-reflog create a reflog
# Failed test 'creating/commiting worked(git version 2.19.1)'
# at t/02_blob.t line 46.
# Failed test 'tree ist not empty after creating blob (git version 2.19.1)'
# at t/02_blob.t line 49.
# Looks like you failed 2 tests of 12.
t/02_blob.t .......
Dubious, test returned 2 (wstat 512, 0x200)
Failed 2/12 subtests
fatal: input format error: -e 100644 blob 90bfcb510602aa11ae53a42dcec18ea39fbd8cec test
fatal: input format error: -e 040000 tree tree
usage: git commit-tree [(-p <sha1>)...] [-S[<keyid>]] [-m <message>] [-F <file>] <sha1>
usage: git update-ref [<options>] -d <refname> [<old-val>]
or: git update-ref [<options>] <refname> <new-val> [<old-val>]
or: git update-ref [<options>] --stdin [-z]
-m <reason> reason of the update
-d delete the reference
--no-deref update <refname> not the one it points to
-z stdin has NUL-terminated arguments
--stdin read updates from stdin
--create-reflog create a reflog
# Failed test 'creating/commiting worked'
# at t/03_tree.t line 48.
# Failed test 'tree ist not empty after creating tree'
# at t/03_tree.t line 51.
# Looks like you failed 2 tests of 16.
t/03_tree.t .......
Dubious, test returned 2 (wstat 512, 0x200)
Failed 2/16 subtests
fatal: input format error: -e 100644 blob 8dec452741a231852634ec1e53030b4b47365beb LZHGnLre64SFfejM6nnRKJGgJbXB1YpJMFqyFDx0fT1SukGIZ6sr8zkKcwmRRkd3Jke2ARIu4adKo8AL0vSAUDRvc
usage: git commit-tree [(-p <sha1>)...] [-S[<keyid>]] [-m <message>] [-F <file>] <sha1>
usage: git update-ref [<options>] -d <refname> [<old-val>]
or: git update-ref [<options>] <refname> <new-val> [<old-val>]
or: git update-ref [<options>] --stdin [-z]
-m <reason> reason of the update
-d delete the reference
--no-deref update <refname> not the one it points to
-z stdin has NUL-terminated arguments
--stdin read updates from stdin
--create-reflog create a reflog
# Failed test 'find blob LZHGnLre64SFfejM6nnRKJGgJbXB1YpJMFqyFDx0fT1SukGIZ6sr8zkKcwmRRkd3Jke2ARIu4adKo8AL0vSAUDRvc'
# at t/04_extensive.t line 61.
# Failed test 'checking for Git::LowLevel::Blob object'
# at t/04_extensive.t line 62.
Can't call method "content" on an undefined value at t/04_extensive.t line 63.
# Tests were run but no plan was declared and done_testing() was not seen.
# Looks like your test exited with 128 just after 7.
t/04_extensive.t ..
Dubious, test returned 128 (wstat 32768, 0x8000)
Failed 2/7 subtests
Test Summary Report
-------------------
t/02_blob.t (Wstat: 512 Tests: 12 Failed: 2)
Failed tests: 9-10
Non-zero exit status: 2
t/03_tree.t (Wstat: 512 Tests: 16 Failed: 2)
Failed tests: 10-11
Non-zero exit status: 2
t/04_extensive.t (Wstat: 32768 Tests: 7 Failed: 2)
Failed tests: 6-7
Non-zero exit status: 128
Parse errors: No plan found in TAP output
Files=5, Tests=44, 4 wallclock secs ( 0.03 usr 0.11 sys + 2.32 cusr 1.85 csys = 4.31 CPU)
Result: FAIL
Failed 3/5 test programs. 6/44 subtests failed.
*** Error 128 in /mnt/cpan_build_dir/vegeta/Git-LowLevel-0.4-0 (Makefile:865 'test_dynamic')
------------------------------
PREREQUISITES
------------------------------
Prerequisite modules loaded:
requires:
Module Need Have
------------------- ---- --------
File::Basename 0 2.85
Moose 0 2.2011
MooseX::Privacy 0 0.05
strict 0 1.11
warnings 0 1.43
build_requires:
Module Need Have
------------------- ---- --------
ExtUtils::MakeMaker 0 7.35_08
File::Temp 0 0.2309
String::Random 0 0.30
Test::Exception 0 0.43
Test::More 0 1.302160
configure_requires:
Module Need Have
------------------- ---- --------
ExtUtils::MakeMaker 0 7.35_08
------------------------------
ENVIRONMENT AND OTHER CONTEXT
------------------------------
Environment variables:
AUTOMATED_TESTING = 1
DBD_MYSQL_TESTDB = test
DBD_MYSQL_TESTHOST = localhost
DBD_MYSQL_TESTPASSWORD =
DBD_MYSQL_TESTPORT = 3306
DBD_MYSQL_TESTUSER = vegeta
EXTENDED_TESTING = 1
PATH = /home/vegeta/perl5/perlbrew/bin:/home/vegeta/perl5/perlbrew/perls/perl-blead/bin:/home/vegeta/bin:/usr/bin:/bin:/usr/sbin:/sbin:/usr/X11R6/bin:/usr/local/bin:/usr/local/sbin
PERL5LIB =
PERL5OPT =
PERL5_CPANPLUS_IS_RUNNING = 60486
PERL5_CPAN_IS_RUNNING = 60486
PERL5_CPAN_IS_RUNNING_IN_RECURSION = 50411,60486
PERLBREW_HOME = /home/vegeta/.perlbrew
PERLBREW_MANPATH = /home/vegeta/perl5/perlbrew/perls/perl-blead/man
PERLBREW_PATH = /home/vegeta/perl5/perlbrew/bin:/home/vegeta/perl5/perlbrew/perls/perl-blead/bin
PERLBREW_PERL = perl-blead
PERLBREW_ROOT = /home/vegeta/perl5/perlbrew
PERLBREW_SHELLRC_VERSION = 0.86
PERLBREW_VERSION = 0.86
PERL_CR_SMOKER_CURRENT = App-Git-IssueManager-SyncJira-0.1
PERL_EXTUTILS_AUTOINSTALL = --defaultdeps
PERL_MM_USE_DEFAULT = 1
PERL_USE_UNSAFE_INC = 1
SHELL = /usr/local/bin/bash
TERM = xterm
Perl special variables (and OS-specific diagnostics, for MSWin32):
$^X = /home/vegeta/perl5/perlbrew/perls/perl-blead/bin/perl5.29.8
$UID/$EUID = 1002 / 1002
$GID = 1002 1002 1001
$EGID = 1002 1002 1001
Perl module toolchain versions installed:
Module Have
------------------- ---------
CPAN 2.22
CPAN::Meta 2.150010
Cwd 3.77
ExtUtils::CBuilder 0.280230
ExtUtils::Command 7.35_08
ExtUtils::Install 2.14
ExtUtils::MakeMaker 7.35_08
ExtUtils::Manifest 1.71
ExtUtils::ParseXS 3.40
File::Spec 3.77
JSON 4.01
JSON::PP 4.00
Module::Build 0.4224
Module::Signature n/a
Parse::CPAN::Meta 2.150010
Test::Harness 3.42
Test::More 1.302160
YAML 1.27
YAML::Syck n/a
version 0.9924_02
--
Summary of my perl5 (revision 5 version 29 subversion 8) configuration:
Snapshot of: e8db349f5c61708301fd5463e49bfe95c448dd6d
Platform:
osname=openbsd
osvers=6.4
archname=OpenBSD.amd64-openbsd-thread-multi
uname='openbsd cpan-smoker-openbsd 6.4 generic.mp#364 amd64 '
config_args='-de -Dprefix=/home/vegeta/perl5/perlbrew/perls/perl-blead -Dman1dir=none -Dman3dir=none -Dusemultiplicity -Duse64bitall -Duse64bitint -Dusethreads -Dusedevel -Aeval:scriptdir=/home/vegeta/perl5/perlbrew/perls/perl-blead/bin'
hint=recommended
useposix=true
d_sigaction=define
useithreads=define
usemultiplicity=define
use64bitint=define
use64bitall=define
uselongdouble=undef
usemymalloc=n
default_inc_excludes_dot=define
bincompat5005=undef
Compiler:
cc='cc'
ccflags ='-pthread -fno-strict-aliasing -pipe -fstack-protector-strong -I/usr/local/include -D_FORTIFY_SOURCE=2'
optimize='-O2'
cppflags='-pthread -fno-strict-aliasing -pipe -fstack-protector-strong -I/usr/local/include'
ccversion=''
gccversion='4.2.1 Compatible OpenBSD Clang 6.0.0 (tags/RELEASE_600/final)'
gccosandvers=''
intsize=4
longsize=8
ptrsize=8
doublesize=8
byteorder=12345678
doublekind=3
d_longlong=define
longlongsize=8
d_longdbl=define
longdblsize=16
longdblkind=3
ivtype='long'
ivsize=8
nvtype='double'
nvsize=8
Off_t='off_t'
lseeksize=8
alignbytes=8
prototype=define
Linker and Libraries:
ld='cc'
ldflags ='-pthread -Wl,-E -fstack-protector-strong -L/usr/local/lib'
libpth=/usr/lib /usr/local/lib
libs=-lpthread -lm -lutil -lc
perllibs=-lpthread -lm -lutil -lc
libc=/usr/lib/libc.so.92.5
so=so
useshrplib=false
libperl=libperl.a
gnulibc_version=''
Dynamic Linking:
dlsrc=dl_dlopen.xs
dlext=so
d_dlsymun=undef
ccdlflags=' '
cccdlflags='-DPIC -fPIC '
lddlflags='-shared -fPIC -L/usr/local/lib -fstack-protector-strong'
Characteristics of this binary (from libperl):
Compile-time options:
HAS_TIMES
MULTIPLICITY
PERLIO_LAYERS
PERL_COPY_ON_WRITE
PERL_DONT_CREATE_GVSV
PERL_IMPLICIT_CONTEXT
PERL_MALLOC_WRAP
PERL_OP_PARENT
PERL_PRESERVE_IVUV
PERL_USE_DEVEL
USE_64_BIT_ALL
USE_64_BIT_INT
USE_ITHREADS
USE_LARGE_FILES
USE_LOCALE
USE_LOCALE_COLLATE
USE_LOCALE_CTYPE
USE_LOCALE_NUMERIC
USE_LOCALE_TIME
USE_PERLIO
USE_PERL_ATOF
USE_REENTRANT_API
USE_THREAD_SAFE_LOCALE
Locally applied patches:
Devel::PatchPerl 1.52
Built under openbsd
Compiled at Jan 31 2019 01:07:38
%ENV:
PERL5LIB=""
PERL5OPT=""
PERL5_CPANPLUS_IS_RUNNING="60486"
PERL5_CPAN_IS_RUNNING="60486"
PERL5_CPAN_IS_RUNNING_IN_RECURSION="50411,60486"
PERLBREW_HOME="/home/vegeta/.perlbrew"
PERLBREW_MANPATH="/home/vegeta/perl5/perlbrew/perls/perl-blead/man"
PERLBREW_PATH="/home/vegeta/perl5/perlbrew/bin:/home/vegeta/perl5/perlbrew/perls/perl-blead/bin"
PERLBREW_PERL="perl-blead"
PERLBREW_ROOT="/home/vegeta/perl5/perlbrew"
PERLBREW_SHELLRC_VERSION="0.86"
PERLBREW_VERSION="0.86"
PERL_CR_SMOKER_CURRENT="App-Git-IssueManager-SyncJira-0.1"
PERL_EXTUTILS_AUTOINSTALL="--defaultdeps"
PERL_MM_USE_DEFAULT="1"
PERL_USE_UNSAFE_INC="1"
@INC:
/home/vegeta/perl5/perlbrew/perls/perl-blead/lib/site_perl/5.29.8/OpenBSD.amd64-openbsd-thread-multi
/home/vegeta/perl5/perlbrew/perls/perl-blead/lib/site_perl/5.29.8
/home/vegeta/perl5/perlbrew/perls/perl-blead/lib/5.29.8/OpenBSD.amd64-openbsd-thread-multi
/home/vegeta/perl5/perlbrew/perls/perl-blead/lib/5.29.8
.