Report for HTTP-WebTest-2.04

Back
From: metabase:user:320bfe00-2aae-11df-837a-5e0a49663a4f
Subject: FAIL HTTP-WebTest-2.04 v5.23.3 GNU/Linux
Date: 2015-09-04T15:51:50Z

This distribution has been tested as part of the CPAN Testers
project, supporting the Perl programming language.  See
http://wiki.cpantesters.org/ for more information or email
questions to cpan-testers-discuss@perl.org


--
Dear Ilya Martynov,

This is a computer-generated report for HTTP-WebTest-2.04
on perl 5.23.3, created by CPAN-Reporter-1.2015.

Thank you for uploading your work to CPAN.  However, there was a problem
testing your distribution.

If you think this report is invalid, please consult the CPAN Testers Wiki
for suggestions on how to avoid getting FAIL reports for missing library
or binary dependencies, unsupported operating systems, and so on:

http://wiki.cpantesters.org/wiki/CPANAuthorNotes

Sections of this report:

    * Tester comments
    * Program output
    * Prerequisites
    * Environment and other context

------------------------------
TESTER COMMENTS
------------------------------

Additional comments from tester:

this report is from an automated smoke testing program
and was not reviewed by a human for accuracy

------------------------------
PROGRAM OUTPUT
------------------------------

Output from '/usr/bin/make test':

PERL_DL_NONLAZY=1 "/tmp/basesmoker-reloperl-BKnZ/bin/perl" "-MExtUtils::Command::MM" "-MTest::Harness" "-e" "undef *Test::Harness::Switches; test_harness(0, 'blib/lib', 'blib/arch')" t/*.t
t/01-api.t ............ ok

#   Failed test at /tmp/loop_over_bdir-3526-XvlnFU/HTTP-WebTest-2.04-Bbs_UF/blib/lib/HTTP/WebTest/SelfTest.pm line 202.

#   Failed test at /tmp/loop_over_bdir-3526-XvlnFU/HTTP-WebTest-2.04-Bbs_UF/blib/lib/HTTP/WebTest/SelfTest.pm line 202.

#   Failed test at /tmp/loop_over_bdir-3526-XvlnFU/HTTP-WebTest-2.04-Bbs_UF/blib/lib/HTTP/WebTest/SelfTest.pm line 202.

#   Failed test at /tmp/loop_over_bdir-3526-XvlnFU/HTTP-WebTest-2.04-Bbs_UF/blib/lib/HTTP/WebTest/SelfTest.pm line 202.
# Looks like you failed 4 tests of 37.
t/02-generic.t ........ 
Dubious, test returned 4 (wstat 1024, 0x400)
Failed 4/37 subtests 
t/03-proxy.t .......... ok
t/05-report.t ......... ok
t/05a-email-report.t .. ok
Use of uninitialized value $extracted in string eq at /tmp/loop_over_bdir-3526-XvlnFU/HTTP-WebTest-2.04-Bbs_UF/blib/lib/HTTP/WebTest/Parser.pm line 237.
Use of uninitialized value $extracted in string eq at /tmp/loop_over_bdir-3526-XvlnFU/HTTP-WebTest-2.04-Bbs_UF/blib/lib/HTTP/WebTest/Parser.pm line 237.
Use of uninitialized value $extracted in string eq at /tmp/loop_over_bdir-3526-XvlnFU/HTTP-WebTest-2.04-Bbs_UF/blib/lib/HTTP/WebTest/Parser.pm line 262.
t/06-parser.t ......... ok
t/07-compat.t ......... ok
t/08-plugins.t ........ ok
t/09-hooks.t .......... ok
t/10-click.t .......... ok
t/11-delay.t .......... ok
t/12-request.t ........ ok
t/13-harness.t ........ ok

Test Summary Report
-------------------
t/02-generic.t      (Wstat: 1024 Tests: 37 Failed: 4)
  Failed tests:  2-4, 29
  Non-zero exit status: 4
Files=13, Tests=247, 31 wallclock secs ( 0.08 usr  0.08 sys +  3.22 cusr  0.74 csys =  4.12 CPU)
Result: FAIL
Failed 1/13 test programs. 4/247 subtests failed.
Makefile:900: recipe for target 'test_dynamic' failed
make: *** [test_dynamic] Error 255

------------------------------
PREREQUISITES
------------------------------

Prerequisite modules loaded:

requires:

    Module                Need Have      
    --------------------- ---- ----------
    Algorithm::Diff       0    1.1903    
    CGI::Cookie           0    4.21      
    LWP                   5.6  6.13      
    MIME::Base64          0    3.15      
    Net::SMTP             0    3.07      
    Pod::Man              1.14 2.28      
    Pod::Usage            0    1.67      
    Test::Builder::Tester 0    1.28      
    Test::MockObject      0.07 1.20150527
    Test::More            0    1.001014  
    Text::Balanced        0    2.03      
    Time::HiRes           0    1.9727_02 
    URI                   0    1.69      

build_requires:

    Module                Need Have      
    --------------------- ---- ----------
    ExtUtils::MakeMaker   0    7.06      


------------------------------
ENVIRONMENT AND OTHER CONTEXT
------------------------------

Environment variables:

    AUTOMATED_TESTING = 1
    LANG = en_US.UTF-8
    LANGUAGE = en_US:en
    PATH = /home/sand/bin:/usr/local/bin:/usr/bin:/bin:/usr/games:/usr/local/perl/bin:/usr/X11/bin:/sbin:/usr/sbin
    PERL5LIB = /tmp/loop_over_bdir-3526-XvlnFU/Alien-ActiveMQ-0.00005-eaSEYX/blib/arch:/tmp/loop_over_bdir-3526-XvlnFU/Alien-ActiveMQ-0.00005-eaSEYX/blib/lib
    PERL5OPT = 
    PERL5_CPANPLUS_IS_RUNNING = 18006
    PERL5_CPAN_IS_RUNNING = 18006
    PERL_MM_USE_DEFAULT = 1
    SHELL = /usr/bin/zsh
    TERM = screen

Perl special variables (and OS-specific diagnostics, for MSWin32):

    $^X = /tmp/basesmoker-reloperl-BKnZ/bin/perl
    $UID/$EUID = 1005 / 1005
    $GID = 1005 1005
    $EGID = 1005 1005

Perl module toolchain versions installed:

    Module              Have    
    ------------------- --------
    CPAN                2.10    
    CPAN::Meta          2.150005
    Cwd                 3.57    
    ExtUtils::CBuilder  0.280223
    ExtUtils::Command   7.06    
    ExtUtils::Install   2.04    
    ExtUtils::MakeMaker 7.06    
    ExtUtils::Manifest  1.70    
    ExtUtils::ParseXS   3.30    
    File::Spec          3.57    
    JSON                2.90    
    JSON::PP            2.27300 
    Module::Build       0.4214  
    Module::Signature   0.79    
    Parse::CPAN::Meta   1.4417  
    Test::Harness       3.35    
    Test::More          1.001014
    YAML                1.15    
    YAML::Syck          1.29    
    version             0.9909  


--

Summary of my perl5 (revision 5 version 23 subversion 3) configuration:
  Commit id: f185f65418467d10121bac955af6bca4776490e3
  Platform:
    osname=linux, osvers=4.0.0-2-amd64, archname=x86_64-linux-thread-multi
    uname='linux k83 4.0.0-2-amd64 #1 smp debian 4.0.5-1 (2015-06-16) x86_64 gnulinux '
    config_args='-Dprefix=/home/sand/src/perl/repoperls/installed-perls/perl/v5.23.2-100-gf185f65/9980 -Dmyhostname=k83 -Dinstallusrbinperl=n -Uversiononly -Dusedevel -des -Ui_db -Duseithreads -Uuselongdouble -DDEBUGGING=-g'
    hint=recommended, useposix=true, d_sigaction=define
    useithreads=define, usemultiplicity=define
    use64bitint=define, use64bitall=define, uselongdouble=undef
    usemymalloc=n, bincompat5005=undef
  Compiler:
    cc='cc', ccflags ='-D_REENTRANT -D_GNU_SOURCE -fwrapv -fno-strict-aliasing -pipe -fstack-protector-strong -I/usr/local/include -D_LARGEFILE_SOURCE -D_FILE_OFFSET_BITS=64',
    optimize='-O2 -g',
    cppflags='-D_REENTRANT -D_GNU_SOURCE -fwrapv -fno-strict-aliasing -pipe -fstack-protector-strong -I/usr/local/include'
    ccversion='', gccversion='5.2.1 20150808', gccosandvers=''
    intsize=4, longsize=8, ptrsize=8, doublesize=8, byteorder=12345678, doublekind=3
    d_longlong=define, longlongsize=8, d_longdbl=define, longdblsize=16, longdblkind=3
    ivtype='long', ivsize=8, nvtype='double', nvsize=8, Off_t='off_t', lseeksize=8
    alignbytes=8, prototype=define
  Linker and Libraries:
    ld='cc', ldflags =' -fstack-protector-strong -L/usr/local/lib'
    libpth=/usr/local/lib /usr/lib/gcc/x86_64-linux-gnu/5/include-fixed /usr/include/x86_64-linux-gnu /usr/lib /lib/x86_64-linux-gnu /lib/../lib /usr/lib/x86_64-linux-gnu /usr/lib/../lib /lib
    libs=-lpthread -lnsl -lgdbm -ldb -ldl -lm -lcrypt -lutil -lc -lgdbm_compat
    perllibs=-lpthread -lnsl -ldl -lm -lcrypt -lutil -lc
    libc=libc-2.19.so, so=so, useshrplib=false, libperl=libperl.a
    gnulibc_version='2.19'
  Dynamic Linking:
    dlsrc=dl_dlopen.xs, dlext=so, d_dlsymun=undef, ccdlflags='-Wl,-E'
    cccdlflags='-fPIC', lddlflags='-shared -O2 -g -L/usr/local/lib -fstack-protector-strong'


Characteristics of this binary (from libperl): 
  Compile-time options: HAS_TIMES MULTIPLICITY PERLIO_LAYERS
                        PERL_COPY_ON_WRITE PERL_DONT_CREATE_GVSV
                        PERL_HASH_FUNC_ONE_AT_A_TIME_HARD
                        PERL_IMPLICIT_CONTEXT PERL_MALLOC_WRAP
                        PERL_PRESERVE_IVUV PERL_USE_DEVEL USE_64_BIT_ALL
                        USE_64_BIT_INT USE_ITHREADS USE_LARGE_FILES
                        USE_LOCALE USE_LOCALE_COLLATE USE_LOCALE_CTYPE
                        USE_LOCALE_NUMERIC USE_LOCALE_TIME USE_PERLIO
                        USE_PERL_ATOF USE_REENTRANT_API
  Built under linux
  Compiled at Sep  4 2015 05:47:57
  %ENV:
    PERL5LIB="/tmp/loop_over_bdir-3526-XvlnFU/Alien-ActiveMQ-0.00005-eaSEYX/blib/arch:/tmp/loop_over_bdir-3526-XvlnFU/Alien-ActiveMQ-0.00005-eaSEYX/blib/lib"
    PERL5OPT=""
    PERL5_CPANPLUS_IS_RUNNING="18006"
    PERL5_CPAN_IS_RUNNING="18006"
    PERL_MM_USE_DEFAULT="1"
  @INC:
    /tmp/loop_over_bdir-3526-XvlnFU/Alien-ActiveMQ-0.00005-eaSEYX/blib/arch
    /tmp/loop_over_bdir-3526-XvlnFU/Alien-ActiveMQ-0.00005-eaSEYX/blib/lib
    /home/sand/src/perl/repoperls/installed-perls/perl/v5.23.2-100-gf185f65/9980/lib/site_perl/5.23.3/x86_64-linux-thread-multi
    /home/sand/src/perl/repoperls/installed-perls/perl/v5.23.2-100-gf185f65/9980/lib/site_perl/5.23.3
    /home/sand/src/perl/repoperls/installed-perls/perl/v5.23.2-100-gf185f65/9980/lib/5.23.3/x86_64-linux-thread-multi
    /home/sand/src/perl/repoperls/installed-perls/perl/v5.23.2-100-gf185f65/9980/lib/5.23.3
    .