Report for Tk-TreeGraph-1.030

Back
From: metabase:user:313dc9fe-2aae-11df-837a-5e0a49663a4f
Subject: FAIL Tk-TreeGraph-1.030 v5.12.2 GNU/Linux
Date: 2010-11-03T18:12:02Z

This distribution has been tested as part of the CPAN Testers
project, supporting the Perl programming language.  See
http://wiki.cpantesters.org/ for more information or email
questions to cpan-testers-discuss@perl.org


--
Dear Dominique Dumont,

This is a computer-generated report for Tk-TreeGraph-1.030
on perl 5.12.2, created by CPAN-Reporter-1.1805.

Thank you for uploading your work to CPAN.  However, there was a problem
testing your distribution.

If you think this report is invalid, please consult the CPAN Testers Wiki
for suggestions on how to avoid getting FAIL reports for missing library
or binary dependencies, unsupported operating systems, and so on:

http://wiki.cpantesters.org/wiki/CPANAuthorNotes

Sections of this report:

    * Tester comments
    * Program output
    * Prerequisites
    * Environment and other context

------------------------------
TESTER COMMENTS
------------------------------

Additional comments from tester:

this report is from an automated smoke testing program
and was not reviewed by a human for accuracy

------------------------------
PROGRAM OUTPUT
------------------------------

Output from '/usr/bin/make test':

PERL_DL_NONLAZY=1 /home/perl5122/perl/bin/perl "-MExtUtils::Command::MM" "-e" "test_harness(0, 'blib/lib', 'blib/arch')" t/*.t
No protocol specified
couldn't connect to display ":0.0" at /home/perl5122/.cpan/build/Tk-804.029-5Tgpba/blib/lib/Tk/MainWindow.pm line 55.
MainWindow->new() at t/flash.t line 55
t/flash.t ...... 
Dubious, test returned 11 (wstat 2816, 0xb00)
Failed 3/4 subtests 
No protocol specified
couldn't connect to display ":0.0" at /home/perl5122/.cpan/build/Tk-804.029-5Tgpba/blib/lib/Tk/MainWindow.pm line 55.
MainWindow->new() at t/modify.t line 56
t/modify.t ..... 
Dubious, test returned 11 (wstat 2816, 0xb00)
Failed 3/4 subtests 
No protocol specified
couldn't connect to display ":0.0" at /home/perl5122/.cpan/build/Tk-804.029-5Tgpba/blib/lib/Tk/MainWindow.pm line 55.
MainWindow->new() at t/no_coord.t line 30
t/no_coord.t ... 
Dubious, test returned 11 (wstat 2816, 0xb00)
Failed 10/11 subtests 
No protocol specified
couldn't connect to display ":0.0" at /home/perl5122/.cpan/build/Tk-804.029-5Tgpba/blib/lib/Tk/MainWindow.pm line 55.
MainWindow->new() at t/only_node.t line 242
t/only_node.t .. 
Dubious, test returned 11 (wstat 2816, 0xb00)
Failed 10/11 subtests 
No protocol specified
couldn't connect to display ":0.0" at /home/perl5122/.cpan/build/Tk-804.029-5Tgpba/blib/lib/Tk/MainWindow.pm line 55.
MainWindow->new() at t/spline.t line 31
t/spline.t ..... 
Dubious, test returned 11 (wstat 2816, 0xb00)
Failed 4/5 subtests 
No protocol specified
couldn't connect to display ":0.0" at /home/perl5122/.cpan/build/Tk-804.029-5Tgpba/blib/lib/Tk/MainWindow.pm line 55.
MainWindow->new() at t/tree.t line 30
t/tree.t ....... 
Dubious, test returned 11 (wstat 2816, 0xb00)
Failed 10/11 subtests 

Test Summary Report
-------------------
t/flash.t    (Wstat: 2816 Tests: 1 Failed: 0)
  Non-zero exit status: 11
  Parse errors: Bad plan.  You planned 4 tests but ran 1.
t/modify.t   (Wstat: 2816 Tests: 1 Failed: 0)
  Non-zero exit status: 11
  Parse errors: Bad plan.  You planned 4 tests but ran 1.
t/no_coord.t (Wstat: 2816 Tests: 1 Failed: 0)
  Non-zero exit status: 11
  Parse errors: Bad plan.  You planned 11 tests but ran 1.
t/only_node.t (Wstat: 2816 Tests: 1 Failed: 0)
  Non-zero exit status: 11
  Parse errors: Bad plan.  You planned 11 tests but ran 1.
t/spline.t   (Wstat: 2816 Tests: 1 Failed: 0)
  Non-zero exit status: 11
  Parse errors: Bad plan.  You planned 5 tests but ran 1.
t/tree.t     (Wstat: 2816 Tests: 1 Failed: 0)
  Non-zero exit status: 11
  Parse errors: Bad plan.  You planned 11 tests but ran 1.
Files=6, Tests=6,  1 wallclock secs ( 0.05 usr  0.01 sys +  0.62 cusr  0.06 csys =  0.74 CPU)
Result: FAIL
Failed 6/6 test programs. 0/6 subtests failed.
make: *** [test_dynamic] Error 11

------------------------------
PREREQUISITES
------------------------------

Prerequisite modules loaded:

requires:

    Module Need Have   
    ------ ---- -------
    Tk     0    804.029


------------------------------
ENVIRONMENT AND OTHER CONTEXT
------------------------------

Environment variables:

    AUTOMATED_TESTING = 1
    LANG = en_US.UTF-8
    PATH = /usr/local/sbin:/usr/local/bin:/usr/sbin:/usr/bin:/sbin:/bin:/usr/games
    PERL5LIB = /home/perl5122/.cpan/build/Tk-804.029-5Tgpba/blib/arch:/home/perl5122/.cpan/build/Tk-804.029-5Tgpba/blib/lib
    PERL5OPT = 
    PERL5_CPANPLUS_IS_RUNNING = 19279
    PERL5_CPAN_IS_RUNNING = 19279
    PERL5_CPAN_IS_RUNNING_IN_RECURSION = 9865,19279
    PERL_CR_SMOKER_CURRENT = Tk-TreeGraph-1.030
    PERL_EXTUTILS_AUTOINSTALL = --defaultdeps
    PERL_MM_USE_DEFAULT = 1
    SHELL = /bin/bash
    TERM = xterm

Perl special variables (and OS-specific diagnostics, for MSWin32):

    $^X = /home/perl5122/perl/bin/perl
    $UID/$EUID = 1008 / 1008
    $GID = 1008 1008
    $EGID = 1008 1008

Perl module toolchain versions installed:

    Module              Have   
    ------------------- -------
    CPAN                1.94_56
    Cwd                 3.31   
    ExtUtils::CBuilder  0.2703 
    ExtUtils::Command   1.16   
    ExtUtils::Install   1.55   
    ExtUtils::MakeMaker 6.56   
    ExtUtils::Manifest  1.57   
    ExtUtils::ParseXS   2.21   
    File::Spec          3.31_01
    Module::Build       0.3607 
    Module::Signature   n/a    
    Test::Harness       3.17   
    Test::More          0.94   
    YAML                0.71   
    YAML::Syck          1.09   
    version             0.82   


--

Summary of my perl5 (revision 5 version 12 subversion 2) configuration:
   
  Platform:
    osname=linux, osvers=2.6.32-25-generic, archname=i686-linux-thread-multi
    uname='linux st47-laptop 2.6.32-25-generic #44-ubuntu smp fri sep 17 20:26:08 utc 2010 i686 gnulinux '
    config_args=''
    hint=recommended, useposix=true, d_sigaction=define
    useithreads=define, usemultiplicity=define
    useperlio=define, d_sfio=undef, uselargefiles=define, usesocks=undef
    use64bitint=undef, use64bitall=undef, uselongdouble=undef
    usemymalloc=n, bincompat5005=undef
  Compiler:
    cc='cc', ccflags ='-D_REENTRANT -D_GNU_SOURCE -fno-strict-aliasing -pipe -fstack-protector -I/usr/local/include -D_LARGEFILE_SOURCE -D_FILE_OFFSET_BITS=64',
    optimize='-O2',
    cppflags='-D_REENTRANT -D_GNU_SOURCE -fno-strict-aliasing -pipe -fstack-protector -I/usr/local/include'
    ccversion='', gccversion='4.4.3', gccosandvers=''
    intsize=4, longsize=4, ptrsize=4, doublesize=8, byteorder=1234
    d_longlong=define, longlongsize=8, d_longdbl=define, longdblsize=12
    ivtype='long', ivsize=4, nvtype='double', nvsize=8, Off_t='off_t', lseeksize=8
    alignbytes=4, prototype=define
  Linker and Libraries:
    ld='cc', ldflags =' -fstack-protector -L/usr/local/lib'
    libpth=/usr/local/lib /lib /usr/lib /usr/lib64
    libs=-lnsl -ldl -lm -lcrypt -lutil -lpthread -lc
    perllibs=-lnsl -ldl -lm -lcrypt -lutil -lpthread -lc
    libc=/lib/libc-2.11.1.so, so=so, useshrplib=false, libperl=libperl.a
    gnulibc_version='2.11.1'
  Dynamic Linking:
    dlsrc=dl_dlopen.xs, dlext=so, d_dlsymun=undef, ccdlflags='-Wl,-E'
    cccdlflags='-fPIC', lddlflags='-shared -O2 -L/usr/local/lib -fstack-protector'


Characteristics of this binary (from libperl): 
  Compile-time options: MULTIPLICITY PERL_DONT_CREATE_GVSV
                        PERL_IMPLICIT_CONTEXT PERL_MALLOC_WRAP USE_ITHREADS
                        USE_LARGE_FILES USE_PERLIO USE_PERL_ATOF
                        USE_REENTRANT_API
  Built under linux
  Compiled at Oct  9 2010 12:54:22
  %ENV:
    PERL5LIB="/home/perl5122/.cpan/build/Tk-804.029-5Tgpba/blib/arch:/home/perl5122/.cpan/build/Tk-804.029-5Tgpba/blib/lib"
    PERL5OPT=""
    PERL5_CPANPLUS_IS_RUNNING="19279"
    PERL5_CPAN_IS_RUNNING="19279"
    PERL5_CPAN_IS_RUNNING_IN_RECURSION="9865,19279"
    PERL_CR_SMOKER_CURRENT="Tk-TreeGraph-1.030"
    PERL_EXTUTILS_AUTOINSTALL="--defaultdeps"
    PERL_MM_USE_DEFAULT="1"
  @INC:
    /home/perl5122/.cpan/build/Tk-804.029-5Tgpba/blib/arch
    /home/perl5122/.cpan/build/Tk-804.029-5Tgpba/blib/lib
    /home/perl5122/perl/lib
    /home/perl5122/perl/lib
    .