Back
From: metabase:user:320bfe00-2aae-11df-837a-5e0a49663a4f
Subject: FAIL Graphics-ColorDeficiency-0.05 v5.14.3 GNU/Linux
Date: 2013-05-11T09:26:27Z
This distribution has been tested as part of the CPAN Testers
project, supporting the Perl programming language. See
http://wiki.cpantesters.org/ for more information or email
questions to cpan-testers-discuss@perl.org
--
Dear Cal Henderson,
This is a computer-generated report for Graphics-ColorDeficiency-0.05
on perl 5.14.3, created by CPAN-Reporter-1.2009.
Thank you for uploading your work to CPAN. However, there was a problem
testing your distribution.
If you think this report is invalid, please consult the CPAN Testers Wiki
for suggestions on how to avoid getting FAIL reports for missing library
or binary dependencies, unsupported operating systems, and so on:
http://wiki.cpantesters.org/wiki/CPANAuthorNotes
Sections of this report:
* Tester comments
* Program output
* Prerequisites
* Environment and other context
------------------------------
TESTER COMMENTS
------------------------------
Additional comments from tester:
this report is from an automated smoke testing program
and was not reviewed by a human for accuracy
------------------------------
PROGRAM OUTPUT
------------------------------
Output from '/usr/bin/make test':
PERL_DL_NONLAZY=1 /home/sand/src/perl/repoperls/installed-perls/perl/v5.14.3/127e/bin/perl "-MExtUtils::Command::MM" "-e" "test_harness(0, 'blib/lib', 'blib/arch')" t/*.t
Use of uninitialized value within @_ in lc at /home/src/perl/repoperls/installed-perls/perl/v5.14.3/127e/lib/site_perl/5.14.3/Graphics/ColorObject.pm line 1905.
t/01_basic.t ................... ok
Use of uninitialized value within @_ in lc at /home/src/perl/repoperls/installed-perls/perl/v5.14.3/127e/lib/site_perl/5.14.3/Graphics/ColorObject.pm line 1905.
# Failed test at t/02_dichromatic.t line 5.
# Failed test at t/02_dichromatic.t line 6.
# Failed test at t/02_dichromatic.t line 7.
# Looks like you failed 3 tests of 3.
t/02_dichromatic.t .............
Dubious, test returned 3 (wstat 768, 0x300)
Failed 3/3 subtests
Use of uninitialized value within @_ in lc at /home/src/perl/repoperls/installed-perls/perl/v5.14.3/127e/lib/site_perl/5.14.3/Graphics/ColorObject.pm line 1905.
# Failed test at t/03_anomalous_trichromatic.t line 5.
# Failed test at t/03_anomalous_trichromatic.t line 6.
# Failed test at t/03_anomalous_trichromatic.t line 7.
# Failed test at t/03_anomalous_trichromatic.t line 9.
# Failed test at t/03_anomalous_trichromatic.t line 10.
# Failed test at t/03_anomalous_trichromatic.t line 11.
# Failed test at t/03_anomalous_trichromatic.t line 13.
# Failed test at t/03_anomalous_trichromatic.t line 14.
# Failed test at t/03_anomalous_trichromatic.t line 15.
# Looks like you failed 9 tests of 9.
t/03_anomalous_trichromatic.t ..
Dubious, test returned 9 (wstat 2304, 0x900)
Failed 9/9 subtests
Use of uninitialized value within @_ in lc at /home/src/perl/repoperls/installed-perls/perl/v5.14.3/127e/lib/site_perl/5.14.3/Graphics/ColorObject.pm line 1905.
# Failed test at t/04_monochromatic.t line 5.
# Failed test at t/04_monochromatic.t line 6.
# Failed test at t/04_monochromatic.t line 7.
# Failed test at t/04_monochromatic.t line 8.
# Failed test at t/04_monochromatic.t line 9.
# Looks like you failed 5 tests of 5.
t/04_monochromatic.t ...........
Dubious, test returned 5 (wstat 1280, 0x500)
Failed 5/5 subtests
Test Summary Report
-------------------
t/02_dichromatic.t (Wstat: 768 Tests: 3 Failed: 3)
Failed tests: 1-3
Non-zero exit status: 3
t/03_anomalous_trichromatic.t (Wstat: 2304 Tests: 9 Failed: 9)
Failed tests: 1-9
Non-zero exit status: 9
t/04_monochromatic.t (Wstat: 1280 Tests: 5 Failed: 5)
Failed tests: 1-5
Non-zero exit status: 5
Files=4, Tests=20, 1 wallclock secs ( 0.03 usr 0.01 sys + 0.16 cusr 0.05 csys = 0.25 CPU)
Result: FAIL
Failed 3/4 test programs. 17/20 subtests failed.
make: *** [test_dynamic] Error 5
------------------------------
PREREQUISITES
------------------------------
Prerequisite modules loaded:
requires:
Module Need Have
--------------------- ---- -------
Graphics::ColorObject 0 0.5.0
Test::Simple 0 0.98_05
build_requires:
Module Need Have
--------------------- ---- -------
ExtUtils::MakeMaker 0 6.67_01
------------------------------
ENVIRONMENT AND OTHER CONTEXT
------------------------------
Environment variables:
AUTOMATED_TESTING = 1
LANG = en_US.UTF-8
LANGUAGE = en_US:en
PATH = /usr/lib/ccache:/home/sand/bin:/usr/local/bin:/usr/bin:/bin:/usr/bin/X11:/usr/games:/usr/local/perl/bin:/usr/X11/bin:/sbin:/usr/sbin
PERL5LIB =
PERL5OPT =
PERL5_CPANPLUS_IS_RUNNING = 11918
PERL5_CPAN_IS_RUNNING = 11918
PERL_MM_USE_DEFAULT = 1
SHELL = /usr/bin/zsh
TERM = screen
Perl special variables (and OS-specific diagnostics, for MSWin32):
$^X = /home/sand/src/perl/repoperls/installed-perls/perl/v5.14.3/127e/bin/perl
$UID/$EUID = 1005 / 1005
$GID = 1005 1005
$EGID = 1005 1005
Perl module toolchain versions installed:
Module Have
------------------- --------
CPAN 2.00
CPAN::Meta 2.130880
Cwd 3.40
ExtUtils::CBuilder 0.280205
ExtUtils::Command 1.17
ExtUtils::Install 1.56
ExtUtils::MakeMaker 6.67_01
ExtUtils::Manifest 1.60
ExtUtils::ParseXS 3.18_03
File::Spec 3.40
JSON 2.57
JSON::PP 2.27202
Module::Build 0.4005
Module::Signature 0.70
Parse::CPAN::Meta 1.4404
Test::Harness 3.28
Test::More 0.98_05
YAML 0.84
YAML::Syck 1.25
version 0.9902
--
Summary of my perl5 (revision 5 version 14 subversion 3) configuration:
Commit id: 3e467ae0bf0a6262b07746bbeba550202da6acf8
Platform:
osname=linux, osvers=3.2.0-4-amd64, archname=x86_64-linux-ld
uname='linux k83 3.2.0-4-amd64 #1 smp debian 3.2.35-2 x86_64 gnulinux '
config_args='-Dprefix=/home/src/perl/repoperls/installed-perls/perl/v5.14.3/127e -Dmyhostname=k83 -Dinstallusrbinperl=n -Uversiononly -Dusedevel -des -Ui_db -Uuseithreads -Duselongdouble -DDEBUGGING=-g'
hint=recommended, useposix=true, d_sigaction=define
useithreads=undef, usemultiplicity=undef
useperlio=define, d_sfio=undef, uselargefiles=define, usesocks=undef
use64bitint=define, use64bitall=define, uselongdouble=define
usemymalloc=n, bincompat5005=undef
Compiler:
cc='cc', ccflags ='-fno-strict-aliasing -pipe -fstack-protector -I/usr/local/include -D_LARGEFILE_SOURCE -D_FILE_OFFSET_BITS=64',
optimize='-O2 -g',
cppflags='-fno-strict-aliasing -pipe -fstack-protector -I/usr/local/include'
ccversion='', gccversion='4.7.2', gccosandvers=''
intsize=4, longsize=8, ptrsize=8, doublesize=8, byteorder=12345678
d_longlong=define, longlongsize=8, d_longdbl=define, longdblsize=16
ivtype='long', ivsize=8, nvtype='long double', nvsize=16, Off_t='off_t', lseeksize=8
alignbytes=16, prototype=define
Linker and Libraries:
ld='cc', ldflags =' -fstack-protector -L/usr/local/lib'
libpth=/usr/local/lib /lib/x86_64-linux-gnu /lib/../lib /usr/lib/x86_64-linux-gnu /usr/lib/../lib /lib /usr/lib
libs=-lnsl -ldb -ldl -lm -lcrypt -lutil -lc
perllibs=-lnsl -ldl -lm -lcrypt -lutil -lc
libc=, so=so, useshrplib=false, libperl=libperl.a
gnulibc_version='2.13'
Dynamic Linking:
dlsrc=dl_dlopen.xs, dlext=so, d_dlsymun=undef, ccdlflags='-Wl,-E'
cccdlflags='-fPIC', lddlflags='-shared -O2 -g -L/usr/local/lib -fstack-protector'
Characteristics of this binary (from libperl):
Compile-time options: PERL_DONT_CREATE_GVSV PERL_MALLOC_WRAP
PERL_PRESERVE_IVUV PERL_USE_DEVEL USE_64_BIT_ALL
USE_64_BIT_INT USE_LARGE_FILES USE_LONG_DOUBLE
USE_PERLIO USE_PERL_ATOF
Built under linux
Compiled at Jan 3 2013 04:53:20
%ENV:
PERL5LIB=""
PERL5OPT=""
PERL5_CPANPLUS_IS_RUNNING="11918"
PERL5_CPAN_IS_RUNNING="11918"
PERL_MM_USE_DEFAULT="1"
@INC:
/home/src/perl/repoperls/installed-perls/perl/v5.14.3/127e/lib/site_perl/5.14.3/x86_64-linux-ld
/home/src/perl/repoperls/installed-perls/perl/v5.14.3/127e/lib/site_perl/5.14.3
/home/src/perl/repoperls/installed-perls/perl/v5.14.3/127e/lib/5.14.3/x86_64-linux-ld
/home/src/perl/repoperls/installed-perls/perl/v5.14.3/127e/lib/5.14.3
.